74.208.71.84 - - [06/Jul/2007:15:05:17 -0700] "GET /tmp/ HTTP/1.0" 200 504 "-" "Mozilla/4.0 (compatible; MSIE 6.0; Windows NT 5.1; SV1; .NET CLR 1.1.4322; .NET CLR 2.0.50727)" "www.autobutlerlifts.com"
74.208.71.187 - - [06/Jul/2007:15:12:32 -0700] "GET / HTTP/1.0" 200 900 "-" "Mozilla/4.0 (compatible; MSIE 6.0; Windows NT 5.1; SV1; .NET CLR 1.1.4322; .NET CLR 2.0.50727)" "www.autobutlerlifts.com"
66.194.6.96 - - [06/Jul/2007:15:22:42 -0700] "GET / HTTP/1.1" 200 916 "-" "Mozilla/5.0 (compatible; Konqueror/3.0-rc3; i686 Linux; 20020206)" "www.autobutlerlifts.com"
66.194.6.75 - - [06/Jul/2007:16:13:54 -0700] "GET / HTTP/1.1" 200 916 "-" "Mozilla/4.0 (compatible; MSIE 6.0; Windows NT 5.1; Q312462)" "autobutlerlifts.com"
129.241.50.33 - - [06/Jul/2007:19:10:15 -0700] "GET /auto-lift-specifications.html HTTP/1.1" 404 275 "-" "boitho.com-dc/0.86 ( http://www.boitho.com/dcbot.html )" "www.autobutlerlifts.com"
66.249.72.37 - - [07/Jul/2007:03:55:45 -0700] "GET /robots.txt HTTP/1.1" 404 275 "-" "Mozilla/5.0 (compatible; Googlebot/2.1; +http://www.google.com/bot.html)" "www.autobutlerlifts.com"
66.249.72.37 - - [07/Jul/2007:03:55:45 -0700] "GET /tmp HTTP/1.1" 301 98 "-" "Mozilla/5.0 (compatible; Googlebot/2.1; +http://www.google.com/bot.html)" "www.autobutlerlifts.com"
66.249.72.37 - - [07/Jul/2007:03:55:45 -0700] "GET /tmp/ HTTP/1.1" 200 520 "-" "Mozilla/5.0 (compatible; Googlebot/2.1; +http://www.google.com/bot.html)" "www.autobutlerlifts.com"
66.249.72.37 - - [07/Jul/2007:04:59:22 -0700] "GET / HTTP/1.1" 200 916 "-" "Mozilla/5.0 (compatible; Googlebot/2.1; +http://www.google.com/bot.html)" "www.autobutlerlifts.com"
64.208.172.178 - - [07/Jul/2007:05:09:49 -0700] "GET /tmp/?N=A HTTP/1.0" 200 504 "-" "ia_archiver" "www.autobutlerlifts.com"
64.208.172.178 - - [07/Jul/2007:05:10:01 -0700] "GET /tmp/?M=D HTTP/1.0" 200 504 "-" "ia_archiver" "www.autobutlerlifts.com"
64.208.172.178 - - [07/Jul/2007:05:10:12 -0700] "GET /tmp/?S=D HTTP/1.0" 200 504 "-" "ia_archiver" "www.autobutlerlifts.com"
64.208.172.178 - - [07/Jul/2007:05:10:22 -0700] "GET /logs/?N=A HTTP/1.0" 200 785 "-" "ia_archiver" "www.autobutlerlifts.com"
64.208.172.178 - - [07/Jul/2007:05:10:30 -0700] "GET /tmp/?D=D HTTP/1.0" 200 504 "-" "ia_archiver" "www.autobutlerlifts.com"
128.194.135.94 - - [07/Jul/2007:05:49:46 -0700] "GET /logs/ HTTP/1.1" 200 801 "-" "IRLbot/3.0 (compatible; MSIE 6.0; http://irl.cs.tamu.edu/crawler)" "www.autobutlerlifts.com"
128.194.135.94 - - [07/Jul/2007:05:50:37 -0700] "GET /?D=A HTTP/1.1" 200 916 "-" "IRLbot/3.0 (compatible; MSIE 6.0; http://irl.cs.tamu.edu/crawler)" "www.autobutlerlifts.com"
128.194.135.94 - - [07/Jul/2007:05:51:24 -0700] "GET /?M=A HTTP/1.1" 200 916 "-" "IRLbot/3.0 (compatible; MSIE 6.0; http://irl.cs.tamu.edu/crawler)" "www.autobutlerlifts.com"
128.194.135.94 - - [07/Jul/2007:05:52:18 -0700] "GET /?N=D HTTP/1.1" 200 916 "-" "IRLbot/3.0 (compatible; MSIE 6.0; http://irl.cs.tamu.edu/crawler)" "www.autobutlerlifts.com"
128.194.135.94 - - [07/Jul/2007:05:53:09 -0700] "GET /?S=A HTTP/1.1" 200 916 "-" "IRLbot/3.0 (compatible; MSIE 6.0; http://irl.cs.tamu.edu/crawler)" "www.autobutlerlifts.com"
128.194.135.94 - - [07/Jul/2007:05:54:10 -0700] "GET /tmp/ HTTP/1.1" 200 520 "-" "IRLbot/3.0 (compatible; MSIE 6.0; http://irl.cs.tamu.edu/crawler)" "www.autobutlerlifts.com"
128.194.135.94 - - [07/Jul/2007:05:55:00 -0700] "GET /_private/ HTTP/1.1" 200 530 "-" "IRLbot/3.0 (compatible; MSIE 6.0; http://irl.cs.tamu.edu/crawler)" "www.autobutlerlifts.com"
64.208.172.178 - - [07/Jul/2007:08:47:51 -0700] "GET /robots.txt HTTP/1.0" 404 275 "-" "ia_archiver" "www.autobutlerlifts.com"
64.208.172.178 - - [07/Jul/2007:08:47:52 -0700] "GET /_private/?S=D HTTP/1.0" 200 514 "-" "ia_archiver" "www.autobutlerlifts.com"
64.208.172.178 - - [07/Jul/2007:08:49:19 -0700] "GET /_private/?M=D HTTP/1.0" 200 514 "-" "ia_archiver" "www.autobutlerlifts.com"
64.208.172.178 - - [07/Jul/2007:08:50:06 -0700] "GET /_private/?D=D HTTP/1.0" 200 514 "-" "ia_archiver" "www.autobutlerlifts.com"
129.241.104.186 - "" [07/Jul/2007:12:40:54 -0700] "GET /auto-lift-brochure-request.html HTTP/1.1" 404 275 "-" "boitho.com-dc/0.85 ( http://www.boitho.com/dcbot.html )" "www.autobutlerlifts.com"
70.49.207.63 - - [07/Jul/2007:14:34:57 -0700] "GET /index.html HTTP/1.1" 404 275 "-" "Mozilla/4.0 (compatible; MSIE 6.0; Windows NT 5.1; SV1; Keymaster 3.0)" "www.autobutlerlifts.com"
74.6.72.164 - - [07/Jul/2007:15:32:21 -0700] "GET /robots.txt HTTP/1.0" 404 275 "-" "Mozilla/5.0 (compatible; Yahoo! Slurp; http://help.yahoo.com/help/us/ysearch/slurp)" "autobutlerlifts.com"
74.6.18.102 - - [07/Jul/2007:15:33:52 -0700] "GET / HTTP/1.0" 200 900 "-" "Mozilla/5.0 (compatible; Yahoo! Slurp; http://help.yahoo.com/help/us/ysearch/slurp)" "autobutlerlifts.com"
74.6.17.162 - - [07/Jul/2007:15:43:18 -0700] "GET /?D=A HTTP/1.0" 200 900 "-" "Mozilla/5.0 (compatible; Yahoo! Slurp; http://help.yahoo.com/help/us/ysearch/slurp)" "autobutlerlifts.com"
74.6.17.47 - - [07/Jul/2007:15:43:31 -0700] "GET /?N=D HTTP/1.0" 200 900 "-" "Mozilla/5.0 (compatible; Yahoo! Slurp; http://help.yahoo.com/help/us/ysearch/slurp)" "autobutlerlifts.com"
65.110.116.236 - - [07/Jul/2007:17:20:02 -0700] "GET / HTTP/1.1" 200 916 "-" "Mozilla/5.0 (Windows; U; Windows NT 5.1; en-US; rv:1.7.5) Gecko/20060127 Netscape/8.1.2" "autobutlerlifts.com"
65.110.116.236 - - [07/Jul/2007:17:20:05 -0700] "GET /favicon.ico HTTP/1.1" 404 275 "-" "Mozilla/5.0 (Windows; U; Windows NT 5.1; en-US; rv:1.7.5) Gecko/20060127 Netscape/8.1.2" "autobutlerlifts.com"
65.110.116.236 - - [07/Jul/2007:17:20:14 -0700] "GET / HTTP/1.1" 200 916 "-" "Mozilla/5.0 (Windows; U; Windows NT 5.1; en-US; rv:1.7.5) Gecko/20060127 Netscape/8.1.2" "autobutlerlifts.com"
64.208.172.178 - - [07/Jul/2007:18:09:28 -0700] "GET /?N=A HTTP/1.0" 200 900 "-" "ia_archiver" "www.autobutlerlifts.com"
64.208.172.178 - - [07/Jul/2007:18:10:46 -0700] "GET /logs/?S=A HTTP/1.0" 200 785 "-" "ia_archiver" "www.autobutlerlifts.com"
64.208.172.178 - - [07/Jul/2007:18:11:24 -0700] "GET /logs/access.log HTTP/1.0" 200 55788 "-" "ia_archiver" "www.autobutlerlifts.com"
64.208.172.178 - - [07/Jul/2007:18:11:46 -0700] "GET /tmp/?D=A HTTP/1.0" 200 504 "-" "ia_archiver" "www.autobutlerlifts.com"
64.208.172.178 - - [07/Jul/2007:18:12:01 -0700] "GET /tmp/?S=A HTTP/1.0" 200 504 "-" "ia_archiver" "www.autobutlerlifts.com"
64.208.172.178 - - [07/Jul/2007:18:12:12 -0700] "GET /tmp/?M=A HTTP/1.0" 200 504 "-" "ia_archiver" "www.autobutlerlifts.com"
64.208.172.178 - - [07/Jul/2007:18:12:23 -0700] "GET /logs/?M=A HTTP/1.0" 200 785 "-" "ia_archiver" "www.autobutlerlifts.com"
64.208.172.178 - - [07/Jul/2007:18:12:33 -0700] "GET /logs/?D=A HTTP/1.0" 200 785 "-" "ia_archiver" "www.autobutlerlifts.com"
64.208.172.178 - - [07/Jul/2007:18:12:42 -0700] "GET /logs/access_070701.log HTTP/1.0" 200 22361 "-" "ia_archiver" "www.autobutlerlifts.com"
71.94.5.64 - - [07/Jul/2007:18:54:31 -0700] "GET / HTTP/1.1" 200 916 "http://search.yahoo.com/search?p=auto+lifts&ei=UTF-8&fr=yfp-t-501&xargs=12KPjg14FSr4e9mvinEOOIMLrcmUsOkZ%2Dx8bo%5FXIR7GtYq8DtcV%5FwmXuHJwPUmEK7O2A94%2D8jXqfZUf6uZzbjPTkrNEmGMGpId643Agro7dP4RZ%2DBE87Iuatvrara6HUsHYHj3IIf5h0b%2DgPJBG2f7zDs%5FzX2prdJdwru30OUYDgLpKGRJ%2DV7BIxMl3KNdgMTAhao9G%2DFAfK2YmwemQA%2E%2E&pstart=13&b=61" "Mozilla/4.0 (compatible; MSIE 7.0; Windows NT 6.0; SLCC1; .NET CLR 2.0.50727; Media Center PC 5.0; .NET CLR 3.0.04506)" "www.autobutlerlifts.com"
71.94.5.64 - - [07/Jul/2007:18:54:31 -0700] "GET /favicon.ico HTTP/1.1" 404 275 "-" "Mozilla/4.0 (compatible; MSIE 7.0; Windows NT 6.0; SLCC1; .NET CLR 2.0.50727; Media Center PC 5.0; .NET CLR 3.0.04506)" "www.autobutlerlifts.com"
71.94.5.64 - - [07/Jul/2007:18:54:36 -0700] "GET /favicon.ico HTTP/1.1" 404 275 "-" "Mozilla/5.0 (compatible; Google Desktop)" "www.autobutlerlifts.com"
66.249.72.37 - - [07/Jul/2007:19:45:18 -0700] "GET /robots.txt HTTP/1.1" 404 275 "-" "Mozilla/5.0 (compatible; Googlebot/2.1; +http://www.google.com/bot.html)" "www.autobutlerlifts.com"
66.249.72.37 - - [07/Jul/2007:19:45:18 -0700] "GET /logs/access.log HTTP/1.1" 200 57616 "-" "Mozilla/5.0 (compatible; Googlebot/2.1; +http://www.google.com/bot.html)" "www.autobutlerlifts.com"
216.43.70.215 - - [07/Jul/2007:20:39:52 -0700] "GET /free-standing-lift.html HTTP/1.1" 404 275 "http://www.google.com/search?sourceid=navclient&aq=t&ie=UTF-8&rls=GGIH,GGIH:2007-01,GGIH:en&q=Auto+Butler+lifts" "Mozilla/4.0 (compatible; MSIE 6.0; Windows NT 5.1; .NET CLR 1.0.3705; .NET CLR 1.1.4322)" "www.autobutlerlifts.com"
216.43.70.215 - - [07/Jul/2007:20:39:58 -0700] "GET / HTTP/1.1" 200 916 "http://www.google.com/search?sourceid=navclient&aq=t&ie=UTF-8&rls=GGIH,GGIH:2007-01,GGIH:en&q=Auto+Butler+lifts" "Mozilla/4.0 (compatible; MSIE 6.0; Windows NT 5.1; .NET CLR 1.0.3705; .NET CLR 1.1.4322)" "www.autobutlerlifts.com"
216.43.70.215 - - [07/Jul/2007:20:40:04 -0700] "GET /tmp/ HTTP/1.1" 200 520 "http://www.autobutlerlifts.com/" "Mozilla/4.0 (compatible; MSIE 6.0; Windows NT 5.1; .NET CLR 1.0.3705; .NET CLR 1.1.4322)" "www.autobutlerlifts.com"
216.43.70.215 - - [07/Jul/2007:20:40:07 -0700] "GET / HTTP/1.1" 200 916 "http://www.google.com/search?sourceid=navclient&aq=t&ie=UTF-8&rls=GGIH,GGIH:2007-01,GGIH:en&q=Auto+Butler+lifts" "Mozilla/4.0 (compatible; MSIE 6.0; Windows NT 5.1; .NET CLR 1.0.3705; .NET CLR 1.1.4322)" "www.autobutlerlifts.com"
216.43.70.215 - - [07/Jul/2007:20:40:10 -0700] "GET /logs/ HTTP/1.1" 200 801 "http://www.autobutlerlifts.com/" "Mozilla/4.0 (compatible; MSIE 6.0; Windows NT 5.1; .NET CLR 1.0.3705; .NET CLR 1.1.4322)" "www.autobutlerlifts.com"
216.43.70.215 - - [07/Jul/2007:20:40:16 -0700] "GET /logs/access_070701.log HTTP/1.1" 200 22361 "http://www.autobutlerlifts.com/logs/" "Mozilla/4.0 (compatible; MSIE 6.0; Windows NT 5.1; .NET CLR 1.0.3705; .NET CLR 1.1.4322)" "www.autobutlerlifts.com"
216.43.70.215 - - [07/Jul/2007:20:40:25 -0700] "GET / HTTP/1.1" 200 916 "http://www.google.com/search?sourceid=navclient&aq=t&ie=UTF-8&rls=GGIH,GGIH:2007-01,GGIH:en&q=Auto+Butler+lifts" "Mozilla/4.0 (compatible; MSIE 6.0; Windows NT 5.1; .NET CLR 1.0.3705; .NET CLR 1.1.4322)" "www.autobutlerlifts.com"
4.224.12.96 - - [07/Jul/2007:21:03:42 -0700] "GET / HTTP/1.1" 200 916 "-" "Mozilla/4.0 (compatible; MSIE 6.0; Windows NT 5.1; SV1; .NET CLR 1.0.3705; .NET CLR 1.1.4322)" "www.autobutlerlifts.com"
66.249.72.37 - - [07/Jul/2007:21:50:45 -0700] "GET /robots.txt HTTP/1.1" 404 275 "-" "Mozilla/5.0 (compatible; Googlebot/2.1; +http://www.google.com/bot.html)" "autobutlerlifts.com"
66.249.72.37 - - [07/Jul/2007:21:50:45 -0700] "GET / HTTP/1.1" 200 916 "-" "Mozilla/5.0 (compatible; Googlebot/2.1; +http://www.google.com/bot.html)" "autobutlerlifts.com"
66.249.72.37 - - [08/Jul/2007:00:40:04 -0700] "GET /logs/ HTTP/1.1" 200 801 "-" "Mozilla/5.0 (compatible; Googlebot/2.1; +http://www.google.com/bot.html)" "autobutlerlifts.com"
66.249.72.37 - - [08/Jul/2007:00:40:06 -0700] "GET /tmp/ HTTP/1.1" 200 520 "-" "Mozilla/5.0 (compatible; Googlebot/2.1; +http://www.google.com/bot.html)" "autobutlerlifts.com"
66.249.72.37 - - [08/Jul/2007:00:40:10 -0700] "GET /?D=A HTTP/1.1" 200 916 "-" "Mozilla/5.0 (compatible; Googlebot/2.1; +http://www.google.com/bot.html)" "autobutlerlifts.com"
74.6.66.62 - - [08/Jul/2007:02:39:06 -0700] "GET /robots.txt HTTP/1.0" 404 275 "-" "Mozilla/5.0 (compatible; Yahoo! Slurp; http://help.yahoo.com/help/us/ysearch/slurp)" "autobutlerlifts.com"
74.6.17.231 - - [08/Jul/2007:02:43:28 -0700] "GET /_private/ HTTP/1.0" 200 514 "-" "Mozilla/5.0 (compatible; Yahoo! Slurp; http://help.yahoo.com/help/us/ysearch/slurp)" "autobutlerlifts.com"
74.6.17.224 - - [08/Jul/2007:02:53:00 -0700] "GET /tmp/ HTTP/1.0" 200 504 "-" "Mozilla/5.0 (compatible; Yahoo! Slurp; http://help.yahoo.com/help/us/ysearch/slurp)" "autobutlerlifts.com"
66.249.72.37 - - [08/Jul/2007:03:30:44 -0700] "GET /logs/access_070701.log HTTP/1.1" 200 22361 "-" "Mozilla/5.0 (compatible; Googlebot/2.1; +http://www.google.com/bot.html)" "autobutlerlifts.com"
66.249.72.37 - - [08/Jul/2007:03:30:53 -0700] "GET /tmp/?S=A HTTP/1.1" 200 520 "-" "Mozilla/5.0 (compatible; Googlebot/2.1; +http://www.google.com/bot.html)" "autobutlerlifts.com"
66.249.72.37 - - [08/Jul/2007:03:30:53 -0700] "GET /logs/?D=A HTTP/1.1" 200 801 "-" "Mozilla/5.0 (compatible; Googlebot/2.1; +http://www.google.com/bot.html)" "autobutlerlifts.com"
66.249.72.37 - - [08/Jul/2007:03:45:09 -0700] "GET /logs/access.log HTTP/1.1" 200 62141 "-" "Mozilla/5.0 (compatible; Googlebot/2.1; +http://www.google.com/bot.html)" "autobutlerlifts.com"
66.249.72.37 - - [08/Jul/2007:03:53:53 -0700] "GET /robots.txt HTTP/1.1" 404 275 "-" "Mozilla/5.0 (compatible; Googlebot/2.1; +http://www.google.com/bot.html)" "www.autobutlerlifts.com"
66.249.72.37 - - [08/Jul/2007:03:53:53 -0700] "GET /tmp HTTP/1.1" 301 98 "-" "Mozilla/5.0 (compatible; Googlebot/2.1; +http://www.google.com/bot.html)" "www.autobutlerlifts.com"
66.249.72.37 - - [08/Jul/2007:03:53:53 -0700] "GET /tmp/ HTTP/1.1" 200 520 "-" "Mozilla/5.0 (compatible; Googlebot/2.1; +http://www.google.com/bot.html)" "www.autobutlerlifts.com"
72.30.177.72 - - [08/Jul/2007:06:05:08 -0700] "GET /robots.txt HTTP/1.0" 404 275 "-" "Mozilla/5.0 (compatible; Yahoo! Slurp; http://help.yahoo.com/help/us/ysearch/slurp)" "www.autobutlerlifts.com"
74.6.71.122 - - [08/Jul/2007:06:05:18 -0700] "GET /_private/ HTTP/1.0" 200 514 "-" "Mozilla/5.0 (compatible; Yahoo! Slurp; http://help.yahoo.com/help/us/ysearch/slurp)" "www.autobutlerlifts.com"
66.249.72.37 - - [08/Jul/2007:06:52:41 -0700] "GET /robots.txt HTTP/1.1" 404 275 "-" "Mozilla/5.0 (compatible; Googlebot/2.1; +http://www.google.com/bot.html)" "autobutlerlifts.com"
66.249.72.37 - - [08/Jul/2007:06:52:41 -0700] "GET /auto-lift-specifications.html HTTP/1.1" 404 275 "-" "Mozilla/5.0 (compatible; Googlebot/2.1; +http://www.google.com/bot.html)" "autobutlerlifts.com"
74.6.17.104 - - [08/Jul/2007:07:50:02 -0700] "GET /logs/ HTTP/1.0" 200 785 "-" "Mozilla/5.0 (compatible; Yahoo! Slurp; http://help.yahoo.com/help/us/ysearch/slurp)" "autobutlerlifts.com"
64.208.172.178 - - [08/Jul/2007:08:32:57 -0700] "GET /robots.txt HTTP/1.0" 404 275 "-" "ia_archiver" "www.autobutlerlifts.com"
64.208.172.178 - - [08/Jul/2007:08:32:57 -0700] "GET /logs/?S=D HTTP/1.0" 200 785 "-" "ia_archiver" "www.autobutlerlifts.com"
64.208.172.178 - - [08/Jul/2007:08:33:13 -0700] "GET /_private/?D=A HTTP/1.0" 200 514 "-" "ia_archiver" "www.autobutlerlifts.com"
64.208.172.178 - - [08/Jul/2007:08:33:43 -0700] "GET /logs/?M=D HTTP/1.0" 200 785 "-" "ia_archiver" "www.autobutlerlifts.com"
64.208.172.178 - - [08/Jul/2007:08:33:54 -0700] "GET /_private/?N=A HTTP/1.0" 200 514 "-" "ia_archiver" "www.autobutlerlifts.com"
64.208.172.178 - - [08/Jul/2007:08:34:26 -0700] "GET /logs/?D=D HTTP/1.0" 200 785 "-" "ia_archiver" "www.autobutlerlifts.com"
64.208.172.178 - - [08/Jul/2007:08:35:24 -0700] "GET /_private/?S=A HTTP/1.0" 200 514 "-" "ia_archiver" "www.autobutlerlifts.com"
64.208.172.178 - - [08/Jul/2007:08:35:57 -0700] "GET / HTTP/1.0" 200 900 "-" "ia_archiver" "www.autobutlerlifts.com"
64.208.172.178 - - [08/Jul/2007:08:36:45 -0700] "GET /_private/?M=A HTTP/1.0" 200 514 "-" "ia_archiver" "www.autobutlerlifts.com"
217.169.46.98 - - [08/Jul/2007:10:51:42 -0700] "GET /index.html HTTP/1.1" 404 275 "-" "Mozilla/4.0 (compatible; MSIE 6.0; Bluecoat DRTR)" "autobutlerlifts.com"
41.204.128.102 - - [08/Jul/2007:10:51:49 -0700] "GET /index.html HTTP/1.1" 404 275 "http://search.yahoo.com/search;_ylt=A0geu_LiIJFGUoABE0lXNyoA?p=CARS+LIFT+JACKS+INDUSTRIES+IN+CHINA&y=Search&fr=yfp-t-501" "Mozilla/4.0 (compatible; MSIE 6.0; Windows NT 5.1; .NET CLR 1.1.4322)" "www.autobutlerlifts.com"
68.142.212.192 - - [08/Jul/2007:11:00:35 -0700] "GET /robots.txt HTTP/1.0" 404 275 "-" "Yahoo-MMCrawler/3.x (mms dash mmcrawler dash support at yahoo dash inc dot com)" "autobutlerlifts.com"
68.142.212.192 - - [08/Jul/2007:11:00:55 -0700] "GET /images/hummer5-12.gif HTTP/1.0" 404 275 "-" "Yahoo-MMCrawler/3.x (mms dash mmcrawler dash support at yahoo dash inc dot com)" "autobutlerlifts.com"
71.103.202.185 - - [08/Jul/2007:11:52:23 -0700] "GET /images/completelogotouse10.gif HTTP/1.1" 404 275 "-" "Mozilla/4.0 (compatible; MSIE 6.0; Windows 98)" "autobutlerlifts.com"
12.77.124.49 - - [08/Jul/2007:13:27:53 -0700] "GET /auto-Lifts-Accessories.html HTTP/1.1" 404 275 "-" "Mozilla/4.0 (compatible; MSIE 7.0; Windows NT 5.1; AT&T CSM8.1)" "www.autobutlerlifts.com"
68.142.212.192 - - [08/Jul/2007:14:01:31 -0700] "GET /images/background3.gif HTTP/1.0" 404 275 "-" "Yahoo-MMCrawler/3.x (mms dash mmcrawler dash support at yahoo dash inc dot com)" "autobutlerlifts.com"
76.166.242.121 - - [08/Jul/2007:15:04:31 -0700] "GET / HTTP/1.1" 200 916 "-" "Mozilla/4.0 (compatible; MSIE 6.0; Windows NT 5.1; SV1)" "www.autobutlerlifts.com"
76.166.242.121 - - [08/Jul/2007:15:04:43 -0700] "GET / HTTP/1.1" 200 916 "http://www.autobutlerlifts.com/" "Mozilla/4.0 (compatible; MSIE 6.0; Windows NT 5.1; SV1)" "www.autobutlerlifts.com"
67.142.130.16 - - [08/Jul/2007:15:39:16 -0700] "GET / HTTP/1.1" 200 916 "http://search.yahoo.com/search?p=outside+auto+lifts&ei=utf-8&fr=b2ie7" "Mozilla/4.0 (compatible; MSIE 7.0; Windows NT 5.1; .NET CLR 1.1.4322)" "www.autobutlerlifts.com"
67.142.130.16 - - [08/Jul/2007:15:39:24 -0700] "GET /favicon.ico HTTP/1.1" 404 275 "-" "Mozilla/4.0 (compatible; MSIE 7.0; Windows NT 5.1; .NET CLR 1.1.4322)" "www.autobutlerlifts.com"
71.103.231.13 - - [08/Jul/2007:16:04:10 -0700] "GET /images/completelogotouse10.gif HTTP/1.1" 404 275 "-" "Mozilla/4.0 (compatible; MSIE 6.0; Windows 98)" "autobutlerlifts.com"
74.6.66.62 - - [08/Jul/2007:18:06:47 -0700] "GET /robots.txt HTTP/1.0" 404 275 "-" "Mozilla/5.0 (compatible; Yahoo! Slurp; http://help.yahoo.com/help/us/ysearch/slurp)" "autobutlerlifts.com"
74.6.72.36 - - [08/Jul/2007:18:06:48 -0700] "GET / HTTP/1.0" 200 900 "-" "Mozilla/5.0 (compatible; Yahoo! Slurp; http://help.yahoo.com/help/us/ysearch/slurp)" "autobutlerlifts.com"
71.76.20.141 - - [08/Jul/2007:20:27:02 -0700] "GET / HTTP/1.1" 200 916 "-" "Mozilla/4.0 (compatible; MSIE 7.0; Windows NT 5.1)" "www.autobutlerlifts.com"
71.76.20.141 - - [08/Jul/2007:20:27:09 -0700] "GET /favicon.ico HTTP/1.1" 404 275 "-" "Mozilla/4.0 (compatible; MSIE 7.0; Windows NT 5.1)" "www.autobutlerlifts.com"
66.249.72.37 - - [09/Jul/2007:00:56:49 -0700] "GET /robots.txt HTTP/1.1" 404 275 "-" "Mozilla/5.0 (compatible; Googlebot/2.1; +http://www.google.com/bot.html)" "www.autobutlerlifts.com"
66.249.72.37 - - [09/Jul/2007:00:56:49 -0700] "GET /logs/access.log HTTP/1.1" 200 68057 "-" "Mozilla/5.0 (compatible; Googlebot/2.1; +http://www.google.com/bot.html)" "www.autobutlerlifts.com"
66.249.72.37 - - [09/Jul/2007:01:35:01 -0700] "GET /tmp/ HTTP/1.1" 200 520 "-" "Mozilla/5.0 (compatible; Googlebot/2.1; +http://www.google.com/bot.html)" "www.autobutlerlifts.com"
24.17.182.164 - - [09/Jul/2007:01:45:32 -0700] "GET /index.html HTTP/1.1" 404 275 "-" "Mozilla/4.0 (compatible; MSIE 7.0; Windows NT 5.1; .NET CLR 1.1.4322; MSN 9.0;MSN 9.1; MSNbMSNI; MSNmen-us; MSNcOTH)" "www.autobutlerlifts.com"
74.6.66.62 - - [09/Jul/2007:03:38:52 -0700] "GET /robots.txt HTTP/1.0" 404 275 "-" "Mozilla/5.0 (compatible; Yahoo! Slurp; http://help.yahoo.com/help/us/ysearch/slurp)" "autobutlerlifts.com"
74.6.17.124 - - [09/Jul/2007:03:40:06 -0700] "GET /?S=A HTTP/1.0" 200 900 "-" "Mozilla/5.0 (compatible; Yahoo! Slurp; http://help.yahoo.com/help/us/ysearch/slurp)" "autobutlerlifts.com"
66.249.72.37 - - [09/Jul/2007:04:17:29 -0700] "GET /robots.txt HTTP/1.1" 404 275 "-" "Mozilla/5.0 (compatible; Googlebot/2.1; +http://www.google.com/bot.html)" "autobutlerlifts.com"
66.249.72.37 - - [09/Jul/2007:04:17:29 -0700] "GET /tmp/?M=A HTTP/1.1" 200 520 "-" "Mozilla/5.0 (compatible; Googlebot/2.1; +http://www.google.com/bot.html)" "autobutlerlifts.com"
66.249.72.37 - - [09/Jul/2007:04:32:32 -0700] "GET /logs/?N=A HTTP/1.1" 200 801 "-" "Mozilla/5.0 (compatible; Googlebot/2.1; +http://www.google.com/bot.html)" "autobutlerlifts.com"
72.30.177.72 - - [09/Jul/2007:05:18:56 -0700] "GET /robots.txt HTTP/1.0" 404 275 "-" "Mozilla/5.0 (compatible; Yahoo! Slurp; http://help.yahoo.com/help/us/ysearch/slurp)" "www.autobutlerlifts.com"
74.6.70.96 - - [09/Jul/2007:05:18:56 -0700] "GET / HTTP/1.0" 200 900 "-" "Mozilla/5.0 (compatible; Yahoo! Slurp; http://help.yahoo.com/help/us/ysearch/slurp)" "www.autobutlerlifts.com"
66.249.72.37 - - [09/Jul/2007:06:13:21 -0700] "GET /?S=A HTTP/1.1" 200 916 "-" "Mozilla/5.0 (compatible; Googlebot/2.1; +http://www.google.com/bot.html)" "autobutlerlifts.com"
66.249.72.37 - - [09/Jul/2007:06:19:04 -0700] "GET /tmp HTTP/1.1" 301 98 "-" "Mozilla/5.0 (compatible; Googlebot/2.1; +http://www.google.com/bot.html)" "www.autobutlerlifts.com"
66.249.72.37 - - [09/Jul/2007:06:19:04 -0700] "GET /tmp/ HTTP/1.1" 200 520 "-" "Mozilla/5.0 (compatible; Googlebot/2.1; +http://www.google.com/bot.html)" "www.autobutlerlifts.com"
207.46.98.41 - - [09/Jul/2007:08:33:42 -0700] "GET /robots.txt HTTP/1.0" 404 275 "-" "msnbot/1.0 (+http://search.msn.com/msnbot.htm)" "autobutlerlifts.com"
207.46.98.41 - - [09/Jul/2007:08:33:43 -0700] "GET /car-lifts.html HTTP/1.0" 404 275 "-" "msnbot/1.0 (+http://search.msn.com/msnbot.htm)" "autobutlerlifts.com"
207.46.98.39 - - [09/Jul/2007:09:15:06 -0700] "GET /robots.txt HTTP/1.0" 404 275 "-" "msnbot/1.0 (+http://search.msn.com/msnbot.htm)" "autobutlerlifts.com"
207.46.98.39 - - [09/Jul/2007:09:15:06 -0700] "GET /auto-lift.html HTTP/1.0" 404 275 "-" "msnbot/1.0 (+http://search.msn.com/msnbot.htm)" "autobutlerlifts.com"
64.208.172.178 - - [09/Jul/2007:09:22:10 -0700] "GET /robots.txt HTTP/1.0" 404 275 "-" "ia_archiver" "www.autobutlerlifts.com"
64.208.172.178 - - [09/Jul/2007:09:22:29 -0700] "GET /tmp/?N=D HTTP/1.0" 200 504 "-" "ia_archiver" "www.autobutlerlifts.com"
207.46.98.39 - - [09/Jul/2007:09:27:00 -0700] "GET /auto-lifts.html HTTP/1.0" 404 275 "-" "msnbot/1.0 (+http://search.msn.com/msnbot.htm)" "autobutlerlifts.com"
207.46.98.39 - - [09/Jul/2007:09:27:00 -0700] "GET /free-standing-lift.html HTTP/1.0" 404 275 "-" "msnbot/1.0 (+http://search.msn.com/msnbot.htm)" "autobutlerlifts.com"
207.46.98.39 - - [09/Jul/2007:12:30:27 -0700] "GET /robots.txt HTTP/1.0" 404 275 "-" "msnbot/1.0 (+http://search.msn.com/msnbot.htm)" "autobutlerlifts.com"
207.46.98.39 - - [09/Jul/2007:12:30:27 -0700] "GET / HTTP/1.0" 200 900 "-" "msnbot/1.0 (+http://search.msn.com/msnbot.htm)" "autobutlerlifts.com"
76.111.195.82 - - [09/Jul/2007:13:06:18 -0700] "GET / HTTP/1.1" 200 916 "-" "Mozilla/4.0 (compatible; MSIE 7.0; Windows NT 5.1; .NET CLR 1.1.4322)" "www.autobutlerlifts.com"
76.111.195.82 - - [09/Jul/2007:13:06:19 -0700] "GET /favicon.ico HTTP/1.1" 404 275 "-" "Mozilla/4.0 (compatible; MSIE 7.0; Windows NT 5.1; .NET CLR 1.1.4322)" "www.autobutlerlifts.com"
76.111.195.82 - - [09/Jul/2007:13:06:37 -0700] "GET / HTTP/1.1" 200 916 "-" "Mozilla/4.0 (compatible; MSIE 7.0; Windows NT 5.1; .NET CLR 1.1.4322)" "www.autobutlerlifts.com"
76.111.195.82 - - [09/Jul/2007:13:07:01 -0700] "GET / HTTP/1.1" 200 916 "-" "Mozilla/4.0 (compatible; MSIE 7.0; Windows NT 5.1; .NET CLR 1.1.4322)" "www.autobutlerlifts.com"
76.111.195.82 - - [09/Jul/2007:13:07:02 -0700] "GET / HTTP/1.1" 200 916 "-" "Mozilla/4.0 (compatible; MSIE 7.0; Windows NT 5.1; .NET CLR 1.1.4322)" "www.autobutlerlifts.com"
76.111.195.82 - - [09/Jul/2007:13:07:08 -0700] "GET / HTTP/1.1" 200 916 "http://www.autobutlerlifts.com/" "Mozilla/4.0 (compatible; MSIE 7.0; Windows NT 5.1; .NET CLR 1.1.4322)" "www.autobutlerlifts.com"
76.111.195.82 - - [09/Jul/2007:13:10:38 -0700] "GET / HTTP/1.1" 200 916 "-" "Mozilla/4.0 (compatible; MSIE 7.0; Windows NT 5.1; .NET CLR 1.1.4322)" "www.autobutlerlifts.com"
76.1.234.226 - - [09/Jul/2007:13:23:48 -0700] "GET /auto-lift-specifications.html HTTP/1.1" 404 275 "http://search.msn.com/results.aspx?q=Auto+Butler+lifts&FORM=SSRE2" "Mozilla/4.0 (compatible; MSIE 7.0; Windows NT 5.1; .NET CLR 1.1.4322; .NET CLR 2.0.50727)" "autobutlerlifts.com"
76.1.234.226 - - [09/Jul/2007:13:23:52 -0700] "GET /four-post-lift-about-us.html HTTP/1.1" 404 275 "http://search.msn.com/results.aspx?q=Auto+Butler+lifts&FORM=SSRE2" "Mozilla/4.0 (compatible; MSIE 7.0; Windows NT 5.1; .NET CLR 1.1.4322; .NET CLR 2.0.50727)" "autobutlerlifts.com"
76.1.234.226 - - [09/Jul/2007:13:24:03 -0700] "GET /auto-lift-specifications.html HTTP/1.1" 404 275 "http://search.msn.com/results.aspx?q=Auto+Butler+lifts&FORM=SSRE2" "Mozilla/4.0 (compatible; MSIE 7.0; Windows NT 5.1; .NET CLR 1.1.4322; .NET CLR 2.0.50727)" "autobutlerlifts.com"
208.97.218.10 - - [09/Jul/2007:13:37:37 -0700] "GET / HTTP/1.1" 200 916 "-" "Mozilla/4.0 (compatible; MSIE 6.0; Windows NT 5.1; SV1; InfoPath.1)" "www.autobutlerlifts.com"
208.97.218.10 - - [09/Jul/2007:13:37:57 -0700] "GET / HTTP/1.1" 200 916 "http://www.autobutlerlifts.com/" "Mozilla/4.0 (compatible; MSIE 6.0; Windows NT 5.1; SV1; InfoPath.1)" "www.autobutlerlifts.com"
208.97.218.10 - - [09/Jul/2007:13:38:00 -0700] "GET /logs/ HTTP/1.1" 200 801 "http://www.autobutlerlifts.com/" "Mozilla/4.0 (compatible; MSIE 6.0; Windows NT 5.1; SV1; InfoPath.1)" "www.autobutlerlifts.com"
208.97.218.10 - - [09/Jul/2007:13:38:02 -0700] "GET /logs/access_070701.log HTTP/1.1" 200 22361 "http://www.autobutlerlifts.com/logs/" "Mozilla/4.0 (compatible; MSIE 6.0; Windows NT 5.1; SV1; InfoPath.1)" "www.autobutlerlifts.com"
208.97.218.10 - - [09/Jul/2007:13:38:17 -0700] "GET /logs/access.log HTTP/1.1" 200 75116 "http://www.autobutlerlifts.com/logs/" "Mozilla/4.0 (compatible; MSIE 6.0; Windows NT 5.1; SV1; InfoPath.1)" "www.autobutlerlifts.com"
208.97.218.10 - - [09/Jul/2007:13:38:47 -0700] "GET / HTTP/1.1" 200 916 "http://www.autobutlerlifts.com/" "Mozilla/4.0 (compatible; MSIE 6.0; Windows NT 5.1; SV1; InfoPath.1)" "www.autobutlerlifts.com"
208.97.218.10 - - [09/Jul/2007:13:39:02 -0700] "GET /tmp/ HTTP/1.1" 200 520 "http://www.autobutlerlifts.com/" "Mozilla/4.0 (compatible; MSIE 6.0; Windows NT 5.1; SV1; InfoPath.1)" "www.autobutlerlifts.com"
208.97.218.10 - - [09/Jul/2007:13:39:04 -0700] "GET / HTTP/1.1" 200 916 "http://www.autobutlerlifts.com/tmp/" "Mozilla/4.0 (compatible; MSIE 6.0; Windows NT 5.1; SV1; InfoPath.1)" "www.autobutlerlifts.com"
208.97.218.10 - - [09/Jul/2007:13:39:05 -0700] "GET / HTTP/1.1" 200 916 "http://www.autobutlerlifts.com/" "Mozilla/4.0 (compatible; MSIE 6.0; Windows NT 5.1; SV1; InfoPath.1)" "www.autobutlerlifts.com"
208.97.218.10 - - [09/Jul/2007:13:39:06 -0700] "GET / HTTP/1.1" 200 916 "http://www.autobutlerlifts.com/" "Mozilla/4.0 (compatible; MSIE 6.0; Windows NT 5.1; SV1; InfoPath.1)" "www.autobutlerlifts.com"
208.97.218.10 - - [09/Jul/2007:13:39:08 -0700] "GET /tmp/ HTTP/1.1" 200 520 "http://www.autobutlerlifts.com/" "Mozilla/4.0 (compatible; MSIE 6.0; Windows NT 5.1; SV1; InfoPath.1)" "www.autobutlerlifts.com"
208.97.218.10 - - [09/Jul/2007:13:39:11 -0700] "GET /tmp/?M=A HTTP/1.1" 200 520 "http://www.autobutlerlifts.com/tmp/" "Mozilla/4.0 (compatible; MSIE 6.0; Windows NT 5.1; SV1; InfoPath.1)" "www.autobutlerlifts.com"
208.97.218.10 - - [09/Jul/2007:13:42:24 -0700] "GET /auto-Lifts-Accessories.html HTTP/1.1" 404 275 "http://www.google.com/search?hl=en&q=auto+butler+lifts" "Mozilla/4.0 (compatible; MSIE 6.0; Windows NT 5.1; SV1; InfoPath.1)" "autobutlerlifts.com"
208.97.218.10 - - [09/Jul/2007:13:42:28 -0700] "GET /auto-Lifts-Accessories.html HTTP/1.1" 404 275 "http://www.google.com/search?hl=en&q=auto+butler+lifts" "Mozilla/4.0 (compatible; MSIE 6.0; Windows NT 5.1; SV1; InfoPath.1)" "autobutlerlifts.com"
208.97.218.10 - - [09/Jul/2007:13:42:30 -0700] "GET / HTTP/1.1" 200 916 "-" "Mozilla/4.0 (compatible; MSIE 6.0; Windows NT 5.1; SV1; InfoPath.1)" "autobutlerlifts.com"
207.46.98.38 - - [09/Jul/2007:14:43:11 -0700] "GET /robots.txt HTTP/1.0" 404 275 "-" "msnbot/1.0 (+http://search.msn.com/msnbot.htm)" "autobutlerlifts.com"
207.46.98.38 - - [09/Jul/2007:14:43:12 -0700] "GET /car-lift-2.html HTTP/1.0" 404 275 "-" "msnbot/1.0 (+http://search.msn.com/msnbot.htm)" "autobutlerlifts.com"
71.206.124.187 - - [09/Jul/2007:16:02:52 -0700] "GET / HTTP/1.1" 200 916 "-" "Mozilla/4.0 (compatible; MSIE 7.0; Windows NT 5.1; .NET CLR 1.1.4322)" "www.autobutlerlifts.com"
71.206.124.187 - - [09/Jul/2007:16:02:52 -0700] "GET /favicon.ico HTTP/1.1" 404 275 "-" "Mozilla/4.0 (compatible; MSIE 7.0; Windows NT 5.1; .NET CLR 1.1.4322)" "www.autobutlerlifts.com"
71.206.124.187 - - [09/Jul/2007:16:02:56 -0700] "GET /_private/ HTTP/1.1" 200 530 "http://www.autobutlerlifts.com/" "Mozilla/4.0 (compatible; MSIE 7.0; Windows NT 5.1; .NET CLR 1.1.4322)" "www.autobutlerlifts.com"
71.206.124.187 - - [09/Jul/2007:16:02:58 -0700] "GET / HTTP/1.1" 200 916 "http://www.autobutlerlifts.com/_private/" "Mozilla/4.0 (compatible; MSIE 7.0; Windows NT 5.1; .NET CLR 1.1.4322)" "www.autobutlerlifts.com"
71.206.124.187 - - [09/Jul/2007:16:03:00 -0700] "GET /logs/ HTTP/1.1" 200 801 "http://www.autobutlerlifts.com/" "Mozilla/4.0 (compatible; MSIE 7.0; Windows NT 5.1; .NET CLR 1.1.4322)" "www.autobutlerlifts.com"
71.206.124.187 - - [09/Jul/2007:16:03:01 -0700] "GET /logs/access_070701.log HTTP/1.1" 200 22361 "http://www.autobutlerlifts.com/logs/" "Mozilla/4.0 (compatible; MSIE 7.0; Windows NT 5.1; .NET CLR 1.1.4322)" "www.autobutlerlifts.com"
71.206.124.187 - - [09/Jul/2007:16:03:05 -0700] "GET / HTTP/1.1" 200 916 "http://www.autobutlerlifts.com/logs/" "Mozilla/4.0 (compatible; MSIE 7.0; Windows NT 5.1; .NET CLR 1.1.4322)" "www.autobutlerlifts.com"
71.206.124.187 - - [09/Jul/2007:16:03:06 -0700] "GET /tmp/ HTTP/1.1" 200 520 "http://www.autobutlerlifts.com/" "Mozilla/4.0 (compatible; MSIE 7.0; Windows NT 5.1; .NET CLR 1.1.4322)" "www.autobutlerlifts.com"
64.156.10.131 - - [09/Jul/2007:16:33:58 -0700] "GET / HTTP/1.1" 200 916 "-" "Jakarta Commons-HttpClient/3.0.1" "www.autobutlerlifts.com"
208.96.84.57 - - [09/Jul/2007:16:50:04 -0700] "GET / HTTP/1.1" 200 916 "-" "Mozilla/4.0 (compatible; MSIE 7.0; Windows NT 5.1; .NET CLR 1.1.4322)" "www.autobutlerlifts.com"
208.96.84.57 - - [09/Jul/2007:16:50:04 -0700] "GET /favicon.ico HTTP/1.1" 404 275 "-" "Mozilla/4.0 (compatible; MSIE 7.0; Windows NT 5.1; .NET CLR 1.1.4322)" "www.autobutlerlifts.com"
74.6.29.20 - - [09/Jul/2007:21:04:04 -0700] "GET /robots.txt HTTP/1.0" 404 275 "-" "Mozilla/5.0 (compatible; Yahoo! Slurp; http://help.yahoo.com/help/us/ysearch/slurp)" "autobutlerlifts.com"
74.6.29.24 - - [09/Jul/2007:21:04:04 -0700] "GET / HTTP/1.0" 200 900 "-" "Mozilla/5.0 (compatible; Yahoo! Slurp; http://help.yahoo.com/help/us/ysearch/slurp)" "autobutlerlifts.com"
74.6.25.33 - - [09/Jul/2007:21:05:29 -0700] "GET /tmp/ HTTP/1.0" 200 504 "-" "Mozilla/5.0 (compatible; Yahoo! Slurp; http://help.yahoo.com/help/us/ysearch/slurp)" "autobutlerlifts.com"
74.6.24.222 - - [09/Jul/2007:21:07:06 -0700] "GET /_private/ HTTP/1.0" 200 514 "-" "Mozilla/5.0 (compatible; Yahoo! Slurp; http://help.yahoo.com/help/us/ysearch/slurp)" "autobutlerlifts.com"
66.98.148.24 - - [09/Jul/2007:22:01:17 -0700] "GET /robots.txt HTTP/1.1" 404 275 "www.autobutlerlifts.com" "Pingdom GIGRIB (http://www.pingdom.com)" "www.autobutlerlifts.com"
66.98.148.24 - - [09/Jul/2007:22:01:17 -0700] "GET /robots.txt HTTP/1.1" 404 275 "www.autobutlerlifts.com" "Pingdom GIGRIB (http://www.pingdom.com)" "www.autobutlerlifts.com"
66.98.148.24 - - [09/Jul/2007:22:01:17 -0700] "GET /robots.txt HTTP/1.1" 404 275 "www.autobutlerlifts.com" "Pingdom GIGRIB (http://www.pingdom.com)" "www.autobutlerlifts.com"
66.98.148.24 - - [09/Jul/2007:22:01:17 -0700] "GET /robots.txt HTTP/1.1" 404 275 "www.autobutlerlifts.com" "Pingdom GIGRIB (http://www.pingdom.com)" "www.autobutlerlifts.com"
66.98.148.24 - - [09/Jul/2007:22:01:17 -0700] "GET /robots.txt HTTP/1.1" 404 275 "www.autobutlerlifts.com" "Pingdom GIGRIB (http://www.pingdom.com)" "www.autobutlerlifts.com"
66.98.148.24 - - [09/Jul/2007:22:01:17 -0700] "GET /robots.txt HTTP/1.1" 404 275 "www.autobutlerlifts.com" "Pingdom GIGRIB (http://www.pingdom.com)" "www.autobutlerlifts.com"
66.98.148.24 - - [09/Jul/2007:22:01:17 -0700] "GET /robots.txt HTTP/1.1" 404 275 "www.autobutlerlifts.com" "Pingdom GIGRIB (http://www.pingdom.com)" "www.autobutlerlifts.com"
66.98.148.24 - - [09/Jul/2007:22:01:17 -0700] "GET /robots.txt HTTP/1.1" 404 275 "www.autobutlerlifts.com" "Pingdom GIGRIB (http://www.pingdom.com)" "www.autobutlerlifts.com"
66.98.148.24 - - [09/Jul/2007:22:03:43 -0700] "GET // HTTP/1.1" 200 916 "http://www.pingdom.com/tools/fpt/?url=www.autobutlerlifts.com" "Pingdom GIGRIB (http://www.pingdom.com)" "www.autobutlerlifts.com"
66.98.148.24 - - [09/Jul/2007:22:03:43 -0700] "GET // HTTP/1.1" 200 916 "http://www.pingdom.com/tools/fpt/?url=www.autobutlerlifts.com" "Pingdom GIGRIB (http://www.pingdom.com)" "www.autobutlerlifts.com"
66.98.148.24 - - [09/Jul/2007:22:03:43 -0700] "GET // HTTP/1.1" 200 916 "http://www.pingdom.com/tools/fpt/?url=www.autobutlerlifts.com" "Pingdom GIGRIB (http://www.pingdom.com)" "www.autobutlerlifts.com"
66.98.148.24 - - [09/Jul/2007:22:03:43 -0700] "GET // HTTP/1.1" 200 916 "http://www.pingdom.com/tools/fpt/?url=www.autobutlerlifts.com" "Pingdom GIGRIB (http://www.pingdom.com)" "www.autobutlerlifts.com"
66.98.148.24 - - [09/Jul/2007:22:03:43 -0700] "GET // HTTP/1.1" 200 916 "http://www.pingdom.com/tools/fpt/?url=www.autobutlerlifts.com" "Pingdom GIGRIB (http://www.pingdom.com)" "www.autobutlerlifts.com"
66.98.148.24 - - [09/Jul/2007:22:03:43 -0700] "GET // HTTP/1.1" 200 916 "http://www.pingdom.com/tools/fpt/?url=www.autobutlerlifts.com" "Pingdom GIGRIB (http://www.pingdom.com)" "www.autobutlerlifts.com"
66.98.148.24 - - [09/Jul/2007:22:03:43 -0700] "GET // HTTP/1.1" 200 916 "http://www.pingdom.com/tools/fpt/?url=www.autobutlerlifts.com" "Pingdom GIGRIB (http://www.pingdom.com)" "www.autobutlerlifts.com"
66.98.148.24 - - [09/Jul/2007:22:03:43 -0700] "GET // HTTP/1.1" 200 916 "http://www.pingdom.com/tools/fpt/?url=www.autobutlerlifts.com" "Pingdom GIGRIB (http://www.pingdom.com)" "www.autobutlerlifts.com"
74.6.29.20 - - [09/Jul/2007:23:48:21 -0700] "GET /robots.txt HTTP/1.0" 404 275 "-" "Mozilla/5.0 (compatible; Yahoo! Slurp; http://help.yahoo.com/help/us/ysearch/slurp)" "autobutlerlifts.com"
74.6.23.34 - - [09/Jul/2007:23:48:56 -0700] "GET /logs/ HTTP/1.0" 200 785 "-" "Mozilla/5.0 (compatible; Yahoo! Slurp; http://help.yahoo.com/help/us/ysearch/slurp)" "autobutlerlifts.com"
64.156.10.131 - - [10/Jul/2007:00:32:34 -0700] "GET /images/ultracarjackplate.gif HTTP/1.1" 404 275 "-" "Jakarta Commons-HttpClient/3.0.1" "www.autobutlerlifts.com"
74.6.26.212 - - [10/Jul/2007:00:36:19 -0700] "GET /tmp/?D=A HTTP/1.0" 200 504 "-" "Mozilla/5.0 (compatible; Yahoo! Slurp; http://help.yahoo.com/help/us/ysearch/slurp)" "autobutlerlifts.com"
74.6.20.154 - - [10/Jul/2007:00:56:04 -0700] "GET /tmp/?S=A HTTP/1.0" 200 504 "-" "Mozilla/5.0 (compatible; Yahoo! Slurp; http://help.yahoo.com/help/us/ysearch/slurp)" "autobutlerlifts.com"
74.6.19.78 - - [10/Jul/2007:01:42:29 -0700] "GET /robots.txt HTTP/1.0" 404 275 "-" "Mozilla/5.0 (compatible; Yahoo! Slurp; http://help.yahoo.com/help/us/ysearch/slurp)" "www.autobutlerlifts.com"
74.6.28.45 - - [10/Jul/2007:01:42:33 -0700] "GET /free-standing-lift.html HTTP/1.0" 404 275 "-" "Mozilla/5.0 (compatible; Yahoo! Slurp; http://help.yahoo.com/help/us/ysearch/slurp)" "www.autobutlerlifts.com"
66.249.72.37 - - [10/Jul/2007:01:49:53 -0700] "GET /robots.txt HTTP/1.1" 404 275 "-" "Mozilla/5.0 (compatible; Googlebot/2.1; +http://www.google.com/bot.html)" "www.autobutlerlifts.com"
66.249.72.37 - - [10/Jul/2007:01:49:53 -0700] "GET /logs/ HTTP/1.1" 200 801 "-" "Mozilla/5.0 (compatible; Googlebot/2.1; +http://www.google.com/bot.html)" "www.autobutlerlifts.com"
66.249.72.37 - - [10/Jul/2007:02:36:13 -0700] "GET /tmp HTTP/1.1" 301 98 "-" "Mozilla/5.0 (compatible; Googlebot/2.1; +http://www.google.com/bot.html)" "www.autobutlerlifts.com"
66.249.72.37 - - [10/Jul/2007:02:36:13 -0700] "GET /tmp/ HTTP/1.1" 200 520 "-" "Mozilla/5.0 (compatible; Googlebot/2.1; +http://www.google.com/bot.html)" "www.autobutlerlifts.com"
74.6.20.214 - - [10/Jul/2007:02:42:18 -0700] "GET /?S=A HTTP/1.0" 200 900 "-" "Mozilla/5.0 (compatible; Yahoo! Slurp; http://help.yahoo.com/help/us/ysearch/slurp)" "autobutlerlifts.com"
74.6.20.148 - - [10/Jul/2007:03:15:45 -0700] "GET /_private/?M=A HTTP/1.0" 200 514 "-" "Mozilla/5.0 (compatible; Yahoo! Slurp; http://help.yahoo.com/help/us/ysearch/slurp)" "autobutlerlifts.com"
64.1.215.162 - - [10/Jul/2007:03:45:37 -0700] "GET /robots.txt HTTP/1.0" 404 275 "-" "Mozilla/5.0 (Twiceler-0.9 http://www.cuill.com/twiceler/robot.html)" "www.autobutlerlifts.com"
74.6.25.117 - - [10/Jul/2007:03:49:20 -0700] "GET /_private/?S=A HTTP/1.0" 200 514 "-" "Mozilla/5.0 (compatible; Yahoo! Slurp; http://help.yahoo.com/help/us/ysearch/slurp)" "autobutlerlifts.com"
74.6.20.171 - - [10/Jul/2007:04:05:51 -0700] "GET /tmp/?M=A HTTP/1.0" 200 504 "-" "Mozilla/5.0 (compatible; Yahoo! Slurp; http://help.yahoo.com/help/us/ysearch/slurp)" "autobutlerlifts.com"
74.6.27.15 - - [10/Jul/2007:04:14:54 -0700] "GET /?N=D HTTP/1.0" 200 900 "-" "Mozilla/5.0 (compatible; Yahoo! Slurp; http://help.yahoo.com/help/us/ysearch/slurp)" "autobutlerlifts.com"
72.30.177.118 - - [10/Jul/2007:05:27:37 -0700] "GET /robots.txt HTTP/1.0" 404 275 "-" "Mozilla/5.0 (compatible; Yahoo! Slurp; http://help.yahoo.com/help/us/ysearch/slurp)" "www.autobutlerlifts.com"
74.6.70.96 - - [10/Jul/2007:05:27:38 -0700] "GET / HTTP/1.0" 200 900 "-" "Mozilla/5.0 (compatible; Yahoo! Slurp; http://help.yahoo.com/help/us/ysearch/slurp)" "www.autobutlerlifts.com"
208.97.218.10 - - [10/Jul/2007:06:19:55 -0700] "GET / HTTP/1.1" 200 916 "-" "Mozilla/4.0 (compatible; MSIE 6.0; Windows NT 5.1; SV1; InfoPath.1)" "www.autobutlerlifts.com"
208.97.218.10 - - [10/Jul/2007:06:20:01 -0700] "GET /tmp/ HTTP/1.1" 200 520 "http://www.autobutlerlifts.com/" "Mozilla/4.0 (compatible; MSIE 6.0; Windows NT 5.1; SV1; InfoPath.1)" "www.autobutlerlifts.com"
208.97.218.10 - - [10/Jul/2007:06:20:03 -0700] "GET / HTTP/1.1" 200 916 "http://www.autobutlerlifts.com/tmp/" "Mozilla/4.0 (compatible; MSIE 6.0; Windows NT 5.1; SV1; InfoPath.1)" "www.autobutlerlifts.com"
208.97.218.10 - - [10/Jul/2007:06:20:04 -0700] "GET / HTTP/1.1" 200 916 "http://www.autobutlerlifts.com/" "Mozilla/4.0 (compatible; MSIE 6.0; Windows NT 5.1; SV1; InfoPath.1)" "www.autobutlerlifts.com"
208.97.218.10 - - [10/Jul/2007:06:20:06 -0700] "GET /_private/ HTTP/1.1" 200 530 "http://www.autobutlerlifts.com/" "Mozilla/4.0 (compatible; MSIE 6.0; Windows NT 5.1; SV1; InfoPath.1)" "www.autobutlerlifts.com"
208.97.218.10 - - [10/Jul/2007:06:20:08 -0700] "GET / HTTP/1.1" 200 916 "http://www.autobutlerlifts.com/_private/" "Mozilla/4.0 (compatible; MSIE 6.0; Windows NT 5.1; SV1; InfoPath.1)" "www.autobutlerlifts.com"
208.97.218.10 - - [10/Jul/2007:06:20:09 -0700] "GET /logs/ HTTP/1.1" 200 801 "http://www.autobutlerlifts.com/" "Mozilla/4.0 (compatible; MSIE 6.0; Windows NT 5.1; SV1; InfoPath.1)" "www.autobutlerlifts.com"
208.97.218.10 - - [10/Jul/2007:06:20:12 -0700] "GET /logs/access_070701.log HTTP/1.1" 200 22361 "http://www.autobutlerlifts.com/logs/" "Mozilla/4.0 (compatible; MSIE 6.0; Windows NT 5.1; SV1; InfoPath.1)" "www.autobutlerlifts.com"
208.97.218.10 - - [10/Jul/2007:06:20:57 -0700] "GET / HTTP/1.1" 200 916 "http://www.autobutlerlifts.com/_private/" "Mozilla/4.0 (compatible; MSIE 6.0; Windows NT 5.1; SV1; InfoPath.1)" "www.autobutlerlifts.com"
208.97.218.10 - - [10/Jul/2007:06:20:57 -0700] "GET /_private/ HTTP/1.1" 200 530 "http://www.autobutlerlifts.com/" "Mozilla/4.0 (compatible; MSIE 6.0; Windows NT 5.1; SV1; InfoPath.1)" "www.autobutlerlifts.com"
208.97.218.10 - - [10/Jul/2007:06:20:57 -0700] "GET /tmp/ HTTP/1.1" 200 520 "http://www.autobutlerlifts.com/" "Mozilla/4.0 (compatible; MSIE 6.0; Windows NT 5.1; SV1; InfoPath.1)" "www.autobutlerlifts.com"
74.6.29.20 - - [10/Jul/2007:06:22:26 -0700] "GET /robots.txt HTTP/1.0" 404 275 "-" "Mozilla/5.0 (compatible; Yahoo! Slurp; http://help.yahoo.com/help/us/ysearch/slurp)" "autobutlerlifts.com"
74.6.27.18 - - [10/Jul/2007:06:22:27 -0700] "GET /_private/?N=D HTTP/1.0" 200 514 "-" "Mozilla/5.0 (compatible; Yahoo! Slurp; http://help.yahoo.com/help/us/ysearch/slurp)" "autobutlerlifts.com"
24.116.208.26 - - [10/Jul/2007:07:01:22 -0700] "GET /images/completelogotouse.gif HTTP/1.1" 404 275 "-" "Mozilla/4.0 (compatible; MSIE 6.0; Windows NT 5.1; SV1; .NET CLR 1.0.3705; .NET CLR 1.1.4322; Media Center PC 4.0)" "www.autobutlerlifts.com"
67.161.36.130 - - [10/Jul/2007:07:32:10 -0700] "GET / HTTP/1.1" 200 916 "-" "Mozilla/4.0 (compatible; MSIE 7.0; Windows NT 5.1; .NET CLR 1.0.3705; .NET CLR 1.1.4322; Media Center PC 4.0; .NET CLR 2.0.50727)" "www.autobutlerlifts.com"
67.161.36.130 - - [10/Jul/2007:07:32:11 -0700] "GET /favicon.ico HTTP/1.1" 404 275 "-" "Mozilla/4.0 (compatible; MSIE 7.0; Windows NT 5.1; .NET CLR 1.0.3705; .NET CLR 1.1.4322; Media Center PC 4.0; .NET CLR 2.0.50727)" "www.autobutlerlifts.com"
74.6.28.211 - - [10/Jul/2007:07:49:34 -0700] "GET /logs/?S=A HTTP/1.0" 200 785 "-" "Mozilla/5.0 (compatible; Yahoo! Slurp; http://help.yahoo.com/help/us/ysearch/slurp)" "autobutlerlifts.com"
67.161.36.130 - - [10/Jul/2007:07:51:08 -0700] "GET /_private/ HTTP/1.1" 200 530 "http://www.autobutlerlifts.com/" "Mozilla/4.0 (compatible; MSIE 7.0; Windows NT 5.1; .NET CLR 1.0.3705; .NET CLR 1.1.4322; Media Center PC 4.0; .NET CLR 2.0.50727)" "www.autobutlerlifts.com"
67.161.36.130 - - [10/Jul/2007:07:51:11 -0700] "GET / HTTP/1.1" 200 916 "http://www.autobutlerlifts.com/_private/" "Mozilla/4.0 (compatible; MSIE 7.0; Windows NT 5.1; .NET CLR 1.0.3705; .NET CLR 1.1.4322; Media Center PC 4.0; .NET CLR 2.0.50727)" "www.autobutlerlifts.com"
67.161.36.130 - - [10/Jul/2007:07:51:13 -0700] "GET /logs/ HTTP/1.1" 200 801 "http://www.autobutlerlifts.com/" "Mozilla/4.0 (compatible; MSIE 7.0; Windows NT 5.1; .NET CLR 1.0.3705; .NET CLR 1.1.4322; Media Center PC 4.0; .NET CLR 2.0.50727)" "www.autobutlerlifts.com"
67.161.36.130 - - [10/Jul/2007:07:51:15 -0700] "GET /logs/access.log HTTP/1.1" 200 91641 "http://www.autobutlerlifts.com/logs/" "Mozilla/4.0 (compatible; MSIE 7.0; Windows NT 5.1; .NET CLR 1.0.3705; .NET CLR 1.1.4322; Media Center PC 4.0; .NET CLR 2.0.50727)" "www.autobutlerlifts.com"
67.161.36.130 - - [10/Jul/2007:07:51:24 -0700] "GET /logs/access_070701.log HTTP/1.1" 200 22361 "http://www.autobutlerlifts.com/logs/" "Mozilla/4.0 (compatible; MSIE 7.0; Windows NT 5.1; .NET CLR 1.0.3705; .NET CLR 1.1.4322; Media Center PC 4.0; .NET CLR 2.0.50727)" "www.autobutlerlifts.com"
74.6.29.20 - - [10/Jul/2007:10:22:23 -0700] "GET /robots.txt HTTP/1.0" 404 275 "-" "Mozilla/5.0 (compatible; Yahoo! Slurp; http://help.yahoo.com/help/us/ysearch/slurp)" "autobutlerlifts.com"
74.6.26.167 - - [10/Jul/2007:10:22:24 -0700] "GET /?M=A HTTP/1.0" 200 900 "-" "Mozilla/5.0 (compatible; Yahoo! Slurp; http://help.yahoo.com/help/us/ysearch/slurp)" "autobutlerlifts.com"
64.208.172.178 - - [10/Jul/2007:12:02:26 -0700] "GET /robots.txt HTTP/1.0" 404 275 "-" "ia_archiver" "www.autobutlerlifts.com"
64.208.172.178 - - [10/Jul/2007:12:02:26 -0700] "GET /logs/?N=D HTTP/1.0" 200 785 "-" "ia_archiver" "www.autobutlerlifts.com"
74.6.29.20 - - [10/Jul/2007:12:23:39 -0700] "GET /robots.txt HTTP/1.0" 404 275 "-" "Mozilla/5.0 (compatible; Yahoo! Slurp; http://help.yahoo.com/help/us/ysearch/slurp)" "autobutlerlifts.com"
208.97.218.10 - - [10/Jul/2007:12:26:32 -0700] "GET / HTTP/1.1" 200 916 "-" "Mozilla/4.0 (compatible; MSIE 6.0; Windows NT 5.1; SV1; InfoPath.1)" "www.autobutlerlifts.com"
64.208.172.178 - - [10/Jul/2007:15:18:01 -0700] "GET /_private/?N=D HTTP/1.0" 200 514 "-" "ia_archiver" "www.autobutlerlifts.com"
74.6.29.20 - - [10/Jul/2007:16:02:42 -0700] "GET /robots.txt HTTP/1.0" 404 275 "-" "Mozilla/5.0 (compatible; Yahoo! Slurp; http://help.yahoo.com/help/us/ysearch/slurp)" "autobutlerlifts.com"
74.6.20.121 - - [10/Jul/2007:16:03:37 -0700] "GET /logs/?M=A HTTP/1.0" 200 785 "-" "Mozilla/5.0 (compatible; Yahoo! Slurp; http://help.yahoo.com/help/us/ysearch/slurp)" "autobutlerlifts.com"
64.156.10.131 - - [10/Jul/2007:17:15:35 -0700] "GET / HTTP/1.1" 200 916 "-" "Jakarta Commons-HttpClient/3.0.1" "www.autobutlerlifts.com"
74.6.23.152 - - [10/Jul/2007:19:10:12 -0700] "GET /?D=A HTTP/1.0" 200 900 "-" "Mozilla/5.0 (compatible; Yahoo! Slurp; http://help.yahoo.com/help/us/ysearch/slurp)" "autobutlerlifts.com"
209.62.20.18 - - [10/Jul/2007:21:34:26 -0700] "GET /robots.txt HTTP/1.0" 404 275 "http://autobutlerlifts.com/" "Mozilla/5.0 (Windows; U; Windows NT 5.0; en-US; +http://process1.com) Gecko/20070508 Firefox/1.5.0.12" "autobutlerlifts.com"
209.62.20.18 - - [10/Jul/2007:21:34:27 -0700] "GET / HTTP/1.0" 200 900 "-" "Mozilla/5.0 (Windows; U; Windows NT 5.0; en-US; +http://process1.com) Gecko/20070508 Firefox/1.5.0.12" "autobutlerlifts.com"
209.62.20.18 - - [10/Jul/2007:21:34:28 -0700] "GET /logs/ HTTP/1.0" 200 785 "http://autobutlerlifts.com/" "Mozilla/5.0 (Windows; U; Windows NT 5.0; en-US; +http://process1.com) Gecko/20070508 Firefox/1.5.0.12" "autobutlerlifts.com"
209.62.20.18 - - [10/Jul/2007:21:34:28 -0700] "GET /?S=A HTTP/1.0" 200 900 "http://autobutlerlifts.com/" "Mozilla/5.0 (Windows; U; Windows NT 5.0; en-US; +http://process1.com) Gecko/20070508 Firefox/1.5.0.12" "autobutlerlifts.com"
209.62.20.18 - - [10/Jul/2007:21:34:30 -0700] "GET /_private/ HTTP/1.0" 200 514 "http://autobutlerlifts.com/" "Mozilla/5.0 (Windows; U; Windows NT 5.0; en-US; +http://process1.com) Gecko/20070508 Firefox/1.5.0.12" "autobutlerlifts.com"
209.62.20.18 - - [10/Jul/2007:21:34:32 -0700] "GET /?N=D HTTP/1.0" 200 900 "http://autobutlerlifts.com/" "Mozilla/5.0 (Windows; U; Windows NT 5.0; en-US; +http://process1.com) Gecko/20070508 Firefox/1.5.0.12" "autobutlerlifts.com"
209.62.20.18 - - [10/Jul/2007:21:34:33 -0700] "GET /tmp/ HTTP/1.0" 200 504 "http://autobutlerlifts.com/" "Mozilla/5.0 (Windows; U; Windows NT 5.0; en-US; +http://process1.com) Gecko/20070508 Firefox/1.5.0.12" "autobutlerlifts.com"
66.249.72.37 - - [10/Jul/2007:23:25:41 -0700] "GET /robots.txt HTTP/1.1" 404 275 "-" "Mozilla/5.0 (compatible; Googlebot/2.1; +http://www.google.com/bot.html)" "www.autobutlerlifts.com"
66.249.72.37 - - [10/Jul/2007:23:25:41 -0700] "GET /tmp HTTP/1.1" 301 98 "-" "Mozilla/5.0 (compatible; Googlebot/2.1; +http://www.google.com/bot.html)" "www.autobutlerlifts.com"
66.249.72.37 - - [10/Jul/2007:23:25:41 -0700] "GET /tmp/ HTTP/1.1" 200 520 "-" "Mozilla/5.0 (compatible; Googlebot/2.1; +http://www.google.com/bot.html)" "www.autobutlerlifts.com"
66.249.72.37 - - [11/Jul/2007:01:14:15 -0700] "GET /auto-lift.html HTTP/1.1" 404 275 "-" "Mozilla/5.0 (compatible; Googlebot/2.1; +http://www.google.com/bot.html)" "www.autobutlerlifts.com"
66.249.72.37 - - [11/Jul/2007:01:43:26 -0700] "GET /tmp/ HTTP/1.1" 200 520 "-" "Mozilla/5.0 (compatible; Googlebot/2.1; +http://www.google.com/bot.html)" "www.autobutlerlifts.com"
66.249.72.37 - - [11/Jul/2007:01:46:20 -0700] "GET /robots.txt HTTP/1.1" 404 275 "-" "Mozilla/5.0 (compatible; Googlebot/2.1; +http://www.google.com/bot.html)" "autobutlerlifts.com"
66.249.72.37 - - [11/Jul/2007:01:46:20 -0700] "GET /logs/access.log HTTP/1.1" 200 96561 "-" "Mozilla/5.0 (compatible; Googlebot/2.1; +http://www.google.com/bot.html)" "autobutlerlifts.com"
66.249.72.37 - - [11/Jul/2007:01:47:24 -0700] "GET /logs/access_070701.log HTTP/1.1" 304 - "-" "Mozilla/5.0 (compatible; Googlebot/2.1; +http://www.google.com/bot.html)" "www.autobutlerlifts.com"
74.6.72.164 - - [11/Jul/2007:02:50:06 -0700] "GET /robots.txt HTTP/1.0" 404 275 "-" "Mozilla/5.0 (compatible; Yahoo! Slurp; http://help.yahoo.com/help/us/ysearch/slurp)" "autobutlerlifts.com"
74.6.72.36 - - [11/Jul/2007:02:50:06 -0700] "GET / HTTP/1.0" 200 900 "-" "Mozilla/5.0 (compatible; Yahoo! Slurp; http://help.yahoo.com/help/us/ysearch/slurp)" "autobutlerlifts.com"
74.6.29.20 - - [11/Jul/2007:02:56:45 -0700] "GET /robots.txt HTTP/1.0" 404 275 "-" "Mozilla/5.0 (compatible; Yahoo! Slurp; http://help.yahoo.com/help/us/ysearch/slurp)" "autobutlerlifts.com"
74.6.29.30 - - [11/Jul/2007:02:57:51 -0700] "GET /_private/?D=A HTTP/1.0" 200 514 "-" "Mozilla/5.0 (compatible; Yahoo! Slurp; http://help.yahoo.com/help/us/ysearch/slurp)" "autobutlerlifts.com"
66.249.72.37 - - [11/Jul/2007:03:39:05 -0700] "GET /images/internetspecials77.gif HTTP/1.1" 404 275 "-" "Googlebot-Image/1.0" "autobutlerlifts.com"
74.6.19.78 - - [11/Jul/2007:04:42:34 -0700] "GET /robots.txt HTTP/1.0" 404 275 "-" "Mozilla/5.0 (compatible; Yahoo! Slurp; http://help.yahoo.com/help/us/ysearch/slurp)" "www.autobutlerlifts.com"
74.6.28.198 - - [11/Jul/2007:04:42:37 -0700] "GET /four-post-lift-about-us.html HTTP/1.0" 404 275 "-" "Mozilla/5.0 (compatible; Yahoo! Slurp; http://help.yahoo.com/help/us/ysearch/slurp)" "www.autobutlerlifts.com"
66.249.72.37 - - [11/Jul/2007:05:35:09 -0700] "GET /robots.txt HTTP/1.1" 404 275 "-" "Mozilla/5.0 (compatible; Googlebot/2.1; +http://www.google.com/bot.html)" "www.autobutlerlifts.com"
66.249.72.37 - - [11/Jul/2007:05:35:09 -0700] "GET /index.html HTTP/1.1" 404 275 "-" "Mozilla/5.0 (compatible; Googlebot/2.1; +http://www.google.com/bot.html)" "www.autobutlerlifts.com"
72.30.177.94 - - [11/Jul/2007:06:07:09 -0700] "GET /robots.txt HTTP/1.0" 404 275 "-" "Mozilla/5.0 (compatible; Yahoo! Slurp; http://help.yahoo.com/help/us/ysearch/slurp)" "www.autobutlerlifts.com"
74.6.70.96 - - [11/Jul/2007:06:07:12 -0700] "GET / HTTP/1.0" 200 900 "-" "Mozilla/5.0 (compatible; Yahoo! Slurp; http://help.yahoo.com/help/us/ysearch/slurp)" "www.autobutlerlifts.com"
66.249.72.37 - - [11/Jul/2007:07:40:09 -0700] "GET /googlee916a1106382fa83.html HTTP/1.1" 404 275 "-" "Mozilla/5.0 (compatible; Googlebot/2.1; +http://www.google.com/bot.html)" "www.autobutlerlifts.com"
209.62.20.18 - - [11/Jul/2007:08:34:09 -0700] "GET /robots.txt HTTP/1.0" 404 275 "http://autobutlerlifts.com/" "Mozilla/5.0 (Windows; U; Windows NT 5.0; en-US; +http://process1.com) Gecko/20070508 Firefox/1.5.0.12" "autobutlerlifts.com"
