66.249.72.37 - - [30/Jun/2007:18:23:32 -0700] "GET /auto-lift.html HTTP/1.1" 404 275 "-" "Mozilla/5.0 (compatible; Googlebot/2.1; +http://www.google.com/bot.html)" "autobutlerlifts.com"
74.6.17.231 - - [30/Jun/2007:20:53:13 -0700] "GET /_private/ HTTP/1.0" 200 514 "-" "Mozilla/5.0 (compatible; Yahoo! Slurp; http://help.yahoo.com/help/us/ysearch/slurp)" "autobutlerlifts.com"
74.6.72.164 - - [01/Jul/2007:00:01:36 -0700] "GET /robots.txt HTTP/1.0" 404 275 "-" "Mozilla/5.0 (compatible; Yahoo! Slurp; http://help.yahoo.com/help/us/ysearch/slurp)" "autobutlerlifts.com"
74.6.72.36 - - [01/Jul/2007:00:01:36 -0700] "GET / HTTP/1.0" 200 900 "-" "Mozilla/5.0 (compatible; Yahoo! Slurp; http://help.yahoo.com/help/us/ysearch/slurp)" "autobutlerlifts.com"
74.6.18.34 - - [01/Jul/2007:01:48:12 -0700] "GET /?M=A HTTP/1.0" 200 900 "-" "Mozilla/5.0 (compatible; Yahoo! Slurp; http://help.yahoo.com/help/us/ysearch/slurp)" "autobutlerlifts.com"
64.156.10.131 - - [01/Jul/2007:04:20:36 -0700] "GET / HTTP/1.1" 200 916 "-" "Jakarta Commons-HttpClient/3.0.1" "www.autobutlerlifts.com"
66.194.6.94 - - [01/Jul/2007:05:32:17 -0700] "GET / HTTP/1.1" 200 916 "-" "Mozilla/5.0 (compatible; Konqueror/3.1-rc4; i686 Linux; 20020519)" "www.autobutlerlifts.com"
66.194.6.94 - - [01/Jul/2007:06:27:23 -0700] "GET / HTTP/1.1" 200 916 "-" "Mozilla/5.0 (compatible; Konqueror/3.1-rc4; i686 Linux; 20021111)" "autobutlerlifts.com"
64.1.215.162 - - [01/Jul/2007:06:54:40 -0700] "GET /robots.txt HTTP/1.0" 404 275 "-" "Mozilla/5.0 (Twiceler-0.9 http://www.cuill.com/twiceler/robot.html)" "www.autobutlerlifts.com"
66.249.72.37 - - [01/Jul/2007:08:33:49 -0700] "GET /robots.txt HTTP/1.1" 404 275 "-" "Mozilla/5.0 (compatible; Googlebot/2.1; +http://www.google.com/bot.html)" "www.autobutlerlifts.com"
66.249.72.37 - - [01/Jul/2007:08:33:49 -0700] "GET / HTTP/1.1" 200 916 "-" "Mozilla/5.0 (compatible; Googlebot/2.1; +http://www.google.com/bot.html)" "www.autobutlerlifts.com"
66.249.72.37 - - [01/Jul/2007:08:34:18 -0700] "GET /auto-lift-specifications.html HTTP/1.1" 404 275 "-" "Mozilla/5.0 (compatible; Googlebot/2.1; +http://www.google.com/bot.html)" "www.autobutlerlifts.com"
74.6.72.164 - - [01/Jul/2007:10:37:25 -0700] "GET /robots.txt HTTP/1.0" 404 275 "-" "Mozilla/5.0 (compatible; Yahoo! Slurp; http://help.yahoo.com/help/us/ysearch/slurp)" "autobutlerlifts.com"
74.6.17.224 - - [01/Jul/2007:10:40:33 -0700] "GET /tmp/ HTTP/1.0" 200 504 "-" "Mozilla/5.0 (compatible; Yahoo! Slurp; http://help.yahoo.com/help/us/ysearch/slurp)" "autobutlerlifts.com"
207.235.53.230 - - [01/Jul/2007:13:43:19 -0700] "GET /auto-lift-specifications.html HTTP/1.1" 404 275 "http://www.google.com/search?hl=en&q=auto+butler+lifts" "Mozilla/4.0 (compatible; MSIE 6.0; Windows NT 5.1; SV1; Greensboro Public Library; .NET CLR 1.1.4322; .NET CLR 2.0.50727; .NET CLR 3.0.04506.30)" "www.autobutlerlifts.com"
207.235.53.230 - - [01/Jul/2007:13:46:14 -0700] "GET / HTTP/1.1" 200 916 "http://www.google.com/search?hl=en&q=auto+butler+lifts+inc" "Mozilla/4.0 (compatible; MSIE 6.0; Windows NT 5.1; SV1; Greensboro Public Library; .NET CLR 1.1.4322; .NET CLR 2.0.50727; .NET CLR 3.0.04506.30)" "www.autobutlerlifts.com"
72.30.177.94 - - [01/Jul/2007:15:11:00 -0700] "GET /robots.txt HTTP/1.0" 404 275 "-" "Mozilla/5.0 (compatible; Yahoo! Slurp; http://help.yahoo.com/help/us/ysearch/slurp)" "www.autobutlerlifts.com"
74.6.70.96 - - [01/Jul/2007:15:11:00 -0700] "GET / HTTP/1.0" 200 900 "-" "Mozilla/5.0 (compatible; Yahoo! Slurp; http://help.yahoo.com/help/us/ysearch/slurp)" "www.autobutlerlifts.com"
66.249.72.37 - - [01/Jul/2007:15:15:57 -0700] "GET /robots.txt HTTP/1.1" 404 275 "-" "Mozilla/5.0 (compatible; Googlebot/2.1; +http://www.google.com/bot.html)" "www.autobutlerlifts.com"
66.249.72.37 - - [01/Jul/2007:15:15:57 -0700] "GET /tmp HTTP/1.1" 301 98 "-" "Mozilla/5.0 (compatible; Googlebot/2.1; +http://www.google.com/bot.html)" "www.autobutlerlifts.com"
66.249.72.37 - - [01/Jul/2007:15:15:57 -0700] "GET /tmp/ HTTP/1.1" 200 520 "-" "Mozilla/5.0 (compatible; Googlebot/2.1; +http://www.google.com/bot.html)" "www.autobutlerlifts.com"
207.46.98.38 - - [01/Jul/2007:17:06:11 -0700] "GET /robots.txt HTTP/1.0" 404 275 "-" "msnbot/1.0 (+http://search.msn.com/msnbot.htm)" "autobutlerlifts.com"
207.46.98.38 - - [01/Jul/2007:17:06:11 -0700] "GET /index.html HTTP/1.0" 404 275 "-" "msnbot/1.0 (+http://search.msn.com/msnbot.htm)" "autobutlerlifts.com"
207.46.98.40 - - [01/Jul/2007:18:48:54 -0700] "GET /robots.txt HTTP/1.0" 404 275 "-" "msnbot/1.0 (+http://search.msn.com/msnbot.htm)" "autobutlerlifts.com"
207.46.98.40 - - [01/Jul/2007:18:48:54 -0700] "GET /compare1.html HTTP/1.0" 404 275 "-" "msnbot/1.0 (+http://search.msn.com/msnbot.htm)" "autobutlerlifts.com"
207.46.98.39 - - [01/Jul/2007:19:50:42 -0700] "GET /robots.txt HTTP/1.0" 404 275 "-" "msnbot/1.0 (+http://search.msn.com/msnbot.htm)" "autobutlerlifts.com"
207.46.98.39 - - [01/Jul/2007:19:50:42 -0700] "GET /auto-Lifts-Accessories.html HTTP/1.0" 404 275 "-" "msnbot/1.0 (+http://search.msn.com/msnbot.htm)" "autobutlerlifts.com"
207.46.98.39 - - [01/Jul/2007:19:50:42 -0700] "GET /auto-lift-privacynotice.html HTTP/1.0" 404 275 "-" "msnbot/1.0 (+http://search.msn.com/msnbot.htm)" "autobutlerlifts.com"
128.194.135.94 - - [01/Jul/2007:20:44:07 -0700] "GET / HTTP/1.1" 200 916 "-" "IRLbot/3.0 (compatible; MSIE 6.0; http://irl.cs.tamu.edu/crawler)" "www.autobutlerlifts.com"
207.46.98.40 - - [01/Jul/2007:20:52:32 -0700] "GET /robots.txt HTTP/1.0" 404 275 "-" "msnbot/1.0 (+http://search.msn.com/msnbot.htm)" "autobutlerlifts.com"
207.46.98.40 - - [01/Jul/2007:20:52:32 -0700] "GET /auto-lift-brochure-request.html HTTP/1.0" 404 275 "-" "msnbot/1.0 (+http://search.msn.com/msnbot.htm)" "autobutlerlifts.com"
67.142.130.45 - - [01/Jul/2007:20:55:33 -0700] "GET /auto-lift-specifications.html HTTP/1.1" 404 275 "http://search.msn.com/results.aspx?q=auto+butler+lifts&FORM=SSNO" "Mozilla/4.0 (compatible; MSIE 6.0; Windows NT 5.1; .NET CLR 1.1.4322)" "autobutlerlifts.com"
67.142.130.45 - - [01/Jul/2007:20:55:40 -0700] "GET /four-post-lift-about-us.html HTTP/1.1" 404 275 "http://search.msn.com/results.aspx?q=auto+butler+lifts&FORM=SSNO" "Mozilla/4.0 (compatible; MSIE 6.0; Windows NT 5.1; .NET CLR 1.1.4322)" "autobutlerlifts.com"
67.142.130.45 - - [01/Jul/2007:20:56:13 -0700] "GET /auto-lift-specifications.html HTTP/1.1" 404 275 "http://search.msn.com/results.aspx?q=auto+butler+lifts&FORM=SSNO" "Mozilla/4.0 (compatible; MSIE 6.0; Windows NT 5.1; .NET CLR 1.1.4322)" "autobutlerlifts.com"
64.208.172.178 - - [01/Jul/2007:21:52:44 -0700] "GET /robots.txt HTTP/1.0" 404 275 "-" "ia_archiver" "www.autobutlerlifts.com"
64.208.172.178 - - [01/Jul/2007:21:52:44 -0700] "GET / HTTP/1.0" 200 900 "-" "ia_archiver" "www.autobutlerlifts.com"
74.6.72.164 - - [01/Jul/2007:22:13:53 -0700] "GET /robots.txt HTTP/1.0" 404 275 "-" "Mozilla/5.0 (compatible; Yahoo! Slurp; http://help.yahoo.com/help/us/ysearch/slurp)" "autobutlerlifts.com"
74.6.17.104 - - [01/Jul/2007:22:15:32 -0700] "GET /logs/ HTTP/1.0" 200 785 "-" "Mozilla/5.0 (compatible; Yahoo! Slurp; http://help.yahoo.com/help/us/ysearch/slurp)" "autobutlerlifts.com"
207.46.98.39 - - [01/Jul/2007:22:18:36 -0700] "GET /robots.txt HTTP/1.0" 404 275 "-" "msnbot/1.0 (+http://search.msn.com/msnbot.htm)" "autobutlerlifts.com"
207.46.98.39 - - [01/Jul/2007:22:18:36 -0700] "GET /four-post-lift-about-us.html HTTP/1.0" 404 275 "-" "msnbot/1.0 (+http://search.msn.com/msnbot.htm)" "autobutlerlifts.com"
207.46.98.41 - - [01/Jul/2007:23:05:42 -0700] "GET /robots.txt HTTP/1.0" 404 275 "-" "msnbot/1.0 (+http://search.msn.com/msnbot.htm)" "autobutlerlifts.com"
207.46.98.41 - - [01/Jul/2007:23:05:42 -0700] "GET /contactus.html HTTP/1.0" 404 275 "-" "msnbot/1.0 (+http://search.msn.com/msnbot.htm)" "autobutlerlifts.com"
207.46.98.41 - - [01/Jul/2007:23:12:36 -0700] "GET /auto-lift-specifications.html HTTP/1.0" 404 275 "-" "msnbot/1.0 (+http://search.msn.com/msnbot.htm)" "autobutlerlifts.com"
66.249.72.37 - - [02/Jul/2007:03:08:34 -0700] "GET /robots.txt HTTP/1.1" 404 275 "-" "Mozilla/5.0 (compatible; Googlebot/2.1; +http://www.google.com/bot.html)" "www.autobutlerlifts.com"
66.249.72.37 - - [02/Jul/2007:03:08:34 -0700] "GET /googlee916a1106382fa83.html HTTP/1.1" 404 275 "-" "Mozilla/5.0 (compatible; Googlebot/2.1; +http://www.google.com/bot.html)" "www.autobutlerlifts.com"
64.156.10.131 - - [02/Jul/2007:04:37:56 -0700] "GET / HTTP/1.1" 200 916 "-" "Jakarta Commons-HttpClient/3.0.1" "www.autobutlerlifts.com"
74.6.72.164 - - [02/Jul/2007:06:21:46 -0700] "GET /robots.txt HTTP/1.0" 404 275 "-" "Mozilla/5.0 (compatible; Yahoo! Slurp; http://help.yahoo.com/help/us/ysearch/slurp)" "autobutlerlifts.com"
74.6.17.47 - - [02/Jul/2007:06:23:16 -0700] "GET /?N=D HTTP/1.0" 200 900 "-" "Mozilla/5.0 (compatible; Yahoo! Slurp; http://help.yahoo.com/help/us/ysearch/slurp)" "autobutlerlifts.com"
74.6.19.78 - - [02/Jul/2007:06:56:50 -0700] "GET /robots.txt HTTP/1.0" 404 275 "-" "Mozilla/5.0 (compatible; Yahoo! Slurp; http://help.yahoo.com/help/us/ysearch/slurp)" "www.autobutlerlifts.com"
74.6.28.217 - - [02/Jul/2007:06:56:50 -0700] "GET / HTTP/1.0" 200 900 "-" "Mozilla/5.0 (compatible; Yahoo! Slurp; http://help.yahoo.com/help/us/ysearch/slurp)" "www.autobutlerlifts.com"
74.6.23.203 - - [02/Jul/2007:06:58:48 -0700] "GET /?D=A HTTP/1.0" 200 900 "-" "Mozilla/5.0 (compatible; Yahoo! Slurp; http://help.yahoo.com/help/us/ysearch/slurp)" "www.autobutlerlifts.com"
66.249.72.37 - - [02/Jul/2007:07:33:55 -0700] "GET /car-lifts.html HTTP/1.1" 404 275 "-" "Mozilla/5.0 (compatible; Googlebot/2.1; +http://www.google.com/bot.html)" "www.autobutlerlifts.com"
68.225.121.50 - - [02/Jul/2007:08:30:56 -0700] "GET / HTTP/1.1" 200 916 "-" "Mozilla/4.0 (compatible; MSIE 7.0; Windows NT 5.1; .NET CLR 1.1.4322)" "www.autobutlerlifts.com"
68.225.121.50 - - [02/Jul/2007:08:31:17 -0700] "GET / HTTP/1.1" 200 916 "http://www.autobutlerlifts.com/" "Mozilla/4.0 (compatible; MSIE 7.0; Windows NT 5.1; .NET CLR 1.1.4322)" "www.autobutlerlifts.com"
68.225.121.50 - - [02/Jul/2007:08:31:20 -0700] "GET /_private/ HTTP/1.1" 200 530 "http://www.autobutlerlifts.com/" "Mozilla/4.0 (compatible; MSIE 7.0; Windows NT 5.1; .NET CLR 1.1.4322)" "www.autobutlerlifts.com"
68.225.121.50 - - [02/Jul/2007:08:31:23 -0700] "GET / HTTP/1.1" 200 916 "http://www.autobutlerlifts.com/_private/" "Mozilla/4.0 (compatible; MSIE 7.0; Windows NT 5.1; .NET CLR 1.1.4322)" "www.autobutlerlifts.com"
68.225.121.50 - - [02/Jul/2007:08:31:25 -0700] "GET /logs/ HTTP/1.1" 200 801 "http://www.autobutlerlifts.com/" "Mozilla/4.0 (compatible; MSIE 7.0; Windows NT 5.1; .NET CLR 1.1.4322)" "www.autobutlerlifts.com"
68.225.121.50 - - [02/Jul/2007:08:31:28 -0700] "GET /logs/access.log HTTP/1.1" 200 10635 "http://www.autobutlerlifts.com/logs/" "Mozilla/4.0 (compatible; MSIE 7.0; Windows NT 5.1; .NET CLR 1.1.4322)" "www.autobutlerlifts.com"
68.225.121.50 - - [02/Jul/2007:08:31:41 -0700] "GET /logs/access_070701.log HTTP/1.1" 200 22361 "http://www.autobutlerlifts.com/logs/" "Mozilla/4.0 (compatible; MSIE 7.0; Windows NT 5.1; .NET CLR 1.1.4322)" "www.autobutlerlifts.com"
68.225.121.50 - - [02/Jul/2007:08:32:09 -0700] "GET / HTTP/1.1" 200 916 "http://www.autobutlerlifts.com/logs/" "Mozilla/4.0 (compatible; MSIE 7.0; Windows NT 5.1; .NET CLR 1.1.4322)" "www.autobutlerlifts.com"
68.225.121.50 - - [02/Jul/2007:08:32:11 -0700] "GET /tmp/ HTTP/1.1" 200 520 "http://www.autobutlerlifts.com/" "Mozilla/4.0 (compatible; MSIE 7.0; Windows NT 5.1; .NET CLR 1.1.4322)" "www.autobutlerlifts.com"
68.225.121.50 - - [02/Jul/2007:08:32:14 -0700] "GET / HTTP/1.1" 200 916 "http://www.autobutlerlifts.com/tmp/" "Mozilla/4.0 (compatible; MSIE 7.0; Windows NT 5.1; .NET CLR 1.1.4322)" "www.autobutlerlifts.com"
71.102.148.209 - - [02/Jul/2007:09:15:10 -0700] "GET / HTTP/1.1" 200 916 "-" "Mozilla/4.0 (compatible; MSIE 7.0; Windows NT 5.1; .NET CLR 1.1.4322)" "www.autobutlerlifts.com"
71.102.148.209 - - [02/Jul/2007:09:15:11 -0700] "GET /favicon.ico HTTP/1.1" 404 275 "-" "Mozilla/4.0 (compatible; MSIE 7.0; Windows NT 5.1; .NET CLR 1.1.4322)" "www.autobutlerlifts.com"
71.102.148.209 - - [02/Jul/2007:09:15:30 -0700] "GET / HTTP/1.1" 200 916 "http://www.autobutlerlifts.com/" "Mozilla/4.0 (compatible; MSIE 7.0; Windows NT 5.1; .NET CLR 1.1.4322)" "www.autobutlerlifts.com"
71.102.148.209 - - [02/Jul/2007:09:16:48 -0700] "GET /tmp/ HTTP/1.1" 200 520 "http://www.autobutlerlifts.com/" "Mozilla/4.0 (compatible; MSIE 7.0; Windows NT 5.1; .NET CLR 1.1.4322)" "www.autobutlerlifts.com"
71.102.148.209 - - [02/Jul/2007:09:17:24 -0700] "GET /auto-lift-specifications.html HTTP/1.1" 404 275 "-" "Mozilla/4.0 (compatible; MSIE 7.0; Windows NT 5.1; .NET CLR 1.1.4322)" "www.autobutlerlifts.com"
66.249.72.37 - - [02/Jul/2007:09:21:10 -0700] "GET /robots.txt HTTP/1.1" 404 275 "-" "Mozilla/5.0 (compatible; Googlebot/2.1; +http://www.google.com/bot.html)" "www.autobutlerlifts.com"
66.249.72.37 - - [02/Jul/2007:09:21:10 -0700] "GET / HTTP/1.1" 200 916 "-" "Mozilla/5.0 (compatible; Googlebot/2.1; +http://www.google.com/bot.html)" "www.autobutlerlifts.com"
74.6.19.78 - - [02/Jul/2007:10:15:56 -0700] "GET /robots.txt HTTP/1.0" 404 275 "-" "Mozilla/5.0 (compatible; Yahoo! Slurp; http://help.yahoo.com/help/us/ysearch/slurp)" "www.autobutlerlifts.com"
74.6.26.42 - - [02/Jul/2007:10:15:56 -0700] "GET /?N=D HTTP/1.0" 200 900 "-" "Mozilla/5.0 (compatible; Yahoo! Slurp; http://help.yahoo.com/help/us/ysearch/slurp)" "www.autobutlerlifts.com"
74.6.24.124 - - [02/Jul/2007:10:18:11 -0700] "GET /_private/ HTTP/1.0" 200 514 "-" "Mozilla/5.0 (compatible; Yahoo! Slurp; http://help.yahoo.com/help/us/ysearch/slurp)" "www.autobutlerlifts.com"
71.230.48.197 - - [02/Jul/2007:10:53:33 -0700] "GET / HTTP/1.1" 200 916 "-" "Mozilla/4.0 (compatible; MSIE 7.0; Windows NT 5.1; .NET CLR 1.1.4322)" "www.autobutlerlifts.com"
71.230.48.197 - - [02/Jul/2007:10:53:34 -0700] "GET /favicon.ico HTTP/1.1" 404 275 "-" "Mozilla/4.0 (compatible; MSIE 7.0; Windows NT 5.1; .NET CLR 1.1.4322)" "www.autobutlerlifts.com"
71.230.48.197 - - [02/Jul/2007:10:53:45 -0700] "GET / HTTP/1.1" 200 916 "-" "Mozilla/4.0 (compatible; MSIE 7.0; Windows NT 5.1; .NET CLR 1.1.4322)" "www.autobutlerlifts.com"
71.230.48.197 - - [02/Jul/2007:10:54:02 -0700] "GET / HTTP/1.1" 200 916 "-" "Mozilla/4.0 (compatible; MSIE 7.0; Windows NT 5.1; .NET CLR 1.1.4322)" "www.autobutlerlifts.com"
71.230.48.197 - - [02/Jul/2007:10:54:08 -0700] "GET /_private/ HTTP/1.1" 200 530 "http://www.autobutlerlifts.com/" "Mozilla/4.0 (compatible; MSIE 7.0; Windows NT 5.1; .NET CLR 1.1.4322)" "www.autobutlerlifts.com"
71.230.48.197 - - [02/Jul/2007:10:54:09 -0700] "GET / HTTP/1.1" 200 916 "http://www.autobutlerlifts.com/_private/" "Mozilla/4.0 (compatible; MSIE 7.0; Windows NT 5.1; .NET CLR 1.1.4322)" "www.autobutlerlifts.com"
71.230.48.197 - - [02/Jul/2007:10:54:11 -0700] "GET / HTTP/1.1" 200 916 "http://www.autobutlerlifts.com/" "Mozilla/4.0 (compatible; MSIE 7.0; Windows NT 5.1; .NET CLR 1.1.4322)" "www.autobutlerlifts.com"
71.230.48.197 - - [02/Jul/2007:10:54:14 -0700] "GET /logs/ HTTP/1.1" 200 801 "http://www.autobutlerlifts.com/" "Mozilla/4.0 (compatible; MSIE 7.0; Windows NT 5.1; .NET CLR 1.1.4322)" "www.autobutlerlifts.com"
71.230.48.197 - - [02/Jul/2007:10:54:16 -0700] "GET /logs/access.log HTTP/1.1" 200 14976 "http://www.autobutlerlifts.com/logs/" "Mozilla/4.0 (compatible; MSIE 7.0; Windows NT 5.1; .NET CLR 1.1.4322)" "www.autobutlerlifts.com"
71.230.48.197 - - [02/Jul/2007:10:54:21 -0700] "GET / HTTP/1.1" 200 916 "http://www.autobutlerlifts.com/" "Mozilla/4.0 (compatible; MSIE 7.0; Windows NT 5.1; .NET CLR 1.1.4322)" "www.autobutlerlifts.com"
71.230.48.197 - - [02/Jul/2007:10:54:22 -0700] "GET /_private/ HTTP/1.1" 200 530 "http://www.autobutlerlifts.com/" "Mozilla/4.0 (compatible; MSIE 7.0; Windows NT 5.1; .NET CLR 1.1.4322)" "www.autobutlerlifts.com"
71.230.48.197 - - [02/Jul/2007:10:54:48 -0700] "GET /index.html HTTP/1.1" 404 275 "-" "Mozilla/4.0 (compatible; MSIE 7.0; Windows NT 5.1; .NET CLR 1.1.4322)" "www.autobutlerlifts.com"
71.230.48.197 - - [02/Jul/2007:10:54:56 -0700] "GET /index.html HTTP/1.1" 404 275 "-" "Mozilla/4.0 (compatible; MSIE 7.0; Windows NT 5.1; .NET CLR 1.1.4322)" "www.autobutlerlifts.com"
71.230.48.197 - - [02/Jul/2007:10:55:21 -0700] "GET /index.html HTTP/1.1" 404 275 "-" "Mozilla/4.0 (compatible; MSIE 7.0; Windows NT 5.1; .NET CLR 1.1.4322)" "www.autobutlerlifts.com"
71.230.48.197 - - [02/Jul/2007:10:55:34 -0700] "GET /index.html HTTP/1.1" 404 275 "-" "Mozilla/4.0 (compatible; MSIE 7.0; Windows NT 5.1; .NET CLR 1.1.4322)" "www.autobutlerlifts.com"
66.249.72.37 - - [02/Jul/2007:14:16:02 -0700] "GET /tmp HTTP/1.1" 301 98 "-" "Mozilla/5.0 (compatible; Googlebot/2.1; +http://www.google.com/bot.html)" "www.autobutlerlifts.com"
66.249.72.37 - - [02/Jul/2007:14:16:02 -0700] "GET /tmp/ HTTP/1.1" 200 520 "-" "Mozilla/5.0 (compatible; Googlebot/2.1; +http://www.google.com/bot.html)" "www.autobutlerlifts.com"
70.149.75.118 - - [02/Jul/2007:14:50:48 -0700] "GET / HTTP/1.1" 200 916 "-" "Mozilla/5.0 (Macintosh; U; PPC Mac OS X; en-us) AppleWebKit/312.1 (KHTML, like Gecko) Safari/312" "www.autobutlerlifts.com"
70.149.75.118 - - [02/Jul/2007:14:50:49 -0700] "GET /favicon.ico HTTP/1.1" 404 275 "-" "Mozilla/5.0 (Macintosh; U; PPC Mac OS X; en-us) AppleWebKit/312.1 (KHTML, like Gecko) Safari/312" "www.autobutlerlifts.com"
70.149.75.118 - - [02/Jul/2007:14:51:13 -0700] "GET / HTTP/1.1" 200 916 "-" "Mozilla/5.0 (Macintosh; U; PPC Mac OS X; en-us) AppleWebKit/312.1 (KHTML, like Gecko) Safari/312" "www.autobutlerlifts.com"
70.149.75.118 - - [02/Jul/2007:14:51:19 -0700] "GET / HTTP/1.1" 200 916 "http://www.autobutlerlifts.com/" "Mozilla/5.0 (Macintosh; U; PPC Mac OS X; en-us) AppleWebKit/312.1 (KHTML, like Gecko) Safari/312" "www.autobutlerlifts.com"
70.149.75.118 - - [02/Jul/2007:14:51:45 -0700] "GET / HTTP/1.1" 200 916 "-" "Mozilla/5.0 (Macintosh; U; PPC Mac OS X; en-us) AppleWebKit/312.1 (KHTML, like Gecko) Safari/312" "www.autobutlerlifts.com"
70.149.75.118 - - [02/Jul/2007:14:51:59 -0700] "GET /tmp/ HTTP/1.1" 200 520 "http://www.autobutlerlifts.com/" "Mozilla/5.0 (Macintosh; U; PPC Mac OS X; en-us) AppleWebKit/312.1 (KHTML, like Gecko) Safari/312" "www.autobutlerlifts.com"
70.149.75.118 - - [02/Jul/2007:14:52:00 -0700] "GET / HTTP/1.1" 200 916 "http://www.autobutlerlifts.com/tmp/" "Mozilla/5.0 (Macintosh; U; PPC Mac OS X; en-us) AppleWebKit/312.1 (KHTML, like Gecko) Safari/312" "www.autobutlerlifts.com"
70.149.75.118 - - [02/Jul/2007:14:52:02 -0700] "GET /_private/ HTTP/1.1" 200 530 "http://www.autobutlerlifts.com/" "Mozilla/5.0 (Macintosh; U; PPC Mac OS X; en-us) AppleWebKit/312.1 (KHTML, like Gecko) Safari/312" "www.autobutlerlifts.com"
70.149.75.118 - - [02/Jul/2007:14:52:04 -0700] "GET /_private/?N=D HTTP/1.1" 200 530 "http://www.autobutlerlifts.com/_private/" "Mozilla/5.0 (Macintosh; U; PPC Mac OS X; en-us) AppleWebKit/312.1 (KHTML, like Gecko) Safari/312" "www.autobutlerlifts.com"
72.30.177.94 - - [02/Jul/2007:15:49:35 -0700] "GET /robots.txt HTTP/1.0" 404 275 "-" "Mozilla/5.0 (compatible; Yahoo! Slurp; http://help.yahoo.com/help/us/ysearch/slurp)" "www.autobutlerlifts.com"
74.6.70.96 - - [02/Jul/2007:15:49:35 -0700] "GET / HTTP/1.0" 200 900 "-" "Mozilla/5.0 (compatible; Yahoo! Slurp; http://help.yahoo.com/help/us/ysearch/slurp)" "www.autobutlerlifts.com"
74.6.71.198 - - [02/Jul/2007:16:46:34 -0700] "GET /logs/ HTTP/1.0" 200 785 "-" "Mozilla/5.0 (compatible; Yahoo! Slurp; http://help.yahoo.com/help/us/ysearch/slurp)" "www.autobutlerlifts.com"
66.194.6.72 - - [02/Jul/2007:17:01:24 -0700] "GET / HTTP/1.1" 200 916 "-" "Mozilla/4.0 (compatible; MSIE 6.0; Windows NT 5.1; Q312460)" "www.autobutlerlifts.com"
66.194.6.72 - - [02/Jul/2007:17:32:07 -0700] "GET / HTTP/1.1" 200 916 "-" "Mozilla/4.0 (compatible; MSIE 6.0; Windows NT 5.1; Q312462)" "autobutlerlifts.com"
74.6.70.96 - - [02/Jul/2007:18:10:18 -0700] "GET / HTTP/1.0" 200 900 "-" "Mozilla/5.0 (compatible; Yahoo! Slurp; http://help.yahoo.com/help/us/ysearch/slurp)" "www.autobutlerlifts.com"
74.6.29.24 - - [02/Jul/2007:20:45:22 -0700] "GET / HTTP/1.0" 200 900 "-" "Mozilla/5.0 (compatible; Yahoo! Slurp; http://help.yahoo.com/help/us/ysearch/slurp)" "autobutlerlifts.com"
72.30.177.94 - - [03/Jul/2007:00:19:22 -0700] "GET /robots.txt HTTP/1.0" 404 275 "-" "Mozilla/5.0 (compatible; Yahoo! Slurp; http://help.yahoo.com/help/us/ysearch/slurp)" "www.autobutlerlifts.com"
74.6.70.96 - - [03/Jul/2007:00:19:30 -0700] "GET / HTTP/1.0" 200 900 "-" "Mozilla/5.0 (compatible; Yahoo! Slurp; http://help.yahoo.com/help/us/ysearch/slurp)" "www.autobutlerlifts.com"
66.249.72.37 - - [03/Jul/2007:03:56:01 -0700] "GET /robots.txt HTTP/1.1" 404 275 "-" "Mozilla/5.0 (compatible; Googlebot/2.1; +http://www.google.com/bot.html)" "www.autobutlerlifts.com"
66.249.72.37 - - [03/Jul/2007:03:56:01 -0700] "GET / HTTP/1.1" 200 916 "-" "Mozilla/5.0 (compatible; Googlebot/2.1; +http://www.google.com/bot.html)" "www.autobutlerlifts.com"
66.249.72.37 - - [03/Jul/2007:03:59:33 -0700] "GET /robots.txt HTTP/1.1" 404 275 "-" "Mozilla/5.0 (compatible; Googlebot/2.1; +http://www.google.com/bot.html)" "autobutlerlifts.com"
66.249.72.37 - - [03/Jul/2007:03:59:33 -0700] "GET /four-post-lift-about-us.html HTTP/1.1" 404 275 "-" "Mozilla/5.0 (compatible; Googlebot/2.1; +http://www.google.com/bot.html)" "autobutlerlifts.com"
64.156.10.131 - - [03/Jul/2007:04:53:13 -0700] "GET / HTTP/1.1" 200 916 "-" "Jakarta Commons-HttpClient/3.0.1" "www.autobutlerlifts.com"
68.167.93.226 - - [03/Jul/2007:05:10:48 -0700] "GET /index.html HTTP/1.0" 404 275 "http://search.yahoo.com/search?p=rate+auto+lift&fr=yfp-t-477&toggle=1&cop=mss&ei=UTF-8" "Mozilla/4.0 (compatible; MSIE 6.0; Windows NT 5.1; SV1; .NET CLR 1.1.4322)" "www.autobutlerlifts.com"
208.96.84.57 - - [03/Jul/2007:05:39:07 -0700] "GET / HTTP/1.1" 200 916 "-" "Mozilla/4.0 (compatible; MSIE 7.0; Windows NT 5.1; .NET CLR 1.1.4322)" "www.autobutlerlifts.com"
208.96.84.57 - - [03/Jul/2007:05:39:08 -0700] "GET /favicon.ico HTTP/1.1" 404 275 "-" "Mozilla/4.0 (compatible; MSIE 7.0; Windows NT 5.1; .NET CLR 1.1.4322)" "www.autobutlerlifts.com"
208.96.84.57 - - [03/Jul/2007:05:39:29 -0700] "GET / HTTP/1.1" 200 916 "http://www.autobutlerlifts.com/" "Mozilla/4.0 (compatible; MSIE 7.0; Windows NT 5.1; .NET CLR 1.1.4322)" "www.autobutlerlifts.com"
208.96.84.57 - - [03/Jul/2007:05:39:32 -0700] "GET / HTTP/1.1" 200 916 "http://www.autobutlerlifts.com/" "Mozilla/4.0 (compatible; MSIE 7.0; Windows NT 5.1; .NET CLR 1.1.4322)" "www.autobutlerlifts.com"
208.96.84.57 - - [03/Jul/2007:05:39:36 -0700] "GET / HTTP/1.1" 200 916 "http://www.autobutlerlifts.com/" "Mozilla/4.0 (compatible; MSIE 7.0; Windows NT 5.1; .NET CLR 1.1.4322)" "www.autobutlerlifts.com"
208.96.84.57 - - [03/Jul/2007:05:39:39 -0700] "GET /_private/ HTTP/1.1" 200 530 "http://www.autobutlerlifts.com/" "Mozilla/4.0 (compatible; MSIE 7.0; Windows NT 5.1; .NET CLR 1.1.4322)" "www.autobutlerlifts.com"
208.96.84.57 - - [03/Jul/2007:05:39:42 -0700] "GET / HTTP/1.1" 200 916 "http://www.autobutlerlifts.com/_private/" "Mozilla/4.0 (compatible; MSIE 7.0; Windows NT 5.1; .NET CLR 1.1.4322)" "www.autobutlerlifts.com"
208.96.84.57 - - [03/Jul/2007:05:40:08 -0700] "GET / HTTP/1.1" 200 916 "-" "Mozilla/4.0 (compatible; MSIE 7.0; Windows NT 5.1; .NET CLR 1.1.4322)" "www.autobutlerlifts.com"
66.249.72.37 - - [03/Jul/2007:06:20:04 -0700] "GET /tmp/ HTTP/1.1" 200 520 "-" "Mozilla/5.0 (compatible; Googlebot/2.1; +http://www.google.com/bot.html)" "www.autobutlerlifts.com"
66.249.72.37 - - [03/Jul/2007:06:20:11 -0700] "GET /logs/ HTTP/1.1" 200 801 "-" "Mozilla/5.0 (compatible; Googlebot/2.1; +http://www.google.com/bot.html)" "www.autobutlerlifts.com"
66.249.72.37 - - [03/Jul/2007:06:21:02 -0700] "GET /?S=A HTTP/1.1" 200 916 "-" "Mozilla/5.0 (compatible; Googlebot/2.1; +http://www.google.com/bot.html)" "www.autobutlerlifts.com"
64.208.172.178 - - [03/Jul/2007:06:38:21 -0700] "GET /robots.txt HTTP/1.0" 404 275 "-" "ia_archiver" "www.autobutlerlifts.com"
64.208.172.178 - - [03/Jul/2007:06:38:22 -0700] "GET /?M=A HTTP/1.0" 200 900 "-" "ia_archiver" "www.autobutlerlifts.com"
64.208.172.178 - - [03/Jul/2007:06:38:53 -0700] "GET /?D=A HTTP/1.0" 200 900 "-" "ia_archiver" "www.autobutlerlifts.com"
64.208.172.178 - - [03/Jul/2007:06:39:13 -0700] "GET /logs/ HTTP/1.0" 200 785 "-" "ia_archiver" "www.autobutlerlifts.com"
64.208.172.178 - - [03/Jul/2007:06:39:30 -0700] "GET /?N=D HTTP/1.0" 200 900 "-" "ia_archiver" "www.autobutlerlifts.com"
64.208.172.178 - - [03/Jul/2007:06:39:45 -0700] "GET /_private/ HTTP/1.0" 200 514 "-" "ia_archiver" "www.autobutlerlifts.com"
64.208.172.178 - - [03/Jul/2007:06:39:58 -0700] "GET /?S=A HTTP/1.0" 200 900 "-" "ia_archiver" "www.autobutlerlifts.com"
64.208.172.178 - - [03/Jul/2007:06:40:10 -0700] "GET /tmp/ HTTP/1.0" 200 504 "-" "ia_archiver" "www.autobutlerlifts.com"
66.249.72.37 - - [03/Jul/2007:08:14:22 -0700] "GET /tmp HTTP/1.1" 301 98 "-" "Mozilla/5.0 (compatible; Googlebot/2.1; +http://www.google.com/bot.html)" "www.autobutlerlifts.com"
66.249.72.37 - - [03/Jul/2007:08:14:22 -0700] "GET /tmp/ HTTP/1.1" 200 520 "-" "Mozilla/5.0 (compatible; Googlebot/2.1; +http://www.google.com/bot.html)" "www.autobutlerlifts.com"
66.249.72.37 - - [03/Jul/2007:08:55:26 -0700] "GET /logs/access.log HTTP/1.1" 200 25169 "-" "Mozilla/5.0 (compatible; Googlebot/2.1; +http://www.google.com/bot.html)" "www.autobutlerlifts.com"
66.249.72.37 - - [03/Jul/2007:08:56:30 -0700] "GET /logs/access_070701.log HTTP/1.1" 200 22361 "-" "Mozilla/5.0 (compatible; Googlebot/2.1; +http://www.google.com/bot.html)" "www.autobutlerlifts.com"
66.249.72.37 - - [03/Jul/2007:08:57:16 -0700] "GET /tmp/?M=A HTTP/1.1" 200 520 "-" "Mozilla/5.0 (compatible; Googlebot/2.1; +http://www.google.com/bot.html)" "www.autobutlerlifts.com"
66.249.72.37 - - [03/Jul/2007:08:59:49 -0700] "GET /logs/?D=A HTTP/1.1" 200 801 "-" "Mozilla/5.0 (compatible; Googlebot/2.1; +http://www.google.com/bot.html)" "www.autobutlerlifts.com"
63.149.241.66 - - [03/Jul/2007:13:11:28 -0700] "GET /index.html HTTP/1.1" 404 275 "http://search.msn.com/results.aspx?q=auto+lifts&first=91&FORM=PERE6" "Mozilla/4.0 (compatible; MSIE 7.0; Windows NT 5.1; .NET CLR 2.0.50727)" "autobutlerlifts.com"
192.206.23.249 - - [03/Jul/2007:17:08:20 -0700] "GET /auto-lift-brochure-request.html HTTP/1.1" 404 275 "http://www.google.com/search?client=safari&rls=en&q=%22auto+butler%22/brochure&ie=UTF-8&oe=UTF-8" "Mozilla/5.0 (Macintosh; U; PPC Mac OS X; en) AppleWebKit/419 (KHTML, like Gecko) Safari/419.3" "www.autobutlerlifts.com"
192.206.23.249 - - [03/Jul/2007:17:08:20 -0700] "GET /favicon.ico HTTP/1.1" 404 275 "-" "Mozilla/5.0 (Macintosh; U; PPC Mac OS X; en) AppleWebKit/419 (KHTML, like Gecko) Safari/419.3" "www.autobutlerlifts.com"
69.49.45.199 - - [03/Jul/2007:17:16:29 -0700] "GET /favicon.ico HTTP/1.1" 404 275 "-" "Mozilla/4.0 (compatible; GoogleToolbar 4.0.1601.4978-big; Windows XP 5.1; MSIE 7.0.5730.11)" "www.autobutlerlifts.com"
69.49.45.199 - - [03/Jul/2007:17:16:29 -0700] "GET /favicon.gif HTTP/1.1" 404 275 "-" "Mozilla/4.0 (compatible; GoogleToolbar 4.0.1601.4978-big; Windows XP 5.1; MSIE 7.0.5730.11)" "www.autobutlerlifts.com"
75.83.35.183 - - [03/Jul/2007:20:58:24 -0700] "GET / HTTP/1.1" 200 916 "-" "Mozilla/4.0 (compatible;MSIE 6.0;Windows NT 5.1;SV1;)" "www.autobutlerlifts.com"
66.249.72.37 - - [04/Jul/2007:01:19:30 -0700] "GET /robots.txt HTTP/1.1" 404 275 "-" "Mozilla/5.0 (compatible; Googlebot/2.1; +http://www.google.com/bot.html)" "www.autobutlerlifts.com"
66.249.72.37 - - [04/Jul/2007:01:19:30 -0700] "GET / HTTP/1.1" 200 916 "-" "Mozilla/5.0 (compatible; Googlebot/2.1; +http://www.google.com/bot.html)" "www.autobutlerlifts.com"
72.30.177.94 - - [04/Jul/2007:01:29:11 -0700] "GET /robots.txt HTTP/1.0" 404 275 "-" "Mozilla/5.0 (compatible; Yahoo! Slurp; http://help.yahoo.com/help/us/ysearch/slurp)" "www.autobutlerlifts.com"
74.6.70.96 - - [04/Jul/2007:01:29:12 -0700] "GET / HTTP/1.0" 200 900 "-" "Mozilla/5.0 (compatible; Yahoo! Slurp; http://help.yahoo.com/help/us/ysearch/slurp)" "www.autobutlerlifts.com"
65.222.176.124 - - [04/Jul/2007:01:34:42 -0700] "GET / HTTP/1.1" 200 916 "-" "Mozilla/4.0 (compatible; MSIE 6.0; Windows XP)" "www.autobutlerlifts.com"
65.222.176.124 - - [04/Jul/2007:01:34:44 -0700] "GET /_private/ HTTP/1.1" 200 530 "http://www.autobutlerlifts.com/" "Mozilla/4.0 (compatible; MSIE 6.0; Windows XP)" "www.autobutlerlifts.com"
65.222.176.124 - - [04/Jul/2007:01:34:44 -0700] "GET /tmp/ HTTP/1.1" 200 520 "http://www.autobutlerlifts.com/" "Mozilla/4.0 (compatible; MSIE 6.0; Windows XP)" "www.autobutlerlifts.com"
65.222.176.124 - - [04/Jul/2007:01:34:45 -0700] "GET /logs/ HTTP/1.1" 200 801 "http://www.autobutlerlifts.com/" "Mozilla/4.0 (compatible; MSIE 6.0; Windows XP)" "www.autobutlerlifts.com"
65.222.176.124 - - [04/Jul/2007:01:34:59 -0700] "GET /logs/access.log HTTP/1.1" 200 28742 "http://www.autobutlerlifts.com/logs/" "Mozilla/4.0 (compatible; MSIE 6.0; Windows XP)" "www.autobutlerlifts.com"
65.222.176.124 - - [04/Jul/2007:01:35:02 -0700] "GET /logs/access_070701.log HTTP/1.1" 200 22361 "http://www.autobutlerlifts.com/logs/" "Mozilla/4.0 (compatible; MSIE 6.0; Windows XP)" "www.autobutlerlifts.com"
74.6.72.164 - - [04/Jul/2007:02:10:08 -0700] "GET /robots.txt HTTP/1.0" 404 275 "-" "Mozilla/5.0 (compatible; Yahoo! Slurp; http://help.yahoo.com/help/us/ysearch/slurp)" "autobutlerlifts.com"
74.6.72.36 - - [04/Jul/2007:02:10:09 -0700] "GET / HTTP/1.0" 200 900 "-" "Mozilla/5.0 (compatible; Yahoo! Slurp; http://help.yahoo.com/help/us/ysearch/slurp)" "autobutlerlifts.com"
66.249.72.37 - - [04/Jul/2007:03:36:08 -0700] "GET /robots.txt HTTP/1.1" 404 275 "-" "Mozilla/5.0 (compatible; Googlebot/2.1; +http://www.google.com/bot.html)" "autobutlerlifts.com"
66.249.72.37 - - [04/Jul/2007:03:36:08 -0700] "GET /car-lifts.html HTTP/1.1" 404 275 "-" "Mozilla/5.0 (compatible; Googlebot/2.1; +http://www.google.com/bot.html)" "autobutlerlifts.com"
66.194.6.76 - - [04/Jul/2007:04:20:01 -0700] "GET / HTTP/1.1" 200 916 "-" "Mozilla/4.0 (compatible; MSIE 6.0; Windows NT 5.1; Q312462)" "www.autobutlerlifts.com"
66.194.6.84 - - [04/Jul/2007:04:21:24 -0700] "GET / HTTP/1.1" 200 916 "-" "Mozilla/4.0 (compatible; MSIE 6.0; Windows NT 5.1; Q312463)" "autobutlerlifts.com"
66.249.72.37 - - [04/Jul/2007:04:58:56 -0700] "GET /auto-lift-privacynotice.html HTTP/1.1" 404 275 "-" "Mozilla/5.0 (compatible; Googlebot/2.1; +http://www.google.com/bot.html)" "www.autobutlerlifts.com"
66.249.72.37 - - [04/Jul/2007:05:07:25 -0700] "GET /free-standing-lift.html HTTP/1.1" 404 275 "-" "Mozilla/5.0 (compatible; Googlebot/2.1; +http://www.google.com/bot.html)" "autobutlerlifts.com"
66.249.72.37 - - [04/Jul/2007:05:07:45 -0700] "GET /auto-lift-brochure-request.html HTTP/1.1" 404 275 "-" "Mozilla/5.0 (compatible; Googlebot/2.1; +http://www.google.com/bot.html)" "autobutlerlifts.com"
64.156.10.131 - - [04/Jul/2007:05:08:21 -0700] "GET / HTTP/1.1" 200 916 "-" "Jakarta Commons-HttpClient/3.0.1" "www.autobutlerlifts.com"
66.249.72.37 - - [04/Jul/2007:06:37:54 -0700] "GET /contactus.html HTTP/1.1" 404 275 "-" "Mozilla/5.0 (compatible; Googlebot/2.1; +http://www.google.com/bot.html)" "www.autobutlerlifts.com"
66.249.72.37 - - [04/Jul/2007:06:57:21 -0700] "GET /tmp HTTP/1.1" 301 98 "-" "Mozilla/5.0 (compatible; Googlebot/2.1; +http://www.google.com/bot.html)" "www.autobutlerlifts.com"
66.249.72.37 - - [04/Jul/2007:06:57:21 -0700] "GET /tmp/ HTTP/1.1" 200 520 "-" "Mozilla/5.0 (compatible; Googlebot/2.1; +http://www.google.com/bot.html)" "www.autobutlerlifts.com"
12.172.204.100 - - [04/Jul/2007:08:50:04 -0700] "GET /auto-lift-specifications.html HTTP/1.1" 404 275 "-" "Mozilla/5.0 (Windows; U; Windows NT 5.1; en-US; rv:1.8.1.4) Gecko/20070515 Firefox/2.0.0.4" "www.autobutlerlifts.com"
12.172.204.100 - - [04/Jul/2007:08:50:04 -0700] "GET /favicon.ico HTTP/1.1" 404 275 "-" "Mozilla/5.0 (Windows; U; Windows NT 5.1; en-US; rv:1.8.1.4) Gecko/20070515 Firefox/2.0.0.4" "www.autobutlerlifts.com"
12.172.204.100 - - [04/Jul/2007:08:50:05 -0700] "GET /favicon.ico HTTP/1.1" 404 275 "-" "Mozilla/5.0 (Windows; U; Windows NT 5.1; en-US; rv:1.8.1.4) Gecko/20070515 Firefox/2.0.0.4" "www.autobutlerlifts.com"
12.172.204.100 - - [04/Jul/2007:08:50:11 -0700] "GET /auto-lift-specifications.html HTTP/1.1" 404 275 "-" "Mozilla/5.0 (Windows; U; Windows NT 5.1; en-US; rv:1.8.1.4) Gecko/20070515 Firefox/2.0.0.4" "www.autobutlerlifts.com"
72.30.177.94 - - [04/Jul/2007:12:10:32 -0700] "GET /robots.txt HTTP/1.0" 404 275 "-" "Mozilla/5.0 (compatible; Yahoo! Slurp; http://help.yahoo.com/help/us/ysearch/slurp)" "www.autobutlerlifts.com"
74.6.71.165 - - [04/Jul/2007:12:10:49 -0700] "GET /?M=A HTTP/1.0" 200 900 "-" "Mozilla/5.0 (compatible; Yahoo! Slurp; http://help.yahoo.com/help/us/ysearch/slurp)" "www.autobutlerlifts.com"
74.6.73.158 - - [04/Jul/2007:13:13:40 -0700] "GET /?D=A HTTP/1.0" 200 900 "-" "Mozilla/5.0 (compatible; Yahoo! Slurp; http://help.yahoo.com/help/us/ysearch/slurp)" "www.autobutlerlifts.com"
208.96.84.57 - - [04/Jul/2007:17:37:14 -0700] "GET / HTTP/1.1" 200 916 "-" "Mozilla/4.0 (compatible; MSIE 7.0; Windows NT 5.1; .NET CLR 1.1.4322)" "www.autobutlerlifts.com"
72.30.177.94 - - [04/Jul/2007:20:19:31 -0700] "GET /robots.txt HTTP/1.0" 404 275 "-" "Mozilla/5.0 (compatible; Yahoo! Slurp; http://help.yahoo.com/help/us/ysearch/slurp)" "www.autobutlerlifts.com"
74.6.70.96 - - [04/Jul/2007:20:19:37 -0700] "GET / HTTP/1.0" 200 900 "-" "Mozilla/5.0 (compatible; Yahoo! Slurp; http://help.yahoo.com/help/us/ysearch/slurp)" "www.autobutlerlifts.com"
66.249.72.37 - - [04/Jul/2007:23:09:56 -0700] "GET /robots.txt HTTP/1.1" 404 275 "-" "Mozilla/5.0 (compatible; Googlebot/2.1; +http://www.google.com/bot.html)" "autobutlerlifts.com"
66.249.72.37 - - [04/Jul/2007:23:09:56 -0700] "GET /auto-lifts.html HTTP/1.1" 404 275 "-" "Mozilla/5.0 (compatible; Googlebot/2.1; +http://www.google.com/bot.html)" "autobutlerlifts.com"
66.249.72.37 - - [04/Jul/2007:23:23:07 -0700] "GET /car-lift-2.html HTTP/1.1" 404 275 "-" "Mozilla/5.0 (compatible; Googlebot/2.1; +http://www.google.com/bot.html)" "autobutlerlifts.com"
72.30.177.94 - - [04/Jul/2007:23:37:49 -0700] "GET /robots.txt HTTP/1.0" 404 275 "-" "Mozilla/5.0 (compatible; Yahoo! Slurp; http://help.yahoo.com/help/us/ysearch/slurp)" "www.autobutlerlifts.com"
74.6.70.96 - - [04/Jul/2007:23:38:00 -0700] "GET / HTTP/1.0" 200 900 "-" "Mozilla/5.0 (compatible; Yahoo! Slurp; http://help.yahoo.com/help/us/ysearch/slurp)" "www.autobutlerlifts.com"
64.1.215.162 - - [05/Jul/2007:02:55:58 -0700] "GET /car-lifts.html HTTP/1.0" 404 275 "-" "Mozilla/5.0 (Twiceler-0.9 http://www.cuill.com/twiceler/robot.html)" "www.autobutlerlifts.com"
129.241.50.34 - - [05/Jul/2007:03:02:00 -0700] "GET /robots.txt HTTP/1.1" 404 275 "-" "boitho.com-dc/0.86 ( http://www.boitho.com/dcbot.html )" "www.autobutlerlifts.com"
64.156.10.131 - - [05/Jul/2007:03:18:55 -0700] "GET /images/Castersforcart2.jpg HTTP/1.1" 404 275 "-" "Jakarta Commons-HttpClient/3.0.1" "www.autobutlerlifts.com"
66.249.72.37 - - [05/Jul/2007:04:11:15 -0700] "GET /robots.txt HTTP/1.1" 404 275 "-" "Mozilla/5.0 (compatible; Googlebot/2.1; +http://www.google.com/bot.html)" "www.autobutlerlifts.com"
66.249.72.37 - - [05/Jul/2007:04:11:15 -0700] "GET /googlee916a1106382fa83.html HTTP/1.1" 404 275 "-" "Mozilla/5.0 (compatible; Googlebot/2.1; +http://www.google.com/bot.html)" "www.autobutlerlifts.com"
129.241.104.188 - - [05/Jul/2007:04:13:46 -0700] "GET /auto-lift-privacynotice.html HTTP/1.1" 404 275 "-" "boitho.com-dc/0.85 ( http://www.boitho.com/dcbot.html )" "www.autobutlerlifts.com"
64.156.10.131 - - [05/Jul/2007:05:22:58 -0700] "GET / HTTP/1.1" 200 916 "-" "Jakarta Commons-HttpClient/3.0.1" "www.autobutlerlifts.com"
64.208.172.178 - - [05/Jul/2007:06:01:15 -0700] "GET /robots.txt HTTP/1.0" 404 275 "-" "ia_archiver" "www.autobutlerlifts.com"
64.208.172.178 - - [05/Jul/2007:06:01:15 -0700] "GET /tmp/?S=A HTTP/1.0" 200 504 "-" "ia_archiver" "www.autobutlerlifts.com"
64.208.172.178 - - [05/Jul/2007:06:02:05 -0700] "GET /logs/?S=A HTTP/1.0" 200 785 "-" "ia_archiver" "www.autobutlerlifts.com"
64.208.172.178 - - [05/Jul/2007:06:02:51 -0700] "GET /tmp/?M=A HTTP/1.0" 200 504 "-" "ia_archiver" "www.autobutlerlifts.com"
64.208.172.178 - - [05/Jul/2007:06:03:28 -0700] "GET /logs/access_070701.log HTTP/1.0" 200 22361 "-" "ia_archiver" "www.autobutlerlifts.com"
64.208.172.178 - - [05/Jul/2007:06:03:58 -0700] "GET / HTTP/1.0" 200 900 "-" "ia_archiver" "www.autobutlerlifts.com"
64.208.172.178 - - [05/Jul/2007:06:04:41 -0700] "GET /tmp/?N=D HTTP/1.0" 200 504 "-" "ia_archiver" "www.autobutlerlifts.com"
64.208.172.178 - - [05/Jul/2007:06:05:20 -0700] "GET /logs/?N=D HTTP/1.0" 200 785 "-" "ia_archiver" "www.autobutlerlifts.com"
64.208.172.178 - - [05/Jul/2007:06:06:02 -0700] "GET /_private/?S=A HTTP/1.0" 200 514 "-" "ia_archiver" "www.autobutlerlifts.com"
64.208.172.178 - - [05/Jul/2007:06:06:29 -0700] "GET /logs/?D=A HTTP/1.0" 200 785 "-" "ia_archiver" "www.autobutlerlifts.com"
64.208.172.178 - - [05/Jul/2007:06:07:22 -0700] "GET /logs/access.log HTTP/1.0" 200 36941 "-" "ia_archiver" "www.autobutlerlifts.com"
64.208.172.178 - - [05/Jul/2007:06:07:52 -0700] "GET /_private/?M=A HTTP/1.0" 200 514 "-" "ia_archiver" "www.autobutlerlifts.com"
64.208.172.178 - - [05/Jul/2007:06:08:34 -0700] "GET /tmp/?D=A HTTP/1.0" 200 504 "-" "ia_archiver" "www.autobutlerlifts.com"
64.208.172.178 - - [05/Jul/2007:06:09:09 -0700] "GET /logs/?M=A HTTP/1.0" 200 785 "-" "ia_archiver" "www.autobutlerlifts.com"
64.208.172.178 - - [05/Jul/2007:06:09:54 -0700] "GET /_private/?D=A HTTP/1.0" 200 514 "-" "ia_archiver" "www.autobutlerlifts.com"
64.208.172.178 - - [05/Jul/2007:06:10:46 -0700] "GET /?N=A HTTP/1.0" 200 900 "-" "ia_archiver" "www.autobutlerlifts.com"
64.208.172.178 - - [05/Jul/2007:06:11:51 -0700] "GET /_private/?N=D HTTP/1.0" 200 514 "-" "ia_archiver" "www.autobutlerlifts.com"
64.208.172.178 - - [05/Jul/2007:08:03:27 -0700] "GET /?M=D HTTP/1.0" 200 900 "-" "ia_archiver" "www.autobutlerlifts.com"
64.208.172.178 - - [05/Jul/2007:08:04:16 -0700] "GET /?D=D HTTP/1.0" 200 900 "-" "ia_archiver" "www.autobutlerlifts.com"
64.208.172.178 - - [05/Jul/2007:08:04:39 -0700] "GET /?S=D HTTP/1.0" 200 900 "-" "ia_archiver" "www.autobutlerlifts.com"
66.249.72.37 - - [05/Jul/2007:08:52:48 -0700] "GET /robots.txt HTTP/1.1" 404 275 "-" "Mozilla/5.0 (compatible; Googlebot/2.1; +http://www.google.com/bot.html)" "autobutlerlifts.com"
66.249.72.37 - - [05/Jul/2007:08:52:48 -0700] "GET /auto-lift-specifications.html HTTP/1.1" 404 275 "-" "Mozilla/5.0 (compatible; Googlebot/2.1; +http://www.google.com/bot.html)" "autobutlerlifts.com"
74.6.72.164 - - [05/Jul/2007:11:13:16 -0700] "GET /robots.txt HTTP/1.0" 404 275 "-" "Mozilla/5.0 (compatible; Yahoo! Slurp; http://help.yahoo.com/help/us/ysearch/slurp)" "autobutlerlifts.com"
74.6.73.241 - - [05/Jul/2007:11:13:23 -0700] "GET /index.html HTTP/1.0" 404 275 "-" "Mozilla/5.0 (compatible; Yahoo! Slurp; http://help.yahoo.com/help/us/ysearch/slurp)" "autobutlerlifts.com"
66.249.72.37 - - [05/Jul/2007:12:19:34 -0700] "GET /robots.txt HTTP/1.1" 404 275 "-" "Mozilla/5.0 (compatible; Googlebot/2.1; +http://www.google.com/bot.html)" "www.autobutlerlifts.com"
66.249.72.37 - - [05/Jul/2007:12:19:34 -0700] "GET /car-lifts.html HTTP/1.1" 404 275 "-" "Mozilla/5.0 (compatible; Googlebot/2.1; +http://www.google.com/bot.html)" "www.autobutlerlifts.com"
68.72.196.17 - - [05/Jul/2007:12:21:09 -0700] "GET /index.html HTTP/1.1" 404 275 "-" "Mozilla/5.0 (Macintosh; U; PPC Mac OS X Mach-O; en-US; rv:1.8.1.1) Gecko/20061204 Firefox/2.0.0.1" "www.autobutlerlifts.com"
68.72.196.17 - - [05/Jul/2007:12:21:09 -0700] "GET /favicon.ico HTTP/1.1" 404 275 "-" "Mozilla/5.0 (Macintosh; U; PPC Mac OS X Mach-O; en-US; rv:1.8.1.1) Gecko/20061204 Firefox/2.0.0.1" "www.autobutlerlifts.com"
68.72.196.17 - - [05/Jul/2007:12:21:09 -0700] "GET /favicon.ico HTTP/1.1" 404 275 "-" "Mozilla/5.0 (Macintosh; U; PPC Mac OS X Mach-O; en-US; rv:1.8.1.1) Gecko/20061204 Firefox/2.0.0.1" "www.autobutlerlifts.com"
66.249.72.37 - - [05/Jul/2007:13:10:21 -0700] "GET /tmp/?M=D HTTP/1.1" 200 520 "-" "Mozilla/5.0 (compatible; Googlebot/2.1; +http://www.google.com/bot.html)" "www.autobutlerlifts.com"
66.249.72.37 - - [05/Jul/2007:13:40:56 -0700] "GET /logs/?N=A HTTP/1.1" 200 801 "-" "Mozilla/5.0 (compatible; Googlebot/2.1; +http://www.google.com/bot.html)" "www.autobutlerlifts.com"
66.249.72.37 - - [05/Jul/2007:13:51:10 -0700] "GET /?N=A HTTP/1.1" 200 916 "-" "Mozilla/5.0 (compatible; Googlebot/2.1; +http://www.google.com/bot.html)" "www.autobutlerlifts.com"
65.110.116.236 - - [05/Jul/2007:16:27:03 -0700] "GET / HTTP/1.1" 200 916 "-" "Mozilla/5.0 (Windows; U; Windows NT 5.1; en-US; rv:1.7.5) Gecko/20060127 Netscape/8.1.2" "autobutlerlifts.com"
65.110.116.236 - - [05/Jul/2007:16:27:09 -0700] "GET /favicon.ico HTTP/1.1" 404 275 "-" "Mozilla/5.0 (Windows; U; Windows NT 5.1; en-US; rv:1.7.5) Gecko/20060127 Netscape/8.1.2" "autobutlerlifts.com"
65.110.116.236 - - [05/Jul/2007:16:27:16 -0700] "GET / HTTP/1.1" 200 916 "http://autobutlerlifts.com/" "Mozilla/5.0 (Windows; U; Windows NT 5.1; en-US; rv:1.7.5) Gecko/20060127 Netscape/8.1.2" "autobutlerlifts.com"
65.110.116.236 - - [05/Jul/2007:16:28:02 -0700] "GET / HTTP/1.1" 200 916 "-" "Mozilla/5.0 (Windows; U; Windows NT 5.1; en-US; rv:1.7.5) Gecko/20060127 Netscape/8.1.2" "autobutlerlifts.com"
65.110.116.236 - - [05/Jul/2007:16:28:10 -0700] "GET /tmp/ HTTP/1.1" 200 520 "http://autobutlerlifts.com/" "Mozilla/5.0 (Windows; U; Windows NT 5.1; en-US; rv:1.7.5) Gecko/20060127 Netscape/8.1.2" "autobutlerlifts.com"
65.110.116.236 - - [05/Jul/2007:16:28:13 -0700] "GET / HTTP/1.1" 200 916 "http://autobutlerlifts.com/tmp/" "Mozilla/5.0 (Windows; U; Windows NT 5.1; en-US; rv:1.7.5) Gecko/20060127 Netscape/8.1.2" "autobutlerlifts.com"
65.110.116.236 - - [05/Jul/2007:16:28:17 -0700] "GET /_private/ HTTP/1.1" 200 530 "http://autobutlerlifts.com/" "Mozilla/5.0 (Windows; U; Windows NT 5.1; en-US; rv:1.7.5) Gecko/20060127 Netscape/8.1.2" "autobutlerlifts.com"
65.110.116.236 - - [05/Jul/2007:16:28:20 -0700] "GET / HTTP/1.1" 200 916 "http://autobutlerlifts.com/_private/" "Mozilla/5.0 (Windows; U; Windows NT 5.1; en-US; rv:1.7.5) Gecko/20060127 Netscape/8.1.2" "autobutlerlifts.com"
65.110.116.236 - - [05/Jul/2007:16:28:59 -0700] "GET / HTTP/1.1" 200 916 "-" "Mozilla/5.0 (Windows; U; Windows NT 5.1; en-US; rv:1.7.5) Gecko/20060127 Netscape/8.1.2" "autobutlerlifts.com"
65.110.116.236 - - [05/Jul/2007:16:32:06 -0700] "GET / HTTP/1.1" 200 916 "-" "Mozilla/5.0 (Windows; U; Windows NT 5.1; en-US; rv:1.7.5) Gecko/20060127 Netscape/8.1.2" "autobutlerlifts.com"
65.110.116.236 - - [05/Jul/2007:16:55:04 -0700] "GET / HTTP/1.1" 200 916 "-" "Mozilla/5.0 (Windows; U; Windows NT 5.1; en-US; rv:1.7.5) Gecko/20060127 Netscape/8.1.2" "autobutlerlifts.com"
65.110.116.236 - - [05/Jul/2007:16:55:05 -0700] "GET / HTTP/1.1" 200 916 "-" "Mozilla/5.0 (Windows; U; Windows NT 5.1; en-US; rv:1.7.5) Gecko/20060127 Netscape/8.1.2" "autobutlerlifts.com"
65.110.116.236 - - [05/Jul/2007:16:55:07 -0700] "GET /favicon.ico HTTP/1.1" 404 275 "-" "Mozilla/5.0 (Windows; U; Windows NT 5.1; en-US; rv:1.7.5) Gecko/20060127 Netscape/8.1.2" "autobutlerlifts.com"
65.110.116.236 - - [05/Jul/2007:16:55:14 -0700] "GET /?N=D HTTP/1.1" 200 916 "http://autobutlerlifts.com/" "Mozilla/5.0 (Windows; U; Windows NT 5.1; en-US; rv:1.7.5) Gecko/20060127 Netscape/8.1.2" "autobutlerlifts.com"
65.110.116.236 - - [05/Jul/2007:16:55:17 -0700] "GET / HTTP/1.1" 200 916 "http://autobutlerlifts.com/?N=D" "Mozilla/5.0 (Windows; U; Windows NT 5.1; en-US; rv:1.7.5) Gecko/20060127 Netscape/8.1.2" "autobutlerlifts.com"
65.110.116.236 - - [05/Jul/2007:16:55:19 -0700] "GET /_private/ HTTP/1.1" 200 530 "http://autobutlerlifts.com/" "Mozilla/5.0 (Windows; U; Windows NT 5.1; en-US; rv:1.7.5) Gecko/20060127 Netscape/8.1.2" "autobutlerlifts.com"
129.241.104.174 - "" [05/Jul/2007:18:03:57 -0700] "GET /auto-Lifts-Accessories.html HTTP/1.1" 404 275 "-" "boitho.com-dc/0.85 ( http://www.boitho.com/dcbot.html )" "www.autobutlerlifts.com"
97.99.203.47 - - [05/Jul/2007:22:16:00 -0700] "GET /index.html HTTP/1.1" 404 275 "http://search.yahoo.com/search?p=auto+lift&ei=UTF-8&fr=yfp-t-465&xargs=12KPjg1ipSroGmmvmnEOOIMLrcmUsOkZ7Fo5h7DOV5CtdY6hNdE%2DIfXpP0xZg6WO8T7xvSy7HBreVFdJGu277WVk0qfeO%5FL%2DL5yY7Cj9pjbeaVW9Lrt4d9lf%5Fq6odMHU82&pstart=7&b=51" "Mozilla/4.0 (compatible; MSIE 7.0; Windows NT 5.1)" "www.autobutlerlifts.com"
68.142.212.192 - - [05/Jul/2007:22:31:15 -0700] "GET /robots.txt HTTP/1.0" 404 275 "-" "Yahoo-MMCrawler/3.x (mms dash mmcrawler dash support at yahoo dash inc dot com)" "autobutlerlifts.com"
68.142.212.192 - - [05/Jul/2007:22:31:38 -0700] "GET /images/completelogotouse.gif HTTP/1.0" 404 275 "-" "Yahoo-MMCrawler/3.x (mms dash mmcrawler dash support at yahoo dash inc dot com)" "autobutlerlifts.com"
72.30.177.94 - - [06/Jul/2007:00:16:47 -0700] "GET /robots.txt HTTP/1.0" 404 275 "-" "Mozilla/5.0 (compatible; Yahoo! Slurp; http://help.yahoo.com/help/us/ysearch/slurp)" "www.autobutlerlifts.com"
66.249.72.37 - - [06/Jul/2007:03:23:38 -0700] "GET /robots.txt HTTP/1.1" 404 275 "-" "Mozilla/5.0 (compatible; Googlebot/2.1; +http://www.google.com/bot.html)" "www.autobutlerlifts.com"
66.249.72.37 - - [06/Jul/2007:03:23:38 -0700] "GET /tmp HTTP/1.1" 301 98 "-" "Mozilla/5.0 (compatible; Googlebot/2.1; +http://www.google.com/bot.html)" "www.autobutlerlifts.com"
66.249.72.37 - - [06/Jul/2007:03:23:38 -0700] "GET /tmp/ HTTP/1.1" 200 520 "-" "Mozilla/5.0 (compatible; Googlebot/2.1; +http://www.google.com/bot.html)" "www.autobutlerlifts.com"
74.6.72.170 - - [06/Jul/2007:06:15:28 -0700] "GET /index.html HTTP/1.0" 404 275 "-" "Mozilla/5.0 (compatible; Yahoo! Slurp; http://help.yahoo.com/help/us/ysearch/slurp)" "www.autobutlerlifts.com"
64.208.172.178 - - [06/Jul/2007:07:03:30 -0700] "GET /robots.txt HTTP/1.0" 404 275 "-" "ia_archiver" "www.autobutlerlifts.com"
64.208.172.178 - - [06/Jul/2007:07:03:30 -0700] "GET /_private/?S=A HTTP/1.0" 200 514 "-" "ia_archiver" "www.autobutlerlifts.com"
64.208.172.178 - - [06/Jul/2007:07:04:01 -0700] "GET /_private/?N=D HTTP/1.0" 200 514 "-" "ia_archiver" "www.autobutlerlifts.com"
64.208.172.178 - - [06/Jul/2007:07:04:22 -0700] "GET /tmp/?N=D HTTP/1.0" 200 504 "-" "ia_archiver" "www.autobutlerlifts.com"
64.208.172.178 - - [06/Jul/2007:07:05:09 -0700] "GET /tmp/?M=A HTTP/1.0" 200 504 "-" "ia_archiver" "www.autobutlerlifts.com"
64.208.172.178 - - [06/Jul/2007:07:06:26 -0700] "GET /_private/?D=A HTTP/1.0" 200 514 "-" "ia_archiver" "www.autobutlerlifts.com"
64.208.172.178 - - [06/Jul/2007:07:08:06 -0700] "GET /_private/?M=A HTTP/1.0" 200 514 "-" "ia_archiver" "www.autobutlerlifts.com"
64.208.172.178 - - [06/Jul/2007:07:10:30 -0700] "GET /logs/?M=A HTTP/1.0" 200 785 "-" "ia_archiver" "www.autobutlerlifts.com"
64.208.172.178 - - [06/Jul/2007:07:12:50 -0700] "GET /logs/?D=A HTTP/1.0" 200 785 "-" "ia_archiver" "www.autobutlerlifts.com"
64.208.172.178 - - [06/Jul/2007:07:15:20 -0700] "GET /logs/access.log HTTP/1.0" 200 46886 "-" "ia_archiver" "www.autobutlerlifts.com"
64.208.172.178 - - [06/Jul/2007:07:18:25 -0700] "GET /logs/?S=A HTTP/1.0" 200 785 "-" "ia_archiver" "www.autobutlerlifts.com"
64.208.172.178 - - [06/Jul/2007:07:19:59 -0700] "GET / HTTP/1.0" 200 900 "-" "ia_archiver" "www.autobutlerlifts.com"
64.208.172.178 - - [06/Jul/2007:07:20:53 -0700] "GET /tmp/?S=A HTTP/1.0" 200 504 "-" "ia_archiver" "www.autobutlerlifts.com"
64.208.172.178 - - [06/Jul/2007:07:21:38 -0700] "GET /?N=A HTTP/1.0" 200 900 "-" "ia_archiver" "www.autobutlerlifts.com"
64.208.172.178 - - [06/Jul/2007:07:22:17 -0700] "GET /logs/access_070701.log HTTP/1.0" 200 22361 "-" "ia_archiver" "www.autobutlerlifts.com"
64.208.172.178 - - [06/Jul/2007:07:22:52 -0700] "GET /tmp/?D=A HTTP/1.0" 200 504 "-" "ia_archiver" "www.autobutlerlifts.com"
64.208.172.178 - - [06/Jul/2007:07:23:30 -0700] "GET /logs/?N=D HTTP/1.0" 200 785 "-" "ia_archiver" "www.autobutlerlifts.com"
66.249.72.37 - - [06/Jul/2007:10:03:59 -0700] "GET /robots.txt HTTP/1.1" 404 275 "-" "Mozilla/5.0 (compatible; Googlebot/2.1; +http://www.google.com/bot.html)" "www.autobutlerlifts.com"
66.249.72.37 - - [06/Jul/2007:10:03:59 -0700] "GET /free-standing-lift.html HTTP/1.1" 404 275 "-" "Mozilla/5.0 (compatible; Googlebot/2.1; +http://www.google.com/bot.html)" "www.autobutlerlifts.com"
74.6.72.164 - - [06/Jul/2007:10:08:07 -0700] "GET /robots.txt HTTP/1.0" 404 275 "-" "Mozilla/5.0 (compatible; Yahoo! Slurp; http://help.yahoo.com/help/us/ysearch/slurp)" "autobutlerlifts.com"
74.6.72.36 - - [06/Jul/2007:10:08:34 -0700] "GET / HTTP/1.0" 200 900 "-" "Mozilla/5.0 (compatible; Yahoo! Slurp; http://help.yahoo.com/help/us/ysearch/slurp)" "autobutlerlifts.com"
66.249.72.37 - - [06/Jul/2007:10:21:32 -0700] "GET /robots.txt HTTP/1.1" 404 275 "-" "Mozilla/5.0 (compatible; Googlebot/2.1; +http://www.google.com/bot.html)" "autobutlerlifts.com"
66.249.72.37 - - [06/Jul/2007:10:21:32 -0700] "GET /four-post-lift-about-us.html HTTP/1.1" 404 275 "-" "Mozilla/5.0 (compatible; Googlebot/2.1; +http://www.google.com/bot.html)" "autobutlerlifts.com"
129.241.104.186 - - [06/Jul/2007:11:06:11 -0700] "GET /four-post-lift-about-us.html HTTP/1.1" 404 275 "-" "boitho.com-dc/0.85 ( http://www.boitho.com/dcbot.html )" "www.autobutlerlifts.com"
74.208.68.31 - - [06/Jul/2007:15:00:38 -0700] "GET / HTTP/1.0" 200 900 "-" "Mozilla/4.0 (compatible; MSIE 6.0; Windows NT 5.1; SV1; .NET CLR 1.1.4322; .NET CLR 2.0.50727)" "www.autobutlerlifts.com"
74.208.68.31 - - [06/Jul/2007:15:00:46 -0700] "GET / HTTP/1.0" 200 900 "-" "Mozilla/4.0 (compatible; MSIE 6.0; Windows NT 5.1; SV1; .NET CLR 1.1.4322; .NET CLR 2.0.50727)" "www.autobutlerlifts.com"
74.208.71.84 - - [06/Jul/2007:15:04:33 -0700] "GET /logs/ HTTP/1.0" 200 785 "-" "Mozilla/4.0 (compatible; MSIE 6.0; Windows NT 5.1; SV1; .NET CLR 1.1.4322; .NET CLR 2.0.50727)" "www.autobutlerlifts.com"
