65.222.176.123 - - [05/Sep/2007:21:28:54 -0700] "GET /logs/access_070731.log HTTP/1.1" 200 65536 "http://www.autobutlerlifts.com/logs/" "Mozilla/4.0 (compatible; MSIE 6.0; Windows XP)" "www.autobutlerlifts.com"
208.80.193.41 - - [06/Sep/2007:03:10:12 -0700] "GET / HTTP/1.1" 200 916 "-" "Mozilla/5.0 (compatible; Konqueror/3.1-rc4; i686 Linux; 20020726)" "www.autobutlerlifts.com"
208.80.193.30 - - [06/Sep/2007:03:39:06 -0700] "GET / HTTP/1.1" 200 916 "-" "Mozilla/4.0 (compatible; MSIE 6.0; Windows NT 5.1; Q312464)" "autobutlerlifts.com"
64.156.10.131 - - [06/Sep/2007:04:05:52 -0700] "GET /images/Castersforcart2.jpg HTTP/1.1" 404 275 "-" "Jakarta Commons-HttpClient/3.0.1" "www.autobutlerlifts.com"
74.6.19.79 - - [06/Sep/2007:06:24:16 -0700] "GET /robots.txt HTTP/1.0" 404 275 "-" "Mozilla/5.0 (compatible; Yahoo! Slurp; http://help.yahoo.com/help/us/ysearch/slurp)" "www.autobutlerlifts.com"
74.6.22.205 - - [06/Sep/2007:06:24:17 -0700] "GET /car-lift-2.html HTTP/1.0" 404 275 "-" "Mozilla/5.0 (compatible; Yahoo! Slurp; http://help.yahoo.com/help/us/ysearch/slurp)" "www.autobutlerlifts.com"
74.6.23.74 - - [06/Sep/2007:07:15:39 -0700] "GET /robots.txt HTTP/1.0" 404 275 "-" "Mozilla/5.0 (compatible; Yahoo! Slurp; http://help.yahoo.com/help/us/ysearch/slurp)" "autobutlerlifts.com"
74.6.26.212 - - [06/Sep/2007:07:15:39 -0700] "GET /tmp/?D=A HTTP/1.0" 200 504 "-" "Mozilla/5.0 (compatible; Yahoo! Slurp; http://help.yahoo.com/help/us/ysearch/slurp)" "autobutlerlifts.com"
64.156.10.131 - - [06/Sep/2007:07:50:19 -0700] "GET / HTTP/1.1" 200 916 "-" "Jakarta Commons-HttpClient/3.0.1" "www.autobutlerlifts.com"
90.35.41.140 - - [06/Sep/2007:11:55:25 -0700] "GET / HTTP/1.0" 200 900 "http://www.courbis.fr" "Courbis, trucs et astuces pour la Varadero 125" "www.autobutlerlifts.com"
66.249.72.101 - - [06/Sep/2007:19:31:25 -0700] "GET /robots.txt HTTP/1.1" 404 275 "-" "Mozilla/5.0 (compatible; Googlebot/2.1; +http://www.google.com/bot.html)" "www.autobutlerlifts.com"
66.249.72.101 - - [06/Sep/2007:19:31:25 -0700] "GET / HTTP/1.1" 200 916 "-" "Mozilla/5.0 (compatible; Googlebot/2.1; +http://www.google.com/bot.html)" "www.autobutlerlifts.com"
64.1.215.164 - - [06/Sep/2007:19:53:10 -0700] "GET /robots.txt HTTP/1.0" 404 275 "-" "Mozilla/5.0 (Twiceler-0.9 http://www.cuill.com/twiceler/robot.html)" "autobutlerlifts.com"
64.1.215.162 - - [06/Sep/2007:23:30:29 -0700] "GET /robots.txt HTTP/1.0" 404 275 "-" "Mozilla/5.0 (Twiceler-0.9 http://www.cuill.com/twiceler/robot.html)" "www.autobutlerlifts.com"
64.156.10.131 - - [07/Sep/2007:08:41:24 -0700] "GET / HTTP/1.1" 200 916 "-" "Jakarta Commons-HttpClient/3.0.1" "www.autobutlerlifts.com"
86.217.76.243 - - [07/Sep/2007:11:18:51 -0700] "GET / HTTP/1.0" 200 900 "http://www.courbis.fr" "Courbis, logiciels gratuits pour Pabx Alcatel 4400" "www.autobutlerlifts.com"
69.117.36.76 - - [07/Sep/2007:16:00:42 -0700] "GET / HTTP/1.1" 200 916 "-" "Mozilla/4.0 (compatible; MSIE 6.0; Windows NT 5.1; SV1; .NET CLR 1.1.4322)" "www.autobutlerlifts.com"
69.117.36.76 - - [07/Sep/2007:16:00:46 -0700] "GET /_private/ HTTP/1.1" 200 530 "http://www.autobutlerlifts.com/" "Mozilla/4.0 (compatible; MSIE 6.0; Windows NT 5.1; SV1; .NET CLR 1.1.4322)" "www.autobutlerlifts.com"
66.249.72.101 - - [07/Sep/2007:16:05:44 -0700] "GET /robots.txt HTTP/1.1" 404 275 "-" "Mozilla/5.0 (compatible; Googlebot/2.1; +http://www.google.com/bot.html)" "www.autobutlerlifts.com"
66.249.72.101 - - [07/Sep/2007:16:05:45 -0700] "GET /tmp HTTP/1.1" 301 98 "-" "Mozilla/5.0 (compatible; Googlebot/2.1; +http://www.google.com/bot.html)" "www.autobutlerlifts.com"
66.249.72.101 - - [07/Sep/2007:16:05:45 -0700] "GET /tmp/ HTTP/1.1" 200 520 "-" "Mozilla/5.0 (compatible; Googlebot/2.1; +http://www.google.com/bot.html)" "www.autobutlerlifts.com"
208.80.193.41 - - [07/Sep/2007:21:30:23 -0700] "GET / HTTP/1.1" 200 916 "-" "Mozilla/4.0 (compatible; MSIE 6.0; Windows NT 5.1; Q312467)" "autobutlerlifts.com"
208.80.193.31 - - [07/Sep/2007:21:32:12 -0700] "GET / HTTP/1.1" 200 916 "-" "Mozilla/4.0 (compatible; MSIE 6.0; Windows NT 5.1; Q312466)" "www.autobutlerlifts.com"
74.6.19.71 - - [08/Sep/2007:08:10:43 -0700] "GET /robots.txt HTTP/1.0" 404 275 "-" "Mozilla/5.0 (compatible; Yahoo! Slurp; http://help.yahoo.com/help/us/ysearch/slurp)" "www.autobutlerlifts.com"
74.6.28.217 - - [08/Sep/2007:08:10:43 -0700] "GET / HTTP/1.0" 200 900 "-" "Mozilla/5.0 (compatible; Yahoo! Slurp; http://help.yahoo.com/help/us/ysearch/slurp)" "www.autobutlerlifts.com"
64.156.10.131 - - [08/Sep/2007:08:46:25 -0700] "GET / HTTP/1.1" 200 916 "-" "Jakarta Commons-HttpClient/3.0.1" "www.autobutlerlifts.com"
66.249.72.101 - - [08/Sep/2007:13:31:05 -0700] "GET /robots.txt HTTP/1.1" 404 275 "-" "Mozilla/5.0 (compatible; Googlebot/2.1; +http://www.google.com/bot.html)" "www.autobutlerlifts.com"
66.249.72.101 - - [08/Sep/2007:13:31:05 -0700] "GET /tmp HTTP/1.1" 301 98 "-" "Mozilla/5.0 (compatible; Googlebot/2.1; +http://www.google.com/bot.html)" "www.autobutlerlifts.com"
66.249.72.101 - - [08/Sep/2007:13:31:05 -0700] "GET /tmp/ HTTP/1.1" 200 520 "-" "Mozilla/5.0 (compatible; Googlebot/2.1; +http://www.google.com/bot.html)" "www.autobutlerlifts.com"
72.65.130.212 - - [08/Sep/2007:13:38:28 -0700] "GET / HTTP/1.1" 200 916 "-" "Mozilla/4.0 (compatible; MSIE 7.0; Windows NT 5.1)" "www.autobutlerlifts.com"
72.65.130.212 - - [08/Sep/2007:13:38:29 -0700] "GET /favicon.ico HTTP/1.1" 404 275 "-" "Mozilla/4.0 (compatible; MSIE 7.0; Windows NT 5.1)" "www.autobutlerlifts.com"
72.65.130.212 - - [08/Sep/2007:13:38:47 -0700] "GET / HTTP/1.1" 200 916 "http://www.autobutlerlifts.com/" "Mozilla/4.0 (compatible; MSIE 7.0; Windows NT 5.1)" "www.autobutlerlifts.com"
72.65.130.212 - - [08/Sep/2007:13:38:51 -0700] "GET / HTTP/1.1" 200 916 "http://www.autobutlerlifts.com/" "Mozilla/4.0 (compatible; MSIE 7.0; Windows NT 5.1)" "www.autobutlerlifts.com"
72.65.130.212 - - [08/Sep/2007:13:38:57 -0700] "GET /_private/ HTTP/1.1" 200 530 "http://www.autobutlerlifts.com/" "Mozilla/4.0 (compatible; MSIE 7.0; Windows NT 5.1)" "www.autobutlerlifts.com"
64.1.215.164 - - [08/Sep/2007:19:11:56 -0700] "GET /robots.txt HTTP/1.0" 404 275 "-" "Mozilla/5.0 (Twiceler-0.9 http://www.cuill.com/twiceler/robot.html)" "autobutlerlifts.com"
64.208.172.178 - - [08/Sep/2007:23:30:57 -0700] "GET /robots.txt HTTP/1.0" 404 275 "-" "ia_archiver" "www.autobutlerlifts.com"
64.208.172.178 - - [08/Sep/2007:23:30:57 -0700] "GET / HTTP/1.0" 200 900 "-" "ia_archiver" "www.autobutlerlifts.com"
66.249.72.101 - - [09/Sep/2007:02:57:00 -0700] "GET /robots.txt HTTP/1.1" 404 275 "-" "Mozilla/5.0 (compatible; Googlebot/2.1; +http://www.google.com/bot.html)" "www.autobutlerlifts.com"
66.249.72.101 - - [09/Sep/2007:02:57:00 -0700] "GET /googlee916a1106382fa83.html HTTP/1.1" 404 275 "-" "Mozilla/5.0 (compatible; Googlebot/2.1; +http://www.google.com/bot.html)" "www.autobutlerlifts.com"
69.117.36.76 - - [09/Sep/2007:03:52:57 -0700] "GET / HTTP/1.1" 200 916 "-" "Mozilla/4.0 (compatible; MSIE 6.0; Windows NT 5.1; SV1; .NET CLR 1.1.4322)" "www.autobutlerlifts.com"
64.156.10.131 - - [09/Sep/2007:08:51:18 -0700] "GET / HTTP/1.1" 200 916 "-" "Jakarta Commons-HttpClient/3.0.1" "www.autobutlerlifts.com"
66.59.121.230 - - [09/Sep/2007:17:29:17 -0700] "GET / HTTP/1.1" 200 916 "http://www.ffcobra.com/cgi-bin/ultimatebb.cgi/ubb/get_topic/f/36/t/011622/p/1.html?" "Mozilla/5.0 (Macintosh; U; PPC Mac OS X; en) AppleWebKit/419.3 (KHTML, like Gecko) Safari/419.3" "www.autobutlerlifts.com"
66.59.121.230 - - [09/Sep/2007:17:29:20 -0700] "GET /favicon.ico HTTP/1.1" 404 275 "-" "Mozilla/5.0 (Macintosh; U; PPC Mac OS X; en) AppleWebKit/419.3 (KHTML, like Gecko) Safari/419.3" "www.autobutlerlifts.com"
66.196.97.158 - - [09/Sep/2007:17:48:51 -0700] "GET /?sid=avr4p0niedtqrfp4x1rodfg+pt1oyko6at5cdfzitjpoxq HTTP/1.0" 200 900 "-" "Mozilla/4.0 (compatible; MSIE 6.0; Windows NT 5.1)" "www.autobutlerlifts.com"
66.196.97.158 - - [09/Sep/2007:17:48:53 -0700] "GET /?sid=avr4p0niedtqrfp4x1rodfg+pt1oyko6at5cdfzitjpoxq HTTP/1.0" 200 900 "-" "Mozilla/4.0 (compatible; MSIE 6.0; Windows NT 5.1)" "www.autobutlerlifts.com"
66.249.72.101 - - [09/Sep/2007:18:47:44 -0700] "GET /robots.txt HTTP/1.1" 404 275 "-" "Mozilla/5.0 (compatible; Googlebot/2.1; +http://www.google.com/bot.html)" "www.autobutlerlifts.com"
66.249.72.101 - - [09/Sep/2007:18:47:44 -0700] "GET /tmp HTTP/1.1" 301 98 "-" "Mozilla/5.0 (compatible; Googlebot/2.1; +http://www.google.com/bot.html)" "www.autobutlerlifts.com"
66.249.72.101 - - [09/Sep/2007:18:47:44 -0700] "GET /tmp/ HTTP/1.1" 200 520 "-" "Mozilla/5.0 (compatible; Googlebot/2.1; +http://www.google.com/bot.html)" "www.autobutlerlifts.com"
208.80.193.41 - - [09/Sep/2007:20:50:46 -0700] "GET / HTTP/1.1" 200 916 "-" "Mozilla/5.0 (compatible; Konqueror/3.0-rc1; i686 Linux; 20021104)" "www.autobutlerlifts.com"
208.80.193.44 - - [09/Sep/2007:21:10:26 -0700] "GET / HTTP/1.1" 200 916 "-" "Mozilla/4.0 (compatible; MSIE 6.0; Windows NT 5.1; Q312463)" "autobutlerlifts.com"
64.1.215.164 - - [09/Sep/2007:21:47:25 -0700] "GET /robots.txt HTTP/1.0" 404 275 "-" "Mozilla/5.0 (Twiceler-0.9 http://www.cuill.com/twiceler/robot.html)" "autobutlerlifts.com"
64.1.215.162 - - [09/Sep/2007:22:55:20 -0700] "GET /robots.txt HTTP/1.0" 404 275 "-" "Mozilla/5.0 (Twiceler-0.9 http://www.cuill.com/twiceler/robot.html)" "www.autobutlerlifts.com"
74.6.19.204 - - [10/Sep/2007:02:07:01 -0700] "GET /robots.txt HTTP/1.0" 404 275 "-" "Mozilla/5.0 (compatible; Yahoo! Slurp; http://help.yahoo.com/help/us/ysearch/slurp)" "autobutlerlifts.com"
74.6.29.24 - - [10/Sep/2007:02:07:02 -0700] "GET / HTTP/1.0" 200 900 "-" "Mozilla/5.0 (compatible; Yahoo! Slurp; http://help.yahoo.com/help/us/ysearch/slurp)" "autobutlerlifts.com"
207.46.98.38 - - [10/Sep/2007:02:31:16 -0700] "GET /robots.txt HTTP/1.0" 404 275 "-" "msnbot/1.0 (+http://search.msn.com/msnbot.htm)" "autobutlerlifts.com"
207.46.98.38 - - [10/Sep/2007:02:31:17 -0700] "GET /index.html HTTP/1.0" 404 275 "-" "msnbot/1.0 (+http://search.msn.com/msnbot.htm)" "autobutlerlifts.com"
207.46.98.40 - - [10/Sep/2007:03:54:40 -0700] "GET /robots.txt HTTP/1.0" 404 275 "-" "msnbot/1.0 (+http://search.msn.com/msnbot.htm)" "autobutlerlifts.com"
207.46.98.40 - - [10/Sep/2007:03:54:40 -0700] "GET /compare1.html HTTP/1.0" 404 275 "-" "msnbot/1.0 (+http://search.msn.com/msnbot.htm)" "autobutlerlifts.com"
68.142.212.192 - - [10/Sep/2007:06:28:20 -0700] "GET /robots.txt HTTP/1.0" 404 275 "-" "Yahoo-MMCrawler/3.x (mms dash mmcrawler dash support at yahoo dash inc dot com)" "autobutlerlifts.com"
207.46.98.38 - - [10/Sep/2007:08:52:12 -0700] "GET /robots.txt HTTP/1.0" 404 275 "-" "msnbot/1.0 (+http://search.msn.com/msnbot.htm)" "autobutlerlifts.com"
207.46.98.38 - - [10/Sep/2007:08:52:12 -0700] "GET /four-post-lift-about-us.html HTTP/1.0" 404 275 "-" "msnbot/1.0 (+http://search.msn.com/msnbot.htm)" "autobutlerlifts.com"
64.156.10.131 - - [10/Sep/2007:08:56:17 -0700] "GET / HTTP/1.1" 200 916 "-" "Jakarta Commons-HttpClient/3.0.1" "www.autobutlerlifts.com"
207.46.98.40 - - [10/Sep/2007:09:31:32 -0700] "GET /auto-Lifts-Accessories.html HTTP/1.0" 404 275 "-" "msnbot/1.0 (+http://search.msn.com/msnbot.htm)" "autobutlerlifts.com"
71.233.198.29 - - [10/Sep/2007:10:05:41 -0700] "GET / HTTP/1.1" 200 916 "-" "Mozilla/4.0 (compatible; MSIE 6.0; Windows NT 5.1; SV1; .NET CLR 1.1.4322)" "www.autobutlerlifts.com"
71.233.198.29 - - [10/Sep/2007:10:05:41 -0700] "GET /favicon.ico HTTP/1.1" 404 275 "-" "Mozilla/4.0 (compatible; MSIE 6.0; Windows NT 5.1; SV1; .NET CLR 1.1.4322)" "www.autobutlerlifts.com"
68.142.212.174 - - [10/Sep/2007:10:24:06 -0700] "GET /robots.txt HTTP/1.0" 404 275 "-" "Yahoo-MMCrawler/3.x (mms dash mmcrawler dash support at yahoo dash inc dot com)" "www.autobutlerlifts.com"
207.46.98.40 - - [10/Sep/2007:11:01:19 -0700] "GET /robots.txt HTTP/1.0" 404 275 "-" "msnbot/1.0 (+http://search.msn.com/msnbot.htm)" "autobutlerlifts.com"
207.46.98.40 - - [10/Sep/2007:11:01:20 -0700] "GET /auto-lift-privacynotice.html HTTP/1.0" 404 275 "-" "msnbot/1.0 (+http://search.msn.com/msnbot.htm)" "autobutlerlifts.com"
71.233.198.29 - - [10/Sep/2007:11:14:46 -0700] "GET / HTTP/1.1" 200 916 "-" "Mozilla/4.0 (compatible; MSIE 6.0; Windows NT 5.1; SV1; .NET CLR 1.1.4322)" "www.autobutlerlifts.com"
71.233.198.29 - - [10/Sep/2007:11:14:46 -0700] "GET /favicon.ico HTTP/1.1" 404 275 "-" "Mozilla/4.0 (compatible; MSIE 6.0; Windows NT 5.1; SV1; .NET CLR 1.1.4322)" "www.autobutlerlifts.com"
207.46.98.41 - - [10/Sep/2007:12:26:41 -0700] "GET /robots.txt HTTP/1.0" 404 275 "-" "msnbot/1.0 (+http://search.msn.com/msnbot.htm)" "autobutlerlifts.com"
207.46.98.41 - - [10/Sep/2007:12:26:41 -0700] "GET /contactus.html HTTP/1.0" 404 275 "-" "msnbot/1.0 (+http://search.msn.com/msnbot.htm)" "autobutlerlifts.com"
207.46.98.41 - - [10/Sep/2007:12:26:42 -0700] "GET /auto-lift-specifications.html HTTP/1.0" 404 275 "-" "msnbot/1.0 (+http://search.msn.com/msnbot.htm)" "autobutlerlifts.com"
207.46.98.40 - - [10/Sep/2007:14:40:18 -0700] "GET /auto-lift-brochure-request.html HTTP/1.0" 404 275 "-" "msnbot/1.0 (+http://search.msn.com/msnbot.htm)" "autobutlerlifts.com"
66.249.72.50 - - [10/Sep/2007:19:08:43 -0700] "GET /robots.txt HTTP/1.1" 404 275 "-" "Mozilla/5.0 (compatible; Googlebot/2.1; +http://www.google.com/bot.html)" "www.autobutlerlifts.com"
66.249.72.50 - - [10/Sep/2007:19:08:43 -0700] "GET /tmp HTTP/1.1" 301 98 "-" "Mozilla/5.0 (compatible; Googlebot/2.1; +http://www.google.com/bot.html)" "www.autobutlerlifts.com"
66.249.72.50 - - [10/Sep/2007:19:08:43 -0700] "GET /tmp/ HTTP/1.1" 200 520 "-" "Mozilla/5.0 (compatible; Googlebot/2.1; +http://www.google.com/bot.html)" "www.autobutlerlifts.com"
74.6.19.112 - - [10/Sep/2007:20:18:45 -0700] "GET /robots.txt HTTP/1.0" 404 275 "-" "Mozilla/5.0 (compatible; Yahoo! Slurp; http://help.yahoo.com/help/us/ysearch/slurp)" "autobutlerlifts.com"
74.6.23.34 - - [10/Sep/2007:20:18:46 -0700] "GET /logs/ HTTP/1.0" 200 1071 "-" "Mozilla/5.0 (compatible; Yahoo! Slurp; http://help.yahoo.com/help/us/ysearch/slurp)" "autobutlerlifts.com"
69.84.207.35 - - [10/Sep/2007:23:15:10 -0700] "GET / HTTP/1.1" 200 916 "-" "Mozilla/4.0 (compatible; MSIE 6.0; Windows NT 5.1; SV1; .NET CLR 1.1.4322; .NET CLR 2.0.50215)" "www.autobutlerlifts.com"
69.84.207.35 - - [10/Sep/2007:23:15:10 -0700] "GET / HTTP/1.1" 200 916 "-" "Mozilla/4.0 (compatible; MSIE 6.0; Windows NT 5.1; SV1; .NET CLR 1.1.4322; .NET CLR 2.0.50215)" "autobutlerlifts.com"
69.84.207.35 - - [10/Sep/2007:23:15:11 -0700] "GET /tmp HTTP/1.1" 301 98 "-" "Mozilla/4.0 (compatible; MSIE 6.0; Windows NT 5.1; SV1; .NET CLR 1.1.4322; .NET CLR 2.0.50215)" "www.autobutlerlifts.com"
69.84.207.35 - - [10/Sep/2007:23:15:11 -0700] "GET /tmp/ HTTP/1.1" 200 520 "-" "Mozilla/4.0 (compatible; MSIE 6.0; Windows NT 5.1; SV1; .NET CLR 1.1.4322; .NET CLR 2.0.50215)" "www.autobutlerlifts.com"
69.84.207.35 - - [10/Sep/2007:23:15:11 -0700] "GET /_private HTTP/1.1" 301 103 "-" "Mozilla/4.0 (compatible; MSIE 6.0; Windows NT 5.1; SV1; .NET CLR 1.1.4322; .NET CLR 2.0.50215)" "www.autobutlerlifts.com"
69.84.207.35 - - [10/Sep/2007:23:15:12 -0700] "GET /_private/ HTTP/1.1" 200 530 "-" "Mozilla/4.0 (compatible; MSIE 6.0; Windows NT 5.1; SV1; .NET CLR 1.1.4322; .NET CLR 2.0.50215)" "www.autobutlerlifts.com"
69.84.207.35 - - [10/Sep/2007:23:15:12 -0700] "GET /logs HTTP/1.1" 301 99 "-" "Mozilla/4.0 (compatible; MSIE 6.0; Windows NT 5.1; SV1; .NET CLR 1.1.4322; .NET CLR 2.0.50215)" "www.autobutlerlifts.com"
69.84.207.35 - - [10/Sep/2007:23:15:12 -0700] "GET /logs/ HTTP/1.1" 200 1087 "-" "Mozilla/4.0 (compatible; MSIE 6.0; Windows NT 5.1; SV1; .NET CLR 1.1.4322; .NET CLR 2.0.50215)" "www.autobutlerlifts.com"
69.84.207.35 - - [10/Sep/2007:23:15:13 -0700] "GET /tmp/?M=A HTTP/1.1" 200 520 "-" "Mozilla/4.0 (compatible; MSIE 6.0; Windows NT 5.1; SV1; .NET CLR 1.1.4322; .NET CLR 2.0.50215)" "www.autobutlerlifts.com"
69.84.207.35 - - [10/Sep/2007:23:15:14 -0700] "GET /tmp/?M=D HTTP/1.1" 200 520 "-" "Mozilla/4.0 (compatible; MSIE 6.0; Windows NT 5.1; SV1; .NET CLR 1.1.4322; .NET CLR 2.0.50215)" "www.autobutlerlifts.com"
69.84.207.35 - - [10/Sep/2007:23:15:14 -0700] "GET /tmp/?N=A HTTP/1.1" 200 520 "-" "Mozilla/4.0 (compatible; MSIE 6.0; Windows NT 5.1; SV1; .NET CLR 1.1.4322; .NET CLR 2.0.50215)" "www.autobutlerlifts.com"
69.84.207.35 - - [10/Sep/2007:23:15:15 -0700] "GET /tmp/?N=D HTTP/1.1" 200 520 "-" "Mozilla/4.0 (compatible; MSIE 6.0; Windows NT 5.1; SV1; .NET CLR 1.1.4322; .NET CLR 2.0.50215)" "www.autobutlerlifts.com"
69.84.207.35 - - [10/Sep/2007:23:15:16 -0700] "GET /tmp/?D=A HTTP/1.1" 200 520 "-" "Mozilla/4.0 (compatible; MSIE 6.0; Windows NT 5.1; SV1; .NET CLR 1.1.4322; .NET CLR 2.0.50215)" "www.autobutlerlifts.com"
69.84.207.35 - - [10/Sep/2007:23:15:16 -0700] "GET /tmp/?D=D HTTP/1.1" 200 520 "-" "Mozilla/4.0 (compatible; MSIE 6.0; Windows NT 5.1; SV1; .NET CLR 1.1.4322; .NET CLR 2.0.50215)" "www.autobutlerlifts.com"
69.84.207.35 - - [10/Sep/2007:23:15:17 -0700] "GET /tmp/?S=A HTTP/1.1" 200 520 "-" "Mozilla/4.0 (compatible; MSIE 6.0; Windows NT 5.1; SV1; .NET CLR 1.1.4322; .NET CLR 2.0.50215)" "www.autobutlerlifts.com"
69.84.207.35 - - [10/Sep/2007:23:15:18 -0700] "GET /tmp/?S=D HTTP/1.1" 200 520 "-" "Mozilla/4.0 (compatible; MSIE 6.0; Windows NT 5.1; SV1; .NET CLR 1.1.4322; .NET CLR 2.0.50215)" "www.autobutlerlifts.com"
69.84.207.35 - - [10/Sep/2007:23:15:18 -0700] "GET /logs/?D=A HTTP/1.1" 200 1087 "-" "Mozilla/4.0 (compatible; MSIE 6.0; Windows NT 5.1; SV1; .NET CLR 1.1.4322; .NET CLR 2.0.50215)" "www.autobutlerlifts.com"
69.84.207.35 - - [10/Sep/2007:23:15:19 -0700] "GET /logs/?D=D HTTP/1.1" 200 1087 "-" "Mozilla/4.0 (compatible; MSIE 6.0; Windows NT 5.1; SV1; .NET CLR 1.1.4322; .NET CLR 2.0.50215)" "www.autobutlerlifts.com"
69.84.207.35 - - [10/Sep/2007:23:15:20 -0700] "GET /logs/?M=A HTTP/1.1" 200 1087 "-" "Mozilla/4.0 (compatible; MSIE 6.0; Windows NT 5.1; SV1; .NET CLR 1.1.4322; .NET CLR 2.0.50215)" "www.autobutlerlifts.com"
69.84.207.35 - - [10/Sep/2007:23:15:21 -0700] "GET /logs/access_070831.log HTTP/1.1" 206 248301 "-" "Mozilla/4.0 (compatible; MSIE 6.0; Windows NT 5.1; SV1; .NET CLR 1.1.4322; .NET CLR 2.0.50215)" "www.autobutlerlifts.com"
69.84.207.35 - - [10/Sep/2007:23:15:51 -0700] "GET /?SID HTTP/1.1" 200 916 "-" "Mozilla/4.0 (compatible; MSIE 6.0; Windows NT 5.1; SV1; .NET CLR 1.1.4322; .NET CLR 2.0.50215)" "www.autobutlerlifts.com"
69.84.207.35 - - [10/Sep/2007:23:15:52 -0700] "GET /?D=A HTTP/1.1" 200 916 "-" "Mozilla/4.0 (compatible; MSIE 6.0; Windows NT 5.1; SV1; .NET CLR 1.1.4322; .NET CLR 2.0.50215)" "www.autobutlerlifts.com"
69.84.207.35 - - [10/Sep/2007:23:15:53 -0700] "GET /?D=D HTTP/1.1" 200 916 "-" "Mozilla/4.0 (compatible; MSIE 6.0; Windows NT 5.1; SV1; .NET CLR 1.1.4322; .NET CLR 2.0.50215)" "www.autobutlerlifts.com"
69.84.207.35 - - [10/Sep/2007:23:15:54 -0700] "GET /?S=A HTTP/1.1" 200 916 "-" "Mozilla/4.0 (compatible; MSIE 6.0; Windows NT 5.1; SV1; .NET CLR 1.1.4322; .NET CLR 2.0.50215)" "www.autobutlerlifts.com"
69.84.207.35 - - [10/Sep/2007:23:15:55 -0700] "GET /?M=A HTTP/1.1" 200 916 "-" "Mozilla/4.0 (compatible; MSIE 6.0; Windows NT 5.1; SV1; .NET CLR 1.1.4322; .NET CLR 2.0.50215)" "www.autobutlerlifts.com"
69.84.207.35 - - [10/Sep/2007:23:15:56 -0700] "GET /?N=A HTTP/1.1" 200 916 "-" "Mozilla/4.0 (compatible; MSIE 6.0; Windows NT 5.1; SV1; .NET CLR 1.1.4322; .NET CLR 2.0.50215)" "www.autobutlerlifts.com"
69.84.207.35 - - [10/Sep/2007:23:15:57 -0700] "GET /?M=D HTTP/1.1" 200 916 "-" "Mozilla/4.0 (compatible; MSIE 6.0; Windows NT 5.1; SV1; .NET CLR 1.1.4322; .NET CLR 2.0.50215)" "www.autobutlerlifts.com"
69.84.207.35 - - [10/Sep/2007:23:15:58 -0700] "GET /?S=D HTTP/1.1" 200 916 "-" "Mozilla/4.0 (compatible; MSIE 6.0; Windows NT 5.1; SV1; .NET CLR 1.1.4322; .NET CLR 2.0.50215)" "www.autobutlerlifts.com"
69.84.207.35 - - [10/Sep/2007:23:15:59 -0700] "GET /logs/access_070731.log HTTP/1.1" 206 250000 "-" "Mozilla/4.0 (compatible; MSIE 6.0; Windows NT 5.1; SV1; .NET CLR 1.1.4322; .NET CLR 2.0.50215)" "www.autobutlerlifts.com"
69.84.207.35 - - [10/Sep/2007:23:16:24 -0700] "GET /%20auto%20butler%20lifts&hl HTTP/1.1" 404 275 "-" "Mozilla/4.0 (compatible; MSIE 6.0; Windows NT 5.1; SV1; .NET CLR 1.1.4322; .NET CLR 2.0.50215)" "www.autobutlerlifts.com"
69.84.207.35 - - [10/Sep/2007:23:16:25 -0700] "GET /?M HTTP/1.1" 200 916 "-" "Mozilla/4.0 (compatible; MSIE 6.0; Windows NT 5.1; SV1; .NET CLR 1.1.4322; .NET CLR 2.0.50215)" "www.autobutlerlifts.com"
69.84.207.35 - - [10/Sep/2007:23:16:26 -0700] "GET /logs/?S=A HTTP/1.1" 200 1087 "-" "Mozilla/4.0 (compatible; MSIE 6.0; Windows NT 5.1; SV1; .NET CLR 1.1.4322; .NET CLR 2.0.50215)" "www.autobutlerlifts.com"
69.84.207.35 - - [10/Sep/2007:23:16:27 -0700] "GET /logs/?S=D HTTP/1.1" 200 1087 "-" "Mozilla/4.0 (compatible; MSIE 6.0; Windows NT 5.1; SV1; .NET CLR 1.1.4322; .NET CLR 2.0.50215)" "www.autobutlerlifts.com"
69.84.207.35 - - [10/Sep/2007:23:16:28 -0700] "GET /logs/?M=D HTTP/1.1" 200 1087 "-" "Mozilla/4.0 (compatible; MSIE 6.0; Windows NT 5.1; SV1; .NET CLR 1.1.4322; .NET CLR 2.0.50215)" "www.autobutlerlifts.com"
69.84.207.35 - - [10/Sep/2007:23:16:29 -0700] "GET /logs/?N=D HTTP/1.1" 200 1087 "-" "Mozilla/4.0 (compatible; MSIE 6.0; Windows NT 5.1; SV1; .NET CLR 1.1.4322; .NET CLR 2.0.50215)" "www.autobutlerlifts.com"
69.84.207.35 - - [10/Sep/2007:23:16:30 -0700] "GET /logs/access_070701.log HTTP/1.1" 206 22361 "-" "Mozilla/4.0 (compatible; MSIE 6.0; Windows NT 5.1; SV1; .NET CLR 1.1.4322; .NET CLR 2.0.50215)" "www.autobutlerlifts.com"
69.84.207.35 - - [10/Sep/2007:23:16:34 -0700] "GET /logs/?N=A HTTP/1.1" 200 1087 "-" "Mozilla/4.0 (compatible; MSIE 6.0; Windows NT 5.1; SV1; .NET CLR 1.1.4322; .NET CLR 2.0.50215)" "www.autobutlerlifts.com"
69.84.207.35 - - [10/Sep/2007:23:16:35 -0700] "GET /logs/access.log HTTP/1.1" 206 71667 "-" "Mozilla/4.0 (compatible; MSIE 6.0; Windows NT 5.1; SV1; .NET CLR 1.1.4322; .NET CLR 2.0.50215)" "www.autobutlerlifts.com"
69.84.207.35 - - [10/Sep/2007:23:16:44 -0700] "GET /_private/?D=A HTTP/1.1" 200 530 "-" "Mozilla/4.0 (compatible; MSIE 6.0; Windows NT 5.1; SV1; .NET CLR 1.1.4322; .NET CLR 2.0.50215)" "www.autobutlerlifts.com"
69.84.207.35 - - [10/Sep/2007:23:16:45 -0700] "GET /_private/?N=A HTTP/1.1" 200 530 "-" "Mozilla/4.0 (compatible; MSIE 6.0; Windows NT 5.1; SV1; .NET CLR 1.1.4322; .NET CLR 2.0.50215)" "www.autobutlerlifts.com"
69.84.207.35 - - [10/Sep/2007:23:16:45 -0700] "GET /_private/?M=A HTTP/1.1" 200 530 "-" "Mozilla/4.0 (compatible; MSIE 6.0; Windows NT 5.1; SV1; .NET CLR 1.1.4322; .NET CLR 2.0.50215)" "www.autobutlerlifts.com"
69.84.207.35 - - [10/Sep/2007:23:16:46 -0700] "GET /_private/?N=D HTTP/1.1" 200 530 "-" "Mozilla/4.0 (compatible; MSIE 6.0; Windows NT 5.1; SV1; .NET CLR 1.1.4322; .NET CLR 2.0.50215)" "www.autobutlerlifts.com"
69.84.207.35 - - [10/Sep/2007:23:16:47 -0700] "GET /_private/?D=D HTTP/1.1" 200 530 "-" "Mozilla/4.0 (compatible; MSIE 6.0; Windows NT 5.1; SV1; .NET CLR 1.1.4322; .NET CLR 2.0.50215)" "www.autobutlerlifts.com"
69.84.207.35 - - [10/Sep/2007:23:16:48 -0700] "GET /_private/?M=D HTTP/1.1" 200 530 "-" "Mozilla/4.0 (compatible; MSIE 6.0; Windows NT 5.1; SV1; .NET CLR 1.1.4322; .NET CLR 2.0.50215)" "www.autobutlerlifts.com"
69.84.207.35 - - [10/Sep/2007:23:16:49 -0700] "GET /_private/?S=A HTTP/1.1" 200 530 "-" "Mozilla/4.0 (compatible; MSIE 6.0; Windows NT 5.1; SV1; .NET CLR 1.1.4322; .NET CLR 2.0.50215)" "www.autobutlerlifts.com"
69.84.207.35 - - [10/Sep/2007:23:16:50 -0700] "GET /_private/?S=D HTTP/1.1" 200 530 "-" "Mozilla/4.0 (compatible; MSIE 6.0; Windows NT 5.1; SV1; .NET CLR 1.1.4322; .NET CLR 2.0.50215)" "www.autobutlerlifts.com"
64.1.215.164 - - [11/Sep/2007:01:19:22 -0700] "GET /robots.txt HTTP/1.0" 404 275 "-" "Mozilla/5.0 (Twiceler-0.9 http://www.cuill.com/twiceler/robot.html)" "autobutlerlifts.com"
64.1.215.162 - - [11/Sep/2007:02:13:13 -0700] "GET /robots.txt HTTP/1.0" 404 275 "-" "Mozilla/5.0 (Twiceler-0.9 http://www.cuill.com/twiceler/robot.html)" "www.autobutlerlifts.com"
64.156.10.131 - - [11/Sep/2007:09:01:22 -0700] "GET / HTTP/1.1" 200 916 "-" "Jakarta Commons-HttpClient/3.0.1" "www.autobutlerlifts.com"
74.6.19.112 - - [11/Sep/2007:10:40:10 -0700] "GET /robots.txt HTTP/1.0" 404 275 "-" "Mozilla/5.0 (compatible; Yahoo! Slurp; http://help.yahoo.com/help/us/ysearch/slurp)" "autobutlerlifts.com"
74.6.28.22 - - [11/Sep/2007:10:40:10 -0700] "GET /logs/access_070731.log HTTP/1.0" 304 - "-" "Mozilla/5.0 (compatible; Yahoo! Slurp; http://help.yahoo.com/help/us/ysearch/slurp)" "autobutlerlifts.com"
66.249.72.50 - - [11/Sep/2007:12:11:53 -0700] "GET /robots.txt HTTP/1.1" 404 275 "-" "Mozilla/5.0 (compatible; Googlebot/2.1; +http://www.google.com/bot.html)" "www.autobutlerlifts.com"
66.249.72.50 - - [11/Sep/2007:12:11:53 -0700] "GET /tmp/ HTTP/1.1" 200 520 "-" "Mozilla/5.0 (compatible; Googlebot/2.1; +http://www.google.com/bot.html)" "www.autobutlerlifts.com"
66.249.72.50 - - [11/Sep/2007:12:38:43 -0700] "GET /logs/ HTTP/1.1" 200 1087 "-" "Mozilla/5.0 (compatible; Googlebot/2.1; +http://www.google.com/bot.html)" "www.autobutlerlifts.com"
70.51.64.4 - - [11/Sep/2007:13:14:25 -0700] "GET /index.html HTTP/1.1" 404 275 "-" "Mozilla/4.0 (compatible; MSIE 6.0; Windows NT 5.1; SV1; Keymaster 3.0)" "www.autobutlerlifts.com"
70.51.64.4 - - [11/Sep/2007:13:14:33 -0700] "GET /index.html HTTP/1.1" 404 275 "-" "Mozilla/4.0 (compatible; MSIE 6.0; Windows NT 5.1; SV1; Keymaster 3.0)" "www.autobutlerlifts.com"
64.1.215.164 - - [11/Sep/2007:13:21:06 -0700] "GET /robots.txt HTTP/1.0" 404 275 "-" "Mozilla/5.0 (Twiceler-0.9 http://www.cuill.com/twiceler/robot.html)" "autobutlerlifts.com"
74.6.26.49 - - [11/Sep/2007:14:04:18 -0700] "GET /robots.txt HTTP/1.0" 404 275 "-" "Mozilla/5.0 (compatible; Yahoo! Slurp; http://help.yahoo.com/help/us/ysearch/slurp)" "autobutlerlifts.com"
74.6.25.117 - - [11/Sep/2007:14:04:18 -0700] "GET /_private/?S=A HTTP/1.0" 200 514 "-" "Mozilla/5.0 (compatible; Yahoo! Slurp; http://help.yahoo.com/help/us/ysearch/slurp)" "autobutlerlifts.com"
64.1.215.162 - - [11/Sep/2007:14:05:17 -0700] "GET /robots.txt HTTP/1.0" 404 275 "-" "Mozilla/5.0 (Twiceler-0.9 http://www.cuill.com/twiceler/robot.html)" "www.autobutlerlifts.com"
66.249.72.166 - - [11/Sep/2007:17:04:27 -0700] "GET /tmp HTTP/1.1" 301 98 "-" "Mozilla/5.0 (compatible; Googlebot/2.1; +http://www.google.com/bot.html)" "www.autobutlerlifts.com"
66.249.72.166 - - [11/Sep/2007:17:04:27 -0700] "GET /tmp/ HTTP/1.1" 200 520 "-" "Mozilla/5.0 (compatible; Googlebot/2.1; +http://www.google.com/bot.html)" "www.autobutlerlifts.com"
74.197.62.236 - - [11/Sep/2007:17:24:44 -0700] "GET / HTTP/1.1" 200 916 "-" "Mozilla/4.0 (compatible; MSIE 6.0; Windows NT 5.0; .NET CLR 1.1.4322; .NET CLR 2.0.50727)" "www.autobutlerlifts.com"
207.46.92.18 - - [11/Sep/2007:17:43:46 -0700] "GET / HTTP/1.1" 200 916 "-" "Mozilla/4.0 (compatible; MSIE 7.0; Windows NT 5.2; WOW64; .NET CLR 1.1.4322; .NET CLR 2.0.50727; InfoPath.1)" "autobutlerlifts.com"
207.46.92.18 - - [11/Sep/2007:17:43:47 -0700] "GET /?N=D HTTP/1.1" 200 916 "-" "Mozilla/4.0 (compatible; MSIE 7.0; Windows NT 5.2; WOW64; .NET CLR 1.1.4322; .NET CLR 2.0.50727; InfoPath.1)" "autobutlerlifts.com"
207.46.92.18 - - [11/Sep/2007:17:43:47 -0700] "GET /?M=A HTTP/1.1" 200 916 "-" "Mozilla/4.0 (compatible; MSIE 7.0; Windows NT 5.2; WOW64; .NET CLR 1.1.4322; .NET CLR 2.0.50727; InfoPath.1)" "autobutlerlifts.com"
207.46.92.18 - - [11/Sep/2007:17:43:48 -0700] "GET /?S=A HTTP/1.1" 200 916 "-" "Mozilla/4.0 (compatible; MSIE 7.0; Windows NT 5.2; WOW64; .NET CLR 1.1.4322; .NET CLR 2.0.50727; InfoPath.1)" "autobutlerlifts.com"
207.46.92.18 - - [11/Sep/2007:17:43:48 -0700] "GET /?D=A HTTP/1.1" 200 916 "-" "Mozilla/4.0 (compatible; MSIE 7.0; Windows NT 5.2; WOW64; .NET CLR 1.1.4322; .NET CLR 2.0.50727; InfoPath.1)" "autobutlerlifts.com"
207.46.92.18 - - [11/Sep/2007:17:43:49 -0700] "GET /_private/ HTTP/1.1" 200 530 "-" "Mozilla/4.0 (compatible; MSIE 7.0; Windows NT 5.2; WOW64; .NET CLR 1.1.4322; .NET CLR 2.0.50727; InfoPath.1)" "autobutlerlifts.com"
207.46.92.18 - - [11/Sep/2007:17:43:49 -0700] "GET /logs/ HTTP/1.1" 200 1087 "-" "Mozilla/4.0 (compatible; MSIE 7.0; Windows NT 5.2; WOW64; .NET CLR 1.1.4322; .NET CLR 2.0.50727; InfoPath.1)" "autobutlerlifts.com"
207.46.92.18 - - [11/Sep/2007:17:43:50 -0700] "GET /tmp/ HTTP/1.1" 200 520 "-" "Mozilla/4.0 (compatible; MSIE 7.0; Windows NT 5.2; WOW64; .NET CLR 1.1.4322; .NET CLR 2.0.50727; InfoPath.1)" "autobutlerlifts.com"
68.254.169.101 - - [11/Sep/2007:20:58:37 -0700] "GET / HTTP/1.1" 200 916 "-" "Mozilla/4.0 (compatible; MSIE 6.0; Windows NT 5.1; SV1)" "www.autobutlerlifts.com"
66.98.148.24 - - [11/Sep/2007:22:00:23 -0700] "GET /robots.txt HTTP/1.1" 404 275 "www.autobutlerlifts.com" "Pingdom GIGRIB (http://www.pingdom.com)" "www.autobutlerlifts.com"
66.98.148.24 - - [11/Sep/2007:22:00:23 -0700] "GET /robots.txt HTTP/1.1" 404 275 "www.autobutlerlifts.com" "Pingdom GIGRIB (http://www.pingdom.com)" "www.autobutlerlifts.com"
66.98.148.24 - - [11/Sep/2007:22:00:23 -0700] "GET /robots.txt HTTP/1.1" 404 275 "www.autobutlerlifts.com" "Pingdom GIGRIB (http://www.pingdom.com)" "www.autobutlerlifts.com"
66.98.148.24 - - [11/Sep/2007:22:00:23 -0700] "GET /robots.txt HTTP/1.1" 404 275 "www.autobutlerlifts.com" "Pingdom GIGRIB (http://www.pingdom.com)" "www.autobutlerlifts.com"
66.98.148.24 - - [11/Sep/2007:22:00:23 -0700] "GET /robots.txt HTTP/1.1" 404 275 "www.autobutlerlifts.com" "Pingdom GIGRIB (http://www.pingdom.com)" "www.autobutlerlifts.com"
66.98.148.24 - - [11/Sep/2007:22:00:23 -0700] "GET /robots.txt HTTP/1.1" 404 275 "www.autobutlerlifts.com" "Pingdom GIGRIB (http://www.pingdom.com)" "www.autobutlerlifts.com"
66.98.148.24 - - [11/Sep/2007:22:00:23 -0700] "GET /robots.txt HTTP/1.1" 404 275 "www.autobutlerlifts.com" "Pingdom GIGRIB (http://www.pingdom.com)" "www.autobutlerlifts.com"
66.98.148.24 - - [11/Sep/2007:22:00:23 -0700] "GET /robots.txt HTTP/1.1" 404 275 "www.autobutlerlifts.com" "Pingdom GIGRIB (http://www.pingdom.com)" "www.autobutlerlifts.com"
66.98.148.24 - - [11/Sep/2007:22:02:57 -0700] "GET / HTTP/1.1" 200 916 "http://www.pingdom.com/tools/fpt/?url=www.autobutlerlifts.com" "Pingdom GIGRIB (http://www.pingdom.com)" "www.autobutlerlifts.com"
66.98.148.24 - - [11/Sep/2007:22:02:57 -0700] "GET / HTTP/1.1" 200 916 "http://www.pingdom.com/tools/fpt/?url=www.autobutlerlifts.com" "Pingdom GIGRIB (http://www.pingdom.com)" "www.autobutlerlifts.com"
66.98.148.24 - - [11/Sep/2007:22:02:57 -0700] "GET / HTTP/1.1" 200 916 "http://www.pingdom.com/tools/fpt/?url=www.autobutlerlifts.com" "Pingdom GIGRIB (http://www.pingdom.com)" "www.autobutlerlifts.com"
66.98.148.24 - - [11/Sep/2007:22:02:57 -0700] "GET / HTTP/1.1" 200 916 "http://www.pingdom.com/tools/fpt/?url=www.autobutlerlifts.com" "Pingdom GIGRIB (http://www.pingdom.com)" "www.autobutlerlifts.com"
66.98.148.24 - - [11/Sep/2007:22:02:57 -0700] "GET / HTTP/1.1" 200 916 "http://www.pingdom.com/tools/fpt/?url=www.autobutlerlifts.com" "Pingdom GIGRIB (http://www.pingdom.com)" "www.autobutlerlifts.com"
66.98.148.24 - - [11/Sep/2007:22:02:57 -0700] "GET / HTTP/1.1" 200 916 "http://www.pingdom.com/tools/fpt/?url=www.autobutlerlifts.com" "Pingdom GIGRIB (http://www.pingdom.com)" "www.autobutlerlifts.com"
66.98.148.24 - - [11/Sep/2007:22:02:57 -0700] "GET / HTTP/1.1" 200 916 "http://www.pingdom.com/tools/fpt/?url=www.autobutlerlifts.com" "Pingdom GIGRIB (http://www.pingdom.com)" "www.autobutlerlifts.com"
66.98.148.24 - - [11/Sep/2007:22:02:57 -0700] "GET / HTTP/1.1" 200 916 "http://www.pingdom.com/tools/fpt/?url=www.autobutlerlifts.com" "Pingdom GIGRIB (http://www.pingdom.com)" "www.autobutlerlifts.com"
68.254.169.101 - - [11/Sep/2007:22:32:07 -0700] "GET / HTTP/1.1" 200 916 "-" "Mozilla/4.0 (compatible; MSIE 6.0; Windows NT 5.1; SV1)" "www.autobutlerlifts.com"
74.6.28.118 - - [12/Sep/2007:03:29:41 -0700] "GET /robots.txt HTTP/1.0" 404 275 "-" "Mozilla/5.0 (compatible; Yahoo! Slurp; http://help.yahoo.com/help/us/ysearch/slurp)" "www.autobutlerlifts.com"
74.6.26.42 - - [12/Sep/2007:03:29:41 -0700] "GET /?N=D HTTP/1.0" 200 900 "-" "Mozilla/5.0 (compatible; Yahoo! Slurp; http://help.yahoo.com/help/us/ysearch/slurp)" "www.autobutlerlifts.com"
66.249.72.166 - - [12/Sep/2007:05:54:24 -0700] "GET /robots.txt HTTP/1.1" 404 275 "-" "Mozilla/5.0 (compatible; Googlebot/2.1; +http://www.google.com/bot.html)" "www.autobutlerlifts.com"
66.249.72.166 - - [12/Sep/2007:05:54:24 -0700] "GET / HTTP/1.1" 200 916 "-" "Mozilla/5.0 (compatible; Googlebot/2.1; +http://www.google.com/bot.html)" "www.autobutlerlifts.com"
64.1.215.164 - - [12/Sep/2007:07:21:42 -0700] "GET /robots.txt HTTP/1.0" 404 275 "-" "Mozilla/5.0 (Twiceler-0.9 http://www.cuill.com/twiceler/robot.html)" "autobutlerlifts.com"
64.1.215.162 - - [12/Sep/2007:08:21:25 -0700] "GET /robots.txt HTTP/1.0" 404 275 "-" "Mozilla/5.0 (Twiceler-0.9 http://www.cuill.com/twiceler/robot.html)" "www.autobutlerlifts.com"
64.156.10.131 - - [12/Sep/2007:09:19:39 -0700] "GET /images/ultracarjackplate.gif HTTP/1.1" 404 275 "-" "Jakarta Commons-HttpClient/3.0.1" "www.autobutlerlifts.com"
64.156.10.131 - - [12/Sep/2007:09:21:59 -0700] "GET / HTTP/1.1" 200 916 "-" "Jakarta Commons-HttpClient/3.0.1" "www.autobutlerlifts.com"
66.249.72.166 - - [12/Sep/2007:09:35:55 -0700] "GET / HTTP/1.1" 200 916 "-" "Mozilla/5.0 (compatible; Googlebot/2.1; +http://www.google.com/bot.html)" "www.autobutlerlifts.com"
66.249.72.166 - - [12/Sep/2007:10:46:52 -0700] "GET /logs/access_070831.log HTTP/1.1" 304 - "-" "Mozilla/5.0 (compatible; Googlebot/2.1; +http://www.google.com/bot.html)" "www.autobutlerlifts.com"
66.249.72.166 - - [12/Sep/2007:18:11:57 -0700] "GET /robots.txt HTTP/1.1" 404 275 "-" "Mozilla/5.0 (compatible; Googlebot/2.1; +http://www.google.com/bot.html)" "www.autobutlerlifts.com"
66.249.72.166 - - [12/Sep/2007:18:11:57 -0700] "GET /tmp HTTP/1.1" 301 98 "-" "Mozilla/5.0 (compatible; Googlebot/2.1; +http://www.google.com/bot.html)" "www.autobutlerlifts.com"
66.249.72.166 - - [12/Sep/2007:18:11:57 -0700] "GET /tmp/ HTTP/1.1" 200 520 "-" "Mozilla/5.0 (compatible; Googlebot/2.1; +http://www.google.com/bot.html)" "www.autobutlerlifts.com"
64.1.215.164 - - [12/Sep/2007:20:29:10 -0700] "GET /robots.txt HTTP/1.0" 404 275 "-" "Mozilla/5.0 (Twiceler-0.9 http://www.cuill.com/twiceler/robot.html)" "autobutlerlifts.com"
64.1.215.162 - - [12/Sep/2007:21:51:33 -0700] "GET /robots.txt HTTP/1.0" 404 275 "-" "Mozilla/5.0 (Twiceler-0.9 http://www.cuill.com/twiceler/robot.html)" "www.autobutlerlifts.com"
208.80.193.36 - - [12/Sep/2007:23:33:38 -0700] "GET / HTTP/1.1" 200 916 "-" "Mozilla/5.0 (compatible; Konqueror/3.0-rc3; i686 Linux; 20020819)" "www.autobutlerlifts.com"
68.142.212.192 - - [12/Sep/2007:23:41:48 -0700] "GET /robots.txt HTTP/1.0" 404 275 "-" "Yahoo-MMCrawler/3.x (mms dash mmcrawler dash support at yahoo dash inc dot com)" "autobutlerlifts.com"
208.80.193.37 - - [13/Sep/2007:00:21:13 -0700] "GET / HTTP/1.1" 200 916 "-" "Mozilla/5.0 (compatible; Konqueror/3.0; i686 Linux; 20021104)" "autobutlerlifts.com"
64.156.10.131 - - [13/Sep/2007:04:06:59 -0700] "GET /images/Castersforcart2.jpg HTTP/1.1" 404 275 "-" "Jakarta Commons-HttpClient/3.0.1" "www.autobutlerlifts.com"
68.142.212.174 - - [13/Sep/2007:06:32:19 -0700] "GET /robots.txt HTTP/1.0" 404 275 "-" "Yahoo-MMCrawler/3.x (mms dash mmcrawler dash support at yahoo dash inc dot com)" "www.autobutlerlifts.com"
74.6.28.103 - - [13/Sep/2007:09:27:33 -0700] "GET /robots.txt HTTP/1.0" 404 275 "-" "Mozilla/5.0 (compatible; Yahoo! Slurp; http://help.yahoo.com/help/us/ysearch/slurp)" "autobutlerlifts.com"
74.6.23.143 - - [13/Sep/2007:09:27:33 -0700] "GET /car-lifts.html HTTP/1.0" 404 275 "-" "Mozilla/5.0 (compatible; Yahoo! Slurp; http://help.yahoo.com/help/us/ysearch/slurp)" "autobutlerlifts.com"
64.156.10.131 - - [13/Sep/2007:09:37:01 -0700] "GET / HTTP/1.1" 200 916 "-" "Jakarta Commons-HttpClient/3.0.1" "www.autobutlerlifts.com"
81.177.14.41 - - [13/Sep/2007:11:43:14 -0700] "HEAD / HTTP/1.1" 200 0 "-" "curl/7.15.4 (i386-portbld-freebsd6.0) libcurl/7.15.4 OpenSSL/0.9.7e zlib/1.2.2 c-ares/1.3.1" "autobutlerlifts.com"
66.249.72.166 - - [13/Sep/2007:14:51:03 -0700] "GET /robots.txt HTTP/1.1" 404 275 "-" "Mozilla/5.0 (compatible; Googlebot/2.1; +http://www.google.com/bot.html)" "www.autobutlerlifts.com"
66.249.72.166 - - [13/Sep/2007:14:51:03 -0700] "GET /googlee916a1106382fa83.html HTTP/1.1" 404 275 "-" "Mozilla/5.0 (compatible; Googlebot/2.1; +http://www.google.com/bot.html)" "www.autobutlerlifts.com"
66.249.72.166 - - [13/Sep/2007:18:04:03 -0700] "GET /tmp HTTP/1.1" 301 98 "-" "Mozilla/5.0 (compatible; Googlebot/2.1; +http://www.google.com/bot.html)" "www.autobutlerlifts.com"
66.249.72.166 - - [13/Sep/2007:18:04:03 -0700] "GET /tmp/ HTTP/1.1" 200 520 "-" "Mozilla/5.0 (compatible; Googlebot/2.1; +http://www.google.com/bot.html)" "www.autobutlerlifts.com"
74.6.20.22 - - [13/Sep/2007:19:00:36 -0700] "GET /robots.txt HTTP/1.0" 404 275 "-" "Mozilla/5.0 (compatible; Yahoo! Slurp; http://help.yahoo.com/help/us/ysearch/slurp)" "www.autobutlerlifts.com"
74.6.27.35 - - [13/Sep/2007:19:00:37 -0700] "GET /?M=A HTTP/1.0" 200 900 "-" "Mozilla/5.0 (compatible; Yahoo! Slurp; http://help.yahoo.com/help/us/ysearch/slurp)" "www.autobutlerlifts.com"
64.1.215.164 - - [13/Sep/2007:21:27:17 -0700] "GET /robots.txt HTTP/1.0" 404 275 "-" "Mozilla/5.0 (Twiceler-0.9 http://www.cuill.com/twiceler/robot.html)" "autobutlerlifts.com"
64.1.215.162 - - [13/Sep/2007:22:35:53 -0700] "GET /robots.txt HTTP/1.0" 404 275 "-" "Mozilla/5.0 (Twiceler-0.9 http://www.cuill.com/twiceler/robot.html)" "www.autobutlerlifts.com"
74.6.23.235 - - [14/Sep/2007:07:31:27 -0700] "GET /robots.txt HTTP/1.0" 404 275 "-" "Mozilla/5.0 (compatible; Yahoo! Slurp; http://help.yahoo.com/help/us/ysearch/slurp)" "autobutlerlifts.com"
74.6.20.203 - - [14/Sep/2007:07:31:28 -0700] "GET /auto-lift.html HTTP/1.0" 404 275 "-" "Mozilla/5.0 (compatible; Yahoo! Slurp; http://help.yahoo.com/help/us/ysearch/slurp)" "autobutlerlifts.com"
24.151.203.233 - - [14/Sep/2007:07:32:41 -0700] "GET / HTTP/1.1" 200 916 "-" "Mozilla/4.0 (compatible; MSIE 7.0; Windows NT 5.1; T312461; .NET CLR 1.1.4322)" "www.autobutlerlifts.com"
64.156.10.131 - - [14/Sep/2007:09:51:55 -0700] "GET / HTTP/1.1" 200 916 "-" "Jakarta Commons-HttpClient/3.0.1" "www.autobutlerlifts.com"
66.249.66.51 - - [14/Sep/2007:16:07:10 -0700] "GET /robots.txt HTTP/1.1" 404 275 "-" "Mozilla/5.0 (compatible; Googlebot/2.1; +http://www.google.com/bot.html)" "www.autobutlerlifts.com"
66.249.66.51 - - [14/Sep/2007:16:07:10 -0700] "GET /tmp HTTP/1.1" 301 98 "-" "Mozilla/5.0 (compatible; Googlebot/2.1; +http://www.google.com/bot.html)" "www.autobutlerlifts.com"
66.249.66.51 - - [14/Sep/2007:16:07:10 -0700] "GET /tmp/ HTTP/1.1" 200 520 "-" "Mozilla/5.0 (compatible; Googlebot/2.1; +http://www.google.com/bot.html)" "www.autobutlerlifts.com"
64.1.215.164 - - [14/Sep/2007:17:44:16 -0700] "GET /robots.txt HTTP/1.0" 404 275 "-" "Mozilla/5.0 (Twiceler-0.9 http://www.cuill.com/twiceler/robot.html)" "autobutlerlifts.com"
64.1.215.162 - - [14/Sep/2007:17:52:36 -0700] "GET /robots.txt HTTP/1.0" 404 275 "-" "Mozilla/5.0 (Twiceler-0.9 http://www.cuill.com/twiceler/robot.html)" "www.autobutlerlifts.com"
67.54.211.59 - - [14/Sep/2007:18:37:07 -0700] "GET / HTTP/1.1" 200 916 "http://www.google.com/search?hl=en&q=autobutlerlifts.com&btnG=Search" "Mozilla/4.0 (compatible; MSIE 7.0; Windows NT 6.0; SLCC1; .NET CLR 2.0.50727; Media Center PC 5.0; .NET CLR 3.0.04506)" "www.autobutlerlifts.com"
67.54.211.59 - - [14/Sep/2007:18:37:10 -0700] "GET /favicon.ico HTTP/1.1" 404 275 "-" "Mozilla/4.0 (compatible; MSIE 7.0; Windows NT 6.0; SLCC1; .NET CLR 2.0.50727; Media Center PC 5.0; .NET CLR 3.0.04506)" "www.autobutlerlifts.com"
67.54.211.59 - - [14/Sep/2007:18:37:24 -0700] "GET / HTTP/1.1" 200 916 "-" "Mozilla/4.0 (compatible; MSIE 7.0; Windows NT 6.0; SLCC1; .NET CLR 2.0.50727; Media Center PC 5.0; .NET CLR 3.0.04506)" "autobutlerlifts.com"
67.54.211.59 - - [14/Sep/2007:18:37:26 -0700] "GET /favicon.ico HTTP/1.1" 404 275 "-" "Mozilla/4.0 (compatible; MSIE 7.0; Windows NT 6.0; SLCC1; .NET CLR 2.0.50727; Media Center PC 5.0; .NET CLR 3.0.04506)" "autobutlerlifts.com"
67.54.211.59 - - [14/Sep/2007:18:38:03 -0700] "GET / HTTP/1.1" 200 916 "http://local.yahoo.com/details;_ylt=Arro4JbkKcPtxAoKuJDk8xCHNcIF?id=35241267&lsrc=results&p=Race+Car+Parts&csz=Fowler%2C+OH+44418&fr=&lcscb=8qxK0lBcOaH" "Mozilla/4.0 (compatible; MSIE 7.0; Windows NT 6.0; SLCC1; .NET CLR 2.0.50727; Media Center PC 5.0; .NET CLR 3.0.04506)" "www.autobutlerlifts.com"
67.54.211.59 - - [14/Sep/2007:18:38:06 -0700] "GET / HTTP/1.1" 200 916 "http://www.autobutlerlifts.com/" "Mozilla/4.0 (compatible; MSIE 7.0; Windows NT 6.0; SLCC1; .NET CLR 2.0.50727; Media Center PC 5.0; .NET CLR 3.0.04506)" "www.autobutlerlifts.com"
67.54.211.59 - - [14/Sep/2007:18:38:17 -0700] "GET / HTTP/1.1" 200 916 "http://local.yahoo.com/OH/Fowler/Automotive/Racing/Race+Car+Parts" "Mozilla/4.0 (compatible; MSIE 7.0; Windows NT 6.0; SLCC1; .NET CLR 2.0.50727; Media Center PC 5.0; .NET CLR 3.0.04506)" "www.autobutlerlifts.com"
67.54.211.59 - - [14/Sep/2007:18:38:33 -0700] "GET /tmp/ HTTP/1.1" 200 520 "http://www.autobutlerlifts.com/" "Mozilla/4.0 (compatible; MSIE 7.0; Windows NT 6.0; SLCC1; .NET CLR 2.0.50727; Media Center PC 5.0; .NET CLR 3.0.04506)" "www.autobutlerlifts.com"
67.54.211.59 - - [14/Sep/2007:18:38:36 -0700] "GET / HTTP/1.1" 200 916 "http://www.autobutlerlifts.com/tmp/" "Mozilla/4.0 (compatible; MSIE 7.0; Windows NT 6.0; SLCC1; .NET CLR 2.0.50727; Media Center PC 5.0; .NET CLR 3.0.04506)" "www.autobutlerlifts.com"
67.54.211.59 - - [14/Sep/2007:18:47:51 -0700] "GET / HTTP/1.1" 200 916 "-" "Mozilla/4.0 (compatible; MSIE 7.0; Windows NT 6.0; SLCC1; .NET CLR 2.0.50727; Media Center PC 5.0; .NET CLR 3.0.04506)" "www.autobutlerlifts.com"
67.54.211.59 - - [14/Sep/2007:18:48:02 -0700] "GET / HTTP/1.1" 200 916 "http://www.autobutlerlifts.com/" "Mozilla/4.0 (compatible; MSIE 7.0; Windows NT 6.0; SLCC1; .NET CLR 2.0.50727; Media Center PC 5.0; .NET CLR 3.0.04506)" "www.autobutlerlifts.com"
66.249.66.244 - - [14/Sep/2007:19:00:20 -0700] "GET /logs/access.log HTTP/1.1" 200 92174 "-" "Mozilla/5.0 (compatible; Googlebot/2.1; +http://www.google.com/bot.html)" "www.autobutlerlifts.com"
68.142.212.192 - - [15/Sep/2007:06:58:02 -0700] "GET /robots.txt HTTP/1.0" 404 275 "-" "Yahoo-MMCrawler/3.x (mms dash mmcrawler dash support at yahoo dash inc dot com)" "autobutlerlifts.com"
74.6.20.22 - - [15/Sep/2007:08:14:30 -0700] "GET /robots.txt HTTP/1.0" 404 275 "-" "Mozilla/5.0 (compatible; Yahoo! Slurp; http://help.yahoo.com/help/us/ysearch/slurp)" "www.autobutlerlifts.com"
74.6.28.217 - - [15/Sep/2007:08:14:30 -0700] "GET / HTTP/1.0" 200 900 "-" "Mozilla/5.0 (compatible; Yahoo! Slurp; http://help.yahoo.com/help/us/ysearch/slurp)" "www.autobutlerlifts.com"
24.241.122.232 - - [15/Sep/2007:09:10:20 -0700] "GET /index.html HTTP/1.1" 404 275 "http://search.msn.com/results.aspx?q=cheap+auto+lifts&FORM=SSRE2" "Mozilla/4.0 (compatible; MSIE 7.0; Windows NT 5.1; .NET CLR 1.1.4322; .NET CLR 2.0.50727; HbTools 4.7.5)" "autobutlerlifts.com"
68.142.212.174 - - [15/Sep/2007:09:49:44 -0700] "GET /robots.txt HTTP/1.0" 404 275 "-" "Yahoo-MMCrawler/3.x (mms dash mmcrawler dash support at yahoo dash inc dot com)" "www.autobutlerlifts.com"
64.156.10.131 - - [15/Sep/2007:09:56:51 -0700] "GET / HTTP/1.1" 200 916 "-" "Jakarta Commons-HttpClient/3.0.1" "www.autobutlerlifts.com"
66.249.65.9 - - [15/Sep/2007:17:24:20 -0700] "GET /robots.txt HTTP/1.1" 404 275 "-" "Mozilla/5.0 (compatible; Googlebot/2.1; +http://www.google.com/bot.html)" "www.autobutlerlifts.com"
66.249.65.9 - - [15/Sep/2007:17:24:20 -0700] "GET /tmp HTTP/1.1" 301 98 "-" "Mozilla/5.0 (compatible; Googlebot/2.1; +http://www.google.com/bot.html)" "www.autobutlerlifts.com"
66.249.65.9 - - [15/Sep/2007:17:24:20 -0700] "GET /tmp/ HTTP/1.1" 200 520 "-" "Mozilla/5.0 (compatible; Googlebot/2.1; +http://www.google.com/bot.html)" "www.autobutlerlifts.com"
63.123.238.8 - - [16/Sep/2007:04:52:52 -0700] "GET /robots.txt HTTP/1.1" 404 275 "-" "Mozilla/2.0 (compatible; Ask Jeeves/Teoma)" "autobutlerlifts.com"
63.123.238.8 - - [16/Sep/2007:04:52:52 -0700] "GET / HTTP/1.1" 200 916 "-" "Mozilla/2.0 (compatible; Ask Jeeves/Teoma)" "autobutlerlifts.com"
208.80.193.29 - - [16/Sep/2007:08:37:46 -0700] "GET / HTTP/1.1" 200 916 "-" "Mozilla/4.0 (compatible; MSIE 6.0; Windows NT 5.1; Q312460)" "www.autobutlerlifts.com"
208.17.184.42 - - [16/Sep/2007:09:00:27 -0700] "GET /robots.txt HTTP/1.1" 404 275 "-" "Mozilla/5.0 (X11; U; Linux i686; en-US; rv:1.7.12) Gecko/20050922 Fedora/1.0.7-1.1.fc4 Firefox/1.0.7" "www.autobutlerlifts.com"
208.17.184.42 - - [16/Sep/2007:09:15:03 -0700] "GET / HTTP/1.1" 200 916 "-" "Mozilla/5.0 (X11; U; Linux i686; en-US; rv:1.7.12) Gecko/20050922 Fedora/1.0.7-1.1.fc4 Firefox/1.0.7" "www.autobutlerlifts.com"
208.17.184.42 - - [16/Sep/2007:09:29:48 -0700] "GET /?N=D HTTP/1.1" 200 916 "-" "Mozilla/5.0 (X11; U; Linux i686; en-US; rv:1.7.12) Gecko/20050922 Fedora/1.0.7-1.1.fc4 Firefox/1.0.7" "www.autobutlerlifts.com"
208.17.184.42 - - [16/Sep/2007:09:44:14 -0700] "GET /?M=A HTTP/1.1" 200 916 "-" "Mozilla/5.0 (X11; U; Linux i686; en-US; rv:1.7.12) Gecko/20050922 Fedora/1.0.7-1.1.fc4 Firefox/1.0.7" "www.autobutlerlifts.com"
208.17.184.42 - - [16/Sep/2007:09:58:07 -0700] "GET /?S=A HTTP/1.1" 200 916 "-" "Mozilla/5.0 (X11; U; Linux i686; en-US; rv:1.7.12) Gecko/20050922 Fedora/1.0.7-1.1.fc4 Firefox/1.0.7" "www.autobutlerlifts.com"
64.156.10.131 - - [16/Sep/2007:10:01:40 -0700] "GET / HTTP/1.1" 200 916 "-" "Jakarta Commons-HttpClient/3.0.1" "www.autobutlerlifts.com"
208.17.184.42 - - [16/Sep/2007:10:11:56 -0700] "GET /?D=A HTTP/1.1" 200 916 "-" "Mozilla/5.0 (X11; U; Linux i686; en-US; rv:1.7.12) Gecko/20050922 Fedora/1.0.7-1.1.fc4 Firefox/1.0.7" "www.autobutlerlifts.com"
208.17.184.42 - - [16/Sep/2007:10:25:56 -0700] "GET /_private/ HTTP/1.1" 200 530 "-" "Mozilla/5.0 (X11; U; Linux i686; en-US; rv:1.7.12) Gecko/20050922 Fedora/1.0.7-1.1.fc4 Firefox/1.0.7" "www.autobutlerlifts.com"
208.17.184.42 - - [16/Sep/2007:10:39:49 -0700] "GET /logs/ HTTP/1.1" 200 1087 "-" "Mozilla/5.0 (X11; U; Linux i686; en-US; rv:1.7.12) Gecko/20050922 Fedora/1.0.7-1.1.fc4 Firefox/1.0.7" "www.autobutlerlifts.com"
208.17.184.42 - - [16/Sep/2007:10:53:35 -0700] "GET /tmp/ HTTP/1.1" 200 520 "-" "Mozilla/5.0 (X11; U; Linux i686; en-US; rv:1.7.12) Gecko/20050922 Fedora/1.0.7-1.1.fc4 Firefox/1.0.7" "www.autobutlerlifts.com"
66.249.72.166 - - [16/Sep/2007:18:05:58 -0700] "GET /robots.txt HTTP/1.1" 404 275 "-" "Mozilla/5.0 (compatible; Googlebot/2.1; +http://www.google.com/bot.html)" "www.autobutlerlifts.com"
66.249.72.166 - - [16/Sep/2007:18:05:58 -0700] "GET /tmp HTTP/1.1" 301 98 "-" "Mozilla/5.0 (compatible; Googlebot/2.1; +http://www.google.com/bot.html)" "www.autobutlerlifts.com"
66.249.72.166 - - [16/Sep/2007:18:05:58 -0700] "GET /tmp/ HTTP/1.1" 200 520 "-" "Mozilla/5.0 (compatible; Googlebot/2.1; +http://www.google.com/bot.html)" "www.autobutlerlifts.com"
208.80.193.45 - - [17/Sep/2007:00:00:55 -0700] "GET / HTTP/1.1" 200 916 "-" "Mozilla/4.0 (compatible; MSIE 6.0; Windows NT 5.1; Q312462)" "autobutlerlifts.com"
66.249.72.166 - - [17/Sep/2007:02:00:37 -0700] "GET /robots.txt HTTP/1.1" 404 275 "-" "Mozilla/5.0 (compatible; Googlebot/2.1; +http://www.google.com/bot.html)" "www.autobutlerlifts.com"
66.249.72.166 - - [17/Sep/2007:02:00:37 -0700] "GET / HTTP/1.1" 200 916 "-" "Mozilla/5.0 (compatible; Googlebot/2.1; +http://www.google.com/bot.html)" "www.autobutlerlifts.com"
66.249.72.166 - - [17/Sep/2007:02:01:42 -0700] "GET /logs/access_070831.log HTTP/1.1" 304 - "-" "Mozilla/5.0 (compatible; Googlebot/2.1; +http://www.google.com/bot.html)" "www.autobutlerlifts.com"
74.6.23.235 - - [17/Sep/2007:02:10:24 -0700] "GET /robots.txt HTTP/1.0" 404 275 "-" "Mozilla/5.0 (compatible; Yahoo! Slurp; http://help.yahoo.com/help/us/ysearch/slurp)" "autobutlerlifts.com"
74.6.29.24 - - [17/Sep/2007:02:10:25 -0700] "GET / HTTP/1.0" 200 900 "-" "Mozilla/5.0 (compatible; Yahoo! Slurp; http://help.yahoo.com/help/us/ysearch/slurp)" "autobutlerlifts.com"
64.1.215.164 - - [17/Sep/2007:05:19:20 -0700] "GET /robots.txt HTTP/1.0" 404 275 "-" "Mozilla/5.0 (Twiceler-0.9 http://www.cuill.com/twiceler/robot.html)" "autobutlerlifts.com"
64.1.215.162 - - [17/Sep/2007:06:30:04 -0700] "GET /robots.txt HTTP/1.0" 404 275 "-" "Mozilla/5.0 (Twiceler-0.9 http://www.cuill.com/twiceler/robot.html)" "www.autobutlerlifts.com"
64.156.10.131 - - [17/Sep/2007:10:06:55 -0700] "GET / HTTP/1.1" 200 916 "-" "Jakarta Commons-HttpClient/3.0.1" "www.autobutlerlifts.com"
68.142.212.192 - - [17/Sep/2007:12:38:37 -0700] "GET /robots.txt HTTP/1.0" 404 275 "-" "Yahoo-MMCrawler/3.x (mms dash mmcrawler dash support at yahoo dash inc dot com)" "autobutlerlifts.com"
71.54.71.198 - - [17/Sep/2007:12:52:58 -0700] "GET / HTTP/1.1" 200 916 "-" "Mozilla/4.0 (compatible; MSIE 6.0; Windows NT 5.0)" "www.autobutlerlifts.com"
71.54.71.198 - - [17/Sep/2007:12:52:58 -0700] "GET /favicon.ico HTTP/1.1" 404 275 "-" "Mozilla/4.0 (compatible; MSIE 6.0; Windows NT 5.0)" "www.autobutlerlifts.com"
68.142.212.174 - - [17/Sep/2007:15:14:07 -0700] "GET /robots.txt HTTP/1.0" 404 275 "-" "Yahoo-MMCrawler/3.x (mms dash mmcrawler dash support at yahoo dash inc dot com)" "www.autobutlerlifts.com"
66.249.72.166 - - [17/Sep/2007:15:42:01 -0700] "GET /robots.txt HTTP/1.1" 404 275 "-" "Mozilla/5.0 (compatible; Googlebot/2.1; +http://www.google.com/bot.html)" "www.autobutlerlifts.com"
66.249.72.166 - - [17/Sep/2007:15:42:01 -0700] "GET /tmp HTTP/1.1" 301 98 "-" "Mozilla/5.0 (compatible; Googlebot/2.1; +http://www.google.com/bot.html)" "www.autobutlerlifts.com"
66.249.72.166 - - [17/Sep/2007:15:42:01 -0700] "GET /tmp/ HTTP/1.1" 200 520 "-" "Mozilla/5.0 (compatible; Googlebot/2.1; +http://www.google.com/bot.html)" "www.autobutlerlifts.com"
208.80.193.36 - - [17/Sep/2007:18:28:52 -0700] "GET / HTTP/1.1" 200 916 "-" "Mozilla/4.0 (compatible; MSIE 6.0; Windows NT 5.1; Q312462)" "www.autobutlerlifts.com"
