64.34.145.196 - - [30/Aug/2007:18:13:34 -0700] "GET /robots.txt HTTP/1.0" 404 275 "-" "SBIder/SBIder-0.8.2-dev (http://www.sitesell.com/sbider.html)" "www.autobutlerlifts.com"
64.34.145.196 - - [30/Aug/2007:18:13:34 -0700] "GET /contactus.html HTTP/1.0" 404 275 "-" "SBIder/SBIder-0.8.2-dev (http://www.sitesell.com/sbider.html)" "www.autobutlerlifts.com"
74.52.245.146 - - [30/Aug/2007:19:09:13 -0700] "GET / HTTP/1.0" 200 900 "-" "Mozilla/5.0 (X11; U; Linux i686; en-US; rv:1.7.5) Gecko/20041107 Firefox/1.0" "www.autobutlerlifts.com"
64.156.10.131 - - [30/Aug/2007:23:20:19 -0700] "GET / HTTP/1.1" 200 916 "-" "Jakarta Commons-HttpClient/3.0.1" "www.autobutlerlifts.com"
66.194.6.77 - - [31/Aug/2007:01:33:54 -0700] "GET / HTTP/1.1" 200 916 "-" "Mozilla/5.0 (compatible; Konqueror/3.0-rc2; i686 Linux; 20021104)" "www.autobutlerlifts.com"
66.194.6.226 - - [31/Aug/2007:01:42:10 -0700] "GET / HTTP/1.1" 200 916 "-" "Mozilla/4.0 (compatible; MSIE 6.0; Windows NT 5.1; Q312468)" "autobutlerlifts.com"
69.49.45.199 - - [31/Aug/2007:05:49:57 -0700] "GET /favicon.ico HTTP/1.1" 404 275 "-" "Mozilla/4.0 (compatible; GoogleToolbar 4.0.1601.4978-big; Windows XP 5.1; MSIE 7.0.5730.11)" "www.autobutlerlifts.com"
69.49.45.199 - - [31/Aug/2007:05:49:57 -0700] "GET /favicon.gif HTTP/1.1" 404 275 "-" "Mozilla/4.0 (compatible; GoogleToolbar 4.0.1601.4978-big; Windows XP 5.1; MSIE 7.0.5730.11)" "www.autobutlerlifts.com"
65.114.110.98 - - [31/Aug/2007:06:34:48 -0700] "GET /images/background3.gif HTTP/1.1" 404 275 "-" "Mozilla/4.0 (compatible; MSIE 6.0; Windows NT 5.1; SV1; .NET CLR 1.1.4322)" "autobutlerlifts.com"
65.114.110.98 - - [31/Aug/2007:06:34:48 -0700] "GET /images/text_box.gif HTTP/1.1" 404 275 "-" "Mozilla/4.0 (compatible; MSIE 6.0; Windows NT 5.1; SV1; .NET CLR 1.1.4322)" "autobutlerlifts.com"
65.114.110.98 - - [31/Aug/2007:06:34:49 -0700] "GET /images/completelogotouse10.gif HTTP/1.1" 404 275 "-" "Mozilla/4.0 (compatible; MSIE 6.0; Windows NT 5.1; SV1; .NET CLR 1.1.4322)" "autobutlerlifts.com"
65.114.110.98 - - [31/Aug/2007:06:34:49 -0700] "GET /sitebuilder/images/navbar-0-inactive-91140.png HTTP/1.1" 404 275 "-" "Mozilla/4.0 (compatible; MSIE 6.0; Windows NT 5.1; SV1; .NET CLR 1.1.4322)" "autobutlerlifts.com"
65.114.110.98 - - [31/Aug/2007:06:34:49 -0700] "GET /sitebuilder/images/navbar-2-inactive-92240.png HTTP/1.1" 404 275 "-" "Mozilla/4.0 (compatible; MSIE 6.0; Windows NT 5.1; SV1; .NET CLR 1.1.4322)" "autobutlerlifts.com"
65.114.110.98 - - [31/Aug/2007:06:34:49 -0700] "GET / HTTP/1.1" 200 916 "-" "Mozilla/4.0 (compatible; MSIE 6.0; Windows NT 5.1; SV1; .NET CLR 1.1.4322)" "autobutlerlifts.com"
65.114.110.98 - - [31/Aug/2007:06:34:49 -0700] "GET /sitebuilder/images/navbar-3-inactive-92730.png HTTP/1.1" 404 275 "-" "Mozilla/4.0 (compatible; MSIE 6.0; Windows NT 5.1; SV1; .NET CLR 1.1.4322)" "autobutlerlifts.com"
65.114.110.98 - - [31/Aug/2007:06:34:49 -0700] "GET /sitebuilder/images/navbar-4-inactive-78820.png HTTP/1.1" 404 275 "-" "Mozilla/4.0 (compatible; MSIE 6.0; Windows NT 5.1; SV1; .NET CLR 1.1.4322)" "autobutlerlifts.com"
65.114.110.98 - - [31/Aug/2007:06:34:49 -0700] "GET /sitebuilder/images/navbar-4-active-10900.png HTTP/1.1" 404 275 "-" "Mozilla/4.0 (compatible; MSIE 6.0; Windows NT 5.1; SV1; .NET CLR 1.1.4322)" "autobutlerlifts.com"
65.114.110.98 - - [31/Aug/2007:06:34:49 -0700] "GET /images/post_it27.gif HTTP/1.1" 404 275 "-" "Mozilla/4.0 (compatible; MSIE 6.0; Windows NT 5.1; SV1; .NET CLR 1.1.4322)" "autobutlerlifts.com"
65.114.110.98 - - [31/Aug/2007:06:34:49 -0700] "GET /images/hummer5-12.gif HTTP/1.1" 404 275 "-" "Mozilla/4.0 (compatible; MSIE 6.0; Windows NT 5.1; SV1; .NET CLR 1.1.4322)" "autobutlerlifts.com"
65.114.110.98 - - [31/Aug/2007:06:34:49 -0700] "GET /images/background3.gif HTTP/1.1" 404 275 "-" "Mozilla/4.0 (compatible; MSIE 6.0; Windows NT 5.1; SV1; .NET CLR 1.1.4322)" "autobutlerlifts.com"
65.114.110.98 - - [31/Aug/2007:06:34:49 -0700] "GET /images/text_box.gif HTTP/1.1" 404 275 "-" "Mozilla/4.0 (compatible; MSIE 6.0; Windows NT 5.1; SV1; .NET CLR 1.1.4322)" "autobutlerlifts.com"
65.114.110.98 - - [31/Aug/2007:06:34:49 -0700] "GET /images/completelogotouse10.gif HTTP/1.1" 404 275 "-" "Mozilla/4.0 (compatible; MSIE 6.0; Windows NT 5.1; SV1; .NET CLR 1.1.4322)" "autobutlerlifts.com"
65.114.110.98 - - [31/Aug/2007:06:34:49 -0700] "GET /sitebuilder/images/navbar-0-inactive-91140.png HTTP/1.1" 404 275 "-" "Mozilla/4.0 (compatible; MSIE 6.0; Windows NT 5.1; SV1; .NET CLR 1.1.4322)" "autobutlerlifts.com"
65.114.110.98 - - [31/Aug/2007:06:34:49 -0700] "GET / HTTP/1.1" 200 916 "-" "Mozilla/4.0 (compatible; MSIE 6.0; Windows NT 5.1; SV1; .NET CLR 1.1.4322)" "autobutlerlifts.com"
65.114.110.98 - - [31/Aug/2007:06:34:50 -0700] "GET /sitebuilder/images/navbar-2-inactive-92240.png HTTP/1.1" 404 275 "-" "Mozilla/4.0 (compatible; MSIE 6.0; Windows NT 5.1; SV1; .NET CLR 1.1.4322)" "autobutlerlifts.com"
65.114.110.98 - - [31/Aug/2007:06:34:50 -0700] "GET /sitebuilder/images/navbar-3-inactive-92730.png HTTP/1.1" 404 275 "-" "Mozilla/4.0 (compatible; MSIE 6.0; Windows NT 5.1; SV1; .NET CLR 1.1.4322)" "autobutlerlifts.com"
65.114.110.98 - - [31/Aug/2007:06:34:50 -0700] "GET /sitebuilder/images/navbar-4-inactive-78820.png HTTP/1.1" 404 275 "-" "Mozilla/4.0 (compatible; MSIE 6.0; Windows NT 5.1; SV1; .NET CLR 1.1.4322)" "autobutlerlifts.com"
65.114.110.98 - - [31/Aug/2007:06:34:50 -0700] "GET /sitebuilder/images/navbar-4-active-10900.png HTTP/1.1" 404 275 "-" "Mozilla/4.0 (compatible; MSIE 6.0; Windows NT 5.1; SV1; .NET CLR 1.1.4322)" "autobutlerlifts.com"
65.114.110.98 - - [31/Aug/2007:06:34:50 -0700] "GET /images/post_it27.gif HTTP/1.1" 404 275 "-" "Mozilla/4.0 (compatible; MSIE 6.0; Windows NT 5.1; SV1; .NET CLR 1.1.4322)" "autobutlerlifts.com"
65.114.110.98 - - [31/Aug/2007:06:34:50 -0700] "GET /images/hummer5-12.gif HTTP/1.1" 404 275 "-" "Mozilla/4.0 (compatible; MSIE 6.0; Windows NT 5.1; SV1; .NET CLR 1.1.4322)" "autobutlerlifts.com"
65.114.110.98 - - [31/Aug/2007:06:35:37 -0700] "GET /images/background3.gif HTTP/1.1" 404 275 "-" "Mozilla/4.0 (compatible; MSIE 6.0; Windows NT 5.1; SV1; .NET CLR 1.1.4322)" "autobutlerlifts.com"
65.114.110.98 - - [31/Aug/2007:06:35:37 -0700] "GET /images/orderingheader.gif HTTP/1.1" 404 275 "-" "Mozilla/4.0 (compatible; MSIE 6.0; Windows NT 5.1; SV1; .NET CLR 1.1.4322)" "autobutlerlifts.com"
65.114.110.98 - - [31/Aug/2007:06:35:37 -0700] "GET /images/orderinglift.gif HTTP/1.1" 404 275 "-" "Mozilla/4.0 (compatible; MSIE 6.0; Windows NT 5.1; SV1; .NET CLR 1.1.4322)" "autobutlerlifts.com"
65.114.110.98 - - [31/Aug/2007:06:35:37 -0700] "GET /images/orderingparts3.gif HTTP/1.1" 404 275 "-" "Mozilla/4.0 (compatible; MSIE 6.0; Windows NT 5.1; SV1; .NET CLR 1.1.4322)" "autobutlerlifts.com"
65.114.110.98 - - [31/Aug/2007:06:35:37 -0700] "GET /images/swatch5.gif HTTP/1.1" 404 275 "-" "Mozilla/4.0 (compatible; MSIE 6.0; Windows NT 5.1; SV1; .NET CLR 1.1.4322)" "autobutlerlifts.com"
65.114.110.98 - - [31/Aug/2007:06:35:37 -0700] "GET /images/color_text2.gif HTTP/1.1" 404 275 "-" "Mozilla/4.0 (compatible; MSIE 6.0; Windows NT 5.1; SV1; .NET CLR 1.1.4322)" "autobutlerlifts.com"
65.114.110.98 - - [31/Aug/2007:06:35:37 -0700] "GET /images/completelogotouse10.gif HTTP/1.1" 404 275 "-" "Mozilla/4.0 (compatible; MSIE 6.0; Windows NT 5.1; SV1; .NET CLR 1.1.4322)" "autobutlerlifts.com"
65.114.110.98 - - [31/Aug/2007:06:35:37 -0700] "GET /sitebuilder/images/navbar-0-inactive-91140.png HTTP/1.1" 404 275 "-" "Mozilla/4.0 (compatible; MSIE 6.0; Windows NT 5.1; SV1; .NET CLR 1.1.4322)" "autobutlerlifts.com"
65.114.110.98 - - [31/Aug/2007:06:35:38 -0700] "GET /sitebuilder/images/navbar-2-active-92400.png HTTP/1.1" 404 275 "-" "Mozilla/4.0 (compatible; MSIE 6.0; Windows NT 5.1; SV1; .NET CLR 1.1.4322)" "autobutlerlifts.com"
65.114.110.98 - - [31/Aug/2007:06:35:38 -0700] "GET /sitebuilder/images/navbar-3-inactive-92730.png HTTP/1.1" 404 275 "-" "Mozilla/4.0 (compatible; MSIE 6.0; Windows NT 5.1; SV1; .NET CLR 1.1.4322)" "autobutlerlifts.com"
65.114.110.98 - - [31/Aug/2007:06:35:38 -0700] "GET /sitebuilder/images/navbar-4-inactive-78820.png HTTP/1.1" 404 275 "-" "Mozilla/4.0 (compatible; MSIE 6.0; Windows NT 5.1; SV1; .NET CLR 1.1.4322)" "autobutlerlifts.com"
65.114.110.98 - - [31/Aug/2007:06:35:38 -0700] "GET /sitebuilder/images/navbar-4-inactive-10850.png HTTP/1.1" 404 275 "-" "Mozilla/4.0 (compatible; MSIE 6.0; Windows NT 5.1; SV1; .NET CLR 1.1.4322)" "autobutlerlifts.com"
65.114.110.98 - - [31/Aug/2007:06:35:38 -0700] "GET /images/blacklift.gif HTTP/1.1" 404 275 "-" "Mozilla/4.0 (compatible; MSIE 6.0; Windows NT 5.1; SV1; .NET CLR 1.1.4322)" "autobutlerlifts.com"
65.114.110.98 - - [31/Aug/2007:06:35:38 -0700] "GET /images/Oil_drain_tanknowheels2.gif HTTP/1.1" 404 275 "-" "Mozilla/4.0 (compatible; MSIE 6.0; Windows NT 5.1; SV1; .NET CLR 1.1.4322)" "autobutlerlifts.com"
65.114.110.98 - - [31/Aug/2007:06:35:38 -0700] "GET /images/Key_Switch2.gif HTTP/1.1" 404 275 "-" "Mozilla/4.0 (compatible; MSIE 6.0; Windows NT 5.1; SV1; .NET CLR 1.1.4322)" "autobutlerlifts.com"
65.114.110.98 - - [31/Aug/2007:06:35:38 -0700] "GET /images/Casters2.gif HTTP/1.1" 404 275 "-" "Mozilla/4.0 (compatible; MSIE 6.0; Windows NT 5.1; SV1; .NET CLR 1.1.4322)" "autobutlerlifts.com"
65.114.110.98 - - [31/Aug/2007:06:35:38 -0700] "GET /images/Power_unit2.gif HTTP/1.1" 404 275 "-" "Mozilla/4.0 (compatible; MSIE 6.0; Windows NT 5.1; SV1; .NET CLR 1.1.4322)" "autobutlerlifts.com"
65.114.110.98 - - [31/Aug/2007:06:35:38 -0700] "GET /images/Jack_plate2.gif HTTP/1.1" 404 275 "-" "Mozilla/4.0 (compatible; MSIE 6.0; Windows NT 5.1; SV1; .NET CLR 1.1.4322)" "autobutlerlifts.com"
65.114.110.98 - - [31/Aug/2007:06:35:38 -0700] "GET /images/Drip_Pans2.gif HTTP/1.1" 404 275 "-" "Mozilla/4.0 (compatible; MSIE 6.0; Windows NT 5.1; SV1; .NET CLR 1.1.4322)" "autobutlerlifts.com"
65.114.110.98 - - [31/Aug/2007:06:35:38 -0700] "GET /clipart/buttons/store/cart_rgb_03.gif HTTP/1.1" 404 275 "-" "Mozilla/4.0 (compatible; MSIE 6.0; Windows NT 5.1; SV1; .NET CLR 1.1.4322)" "autobutlerlifts.com"
65.114.110.98 - - [31/Aug/2007:06:35:38 -0700] "GET /images/clicktoorder2.gif HTTP/1.1" 404 275 "-" "Mozilla/4.0 (compatible; MSIE 6.0; Windows NT 5.1; SV1; .NET CLR 1.1.4322)" "autobutlerlifts.com"
65.114.110.98 - - [31/Aug/2007:06:35:38 -0700] "GET /images/ultracart.gif HTTP/1.1" 404 275 "-" "Mozilla/4.0 (compatible; MSIE 6.0; Windows NT 5.1; SV1; .NET CLR 1.1.4322)" "autobutlerlifts.com"
65.114.110.98 - - [31/Aug/2007:06:35:38 -0700] "GET /images/hummer5-12.gif HTTP/1.1" 404 275 "-" "Mozilla/4.0 (compatible; MSIE 6.0; Windows NT 5.1; SV1; .NET CLR 1.1.4322)" "autobutlerlifts.com"
65.114.110.98 - - [31/Aug/2007:06:35:38 -0700] "GET /images/internetspecials77.gif HTTP/1.1" 404 275 "-" "Mozilla/4.0 (compatible; MSIE 6.0; Windows NT 5.1; SV1; .NET CLR 1.1.4322)" "autobutlerlifts.com"
65.114.110.98 - - [31/Aug/2007:06:35:39 -0700] "GET /images/post_it27.gif HTTP/1.1" 404 275 "-" "Mozilla/4.0 (compatible; MSIE 6.0; Windows NT 5.1; SV1; .NET CLR 1.1.4322)" "autobutlerlifts.com"
76.204.130.62 - - [31/Aug/2007:08:18:11 -0700] "GET / HTTP/1.1" 200 916 "-" "Mozilla/4.0 (compatible; MSIE 6.0; Windows NT 5.1; SV1; .NET CLR 1.1.4322)" "www.autobutlerlifts.com"
76.204.130.62 - - [31/Aug/2007:08:18:13 -0700] "GET /favicon.ico HTTP/1.1" 404 275 "-" "Mozilla/4.0 (compatible; MSIE 6.0; Windows NT 5.1; SV1; .NET CLR 1.1.4322)" "www.autobutlerlifts.com"
76.204.130.62 - - [31/Aug/2007:08:18:13 -0700] "GET /favicon.ico HTTP/1.1" 404 275 "-" "Mozilla/4.0 (compatible; MSIE 6.0; Windows NT 5.1; SV1; .NET CLR 1.1.4322)" "www.autobutlerlifts.com"
76.204.130.62 - - [31/Aug/2007:08:18:32 -0700] "GET / HTTP/1.1" 200 916 "http://www.autobutlerlifts.com/" "Mozilla/4.0 (compatible; MSIE 6.0; Windows NT 5.1; SV1; .NET CLR 1.1.4322)" "www.autobutlerlifts.com"
76.204.130.62 - - [31/Aug/2007:08:18:33 -0700] "GET /favicon.ico HTTP/1.1" 404 275 "-" "Mozilla/4.0 (compatible; MSIE 6.0; Windows NT 5.1; SV1; .NET CLR 1.1.4322)" "www.autobutlerlifts.com"
76.204.130.62 - - [31/Aug/2007:08:18:33 -0700] "GET /favicon.ico HTTP/1.1" 404 275 "-" "Mozilla/4.0 (compatible; MSIE 6.0; Windows NT 5.1; SV1; .NET CLR 1.1.4322)" "www.autobutlerlifts.com"
76.204.130.62 - - [31/Aug/2007:08:19:15 -0700] "GET / HTTP/1.1" 200 916 "http://www.google.com/search?q=Auto+butler+lifts" "Mozilla/4.0 (compatible; MSIE 6.0; Windows NT 5.1; SV1; .NET CLR 1.1.4322)" "www.autobutlerlifts.com"
76.204.130.62 - - [31/Aug/2007:08:19:15 -0700] "GET /favicon.ico HTTP/1.1" 404 275 "-" "Mozilla/4.0 (compatible; MSIE 6.0; Windows NT 5.1; SV1; .NET CLR 1.1.4322)" "www.autobutlerlifts.com"
76.204.130.62 - - [31/Aug/2007:08:19:15 -0700] "GET /favicon.ico HTTP/1.1" 404 275 "-" "Mozilla/4.0 (compatible; MSIE 6.0; Windows NT 5.1; SV1; .NET CLR 1.1.4322)" "www.autobutlerlifts.com"
66.180.82.90 - - [31/Aug/2007:08:19:35 -0700] "GET /logs/ HTTP/1.1" 200 1087 "-" "Mozilla/4.0 (compatible; MSIE 7.0; Windows NT 5.1; SV1; .NET CLR 2.0.50727)" "www.autobutlerlifts.com"
76.204.130.62 - - [31/Aug/2007:08:19:36 -0700] "GET /logs/ HTTP/1.1" 200 1087 "http://www.autobutlerlifts.com/" "Mozilla/4.0 (compatible; MSIE 6.0; Windows NT 5.1; SV1; .NET CLR 1.1.4322)" "www.autobutlerlifts.com"
76.204.130.62 - - [31/Aug/2007:08:19:36 -0700] "GET /logs/ HTTP/1.1" 200 1087 "http://www.autobutlerlifts.com/" "Mozilla/4.0 (compatible; MSIE 6.0; Windows NT 5.1; SV1; .NET CLR 1.1.4322)" "www.autobutlerlifts.com"
76.204.130.62 - - [31/Aug/2007:08:19:36 -0700] "GET /favicon.ico HTTP/1.1" 404 275 "-" "Mozilla/4.0 (compatible; MSIE 6.0; Windows NT 5.1; SV1; .NET CLR 1.1.4322)" "www.autobutlerlifts.com"
76.204.130.62 - - [31/Aug/2007:08:19:36 -0700] "GET /favicon.ico HTTP/1.1" 404 275 "-" "Mozilla/4.0 (compatible; MSIE 6.0; Windows NT 5.1; SV1; .NET CLR 1.1.4322)" "www.autobutlerlifts.com"
76.204.130.62 - - [31/Aug/2007:08:19:37 -0700] "GET /favicon.ico HTTP/1.1" 404 275 "-" "Mozilla/4.0 (compatible; MSIE 6.0; Windows NT 5.1; SV1; .NET CLR 1.1.4322)" "www.autobutlerlifts.com"
76.204.130.62 - - [31/Aug/2007:08:19:42 -0700] "GET /logs/access.log HTTP/1.1" 200 13961 "http://www.autobutlerlifts.com/logs/" "Mozilla/4.0 (compatible; MSIE 6.0; Windows NT 5.1; SV1; .NET CLR 1.1.4322)" "www.autobutlerlifts.com"
66.180.82.89 - - [31/Aug/2007:08:19:42 -0700] "GET /logs/access.log HTTP/1.1" 200 13961 "-" "Mozilla/4.0 (compatible; MSIE 7.0; Windows NT 5.1; SV1; .NET CLR 2.0.50727)" "www.autobutlerlifts.com"
76.204.130.62 - - [31/Aug/2007:08:19:43 -0700] "GET /favicon.ico HTTP/1.1" 404 275 "-" "Mozilla/4.0 (compatible; MSIE 6.0; Windows NT 5.1; SV1; .NET CLR 1.1.4322)" "www.autobutlerlifts.com"
76.204.130.62 - - [31/Aug/2007:08:19:45 -0700] "GET /favicon.ico HTTP/1.1" 404 275 "-" "Mozilla/4.0 (compatible; MSIE 6.0; Windows NT 5.1; SV1; .NET CLR 1.1.4322)" "www.autobutlerlifts.com"
76.204.130.62 - - [31/Aug/2007:08:19:48 -0700] "GET /logs/access_070701.log HTTP/1.1" 200 22361 "http://www.autobutlerlifts.com/logs/" "Mozilla/4.0 (compatible; MSIE 6.0; Windows NT 5.1; SV1; .NET CLR 1.1.4322)" "www.autobutlerlifts.com"
66.180.82.87 - - [31/Aug/2007:08:19:48 -0700] "GET /logs/access_070701.log HTTP/1.1" 200 22361 "-" "Mozilla/4.0 (compatible; MSIE 7.0; Windows NT 5.1; SV1; .NET CLR 2.0.50727)" "www.autobutlerlifts.com"
76.204.130.62 - - [31/Aug/2007:08:19:48 -0700] "GET /favicon.ico HTTP/1.1" 404 275 "-" "Mozilla/4.0 (compatible; MSIE 6.0; Windows NT 5.1; SV1; .NET CLR 1.1.4322)" "www.autobutlerlifts.com"
76.204.130.62 - - [31/Aug/2007:08:19:48 -0700] "GET /favicon.ico HTTP/1.1" 404 275 "-" "Mozilla/4.0 (compatible; MSIE 6.0; Windows NT 5.1; SV1; .NET CLR 1.1.4322)" "www.autobutlerlifts.com"
76.204.130.62 - - [31/Aug/2007:08:19:53 -0700] "GET / HTTP/1.1" 200 916 "http://www.google.com/search?q=Auto+butler+lifts" "Mozilla/4.0 (compatible; MSIE 6.0; Windows NT 5.1; SV1; .NET CLR 1.1.4322)" "www.autobutlerlifts.com"
76.204.130.62 - - [31/Aug/2007:08:19:54 -0700] "GET /favicon.ico HTTP/1.1" 404 275 "-" "Mozilla/4.0 (compatible; MSIE 6.0; Windows NT 5.1; SV1; .NET CLR 1.1.4322)" "www.autobutlerlifts.com"
76.204.130.62 - - [31/Aug/2007:08:19:54 -0700] "GET /favicon.ico HTTP/1.1" 404 275 "-" "Mozilla/4.0 (compatible; MSIE 6.0; Windows NT 5.1; SV1; .NET CLR 1.1.4322)" "www.autobutlerlifts.com"
66.249.72.199 - - [31/Aug/2007:10:41:55 -0700] "GET /robots.txt HTTP/1.1" 404 275 "-" "Mozilla/5.0 (compatible; Googlebot/2.1; +http://www.google.com/bot.html)" "www.autobutlerlifts.com"
66.249.72.199 - - [31/Aug/2007:10:41:55 -0700] "GET /tmp HTTP/1.1" 301 98 "-" "Mozilla/5.0 (compatible; Googlebot/2.1; +http://www.google.com/bot.html)" "www.autobutlerlifts.com"
66.249.72.199 - - [31/Aug/2007:10:41:55 -0700] "GET /tmp/ HTTP/1.1" 200 520 "-" "Mozilla/5.0 (compatible; Googlebot/2.1; +http://www.google.com/bot.html)" "www.autobutlerlifts.com"
208.97.218.10 - - [31/Aug/2007:11:19:04 -0700] "GET / HTTP/1.1" 200 916 "-" "Mozilla/4.0 (compatible; MSIE 6.0; Windows NT 5.1; SV1; InfoPath.1)" "www.autobutlerlifts.com"
82.120.131.129 - - [31/Aug/2007:11:21:27 -0700] "GET / HTTP/1.0" 200 900 "http://www.courbis.fr" "Courbis, logiciels gratuits pour Pabx Alcatel 4400" "www.autobutlerlifts.com"
68.189.197.147 - - [31/Aug/2007:12:23:08 -0700] "GET /four-post-lift-about-us.html HTTP/1.1" 404 275 "http://search.msn.com/results.aspx?q=barrel+lifts&form=QBRE3" "Mozilla/4.0 (compatible; MSIE 6.0; Windows 98)" "autobutlerlifts.com"
64.1.215.164 - - [31/Aug/2007:12:48:45 -0700] "GET /robots.txt HTTP/1.0" 404 275 "-" "Mozilla/5.0 (Twiceler-0.9 http://www.cuill.com/twiceler/robot.html)" "autobutlerlifts.com"
64.1.215.162 - - [31/Aug/2007:13:30:40 -0700] "GET /robots.txt HTTP/1.0" 404 275 "-" "Mozilla/5.0 (Twiceler-0.9 http://www.cuill.com/twiceler/robot.html)" "www.autobutlerlifts.com"
66.249.72.199 - - [31/Aug/2007:13:36:50 -0700] "GET / HTTP/1.1" 200 916 "-" "Mozilla/5.0 (compatible; Googlebot/2.1; +http://www.google.com/bot.html)" "www.autobutlerlifts.com"
68.142.212.192 - - [31/Aug/2007:14:56:31 -0700] "GET /robots.txt HTTP/1.0" 404 275 "-" "Yahoo-MMCrawler/3.x (mms dash mmcrawler dash support at yahoo dash inc dot com)" "autobutlerlifts.com"
205.188.117.72 - - [31/Aug/2007:15:08:03 -0700] "GET / HTTP/1.1" 200 916 "-" "Mozilla/4.0 (compatible; MSIE 7.0; AOL 9.0; Windows NT 5.1)" "www.autobutlerlifts.com"
205.188.117.72 - - [31/Aug/2007:15:08:37 -0700] "GET / HTTP/1.1" 200 916 "-" "Mozilla/4.0 (compatible; MSIE 7.0; AOL 9.0; Windows NT 5.1)" "www.autobutlerlifts.com"
205.188.117.72 - - [31/Aug/2007:15:08:45 -0700] "GET / HTTP/1.1" 200 916 "http://www.autobutlerlifts.com/" "Mozilla/4.0 (compatible; MSIE 7.0; AOL 9.0; Windows NT 5.1)" "www.autobutlerlifts.com"
205.188.116.80 - - [31/Aug/2007:15:08:51 -0700] "GET /_private/ HTTP/1.1" 200 530 "http://www.autobutlerlifts.com/" "Mozilla/4.0 (compatible; MSIE 7.0; AOL 9.0; Windows NT 5.1)" "www.autobutlerlifts.com"
66.249.72.199 - - [31/Aug/2007:16:07:22 -0700] "GET /logs/access.log HTTP/1.1" 200 18814 "-" "Mozilla/5.0 (compatible; Googlebot/2.1; +http://www.google.com/bot.html)" "www.autobutlerlifts.com"
68.142.212.174 - - [31/Aug/2007:16:14:21 -0700] "GET /robots.txt HTTP/1.0" 404 275 "-" "Yahoo-MMCrawler/3.x (mms dash mmcrawler dash support at yahoo dash inc dot com)" "www.autobutlerlifts.com"
216.195.54.53 - - [31/Aug/2007:16:49:03 -0700] "GET /logs/access.log HTTP/1.1" 200 19203 "-" "-" "www.autobutlerlifts.com"
67.163.91.211 - - [31/Aug/2007:20:12:36 -0700] "GET /index.html HTTP/1.1" 404 275 "-" "Mozilla/4.0 (compatible; MSIE 6.0; Windows NT 5.1; SV1; .NET CLR 1.1.4322)" "www.autobutlerlifts.com"
67.163.91.211 - - [31/Aug/2007:20:12:43 -0700] "GET / HTTP/1.1" 200 916 "-" "Mozilla/4.0 (compatible; MSIE 6.0; Windows NT 5.1; SV1; .NET CLR 1.1.4322)" "www.autobutlerlifts.com"
74.6.19.121 - - [31/Aug/2007:21:45:53 -0700] "GET /robots.txt HTTP/1.0" 404 275 "-" "Mozilla/5.0 (compatible; Yahoo! Slurp; http://help.yahoo.com/help/us/ysearch/slurp)" "autobutlerlifts.com"
74.6.23.34 - - [31/Aug/2007:21:45:53 -0700] "GET /logs/ HTTP/1.0" 200 1071 "-" "Mozilla/5.0 (compatible; Yahoo! Slurp; http://help.yahoo.com/help/us/ysearch/slurp)" "autobutlerlifts.com"
74.6.19.121 - - [01/Sep/2007:04:55:08 -0700] "GET /robots.txt HTTP/1.0" 404 275 "-" "Mozilla/5.0 (compatible; Yahoo! Slurp; http://help.yahoo.com/help/us/ysearch/slurp)" "autobutlerlifts.com"
74.6.28.22 - - [01/Sep/2007:04:55:08 -0700] "GET /logs/access_070731.log HTTP/1.0" 304 - "-" "Mozilla/5.0 (compatible; Yahoo! Slurp; http://help.yahoo.com/help/us/ysearch/slurp)" "autobutlerlifts.com"
64.156.10.131 - - [01/Sep/2007:07:19:22 -0700] "GET / HTTP/1.1" 200 916 "-" "Jakarta Commons-HttpClient/3.0.1" "www.autobutlerlifts.com"
74.6.19.77 - - [01/Sep/2007:08:09:22 -0700] "GET /robots.txt HTTP/1.0" 404 275 "-" "Mozilla/5.0 (compatible; Yahoo! Slurp; http://help.yahoo.com/help/us/ysearch/slurp)" "www.autobutlerlifts.com"
74.6.28.217 - - [01/Sep/2007:08:09:22 -0700] "GET / HTTP/1.0" 200 900 "-" "Mozilla/5.0 (compatible; Yahoo! Slurp; http://help.yahoo.com/help/us/ysearch/slurp)" "www.autobutlerlifts.com"
66.249.72.199 - - [01/Sep/2007:09:15:47 -0700] "GET /robots.txt HTTP/1.1" 404 275 "-" "Mozilla/5.0 (compatible; Googlebot/2.1; +http://www.google.com/bot.html)" "www.autobutlerlifts.com"
66.249.72.199 - - [01/Sep/2007:09:15:47 -0700] "GET /logs/ HTTP/1.1" 200 1087 "-" "Mozilla/5.0 (compatible; Googlebot/2.1; +http://www.google.com/bot.html)" "www.autobutlerlifts.com"
66.249.72.199 - - [01/Sep/2007:11:15:27 -0700] "GET /logs/access_070831.log HTTP/1.1" 200 248301 "-" "Mozilla/5.0 (compatible; Googlebot/2.1; +http://www.google.com/bot.html)" "www.autobutlerlifts.com"
66.213.56.23 - - [01/Sep/2007:11:32:39 -0700] "GET / HTTP/1.1" 200 916 "-" "Mozilla/4.0 (compatible; MSIE 6.0; Windows NT 5.0; T312461; .NET CLR 1.1.4322; .NET CLR 2.0.50727)" "autobutlerlifts.com"
66.213.56.23 - - [01/Sep/2007:11:32:48 -0700] "GET / HTTP/1.1" 200 916 "http://autobutlerlifts.com/" "Mozilla/4.0 (compatible; MSIE 6.0; Windows NT 5.0; T312461; .NET CLR 1.1.4322; .NET CLR 2.0.50727)" "autobutlerlifts.com"
66.213.56.23 - - [01/Sep/2007:11:32:55 -0700] "GET /_private/ HTTP/1.1" 200 530 "http://autobutlerlifts.com/" "Mozilla/4.0 (compatible; MSIE 6.0; Windows NT 5.0; T312461; .NET CLR 1.1.4322; .NET CLR 2.0.50727)" "autobutlerlifts.com"
82.120.136.89 - - [01/Sep/2007:12:39:57 -0700] "GET / HTTP/1.0" 200 900 "http://www.courbis.fr" "Courbis presente Voyage au centre de la HP48" "www.autobutlerlifts.com"
66.249.72.132 - - [01/Sep/2007:13:31:09 -0700] "GET /tmp HTTP/1.1" 301 98 "-" "Mozilla/5.0 (compatible; Googlebot/2.1; +http://www.google.com/bot.html)" "www.autobutlerlifts.com"
66.249.72.132 - - [01/Sep/2007:13:31:10 -0700] "GET /tmp/ HTTP/1.1" 200 520 "-" "Mozilla/5.0 (compatible; Googlebot/2.1; +http://www.google.com/bot.html)" "www.autobutlerlifts.com"
66.249.72.42 - - [01/Sep/2007:17:05:51 -0700] "GET /robots.txt HTTP/1.1" 404 275 "-" "Mozilla/5.0 (compatible; Googlebot/2.1; +http://www.google.com/bot.html)" "www.autobutlerlifts.com"
66.249.72.42 - - [01/Sep/2007:17:05:51 -0700] "GET / HTTP/1.1" 200 916 "-" "Mozilla/5.0 (compatible; Googlebot/2.1; +http://www.google.com/bot.html)" "www.autobutlerlifts.com"
76.20.154.64 - - [01/Sep/2007:17:07:44 -0700] "GET / HTTP/1.1" 200 916 "-" "Mozilla/5.0 (Windows; U; Windows NT 5.1; en-US; rv:1.8.1.6) Gecko/20070725 Firefox/2.0.0.6" "www.autobutlerlifts.com"
76.20.154.64 - - [01/Sep/2007:17:07:45 -0700] "GET /favicon.ico HTTP/1.1" 404 275 "-" "Mozilla/5.0 (Windows; U; Windows NT 5.1; en-US; rv:1.8.1.6) Gecko/20070725 Firefox/2.0.0.6" "www.autobutlerlifts.com"
76.20.154.64 - - [01/Sep/2007:17:08:10 -0700] "GET / HTTP/1.1" 200 916 "-" "Mozilla/5.0 (Windows; U; Windows NT 5.1; en-US; rv:1.8.1.6) Gecko/20070725 Firefox/2.0.0.6" "www.autobutlerlifts.com"
76.20.154.64 - - [01/Sep/2007:17:08:16 -0700] "GET / HTTP/1.1" 200 916 "http://www.autobutlerlifts.com/" "Mozilla/5.0 (Windows; U; Windows NT 5.1; en-US; rv:1.8.1.6) Gecko/20070725 Firefox/2.0.0.6" "www.autobutlerlifts.com"
76.20.154.64 - - [01/Sep/2007:17:08:19 -0700] "GET /logs/ HTTP/1.1" 200 1087 "http://www.autobutlerlifts.com/" "Mozilla/5.0 (Windows; U; Windows NT 5.1; en-US; rv:1.8.1.6) Gecko/20070725 Firefox/2.0.0.6" "www.autobutlerlifts.com"
76.20.154.64 - - [01/Sep/2007:17:08:23 -0700] "GET /logs/access_070701.log HTTP/1.1" 200 22361 "http://www.autobutlerlifts.com/logs/" "Mozilla/5.0 (Windows; U; Windows NT 5.1; en-US; rv:1.8.1.6) Gecko/20070725 Firefox/2.0.0.6" "www.autobutlerlifts.com"
76.20.154.64 - - [01/Sep/2007:17:08:46 -0700] "GET / HTTP/1.1" 200 916 "-" "Mozilla/5.0 (Windows; U; Windows NT 5.1; en-US; rv:1.8.1.6) Gecko/20070725 Firefox/2.0.0.6" "www.autobutlerlifts.com"
76.20.154.64 - - [01/Sep/2007:18:31:54 -0700] "GET / HTTP/1.1" 200 916 "http://www.google.com/search?q=auto+butler+lifts&sourceid=navclient-ff&ie=UTF-8&rls=GGGL,GGGL:2006-10,GGGL:en" "Mozilla/5.0 (Windows; U; Windows NT 5.1; en-US; rv:1.8.1.6) Gecko/20070725 Firefox/2.0.0.6" "www.autobutlerlifts.com"
76.20.154.64 - - [01/Sep/2007:18:32:01 -0700] "GET / HTTP/1.1" 200 916 "http://www.google.com/search?q=auto+butler+lifts&sourceid=navclient-ff&ie=UTF-8&rls=GGGL,GGGL:2006-10,GGGL:en" "Mozilla/5.0 (Windows; U; Windows NT 5.1; en-US; rv:1.8.1.6) Gecko/20070725 Firefox/2.0.0.6" "www.autobutlerlifts.com"
205.188.117.72 - - [01/Sep/2007:19:10:16 -0700] "GET / HTTP/1.1" 200 916 "-" "Mozilla/4.0 (compatible; MSIE 7.0; AOL 9.0; Windows NT 5.1)" "www.autobutlerlifts.com"
205.188.117.72 - - [01/Sep/2007:19:10:24 -0700] "GET /tmp/ HTTP/1.1" 200 520 "http://www.autobutlerlifts.com/" "Mozilla/4.0 (compatible; MSIE 7.0; AOL 9.0; Windows NT 5.1)" "www.autobutlerlifts.com"
205.188.117.72 - - [01/Sep/2007:19:10:32 -0700] "GET / HTTP/1.1" 200 916 "http://www.autobutlerlifts.com/tmp/" "Mozilla/4.0 (compatible; MSIE 7.0; AOL 9.0; Windows NT 5.1)" "www.autobutlerlifts.com"
205.188.116.206 - - [01/Sep/2007:19:10:44 -0700] "GET /logs/ HTTP/1.1" 200 1087 "http://www.autobutlerlifts.com/" "Mozilla/4.0 (compatible; MSIE 7.0; AOL 9.0; Windows NT 5.1)" "www.autobutlerlifts.com"
205.188.117.72 - - [01/Sep/2007:19:10:54 -0700] "GET / HTTP/1.1" 200 916 "http://www.autobutlerlifts.com/logs/" "Mozilla/4.0 (compatible; MSIE 7.0; AOL 9.0; Windows NT 5.1)" "www.autobutlerlifts.com"
205.188.117.72 - - [01/Sep/2007:19:11:02 -0700] "GET /tmp/ HTTP/1.1" 200 520 "http://www.autobutlerlifts.com/" "Mozilla/4.0 (compatible; MSIE 7.0; AOL 9.0; Windows NT 5.1)" "www.autobutlerlifts.com"
205.188.117.72 - - [01/Sep/2007:19:11:05 -0700] "GET / HTTP/1.1" 200 916 "http://www.autobutlerlifts.com/tmp/" "Mozilla/4.0 (compatible; MSIE 7.0; AOL 9.0; Windows NT 5.1)" "www.autobutlerlifts.com"
205.188.116.206 - - [01/Sep/2007:19:11:11 -0700] "GET /logs/ HTTP/1.1" 200 1087 "http://www.autobutlerlifts.com/" "Mozilla/4.0 (compatible; MSIE 7.0; AOL 9.0; Windows NT 5.1)" "www.autobutlerlifts.com"
205.188.117.142 - - [01/Sep/2007:19:11:26 -0700] "GET /logs/access_070731.log HTTP/1.1" 200 338648 "http://www.autobutlerlifts.com/logs/" "Mozilla/4.0 (compatible; MSIE 7.0; AOL 9.0; Windows NT 5.1)" "www.autobutlerlifts.com"
66.194.6.77 - - [01/Sep/2007:21:00:40 -0700] "GET / HTTP/1.1" 200 916 "-" "Mozilla/5.0 (compatible; Konqueror/3.1-rc3; i686 Linux; 20020807)" "www.autobutlerlifts.com"
66.194.6.230 - - [01/Sep/2007:21:09:06 -0700] "GET / HTTP/1.1" 200 916 "-" "Mozilla/4.0 (compatible; MSIE 6.0; Windows NT 5.1; Q312469)" "autobutlerlifts.com"
68.215.50.12 - - [01/Sep/2007:21:36:53 -0700] "GET / HTTP/1.1" 200 916 "-" "Mozilla/4.0 (compatible; MSIE 7.0; Windows NT 5.1; .NET CLR 1.1.4322; Seekmo 10.0.345.0)" "www.autobutlerlifts.com"
68.215.50.12 - - [01/Sep/2007:21:36:54 -0700] "GET /favicon.ico HTTP/1.1" 404 275 "-" "Mozilla/4.0 (compatible; MSIE 7.0; Windows NT 5.1; .NET CLR 1.1.4322; Seekmo 10.0.345.0)" "www.autobutlerlifts.com"
66.249.72.42 - - [02/Sep/2007:06:54:00 -0700] "GET /robots.txt HTTP/1.1" 404 275 "-" "Mozilla/5.0 (compatible; Googlebot/2.1; +http://www.google.com/bot.html)" "www.autobutlerlifts.com"
66.249.72.42 - - [02/Sep/2007:06:54:00 -0700] "GET / HTTP/1.1" 200 916 "-" "Mozilla/5.0 (compatible; Googlebot/2.1; +http://www.google.com/bot.html)" "www.autobutlerlifts.com"
65.35.71.20 - - [02/Sep/2007:07:06:00 -0700] "GET / HTTP/1.1" 200 916 "http://www.google.com/search?hl=en&q=www.autobutlerlifts.com&btnG=Google+Search" "Mozilla/4.0 (compatible; MSIE 6.0; Windows NT 5.1; FreeprodTB; acc=Messenger; SV1; .NET CLR 1.0.3705; .NET CLR 1.1.4322; Media Center PC 2.8)" "www.autobutlerlifts.com"
65.35.71.20 - - [02/Sep/2007:07:06:08 -0700] "GET /_private/ HTTP/1.1" 200 530 "http://www.autobutlerlifts.com/" "Mozilla/4.0 (compatible; MSIE 6.0; Windows NT 5.1; FreeprodTB; acc=Messenger; SV1; .NET CLR 1.0.3705; .NET CLR 1.1.4322; Media Center PC 2.8)" "www.autobutlerlifts.com"
65.35.71.20 - - [02/Sep/2007:07:07:49 -0700] "GET /logs/access_070701.log HTTP/1.1" 200 22361 "http://www.google.com/search?hl=en&q=www.autobutlerlifts.com&btnG=Google+Search" "Mozilla/4.0 (compatible; MSIE 6.0; Windows NT 5.1; FreeprodTB; acc=Messenger; SV1; .NET CLR 1.0.3705; .NET CLR 1.1.4322; Media Center PC 2.8)" "www.autobutlerlifts.com"
65.35.71.20 - - [02/Sep/2007:07:10:55 -0700] "GET /contactus.html HTTP/1.1" 404 275 "http://search.yahoo.com/search?ei=UTF-8&p=%2Bautobutlerlifts" "Mozilla/4.0 (compatible; MSIE 6.0; Windows NT 5.1; FreeprodTB; acc=Messenger; SV1; .NET CLR 1.0.3705; .NET CLR 1.1.4322; Media Center PC 2.8)" "www.autobutlerlifts.com"
65.35.71.20 - - [02/Sep/2007:07:13:17 -0700] "GET /free-standing-lift.html HTTP/1.1" 404 275 "http://search.yahoo.com/search;_ylt=A0geu7rIxNpGYBsAp4ZXNyoA?p=autobutlerlifts.com&y=Search&fr=" "Mozilla/4.0 (compatible; MSIE 6.0; Windows NT 5.1; FreeprodTB; acc=Messenger; SV1; .NET CLR 1.0.3705; .NET CLR 1.1.4322; Media Center PC 2.8)" "www.autobutlerlifts.com"
65.35.71.20 - - [02/Sep/2007:07:13:28 -0700] "GET /auto-Lifts-Accessories.html HTTP/1.1" 404 275 "http://search.yahoo.com/search;_ylt=A0geu7rIxNpGYBsAp4ZXNyoA?p=autobutlerlifts.com&y=Search&fr=" "Mozilla/4.0 (compatible; MSIE 6.0; Windows NT 5.1; FreeprodTB; acc=Messenger; SV1; .NET CLR 1.0.3705; .NET CLR 1.1.4322; Media Center PC 2.8)" "www.autobutlerlifts.com"
65.35.71.20 - - [02/Sep/2007:07:14:06 -0700] "GET /auto-lift.html HTTP/1.1" 404 275 "http://search.yahoo.com/search;_ylt=A0geu7rIxNpGYBsAp4ZXNyoA?p=autobutlerlifts.com&y=Search&fr=" "Mozilla/4.0 (compatible; MSIE 6.0; Windows NT 5.1; FreeprodTB; acc=Messenger; SV1; .NET CLR 1.0.3705; .NET CLR 1.1.4322; Media Center PC 2.8)" "autobutlerlifts.com"
64.156.10.131 - - [02/Sep/2007:07:32:55 -0700] "GET / HTTP/1.1" 200 916 "-" "Jakarta Commons-HttpClient/3.0.1" "www.autobutlerlifts.com"
213.55.88.127 - - [02/Sep/2007:09:05:09 -0700] "GET /?SID=aVR4P0NieDtqRFp4X1ROdFg+VjVWPmg9aWJ8PWlUdD1WYUp7aGJZ HTTP/1.1" 200 916 "http://us.f345.mail.yahoo.com/ym/ShowLetter?MsgId=9359_0_22_1324_896_0_441_1627_3107469580_oSOYkYn4Ur6Rg9OuJfSMZ6xrSp6kYm3dALcYeOzUdoX1M.tN0Da3KdFu6wsC5tvlubBpaLPHw0WlGZMjucCkcj.EniZbhCFyiQ2BBe24.dzqOn34mGXrOIYw06HOJkarEL7E4QkEcMSe12ripVdnpq9HOG3G5eAu_6mu3deK98s-&Idx=0&YY=78217&y5beta=yes&y5beta=yes&inc=25&order=down&sort=date&pos=0&view=a&head=b&box=%40B%40Bulk" "Mozilla/4.0 (compatible; MSIE 6.0; Windows NT 5.1; SV1; .NET CLR 1.1.4322)" "www.autobutlerlifts.com"
64.1.215.164 - - [02/Sep/2007:11:11:02 -0700] "GET /robots.txt HTTP/1.0" 404 275 "-" "Mozilla/5.0 (Twiceler-0.9 http://www.cuill.com/twiceler/robot.html)" "autobutlerlifts.com"
74.6.19.121 - - [02/Sep/2007:11:44:04 -0700] "GET /robots.txt HTTP/1.0" 404 275 "-" "Mozilla/5.0 (compatible; Yahoo! Slurp; http://help.yahoo.com/help/us/ysearch/slurp)" "autobutlerlifts.com"
74.6.29.24 - - [02/Sep/2007:11:44:05 -0700] "GET / HTTP/1.0" 200 900 "-" "Mozilla/5.0 (compatible; Yahoo! Slurp; http://help.yahoo.com/help/us/ysearch/slurp)" "autobutlerlifts.com"
86.217.8.138 - - [02/Sep/2007:11:52:59 -0700] "GET / HTTP/1.0" 200 900 "http://www.courbis.fr" "Courbis, trucs et astuces pour le Tomtom Rider" "www.autobutlerlifts.com"
64.1.215.162 - - [02/Sep/2007:12:20:44 -0700] "GET /robots.txt HTTP/1.0" 404 275 "-" "Mozilla/5.0 (Twiceler-0.9 http://www.cuill.com/twiceler/robot.html)" "www.autobutlerlifts.com"
66.249.72.42 - - [02/Sep/2007:14:35:40 -0700] "GET /robots.txt HTTP/1.1" 404 275 "-" "Mozilla/5.0 (compatible; Googlebot/2.1; +http://www.google.com/bot.html)" "www.autobutlerlifts.com"
66.249.72.42 - - [02/Sep/2007:14:35:40 -0700] "GET /tmp HTTP/1.1" 301 98 "-" "Mozilla/5.0 (compatible; Googlebot/2.1; +http://www.google.com/bot.html)" "www.autobutlerlifts.com"
66.249.72.42 - - [02/Sep/2007:14:35:40 -0700] "GET /tmp/ HTTP/1.1" 200 520 "-" "Mozilla/5.0 (compatible; Googlebot/2.1; +http://www.google.com/bot.html)" "www.autobutlerlifts.com"
207.69.137.22 - - [02/Sep/2007:18:28:28 -0700] "HEAD / HTTP/1.1" 200 0 "-" "-" "www.autobutlerlifts.com"
207.69.137.22 - - [02/Sep/2007:18:28:28 -0700] "GET / HTTP/1.1" 200 916 "http://search.peoplepc.com/search?area=earthlink-peoplepc-wssynd&cgid=176&memberID=9760044&segmentID=-1,-2,-3,4&category=membersite&channel=&hl=&logosrc=http://home.peoplepc.com/i/common/ppco_blue.gif&q=autobutlerlifts" "Mozilla/4.0 (compatible; MSIE 7.0; Windows NT 5.1; .NET CLR 1.0.3705; .NET CLR 1.1.4322; Media Center PC 3.1; PeoplePal 3.0)" "www.autobutlerlifts.com"
4.229.192.109 - - [02/Sep/2007:18:28:33 -0700] "GET /favicon.ico HTTP/1.1" 404 275 "-" "Mozilla/4.0 (compatible; MSIE 7.0; Windows NT 5.1; .NET CLR 1.0.3705; .NET CLR 1.1.4322; Media Center PC 3.1; PeoplePal 3.0)" "www.autobutlerlifts.com"
4.229.192.109 - - [02/Sep/2007:18:28:59 -0700] "HEAD / HTTP/1.1" 200 0 "-" "-" "www.autobutlerlifts.com"
4.229.192.109 - - [02/Sep/2007:18:28:59 -0700] "GET / HTTP/1.1" 200 916 "http://www.autobutlerlifts.com/" "Mozilla/4.0 (compatible; MSIE 7.0; Windows NT 5.1; .NET CLR 1.0.3705; .NET CLR 1.1.4322; Media Center PC 3.1; PeoplePal 3.0)" "www.autobutlerlifts.com"
74.6.19.121 - - [02/Sep/2007:23:20:45 -0700] "GET /robots.txt HTTP/1.0" 404 275 "-" "Mozilla/5.0 (compatible; Yahoo! Slurp; http://help.yahoo.com/help/us/ysearch/slurp)" "autobutlerlifts.com"
74.6.25.117 - - [02/Sep/2007:23:20:45 -0700] "GET /_private/?S=A HTTP/1.0" 200 514 "-" "Mozilla/5.0 (compatible; Yahoo! Slurp; http://help.yahoo.com/help/us/ysearch/slurp)" "autobutlerlifts.com"
74.6.19.77 - - [03/Sep/2007:01:06:45 -0700] "GET /robots.txt HTTP/1.0" 404 275 "-" "Mozilla/5.0 (compatible; Yahoo! Slurp; http://help.yahoo.com/help/us/ysearch/slurp)" "www.autobutlerlifts.com"
74.6.19.82 - - [03/Sep/2007:01:06:45 -0700] "GET /tmp/ HTTP/1.0" 200 504 "-" "Mozilla/5.0 (compatible; Yahoo! Slurp; http://help.yahoo.com/help/us/ysearch/slurp)" "www.autobutlerlifts.com"
68.142.212.174 - - [03/Sep/2007:02:22:09 -0700] "GET /robots.txt HTTP/1.0" 404 275 "-" "Yahoo-MMCrawler/3.x (mms dash mmcrawler dash support at yahoo dash inc dot com)" "www.autobutlerlifts.com"
64.156.10.131 - - [03/Sep/2007:07:35:30 -0700] "GET / HTTP/1.1" 200 916 "-" "Jakarta Commons-HttpClient/3.0.1" "www.autobutlerlifts.com"
66.249.72.42 - - [03/Sep/2007:07:58:40 -0700] "GET /robots.txt HTTP/1.1" 404 275 "-" "Mozilla/5.0 (compatible; Googlebot/2.1; +http://www.google.com/bot.html)" "www.autobutlerlifts.com"
66.249.72.42 - - [03/Sep/2007:07:58:40 -0700] "GET /logs/access_070731.log HTTP/1.1" 304 - "-" "Mozilla/5.0 (compatible; Googlebot/2.1; +http://www.google.com/bot.html)" "www.autobutlerlifts.com"
190.51.110.182 - - [03/Sep/2007:11:08:42 -0700] "GET / HTTP/1.1" 200 916 "-" "Mozilla/4.0 (compatible; MSIE 6.0; Windows NT 5.0)" "autobutlerlifts.com"
190.51.110.182 - - [03/Sep/2007:11:08:44 -0700] "GET /auto-Lifts-Accessories.html HTTP/1.1" 404 275 "-" "Mozilla/4.0 (compatible; MSIE 6.0; Windows NT 5.0)" "autobutlerlifts.com"
190.51.110.182 - - [03/Sep/2007:11:08:58 -0700] "GET /auto-Lifts-Accessories.html HTTP/1.1" 404 275 "-" "Mozilla/4.0 (compatible; MSIE 6.0; Windows NT 5.0)" "autobutlerlifts.com"
68.142.212.192 - - [03/Sep/2007:11:09:47 -0700] "GET /robots.txt HTTP/1.0" 404 275 "-" "Yahoo-MMCrawler/3.x (mms dash mmcrawler dash support at yahoo dash inc dot com)" "autobutlerlifts.com"
82.120.242.178 - - [03/Sep/2007:11:50:08 -0700] "GET / HTTP/1.0" 200 900 "http://www.courbis.fr" "Courbis vous offre la meteo du RER" "www.autobutlerlifts.com"
66.194.6.95 - - [03/Sep/2007:16:50:15 -0700] "GET / HTTP/1.1" 200 916 "-" "Mozilla/5.0 (compatible; Konqueror/3.1-rc5; i686 Linux; 20021205)" "www.autobutlerlifts.com"
66.194.6.68 - - [03/Sep/2007:17:14:30 -0700] "GET / HTTP/1.1" 200 916 "-" "Mozilla/4.0 (compatible; MSIE 6.0; Windows NT 5.1; Q312464)" "autobutlerlifts.com"
205.188.117.72 - - [03/Sep/2007:17:25:07 -0700] "GET / HTTP/1.1" 200 916 "-" "Mozilla/4.0 (compatible; MSIE 7.0; AOL 9.0; Windows NT 5.1)" "www.autobutlerlifts.com"
207.46.98.40 - - [03/Sep/2007:17:37:23 -0700] "GET /robots.txt HTTP/1.0" 404 275 "-" "msnbot/1.0 (+http://search.msn.com/msnbot.htm)" "autobutlerlifts.com"
207.46.98.40 - - [03/Sep/2007:17:37:23 -0700] "GET / HTTP/1.0" 200 900 "-" "msnbot/1.0 (+http://search.msn.com/msnbot.htm)" "autobutlerlifts.com"
66.249.72.42 - - [03/Sep/2007:17:52:56 -0700] "GET /robots.txt HTTP/1.1" 404 275 "-" "Mozilla/5.0 (compatible; Googlebot/2.1; +http://www.google.com/bot.html)" "www.autobutlerlifts.com"
66.249.72.42 - - [03/Sep/2007:17:52:56 -0700] "GET /googlee916a1106382fa83.html HTTP/1.1" 404 275 "-" "Mozilla/5.0 (compatible; Googlebot/2.1; +http://www.google.com/bot.html)" "www.autobutlerlifts.com"
66.249.72.42 - - [03/Sep/2007:17:57:32 -0700] "GET / HTTP/1.1" 200 916 "-" "Mozilla/5.0 (compatible; Googlebot/2.1; +http://www.google.com/bot.html)" "www.autobutlerlifts.com"
74.6.19.121 - - [03/Sep/2007:20:25:00 -0700] "GET /robots.txt HTTP/1.0" 404 275 "-" "Mozilla/5.0 (compatible; Yahoo! Slurp; http://help.yahoo.com/help/us/ysearch/slurp)" "autobutlerlifts.com"
74.6.23.28 - - [03/Sep/2007:20:25:01 -0700] "GET /?N=A HTTP/1.0" 200 900 "-" "Mozilla/5.0 (compatible; Yahoo! Slurp; http://help.yahoo.com/help/us/ysearch/slurp)" "autobutlerlifts.com"
207.46.98.42 - - [03/Sep/2007:20:29:00 -0700] "GET /robots.txt HTTP/1.0" 404 275 "-" "msnbot/1.0 (+http://search.msn.com/msnbot.htm)" "autobutlerlifts.com"
207.46.98.42 - - [03/Sep/2007:20:29:00 -0700] "GET /car-lifts.html HTTP/1.0" 404 275 "-" "msnbot/1.0 (+http://search.msn.com/msnbot.htm)" "autobutlerlifts.com"
66.249.72.42 - - [04/Sep/2007:01:18:26 -0700] "GET /robots.txt HTTP/1.1" 404 275 "-" "Mozilla/5.0 (compatible; Googlebot/2.1; +http://www.google.com/bot.html)" "www.autobutlerlifts.com"
66.249.72.42 - - [04/Sep/2007:01:18:26 -0700] "GET /logs/access.log HTTP/1.1" 200 38252 "-" "Mozilla/5.0 (compatible; Googlebot/2.1; +http://www.google.com/bot.html)" "www.autobutlerlifts.com"
66.196.97.157 - - [04/Sep/2007:03:50:49 -0700] "GET /?sid=avr4p0niedtqrfp4x1rodfg/smtpyng/awjapmk/vq HTTP/1.0" 200 900 "-" "Mozilla/4.0 (compatible; MSIE 6.0; Windows NT 5.1)" "www.autobutlerlifts.com"
66.196.97.157 - - [04/Sep/2007:03:50:51 -0700] "GET /?sid=avr4p0niedtqrfp4x1rodfg/smtpyng/awjapmk/vq HTTP/1.0" 200 900 "-" "Mozilla/4.0 (compatible; MSIE 6.0; Windows NT 5.1)" "www.autobutlerlifts.com"
207.46.98.38 - - [04/Sep/2007:04:38:11 -0700] "GET /robots.txt HTTP/1.0" 404 275 "-" "msnbot/1.0 (+http://search.msn.com/msnbot.htm)" "autobutlerlifts.com"
207.46.98.38 - - [04/Sep/2007:04:38:11 -0700] "GET /car-lift-2.html HTTP/1.0" 404 275 "-" "msnbot/1.0 (+http://search.msn.com/msnbot.htm)" "autobutlerlifts.com"
207.46.98.38 - - [04/Sep/2007:04:59:05 -0700] "GET /auto-lift.html HTTP/1.0" 404 275 "-" "msnbot/1.0 (+http://search.msn.com/msnbot.htm)" "autobutlerlifts.com"
207.46.98.38 - - [04/Sep/2007:05:02:05 -0700] "GET /free-standing-lift.html HTTP/1.0" 404 275 "-" "msnbot/1.0 (+http://search.msn.com/msnbot.htm)" "autobutlerlifts.com"
207.46.98.38 - - [04/Sep/2007:05:02:05 -0700] "GET /auto-lifts.html HTTP/1.0" 404 275 "-" "msnbot/1.0 (+http://search.msn.com/msnbot.htm)" "autobutlerlifts.com"
64.156.10.131 - - [04/Sep/2007:07:40:11 -0700] "GET / HTTP/1.1" 200 916 "-" "Jakarta Commons-HttpClient/3.0.1" "www.autobutlerlifts.com"
38.100.19.10 - - [04/Sep/2007:08:09:36 -0700] "GET / HTTP/1.1" 200 916 "-" "Mozilla/4.0 (compatible; MSIE 6.0; Windows NT 5.1)" "autobutlerlifts.com"
38.100.19.10 - - [04/Sep/2007:08:10:45 -0700] "GET /?sid HTTP/1.1" 200 916 "-" "Mozilla/4.0 (compatible; MSIE 6.0; Windows NT 5.1)" "www.autobutlerlifts.com"
64.1.215.164 - - [04/Sep/2007:10:47:39 -0700] "GET /robots.txt HTTP/1.0" 404 275 "-" "Mozilla/5.0 (Twiceler-0.9 http://www.cuill.com/twiceler/robot.html)" "autobutlerlifts.com"
64.1.215.162 - - [04/Sep/2007:11:29:32 -0700] "GET /robots.txt HTTP/1.0" 404 275 "-" "Mozilla/5.0 (Twiceler-0.9 http://www.cuill.com/twiceler/robot.html)" "www.autobutlerlifts.com"
82.120.127.43 - - [04/Sep/2007:11:54:28 -0700] "GET / HTTP/1.0" 200 900 "http://www.courbis.fr" "Courbis vous offre la meteo du RER" "www.autobutlerlifts.com"
207.190.203.75 - - [04/Sep/2007:12:28:28 -0700] "GET / HTTP/1.1" 200 916 "-" "Mozilla/4.0 (compatible; MSIE 7.0; Windows NT 5.1; .NET CLR 1.1.4322; .NET CLR 2.0.50727)" "www.autobutlerlifts.com"
207.190.203.75 - - [04/Sep/2007:12:28:28 -0700] "GET /favicon.ico HTTP/1.1" 404 275 "-" "Mozilla/4.0 (compatible; MSIE 7.0; Windows NT 5.1; .NET CLR 1.1.4322; .NET CLR 2.0.50727)" "www.autobutlerlifts.com"
207.190.203.75 - - [04/Sep/2007:12:29:05 -0700] "GET /_private/ HTTP/1.1" 200 530 "http://www.autobutlerlifts.com/" "Mozilla/4.0 (compatible; MSIE 7.0; Windows NT 5.1; .NET CLR 1.1.4322; .NET CLR 2.0.50727)" "www.autobutlerlifts.com"
207.190.203.75 - - [04/Sep/2007:12:29:07 -0700] "GET / HTTP/1.1" 200 916 "http://www.autobutlerlifts.com/_private/" "Mozilla/4.0 (compatible; MSIE 7.0; Windows NT 5.1; .NET CLR 1.1.4322; .NET CLR 2.0.50727)" "www.autobutlerlifts.com"
207.190.203.75 - - [04/Sep/2007:12:29:09 -0700] "GET /logs/ HTTP/1.1" 200 1087 "http://www.autobutlerlifts.com/" "Mozilla/4.0 (compatible; MSIE 7.0; Windows NT 5.1; .NET CLR 1.1.4322; .NET CLR 2.0.50727)" "www.autobutlerlifts.com"
207.190.203.75 - - [04/Sep/2007:12:29:10 -0700] "GET /logs/access.log HTTP/1.1" 200 41707 "http://www.autobutlerlifts.com/logs/" "Mozilla/4.0 (compatible; MSIE 7.0; Windows NT 5.1; .NET CLR 1.1.4322; .NET CLR 2.0.50727)" "www.autobutlerlifts.com"
207.190.203.75 - - [04/Sep/2007:12:29:18 -0700] "GET / HTTP/1.1" 200 916 "http://www.autobutlerlifts.com/logs/" "Mozilla/4.0 (compatible; MSIE 7.0; Windows NT 5.1; .NET CLR 1.1.4322; .NET CLR 2.0.50727)" "www.autobutlerlifts.com"
207.190.203.75 - - [04/Sep/2007:12:29:20 -0700] "GET /tmp/ HTTP/1.1" 200 520 "http://www.autobutlerlifts.com/" "Mozilla/4.0 (compatible; MSIE 7.0; Windows NT 5.1; .NET CLR 1.1.4322; .NET CLR 2.0.50727)" "www.autobutlerlifts.com"
207.190.203.75 - - [04/Sep/2007:12:29:21 -0700] "GET / HTTP/1.1" 200 916 "http://www.autobutlerlifts.com/tmp/" "Mozilla/4.0 (compatible; MSIE 7.0; Windows NT 5.1; .NET CLR 1.1.4322; .NET CLR 2.0.50727)" "www.autobutlerlifts.com"
207.190.203.75 - - [04/Sep/2007:12:29:22 -0700] "GET / HTTP/1.1" 200 916 "http://www.autobutlerlifts.com/" "Mozilla/4.0 (compatible; MSIE 7.0; Windows NT 5.1; .NET CLR 1.1.4322; .NET CLR 2.0.50727)" "www.autobutlerlifts.com"
208.97.218.10 - - [04/Sep/2007:13:51:39 -0700] "GET / HTTP/1.1" 200 916 "-" "Mozilla/4.0 (compatible; MSIE 6.0; Windows NT 5.1; SV1; InfoPath.1)" "www.autobutlerlifts.com"
64.156.10.131 - - [04/Sep/2007:14:45:43 -0700] "GET /images/ultracarjackplate.gif HTTP/1.1" 404 275 "-" "Jakarta Commons-HttpClient/3.0.1" "www.autobutlerlifts.com"
66.249.65.35 - - [04/Sep/2007:19:41:20 -0700] "GET /robots.txt HTTP/1.1" 404 275 "-" "Mozilla/5.0 (compatible; Googlebot/2.1; +http://www.google.com/bot.html)" "www.autobutlerlifts.com"
66.249.65.35 - - [04/Sep/2007:19:41:20 -0700] "GET /logs/ HTTP/1.1" 200 1087 "-" "Mozilla/5.0 (compatible; Googlebot/2.1; +http://www.google.com/bot.html)" "www.autobutlerlifts.com"
71.186.49.246 - - [04/Sep/2007:21:18:25 -0700] "GET /index.html HTTP/1.1" 404 275 "http://search.msn.com/results.aspx?q=Safe+auto+lifts&FORM=MSNH" "Mozilla/4.0 (compatible; MSIE 7.0; Windows NT 5.1; .NET CLR 1.0.3705)" "autobutlerlifts.com"
71.186.49.246 - - [04/Sep/2007:21:18:30 -0700] "GET /auto-lift-specifications.html HTTP/1.1" 404 275 "http://search.msn.com/results.aspx?q=Safe+auto+lifts&FORM=MSNH" "Mozilla/4.0 (compatible; MSIE 7.0; Windows NT 5.1; .NET CLR 1.0.3705)" "autobutlerlifts.com"
66.249.72.132 - - [04/Sep/2007:21:51:52 -0700] "GET /tmp HTTP/1.1" 301 98 "-" "Mozilla/5.0 (compatible; Googlebot/2.1; +http://www.google.com/bot.html)" "www.autobutlerlifts.com"
66.249.72.132 - - [04/Sep/2007:21:51:54 -0700] "GET /tmp/ HTTP/1.1" 200 520 "-" "Mozilla/5.0 (compatible; Googlebot/2.1; +http://www.google.com/bot.html)" "www.autobutlerlifts.com"
64.1.215.164 - - [05/Sep/2007:04:09:26 -0700] "GET /robots.txt HTTP/1.0" 404 275 "-" "Mozilla/5.0 (Twiceler-0.9 http://www.cuill.com/twiceler/robot.html)" "autobutlerlifts.com"
64.1.215.162 - - [05/Sep/2007:05:50:44 -0700] "GET /robots.txt HTTP/1.0" 404 275 "-" "Mozilla/5.0 (Twiceler-0.9 http://www.cuill.com/twiceler/robot.html)" "www.autobutlerlifts.com"
64.156.10.131 - - [05/Sep/2007:07:45:18 -0700] "GET / HTTP/1.1" 200 916 "-" "Jakarta Commons-HttpClient/3.0.1" "www.autobutlerlifts.com"
68.191.191.219 - - [05/Sep/2007:09:59:02 -0700] "GET / HTTP/1.1" 200 916 "-" "Mozilla/4.0 (compatible; MSIE 6.0; Windows NT 5.1; SV1; .NET CLR 1.1.4322; .NET CLR 2.0.50727; .NET CLR 3.0.04506.30)" "www.autobutlerlifts.com"
68.142.212.174 - - [05/Sep/2007:10:48:29 -0700] "GET /robots.txt HTTP/1.0" 404 275 "-" "Yahoo-MMCrawler/3.x (mms dash mmcrawler dash support at yahoo dash inc dot com)" "www.autobutlerlifts.com"
24.123.242.106 - - [05/Sep/2007:11:27:21 -0700] "GET /contactus.html HTTP/1.0" 404 275 "http://search.msn.com/results.aspx?q=auto+lifts.com&first=11&FORM=PORE" "Mozilla/4.0 (compatible; MSIE 7.0; Windows NT 5.1)" "autobutlerlifts.com"
24.123.242.106 - - [05/Sep/2007:11:27:27 -0700] "GET /auto-lift-specifications.html HTTP/1.0" 404 275 "http://search.msn.com/results.aspx?q=auto+lifts.com&first=11&FORM=PORE" "Mozilla/4.0 (compatible; MSIE 7.0; Windows NT 5.1)" "autobutlerlifts.com"
24.123.242.106 - - [05/Sep/2007:11:27:27 -0700] "GET /auto-lift-specifications.html HTTP/1.0" 404 275 "http://search.msn.com/results.aspx?q=auto+lifts.com&first=11&FORM=PORE" "Mozilla/4.0 (compatible; MSIE 7.0; Windows NT 5.1)" "autobutlerlifts.com"
82.120.141.159 - - [05/Sep/2007:11:33:58 -0700] "GET / HTTP/1.0" 200 900 "http://www.courbis.fr" "Courbis, trucs et astuces pour le Tomtom Rider" "www.autobutlerlifts.com"
66.72.201.30 - - [05/Sep/2007:14:17:26 -0700] "GET /images/completelogotouse10.gif HTTP/1.1" 404 275 "-" "Mozilla/4.0 (compatible; MSIE 7.0; Windows NT 6.0; SV1; SLCC1; .NET CLR 2.0.50727; Media Center PC 5.0; .NET CLR 3.0.04506)" "www.autobutlerlifts.com"
66.249.66.163 - - [05/Sep/2007:17:30:58 -0700] "GET /robots.txt HTTP/1.1" 404 275 "-" "Mozilla/5.0 (compatible; Googlebot/2.1; +http://www.google.com/bot.html)" "www.autobutlerlifts.com"
66.249.66.163 - - [05/Sep/2007:17:30:58 -0700] "GET / HTTP/1.1" 200 916 "-" "Mozilla/5.0 (compatible; Googlebot/2.1; +http://www.google.com/bot.html)" "www.autobutlerlifts.com"
68.142.212.192 - - [05/Sep/2007:17:41:17 -0700] "GET /robots.txt HTTP/1.0" 404 275 "-" "Yahoo-MMCrawler/3.x (mms dash mmcrawler dash support at yahoo dash inc dot com)" "autobutlerlifts.com"
66.249.66.163 - - [05/Sep/2007:17:59:35 -0700] "GET /logs/access_070831.log HTTP/1.1" 304 - "-" "Mozilla/5.0 (compatible; Googlebot/2.1; +http://www.google.com/bot.html)" "www.autobutlerlifts.com"
216.7.57.183 - - [05/Sep/2007:20:07:49 -0700] "GET / HTTP/1.1" 200 916 "-" "Mozilla/4.0 (compatible; MSIE 7.0; Windows NT 5.1; .NET CLR 1.1.4322)" "www.autobutlerlifts.com"
216.7.57.183 - - [05/Sep/2007:20:07:50 -0700] "GET /favicon.ico HTTP/1.1" 404 275 "-" "Mozilla/4.0 (compatible; MSIE 7.0; Windows NT 5.1; .NET CLR 1.1.4322)" "www.autobutlerlifts.com"
216.7.57.183 - - [05/Sep/2007:20:08:01 -0700] "GET /logs/access.log HTTP/1.1" 200 47884 "-" "Mozilla/4.0 (compatible; MSIE 7.0; Windows NT 5.1; .NET CLR 1.1.4322)" "www.autobutlerlifts.com"
216.7.57.183 - - [05/Sep/2007:20:18:04 -0700] "GET /car-lift-2.html HTTP/1.1" 404 275 "-" "Mozilla/4.0 (compatible; MSIE 7.0; Windows NT 5.1; .NET CLR 1.1.4322)" "www.autobutlerlifts.com"
216.7.57.183 - - [05/Sep/2007:20:18:14 -0700] "GET /free-standing-lift.html HTTP/1.1" 404 275 "-" "Mozilla/4.0 (compatible; MSIE 7.0; Windows NT 5.1; .NET CLR 1.1.4322)" "www.autobutlerlifts.com"
216.7.57.183 - - [05/Sep/2007:20:18:23 -0700] "GET /auto-Lifts-Accessories.html HTTP/1.1" 404 275 "-" "Mozilla/4.0 (compatible; MSIE 7.0; Windows NT 5.1; .NET CLR 1.1.4322)" "www.autobutlerlifts.com"
216.7.57.183 - - [05/Sep/2007:20:18:43 -0700] "GET /auto-lift.html HTTP/1.1" 404 275 "-" "Mozilla/4.0 (compatible; MSIE 7.0; Windows NT 5.1; .NET CLR 1.1.4322)" "autobutlerlifts.com"
65.222.176.123 - - [05/Sep/2007:21:27:52 -0700] "GET / HTTP/1.1" 200 916 "-" "Mozilla/4.0 (compatible; MSIE 6.0; Windows XP)" "www.autobutlerlifts.com"
65.222.176.123 - - [05/Sep/2007:21:28:01 -0700] "GET /tmp/ HTTP/1.1" 200 520 "http://www.autobutlerlifts.com/" "Mozilla/4.0 (compatible; MSIE 6.0; Windows XP)" "www.autobutlerlifts.com"
65.222.176.123 - - [05/Sep/2007:21:28:02 -0700] "GET /logs/ HTTP/1.1" 200 1087 "http://www.autobutlerlifts.com/" "Mozilla/4.0 (compatible; MSIE 6.0; Windows XP)" "www.autobutlerlifts.com"
65.222.176.123 - - [05/Sep/2007:21:28:03 -0700] "GET /_private/ HTTP/1.1" 200 530 "http://www.autobutlerlifts.com/" "Mozilla/4.0 (compatible; MSIE 6.0; Windows XP)" "www.autobutlerlifts.com"
65.222.176.123 - - [05/Sep/2007:21:28:49 -0700] "GET /logs/access_070701.log HTTP/1.1" 200 22361 "http://www.autobutlerlifts.com/logs/" "Mozilla/4.0 (compatible; MSIE 6.0; Windows XP)" "www.autobutlerlifts.com"
65.222.176.123 - - [05/Sep/2007:21:28:50 -0700] "GET /logs/access_070831.log HTTP/1.1" 200 65536 "http://www.autobutlerlifts.com/logs/" "Mozilla/4.0 (compatible; MSIE 6.0; Windows XP)" "www.autobutlerlifts.com"
65.222.176.123 - - [05/Sep/2007:21:28:51 -0700] "GET /logs/access.log HTTP/1.1" 200 49769 "http://www.autobutlerlifts.com/logs/" "Mozilla/4.0 (compatible; MSIE 6.0; Windows XP)" "www.autobutlerlifts.com"
