66.249.72.210 - - [30/Sep/2007:17:08:57 -0700] "GET /robots.txt HTTP/1.1" 404 275 "-" "Mozilla/5.0 (compatible; Googlebot/2.1; +http://www.google.com/bot.html)" "www.autobutlerlifts.com"
66.249.72.210 - - [30/Sep/2007:17:08:58 -0700] "GET /logs/access_070701.log HTTP/1.1" 304 - "-" "Mozilla/5.0 (compatible; Googlebot/2.1; +http://www.google.com/bot.html)" "www.autobutlerlifts.com"
66.249.72.210 - - [30/Sep/2007:18:30:48 -0700] "GET /logs/access_070831.log HTTP/1.1" 304 - "-" "Mozilla/5.0 (compatible; Googlebot/2.1; +http://www.google.com/bot.html)" "www.autobutlerlifts.com"
66.249.72.210 - - [30/Sep/2007:22:42:18 -0700] "GET / HTTP/1.1" 200 916 "-" "Mozilla/5.0 (compatible; Googlebot/2.1; +http://www.google.com/bot.html)" "www.autobutlerlifts.com"
68.142.212.174 - - [01/Oct/2007:01:16:10 -0700] "GET /robots.txt HTTP/1.0" 404 275 "-" "Yahoo-MMCrawler/3.x (mms dash mmcrawler dash support at yahoo dash inc dot com)" "www.autobutlerlifts.com"
64.1.215.164 - - [01/Oct/2007:01:20:16 -0700] "GET /robots.txt HTTP/1.0" 404 275 "-" "Mozilla/5.0 (Twiceler-0.9 http://www.cuill.com/twiceler/robot.html)" "autobutlerlifts.com"
74.6.23.235 - - [01/Oct/2007:02:40:55 -0700] "GET /robots.txt HTTP/1.0" 404 275 "-" "Mozilla/5.0 (compatible; Yahoo! Slurp; http://help.yahoo.com/help/us/ysearch/slurp)" "autobutlerlifts.com"
74.6.29.24 - - [01/Oct/2007:02:40:56 -0700] "GET / HTTP/1.0" 200 900 "-" "Mozilla/5.0 (compatible; Yahoo! Slurp; http://help.yahoo.com/help/us/ysearch/slurp)" "autobutlerlifts.com"
71.233.197.151 - - [01/Oct/2007:08:32:08 -0700] "GET / HTTP/1.1" 200 916 "-" "Mozilla/4.0 (compatible; MSIE 6.0; Windows NT 5.1; SV1; .NET CLR 1.1.4322)" "www.autobutlerlifts.com"
71.233.197.151 - - [01/Oct/2007:08:32:08 -0700] "GET /favicon.ico HTTP/1.1" 404 275 "-" "Mozilla/4.0 (compatible; MSIE 6.0; Windows NT 5.1; SV1; .NET CLR 1.1.4322)" "www.autobutlerlifts.com"
66.249.72.210 - - [01/Oct/2007:08:32:14 -0700] "GET /robots.txt HTTP/1.1" 404 275 "-" "Mozilla/5.0 (compatible; Googlebot/2.1; +http://www.google.com/bot.html)" "www.autobutlerlifts.com"
66.249.72.210 - - [01/Oct/2007:08:32:14 -0700] "GET /tmp HTTP/1.1" 301 98 "-" "Mozilla/5.0 (compatible; Googlebot/2.1; +http://www.google.com/bot.html)" "www.autobutlerlifts.com"
66.249.72.210 - - [01/Oct/2007:08:32:14 -0700] "GET /tmp/ HTTP/1.1" 200 520 "-" "Mozilla/5.0 (compatible; Googlebot/2.1; +http://www.google.com/bot.html)" "www.autobutlerlifts.com"
64.156.10.131 - - [01/Oct/2007:11:20:44 -0700] "GET / HTTP/1.1" 200 916 "-" "Jakarta Commons-HttpClient/3.0.1" "www.autobutlerlifts.com"
66.249.66.45 - - [01/Oct/2007:12:46:00 -0700] "GET /logs/access_070731.log HTTP/1.1" 304 - "-" "Mozilla/5.0 (compatible; Googlebot/2.1; +http://www.google.com/bot.html)" "www.autobutlerlifts.com"
74.6.26.117 - - [01/Oct/2007:17:53:32 -0700] "GET /robots.txt HTTP/1.0" 404 275 "-" "Mozilla/5.0 (compatible; Yahoo! Slurp; http://help.yahoo.com/help/us/ysearch/slurp)" "www.autobutlerlifts.com"
74.6.23.102 - - [01/Oct/2007:17:53:33 -0700] "GET /?S=A HTTP/1.0" 200 900 "-" "Mozilla/5.0 (compatible; Yahoo! Slurp; http://help.yahoo.com/help/us/ysearch/slurp)" "www.autobutlerlifts.com"
207.46.98.39 - - [01/Oct/2007:20:29:38 -0700] "GET /robots.txt HTTP/1.0" 404 275 "-" "msnbot/1.0 (+http://search.msn.com/msnbot.htm)" "autobutlerlifts.com"
207.46.98.39 - - [01/Oct/2007:20:29:38 -0700] "GET / HTTP/1.0" 200 900 "-" "msnbot/1.0 (+http://search.msn.com/msnbot.htm)" "autobutlerlifts.com"
207.46.98.41 - - [02/Oct/2007:02:00:07 -0700] "GET /robots.txt HTTP/1.0" 404 275 "-" "msnbot/1.0 (+http://search.msn.com/msnbot.htm)" "autobutlerlifts.com"
207.46.98.41 - - [02/Oct/2007:02:00:08 -0700] "GET /car-lifts.html HTTP/1.0" 404 275 "-" "msnbot/1.0 (+http://search.msn.com/msnbot.htm)" "autobutlerlifts.com"
64.1.215.164 - - [02/Oct/2007:03:06:58 -0700] "GET /robots.txt HTTP/1.0" 404 275 "-" "Mozilla/5.0 (Twiceler-0.9 http://www.cuill.com/twiceler/robot.html)" "autobutlerlifts.com"
66.249.72.175 - - [02/Oct/2007:03:55:01 -0700] "GET /robots.txt HTTP/1.1" 404 275 "-" "Mozilla/5.0 (compatible; Googlebot/2.1; +http://www.google.com/bot.html)" "www.autobutlerlifts.com"
66.249.72.175 - - [02/Oct/2007:03:55:01 -0700] "GET /tmp HTTP/1.1" 301 98 "-" "Mozilla/5.0 (compatible; Googlebot/2.1; +http://www.google.com/bot.html)" "www.autobutlerlifts.com"
66.249.72.175 - - [02/Oct/2007:03:55:01 -0700] "GET /tmp/ HTTP/1.1" 200 520 "-" "Mozilla/5.0 (compatible; Googlebot/2.1; +http://www.google.com/bot.html)" "www.autobutlerlifts.com"
64.1.215.162 - - [02/Oct/2007:04:03:40 -0700] "GET /robots.txt HTTP/1.0" 404 275 "-" "Mozilla/5.0 (Twiceler-0.9 http://www.cuill.com/twiceler/robot.html)" "www.autobutlerlifts.com"
207.46.98.38 - - [02/Oct/2007:06:21:51 -0700] "GET /robots.txt HTTP/1.0" 404 275 "-" "msnbot/1.0 (+http://search.msn.com/msnbot.htm)" "autobutlerlifts.com"
207.46.98.38 - - [02/Oct/2007:06:21:51 -0700] "GET /car-lift-2.html HTTP/1.0" 404 275 "-" "msnbot/1.0 (+http://search.msn.com/msnbot.htm)" "autobutlerlifts.com"
207.46.98.39 - - [02/Oct/2007:07:07:07 -0700] "GET /robots.txt HTTP/1.0" 404 275 "-" "msnbot/1.0 (+http://search.msn.com/msnbot.htm)" "autobutlerlifts.com"
207.46.98.39 - - [02/Oct/2007:07:07:07 -0700] "GET /auto-lift.html HTTP/1.0" 404 275 "-" "msnbot/1.0 (+http://search.msn.com/msnbot.htm)" "autobutlerlifts.com"
207.46.98.39 - - [02/Oct/2007:07:14:06 -0700] "GET /free-standing-lift.html HTTP/1.0" 404 275 "-" "msnbot/1.0 (+http://search.msn.com/msnbot.htm)" "autobutlerlifts.com"
207.46.98.39 - - [02/Oct/2007:07:14:07 -0700] "GET /auto-lifts.html HTTP/1.0" 404 275 "-" "msnbot/1.0 (+http://search.msn.com/msnbot.htm)" "autobutlerlifts.com"
64.49.84.77 - - [02/Oct/2007:08:19:30 -0700] "GET /logs/access.log HTTP/1.1" 200 5626 "http://search.yahoo.com/search;_ylt=A0oGkxeFXgJHlesAS0NXNyoA?p=www.autobutlerlifts.com&y=Search&fr=yfp-t-471" "Mozilla/4.0 (compatible; MSIE 7.0; Windows NT 5.1)" "autobutlerlifts.com"
64.49.84.77 - - [02/Oct/2007:08:20:12 -0700] "GET /logs/access_070701.log HTTP/1.1" 200 22361 "http://search.yahoo.com/search;_ylt=A0oGkxeFXgJHlesAS0NXNyoA?p=www.autobutlerlifts.com&y=Search&fr=yfp-t-471" "Mozilla/4.0 (compatible; MSIE 7.0; Windows NT 5.1)" "autobutlerlifts.com"
64.49.84.77 - - [02/Oct/2007:08:20:23 -0700] "GET /logs/access_070731.log HTTP/1.1" 200 338648 "http://search.yahoo.com/search;_ylt=A0oGkxeFXgJHlesAS0NXNyoA?p=www.autobutlerlifts.com&y=Search&fr=yfp-t-471" "Mozilla/4.0 (compatible; MSIE 7.0; Windows NT 5.1)" "autobutlerlifts.com"
66.249.72.175 - - [02/Oct/2007:09:35:29 -0700] "GET /logs/access.log HTTP/1.1" 200 6459 "-" "Mozilla/5.0 (compatible; Googlebot/2.1; +http://www.google.com/bot.html)" "www.autobutlerlifts.com"
64.156.10.131 - - [02/Oct/2007:11:25:38 -0700] "GET / HTTP/1.1" 200 916 "-" "Jakarta Commons-HttpClient/3.0.1" "www.autobutlerlifts.com"
24.30.137.69 - - [02/Oct/2007:11:50:35 -0700] "GET /logs/access.log HTTP/1.1" 200 6789 "http://search.yahoo.com/search?p=autobutlerlifts.com&fr=yfp-t-304&toggle=1&cop=mss&ei=UTF-8" "Mozilla/4.0 (compatible; MSIE 7.0; Windows NT 5.1)" "autobutlerlifts.com"
24.30.137.69 - - [02/Oct/2007:11:50:46 -0700] "GET /logs/access_070731.log HTTP/1.1" 200 338648 "http://search.yahoo.com/search?p=autobutlerlifts.com&fr=yfp-t-304&toggle=1&cop=mss&ei=UTF-8" "Mozilla/4.0 (compatible; MSIE 7.0; Windows NT 5.1)" "autobutlerlifts.com"
24.30.137.69 - - [02/Oct/2007:11:51:04 -0700] "GET /logs/access_070701.log HTTP/1.1" 200 22361 "http://search.yahoo.com/search?p=autobutlerlifts.com&fr=yfp-t-304&toggle=1&cop=mss&ei=UTF-8" "Mozilla/4.0 (compatible; MSIE 7.0; Windows NT 5.1)" "autobutlerlifts.com"
24.30.137.69 - - [02/Oct/2007:11:51:25 -0700] "GET /car-lifts.html HTTP/1.1" 404 275 "http://search.yahoo.com/search?p=autobutlerlifts.com&fr=yfp-t-304&toggle=1&cop=mss&ei=UTF-8" "Mozilla/4.0 (compatible; MSIE 7.0; Windows NT 5.1)" "autobutlerlifts.com"
24.30.137.69 - - [02/Oct/2007:11:54:30 -0700] "GET /logs/access.log HTTP/1.1" 200 7828 "http://search.yahoo.com/search?p=www.autobutlerlifts.com&fr=yfp-t-304&toggle=1&cop=mss&ei=UTF-8" "Mozilla/4.0 (compatible; MSIE 7.0; Windows NT 5.1)" "autobutlerlifts.com"
24.30.137.69 - - [02/Oct/2007:11:54:43 -0700] "GET /logs/access.log HTTP/1.1" 200 8088 "http://search.yahoo.com/search?p=www.autobutlerlifts.com&fr=yfp-t-304&toggle=1&cop=mss&ei=UTF-8" "Mozilla/4.0 (compatible; MSIE 7.0; Windows NT 5.1)" "autobutlerlifts.com"
24.30.137.69 - - [02/Oct/2007:11:54:50 -0700] "GET /logs/access_070731.log HTTP/1.1" 304 - "http://search.yahoo.com/search?p=www.autobutlerlifts.com&fr=yfp-t-304&toggle=1&cop=mss&ei=UTF-8" "Mozilla/4.0 (compatible; MSIE 7.0; Windows NT 5.1)" "autobutlerlifts.com"
64.1.215.164 - - [02/Oct/2007:12:51:41 -0700] "GET /robots.txt HTTP/1.0" 404 275 "-" "Mozilla/5.0 (Twiceler-0.9 http://www.cuill.com/twiceler/robot.html)" "autobutlerlifts.com"
64.1.215.164 - - [02/Oct/2007:12:57:15 -0700] "GET /robots.txt HTTP/1.0" 404 275 "-" "Mozilla/5.0 (Twiceler-0.9 http://www.cuill.com/twiceler/robot.html)" "autobutlerlifts.com"
64.1.215.162 - - [02/Oct/2007:13:11:52 -0700] "GET /robots.txt HTTP/1.0" 404 275 "-" "Mozilla/5.0 (Twiceler-0.9 http://www.cuill.com/twiceler/robot.html)" "www.autobutlerlifts.com"
64.1.215.162 - - [02/Oct/2007:13:52:30 -0700] "GET /robots.txt HTTP/1.0" 404 275 "-" "Mozilla/5.0 (Twiceler-0.9 http://www.cuill.com/twiceler/robot.html)" "www.autobutlerlifts.com"
208.80.193.44 - - [03/Oct/2007:00:50:19 -0700] "GET / HTTP/1.1" 200 916 "-" "Mozilla/5.0 (compatible; Konqueror/3.1; i686 Linux; 20021109)" "www.autobutlerlifts.com"
208.80.193.52 - - [03/Oct/2007:01:11:24 -0700] "GET / HTTP/1.1" 200 916 "-" "Mozilla/4.0 (compatible; MSIE 6.0; Windows NT 5.1; Q312460)" "autobutlerlifts.com"
66.249.66.110 - - [03/Oct/2007:02:02:58 -0700] "GET /robots.txt HTTP/1.1" 404 275 "-" "Mozilla/5.0 (compatible; Googlebot/2.1; +http://www.google.com/bot.html)" "www.autobutlerlifts.com"
66.249.66.110 - - [03/Oct/2007:02:02:58 -0700] "GET /tmp HTTP/1.1" 301 98 "-" "Mozilla/5.0 (compatible; Googlebot/2.1; +http://www.google.com/bot.html)" "www.autobutlerlifts.com"
66.249.66.110 - - [03/Oct/2007:02:02:58 -0700] "GET /tmp/ HTTP/1.1" 200 520 "-" "Mozilla/5.0 (compatible; Googlebot/2.1; +http://www.google.com/bot.html)" "www.autobutlerlifts.com"
64.156.10.131 - - [03/Oct/2007:09:30:23 -0700] "GET /images/ultracarjackplate.gif HTTP/1.1" 404 275 "-" "Jakarta Commons-HttpClient/3.0.1" "www.autobutlerlifts.com"
66.249.66.110 - - [03/Oct/2007:09:44:34 -0700] "GET /robots.txt HTTP/1.1" 404 275 "-" "Mozilla/5.0 (compatible; Googlebot/2.1; +http://www.google.com/bot.html)" "www.autobutlerlifts.com"
66.249.66.110 - - [03/Oct/2007:09:44:34 -0700] "GET /logs/ HTTP/1.1" 200 1230 "-" "Mozilla/5.0 (compatible; Googlebot/2.1; +http://www.google.com/bot.html)" "www.autobutlerlifts.com"
64.156.10.131 - - [03/Oct/2007:11:30:39 -0700] "GET / HTTP/1.1" 200 916 "-" "Jakarta Commons-HttpClient/3.0.1" "www.autobutlerlifts.com"
66.249.66.110 - - [03/Oct/2007:11:35:14 -0700] "GET /logs/?S=A HTTP/1.1" 200 1230 "-" "Mozilla/5.0 (compatible; Googlebot/2.1; +http://www.google.com/bot.html)" "www.autobutlerlifts.com"
66.249.66.110 - - [03/Oct/2007:11:36:49 -0700] "GET /logs/?M=A HTTP/1.1" 200 1230 "-" "Mozilla/5.0 (compatible; Googlebot/2.1; +http://www.google.com/bot.html)" "www.autobutlerlifts.com"
66.249.66.110 - - [03/Oct/2007:11:36:50 -0700] "GET /logs/?D=A HTTP/1.1" 200 1230 "-" "Mozilla/5.0 (compatible; Googlebot/2.1; +http://www.google.com/bot.html)" "www.autobutlerlifts.com"
66.249.66.110 - - [03/Oct/2007:11:36:50 -0700] "GET /logs/?N=D HTTP/1.1" 200 1230 "-" "Mozilla/5.0 (compatible; Googlebot/2.1; +http://www.google.com/bot.html)" "www.autobutlerlifts.com"
66.249.66.110 - - [03/Oct/2007:11:39:47 -0700] "GET /logs/access_071001.log HTTP/1.1" 200 150673 "-" "Mozilla/5.0 (compatible; Googlebot/2.1; +http://www.google.com/bot.html)" "www.autobutlerlifts.com"
64.1.215.164 - - [03/Oct/2007:12:32:34 -0700] "GET /robots.txt HTTP/1.0" 404 275 "-" "Mozilla/5.0 (Twiceler-0.9 http://www.cuill.com/twiceler/robot.html)" "autobutlerlifts.com"
64.1.215.164 - - [03/Oct/2007:12:37:25 -0700] "GET /robots.txt HTTP/1.0" 404 275 "-" "Mozilla/5.0 (Twiceler-0.9 http://www.cuill.com/twiceler/robot.html)" "autobutlerlifts.com"
64.1.215.162 - - [03/Oct/2007:13:32:12 -0700] "GET /robots.txt HTTP/1.0" 404 275 "-" "Mozilla/5.0 (Twiceler-0.9 http://www.cuill.com/twiceler/robot.html)" "www.autobutlerlifts.com"
64.1.215.162 - - [03/Oct/2007:13:34:46 -0700] "GET /robots.txt HTTP/1.0" 404 275 "-" "Mozilla/5.0 (Twiceler-0.9 http://www.cuill.com/twiceler/robot.html)" "www.autobutlerlifts.com"
216.166.159.94 - - [03/Oct/2007:17:27:20 -0700] "GET / HTTP/1.1" 200 916 "-" "Mozilla/4.0 (compatible; MSIE 7.0; Windows NT 5.1; .NET CLR 1.1.4322; .NET CLR 2.0.50727; .NET CLR 3.0.04506.30)" "www.autobutlerlifts.com"
216.166.159.94 - - [03/Oct/2007:17:27:21 -0700] "GET /favicon.ico HTTP/1.1" 404 275 "-" "Mozilla/4.0 (compatible; MSIE 7.0; Windows NT 5.1; .NET CLR 1.1.4322; .NET CLR 2.0.50727; .NET CLR 3.0.04506.30)" "www.autobutlerlifts.com"
216.166.159.94 - - [03/Oct/2007:17:27:27 -0700] "GET / HTTP/1.1" 200 916 "http://www.autobutlerlifts.com/" "Mozilla/4.0 (compatible; MSIE 7.0; Windows NT 5.1; .NET CLR 1.1.4322; .NET CLR 2.0.50727; .NET CLR 3.0.04506.30)" "www.autobutlerlifts.com"
216.166.159.94 - - [03/Oct/2007:17:27:35 -0700] "GET /_private/ HTTP/1.1" 200 530 "http://www.autobutlerlifts.com/" "Mozilla/4.0 (compatible; MSIE 7.0; Windows NT 5.1; .NET CLR 1.1.4322; .NET CLR 2.0.50727; .NET CLR 3.0.04506.30)" "www.autobutlerlifts.com"
216.166.159.94 - - [03/Oct/2007:17:27:43 -0700] "GET /logs/ HTTP/1.1" 200 1230 "http://www.autobutlerlifts.com/" "Mozilla/4.0 (compatible; MSIE 7.0; Windows NT 5.1; .NET CLR 1.1.4322; .NET CLR 2.0.50727; .NET CLR 3.0.04506.30)" "www.autobutlerlifts.com"
216.166.159.94 - - [03/Oct/2007:17:27:48 -0700] "GET /logs/access_070701.log HTTP/1.1" 200 22361 "http://www.autobutlerlifts.com/logs/" "Mozilla/4.0 (compatible; MSIE 7.0; Windows NT 5.1; .NET CLR 1.1.4322; .NET CLR 2.0.50727; .NET CLR 3.0.04506.30)" "www.autobutlerlifts.com"
216.166.159.94 - - [03/Oct/2007:17:28:06 -0700] "GET / HTTP/1.1" 200 916 "http://www.autobutlerlifts.com/" "Mozilla/4.0 (compatible; MSIE 7.0; Windows NT 5.1; .NET CLR 1.1.4322; .NET CLR 2.0.50727; .NET CLR 3.0.04506.30)" "www.autobutlerlifts.com"
74.6.26.117 - - [03/Oct/2007:19:33:01 -0700] "GET /robots.txt HTTP/1.0" 404 275 "-" "Mozilla/5.0 (compatible; Yahoo! Slurp; http://help.yahoo.com/help/us/ysearch/slurp)" "www.autobutlerlifts.com"
74.6.28.45 - - [03/Oct/2007:19:33:01 -0700] "GET /free-standing-lift.html HTTP/1.0" 404 275 "-" "Mozilla/5.0 (compatible; Yahoo! Slurp; http://help.yahoo.com/help/us/ysearch/slurp)" "www.autobutlerlifts.com"
64.1.215.164 - - [04/Oct/2007:00:36:58 -0700] "GET /robots.txt HTTP/1.0" 404 275 "-" "Mozilla/5.0 (Twiceler-0.9 http://www.cuill.com/twiceler/robot.html)" "autobutlerlifts.com"
64.1.215.162 - - [04/Oct/2007:01:09:35 -0700] "GET /robots.txt HTTP/1.0" 404 275 "-" "Mozilla/5.0 (Twiceler-0.9 http://www.cuill.com/twiceler/robot.html)" "www.autobutlerlifts.com"
66.249.66.110 - - [04/Oct/2007:03:28:35 -0700] "GET /robots.txt HTTP/1.1" 404 275 "-" "Mozilla/5.0 (compatible; Googlebot/2.1; +http://www.google.com/bot.html)" "www.autobutlerlifts.com"
66.249.66.110 - - [04/Oct/2007:03:28:35 -0700] "GET /tmp HTTP/1.1" 301 98 "-" "Mozilla/5.0 (compatible; Googlebot/2.1; +http://www.google.com/bot.html)" "www.autobutlerlifts.com"
66.249.66.110 - - [04/Oct/2007:03:28:35 -0700] "GET /tmp/ HTTP/1.1" 200 520 "-" "Mozilla/5.0 (compatible; Googlebot/2.1; +http://www.google.com/bot.html)" "www.autobutlerlifts.com"
64.156.10.131 - - [04/Oct/2007:04:20:28 -0700] "GET /images/Castersforcart2.jpg HTTP/1.1" 404 275 "-" "Jakarta Commons-HttpClient/3.0.1" "www.autobutlerlifts.com"
66.249.66.110 - - [04/Oct/2007:07:18:28 -0700] "GET / HTTP/1.1" 200 916 "-" "Mozilla/5.0 (compatible; Googlebot/2.1; +http://www.google.com/bot.html)" "www.autobutlerlifts.com"
74.6.26.117 - - [04/Oct/2007:10:32:11 -0700] "GET /robots.txt HTTP/1.0" 404 275 "-" "Mozilla/5.0 (compatible; Yahoo! Slurp; http://help.yahoo.com/help/us/ysearch/slurp)" "www.autobutlerlifts.com"
74.6.23.16 - - [04/Oct/2007:10:32:12 -0700] "GET /tmp/ HTTP/1.0" 200 504 "-" "Mozilla/5.0 (compatible; Yahoo! Slurp; http://help.yahoo.com/help/us/ysearch/slurp)" "www.autobutlerlifts.com"
66.249.72.132 - - [04/Oct/2007:11:33:24 -0700] "GET /robots.txt HTTP/1.1" 404 275 "-" "Mozilla/5.0 (compatible; Googlebot/2.1; +http://www.google.com/bot.html)" "autobutlerlifts.com"
66.249.72.132 - - [04/Oct/2007:11:33:24 -0700] "GET /index.html HTTP/1.1" 404 275 "-" "Mozilla/5.0 (compatible; Googlebot/2.1; +http://www.google.com/bot.html)" "autobutlerlifts.com"
64.156.10.131 - - [04/Oct/2007:11:35:28 -0700] "GET / HTTP/1.1" 200 916 "-" "Jakarta Commons-HttpClient/3.0.1" "www.autobutlerlifts.com"
207.65.107.20 - - [04/Oct/2007:13:24:13 -0700] "GET / HTTP/1.1" 200 916 "http://forums.corvetteforum.com/showthread.php?p=1559951166" "Mozilla/4.0 (compatible; MSIE 6.0; Windows NT 5.1; SV1; .NET CLR 1.1.4322; .NET CLR 2.0.50727)" "www.autobutlerlifts.com"
208.80.193.54 - - [04/Oct/2007:18:35:54 -0700] "GET / HTTP/1.1" 200 916 "-" "Mozilla/4.0 (compatible; MSIE 6.0; Windows NT 5.1; Q312468)" "www.autobutlerlifts.com"
208.80.193.42 - - [04/Oct/2007:19:01:23 -0700] "GET / HTTP/1.1" 200 916 "-" "Mozilla/4.0 (compatible; MSIE 6.0; Windows NT 5.1; Q312462)" "autobutlerlifts.com"
71.120.55.166 - - [04/Oct/2007:20:26:39 -0700] "GET / HTTP/1.1" 200 916 "http://www.ffcobra.com/cgi-bin/ultimatebb.cgi?ubb=get_topic;f=36;t=011622;p=1" "Mozilla/5.0 (Windows; U; Windows NT 5.1; en-US; rv:1.8.1.7) Gecko/20070914 Firefox/2.0.0.7" "www.autobutlerlifts.com"
71.120.55.166 - - [04/Oct/2007:20:26:40 -0700] "GET /favicon.ico HTTP/1.1" 404 275 "-" "Mozilla/5.0 (Windows; U; Windows NT 5.1; en-US; rv:1.8.1.7) Gecko/20070914 Firefox/2.0.0.7" "www.autobutlerlifts.com"
71.120.55.166 - - [04/Oct/2007:20:26:47 -0700] "GET /favicon.ico HTTP/1.1" 404 275 "-" "Mozilla/5.0 (Windows; U; Windows NT 5.1; en-US; rv:1.8.1.7) Gecko/20070914 Firefox/2.0.0.7" "www.autobutlerlifts.com"
71.120.55.166 - - [04/Oct/2007:20:26:54 -0700] "GET /tmp/ HTTP/1.1" 200 520 "http://www.autobutlerlifts.com/" "Mozilla/5.0 (Windows; U; Windows NT 5.1; en-US; rv:1.8.1.7) Gecko/20070914 Firefox/2.0.0.7" "www.autobutlerlifts.com"
71.120.55.166 - - [04/Oct/2007:20:26:56 -0700] "GET / HTTP/1.1" 200 916 "http://www.autobutlerlifts.com/tmp/" "Mozilla/5.0 (Windows; U; Windows NT 5.1; en-US; rv:1.8.1.7) Gecko/20070914 Firefox/2.0.0.7" "www.autobutlerlifts.com"
71.120.55.166 - - [04/Oct/2007:20:26:57 -0700] "GET /_private/ HTTP/1.1" 200 530 "http://www.autobutlerlifts.com/" "Mozilla/5.0 (Windows; U; Windows NT 5.1; en-US; rv:1.8.1.7) Gecko/20070914 Firefox/2.0.0.7" "www.autobutlerlifts.com"
71.120.55.166 - - [04/Oct/2007:20:26:58 -0700] "GET / HTTP/1.1" 200 916 "http://www.autobutlerlifts.com/_private/" "Mozilla/5.0 (Windows; U; Windows NT 5.1; en-US; rv:1.8.1.7) Gecko/20070914 Firefox/2.0.0.7" "www.autobutlerlifts.com"
71.120.55.166 - - [04/Oct/2007:20:26:59 -0700] "GET /logs/ HTTP/1.1" 200 1230 "http://www.autobutlerlifts.com/" "Mozilla/5.0 (Windows; U; Windows NT 5.1; en-US; rv:1.8.1.7) Gecko/20070914 Firefox/2.0.0.7" "www.autobutlerlifts.com"
71.120.55.166 - - [04/Oct/2007:20:27:02 -0700] "GET / HTTP/1.1" 200 916 "http://www.autobutlerlifts.com/logs/" "Mozilla/5.0 (Windows; U; Windows NT 5.1; en-US; rv:1.8.1.7) Gecko/20070914 Firefox/2.0.0.7" "www.autobutlerlifts.com"
71.120.55.166 - - [04/Oct/2007:20:27:04 -0700] "GET / HTTP/1.1" 200 916 "http://www.autobutlerlifts.com/" "Mozilla/5.0 (Windows; U; Windows NT 5.1; en-US; rv:1.8.1.7) Gecko/20070914 Firefox/2.0.0.7" "www.autobutlerlifts.com"
68.252.5.186 - - [04/Oct/2007:21:18:53 -0700] "GET / HTTP/1.1" 200 916 "-" "Mozilla/4.0 (compatible; MSIE 7.0; Windows NT 5.1; .NET CLR 1.1.4322; .NET CLR 2.0.50727; Zango 10.0.314.0)" "autobutlerlifts.com"
68.252.5.186 - - [04/Oct/2007:21:18:54 -0700] "GET /favicon.ico HTTP/1.1" 404 275 "-" "Mozilla/4.0 (compatible; MSIE 7.0; Windows NT 5.1; .NET CLR 1.1.4322; .NET CLR 2.0.50727; Zango 10.0.314.0)" "autobutlerlifts.com"
68.252.5.186 - - [04/Oct/2007:21:18:54 -0700] "GET /favicon.ico HTTP/1.1" 404 275 "-" "Mozilla/5.0 (compatible; Google Desktop)" "autobutlerlifts.com"
74.6.26.117 - - [05/Oct/2007:01:49:59 -0700] "GET /robots.txt HTTP/1.0" 404 275 "-" "Mozilla/5.0 (compatible; Yahoo! Slurp; http://help.yahoo.com/help/us/ysearch/slurp)" "www.autobutlerlifts.com"
74.6.20.138 - - [05/Oct/2007:01:49:59 -0700] "GET /logs/ HTTP/1.0" 200 1214 "-" "Mozilla/5.0 (compatible; Yahoo! Slurp; http://help.yahoo.com/help/us/ysearch/slurp)" "www.autobutlerlifts.com"
66.249.72.97 - - [05/Oct/2007:02:35:01 -0700] "GET /robots.txt HTTP/1.1" 404 275 "-" "Mozilla/5.0 (compatible; Googlebot/2.1; +http://www.google.com/bot.html)" "www.autobutlerlifts.com"
66.249.72.97 - - [05/Oct/2007:02:35:01 -0700] "GET /tmp HTTP/1.1" 301 98 "-" "Mozilla/5.0 (compatible; Googlebot/2.1; +http://www.google.com/bot.html)" "www.autobutlerlifts.com"
66.249.72.97 - - [05/Oct/2007:02:35:01 -0700] "GET /tmp/ HTTP/1.1" 200 520 "-" "Mozilla/5.0 (compatible; Googlebot/2.1; +http://www.google.com/bot.html)" "www.autobutlerlifts.com"
64.182.124.212 - - [05/Oct/2007:09:35:59 -0700] "GET / HTTP/1.1" 200 916 "-" "Mozilla/5.0" "autobutlerlifts.com"
64.156.10.131 - - [05/Oct/2007:11:40:25 -0700] "GET / HTTP/1.1" 200 916 "-" "Jakarta Commons-HttpClient/3.0.1" "www.autobutlerlifts.com"
64.1.215.164 - - [05/Oct/2007:13:36:14 -0700] "GET /robots.txt HTTP/1.0" 404 275 "-" "Mozilla/5.0 (Twiceler-0.9 http://www.cuill.com/twiceler/robot.html)" "autobutlerlifts.com"
64.1.215.162 - - [05/Oct/2007:14:28:59 -0700] "GET /robots.txt HTTP/1.0" 404 275 "-" "Mozilla/5.0 (Twiceler-0.9 http://www.cuill.com/twiceler/robot.html)" "www.autobutlerlifts.com"
66.249.72.97 - - [05/Oct/2007:15:06:46 -0700] "GET /robots.txt HTTP/1.1" 404 275 "-" "Mozilla/5.0 (compatible; Googlebot/2.1; +http://www.google.com/bot.html)" "www.autobutlerlifts.com"
66.249.72.97 - - [05/Oct/2007:15:06:46 -0700] "GET / HTTP/1.1" 200 916 "-" "Mozilla/5.0 (compatible; Googlebot/2.1; +http://www.google.com/bot.html)" "www.autobutlerlifts.com"
66.249.72.97 - - [05/Oct/2007:16:58:06 -0700] "GET /googlee916a1106382fa83.html HTTP/1.1" 404 275 "-" "Mozilla/5.0 (compatible; Googlebot/2.1; +http://www.google.com/bot.html)" "www.autobutlerlifts.com"
38.100.41.112 - - [05/Oct/2007:19:10:38 -0700] "GET / HTTP/1.1" 200 916 "-" "Mozilla/4.0 (compatible; MSIE 6.0; Windows XP)" "www.autobutlerlifts.com"
38.100.41.112 - - [05/Oct/2007:19:10:38 -0700] "GET /logs/ HTTP/1.1" 200 1230 "http://www.autobutlerlifts.com/" "Mozilla/4.0 (compatible; MSIE 6.0; Windows XP)" "www.autobutlerlifts.com"
38.100.41.112 - - [05/Oct/2007:19:10:38 -0700] "GET /tmp/ HTTP/1.1" 200 520 "http://www.autobutlerlifts.com/" "Mozilla/4.0 (compatible; MSIE 6.0; Windows XP)" "www.autobutlerlifts.com"
38.100.41.112 - - [05/Oct/2007:19:10:38 -0700] "GET /_private/ HTTP/1.1" 200 530 "http://www.autobutlerlifts.com/" "Mozilla/4.0 (compatible; MSIE 6.0; Windows XP)" "www.autobutlerlifts.com"
38.100.41.112 - - [05/Oct/2007:19:10:43 -0700] "GET /logs/access_071001.log HTTP/1.1" 200 150673 "http://www.autobutlerlifts.com/logs/" "Mozilla/4.0 (compatible; MSIE 6.0; Windows XP)" "www.autobutlerlifts.com"
38.100.41.112 - - [05/Oct/2007:19:10:44 -0700] "GET /logs/access_070831.log HTTP/1.1" 200 0 "http://www.autobutlerlifts.com/logs/" "Mozilla/4.0 (compatible; MSIE 6.0; Windows XP)" "www.autobutlerlifts.com"
38.100.41.112 - - [05/Oct/2007:19:10:48 -0700] "GET /logs/access_070701.log HTTP/1.1" 200 22361 "http://www.autobutlerlifts.com/logs/" "Mozilla/4.0 (compatible; MSIE 6.0; Windows XP)" "www.autobutlerlifts.com"
38.100.41.112 - - [05/Oct/2007:19:10:51 -0700] "GET /logs/access.log HTTP/1.1" 200 23704 "http://www.autobutlerlifts.com/logs/" "Mozilla/4.0 (compatible; MSIE 6.0; Windows XP)" "www.autobutlerlifts.com"
38.100.41.112 - - [05/Oct/2007:19:10:51 -0700] "GET /logs/access_070731.log HTTP/1.1" 200 65536 "http://www.autobutlerlifts.com/logs/" "Mozilla/4.0 (compatible; MSIE 6.0; Windows XP)" "www.autobutlerlifts.com"
63.123.238.8 - - [05/Oct/2007:19:18:15 -0700] "GET /robots.txt HTTP/1.1" 404 275 "-" "Mozilla/2.0 (compatible; Ask Jeeves/Teoma)" "autobutlerlifts.com"
63.123.238.8 - - [05/Oct/2007:19:18:15 -0700] "GET / HTTP/1.1" 200 916 "-" "Mozilla/2.0 (compatible; Ask Jeeves/Teoma)" "autobutlerlifts.com"
72.44.44.136 - - [05/Oct/2007:21:34:15 -0700] "HEAD ? HTTP/1.0" 200 0 "-" "-" "www.autobutlerlifts.com"
72.44.44.136 - - [05/Oct/2007:21:34:16 -0700] "GET / HTTP/1.0" 200 900 "-" "-" "www.autobutlerlifts.com"
66.249.72.97 - - [06/Oct/2007:02:05:52 -0700] "GET /robots.txt HTTP/1.1" 404 275 "-" "Mozilla/5.0 (compatible; Googlebot/2.1; +http://www.google.com/bot.html)" "www.autobutlerlifts.com"
66.249.72.97 - - [06/Oct/2007:02:05:52 -0700] "GET /logs/access.log HTTP/1.1" 200 24620 "-" "Mozilla/5.0 (compatible; Googlebot/2.1; +http://www.google.com/bot.html)" "www.autobutlerlifts.com"
66.249.72.97 - - [06/Oct/2007:03:23:46 -0700] "GET /tmp HTTP/1.1" 301 98 "-" "Mozilla/5.0 (compatible; Googlebot/2.1; +http://www.google.com/bot.html)" "www.autobutlerlifts.com"
66.249.72.97 - - [06/Oct/2007:03:23:46 -0700] "GET /tmp/ HTTP/1.1" 200 520 "-" "Mozilla/5.0 (compatible; Googlebot/2.1; +http://www.google.com/bot.html)" "www.autobutlerlifts.com"
69.125.219.69 - - [06/Oct/2007:05:49:45 -0700] "GET / HTTP/1.1" 200 916 "-" "Mozilla/4.0 (compatible; MSIE 6.0; Windows NT 5.1; SV1; .NET CLR 1.0.3705; .NET CLR 1.1.4322; .NET CLR 2.0.50727)" "www.autobutlerlifts.com"
69.49.45.199 - - [06/Oct/2007:06:06:25 -0700] "GET /favicon.ico HTTP/1.1" 404 275 "-" "Mozilla/4.0 (compatible; GoogleToolbar 4.0.1601.4978-big; Windows XP 5.1; MSIE 7.0.5730.11)" "www.autobutlerlifts.com"
69.49.45.199 - - [06/Oct/2007:06:06:25 -0700] "GET /favicon.gif HTTP/1.1" 404 275 "-" "Mozilla/4.0 (compatible; GoogleToolbar 4.0.1601.4978-big; Windows XP 5.1; MSIE 7.0.5730.11)" "www.autobutlerlifts.com"
64.156.10.131 - - [06/Oct/2007:11:45:20 -0700] "GET / HTTP/1.1" 200 916 "-" "Jakarta Commons-HttpClient/3.0.1" "www.autobutlerlifts.com"
76.104.65.68 - - [06/Oct/2007:11:55:13 -0700] "GET / HTTP/1.1" 200 916 "http://www.ffcobra.com/cgi-bin/ultimatebb.cgi?ubb=get_topic;f=36;t=011622;p=1" "Mozilla/4.0 (compatible; MSIE 6.0; Windows NT 5.1; .NET CLR 1.1.4322; InfoPath.1)" "www.autobutlerlifts.com"
76.104.65.68 - - [06/Oct/2007:11:55:17 -0700] "GET /_private/ HTTP/1.1" 200 530 "http://www.autobutlerlifts.com/" "Mozilla/4.0 (compatible; MSIE 6.0; Windows NT 5.1; .NET CLR 1.1.4322; InfoPath.1)" "www.autobutlerlifts.com"
76.104.65.68 - - [06/Oct/2007:11:55:20 -0700] "GET /logs/ HTTP/1.1" 200 1230 "http://www.autobutlerlifts.com/" "Mozilla/4.0 (compatible; MSIE 6.0; Windows NT 5.1; .NET CLR 1.1.4322; InfoPath.1)" "www.autobutlerlifts.com"
74.6.26.117 - - [06/Oct/2007:13:54:21 -0700] "GET /robots.txt HTTP/1.0" 404 275 "-" "Mozilla/5.0 (compatible; Yahoo! Slurp; http://help.yahoo.com/help/us/ysearch/slurp)" "www.autobutlerlifts.com"
74.6.28.217 - - [06/Oct/2007:13:54:21 -0700] "GET / HTTP/1.0" 200 900 "-" "Mozilla/5.0 (compatible; Yahoo! Slurp; http://help.yahoo.com/help/us/ysearch/slurp)" "www.autobutlerlifts.com"
208.80.193.42 - - [06/Oct/2007:17:11:02 -0700] "GET / HTTP/1.1" 200 916 "-" "Mozilla/5.0 (compatible; Konqueror/3.1-rc1; i686 Linux; 20021223)" "www.autobutlerlifts.com"
208.80.193.46 - - [06/Oct/2007:17:31:06 -0700] "GET / HTTP/1.1" 200 916 "-" "Mozilla/4.0 (compatible; MSIE 6.0; Windows NT 5.1; Q312465)" "autobutlerlifts.com"
66.249.72.97 - - [06/Oct/2007:17:50:41 -0700] "GET /robots.txt HTTP/1.1" 404 275 "-" "Mozilla/5.0 (compatible; Googlebot/2.1; +http://www.google.com/bot.html)" "www.autobutlerlifts.com"
66.249.72.97 - - [06/Oct/2007:17:50:41 -0700] "GET / HTTP/1.1" 200 916 "-" "Mozilla/5.0 (compatible; Googlebot/2.1; +http://www.google.com/bot.html)" "www.autobutlerlifts.com"
74.52.245.146 - - [06/Oct/2007:21:12:51 -0700] "GET / HTTP/1.0" 200 900 "-" "Mozilla/5.0 (X11; U; Linux i686; en-US; rv:1.7.5) Gecko/20041107 Firefox/1.0" "www.autobutlerlifts.com"
66.249.72.97 - - [07/Oct/2007:00:42:11 -0700] "GET /robots.txt HTTP/1.1" 404 275 "-" "Mozilla/5.0 (compatible; Googlebot/2.1; +http://www.google.com/bot.html)" "www.autobutlerlifts.com"
66.249.72.97 - - [07/Oct/2007:00:42:11 -0700] "GET /tmp HTTP/1.1" 301 98 "-" "Mozilla/5.0 (compatible; Googlebot/2.1; +http://www.google.com/bot.html)" "www.autobutlerlifts.com"
66.249.72.97 - - [07/Oct/2007:00:42:11 -0700] "GET /tmp/ HTTP/1.1" 200 520 "-" "Mozilla/5.0 (compatible; Googlebot/2.1; +http://www.google.com/bot.html)" "www.autobutlerlifts.com"
71.7.243.178 - - [07/Oct/2007:09:21:12 -0700] "GET /robots.txt HTTP/1.0" 404 275 "http://majestic12.co.uk/bot.php?I=7021727867F69C742A1234F6FF9EA0A1-5B058E28A3630DC5-E571A3C53C590EBD-www.autobutlerlifts.com" "MJ12bot/v1.2.0 (http://majestic12.co.uk/bot.php?+)" "www.autobutlerlifts.com"
71.7.243.178 - - [07/Oct/2007:09:21:13 -0700] "GET / HTTP/1.1" 200 916 "-" "MJ12bot/v1.2.0 (http://majestic12.co.uk/bot.php?+)" "www.autobutlerlifts.com"
64.156.10.131 - - [07/Oct/2007:11:51:43 -0700] "GET / HTTP/1.1" 200 916 "-" "Jakarta Commons-HttpClient/3.0.1" "www.autobutlerlifts.com"
66.249.72.97 - - [07/Oct/2007:16:30:36 -0700] "GET /robots.txt HTTP/1.1" 404 275 "-" "Mozilla/5.0 (compatible; Googlebot/2.1; +http://www.google.com/bot.html)" "www.autobutlerlifts.com"
66.249.72.97 - - [07/Oct/2007:16:30:36 -0700] "GET / HTTP/1.1" 200 916 "-" "Mozilla/5.0 (compatible; Googlebot/2.1; +http://www.google.com/bot.html)" "www.autobutlerlifts.com"
24.74.163.72 - - [07/Oct/2007:17:39:41 -0700] "GET / HTTP/1.1" 200 916 "http://www.ffcobra.com/cgi-bin/ultimatebb.cgi?ubb=get_topic;f=36;t=011622;p=1" "Mozilla/5.0 (Macintosh; U; Intel Mac OS X; en) AppleWebKit/419.3 (KHTML, like Gecko) Safari/419.3" "www.autobutlerlifts.com"
24.74.163.72 - - [07/Oct/2007:17:39:41 -0700] "GET /favicon.ico HTTP/1.1" 404 275 "-" "Mozilla/5.0 (Macintosh; U; Intel Mac OS X; en) AppleWebKit/419.3 (KHTML, like Gecko) Safari/419.3" "www.autobutlerlifts.com"
66.249.72.97 - - [07/Oct/2007:19:24:39 -0700] "GET /logs/access_070701.log HTTP/1.1" 304 - "-" "Mozilla/5.0 (compatible; Googlebot/2.1; +http://www.google.com/bot.html)" "www.autobutlerlifts.com"
66.249.72.97 - - [07/Oct/2007:21:00:00 -0700] "GET /tmp HTTP/1.1" 301 98 "-" "Mozilla/5.0 (compatible; Googlebot/2.1; +http://www.google.com/bot.html)" "www.autobutlerlifts.com"
66.249.72.97 - - [07/Oct/2007:21:00:00 -0700] "GET /tmp/ HTTP/1.1" 200 520 "-" "Mozilla/5.0 (compatible; Googlebot/2.1; +http://www.google.com/bot.html)" "www.autobutlerlifts.com"
74.6.25.79 - - [07/Oct/2007:22:29:27 -0700] "GET /robots.txt HTTP/1.0" 404 275 "-" "Mozilla/5.0 (compatible; Yahoo! Slurp; http://help.yahoo.com/help/us/ysearch/slurp)" "autobutlerlifts.com"
74.6.26.212 - - [07/Oct/2007:22:29:28 -0700] "GET /tmp/?D=A HTTP/1.0" 200 504 "-" "Mozilla/5.0 (compatible; Yahoo! Slurp; http://help.yahoo.com/help/us/ysearch/slurp)" "autobutlerlifts.com"
85.177.227.182 - - [08/Oct/2007:02:19:12 -0700] "GET /logs/access.log HTTP/1.1" 200 30993 "http://www.google.de/search?q=inurl:access.log&hl=de&start=100&sa=N" "Mozilla/5.0 (Windows; U; Windows NT 5.1; de; rv:1.8.1.7) Gecko/20070914 Firefox/2.0.0.7" "www.autobutlerlifts.com"
85.177.227.182 - - [08/Oct/2007:02:19:13 -0700] "GET /favicon.ico HTTP/1.1" 404 275 "-" "Mozilla/5.0 (Windows; U; Windows NT 5.1; de; rv:1.8.1.7) Gecko/20070914 Firefox/2.0.0.7" "www.autobutlerlifts.com"
74.6.26.117 - - [08/Oct/2007:02:43:41 -0700] "GET /robots.txt HTTP/1.0" 404 275 "-" "Mozilla/5.0 (compatible; Yahoo! Slurp; http://help.yahoo.com/help/us/ysearch/slurp)" "www.autobutlerlifts.com"
74.6.27.79 - - [08/Oct/2007:02:43:42 -0700] "GET /logs/access.log HTTP/1.0" 200 31473 "-" "Mozilla/5.0 (compatible; Yahoo! Slurp; http://help.yahoo.com/help/us/ysearch/slurp)" "www.autobutlerlifts.com"
74.6.29.24 - - [08/Oct/2007:02:48:08 -0700] "GET / HTTP/1.0" 200 900 "-" "Mozilla/5.0 (compatible; Yahoo! Slurp; http://help.yahoo.com/help/us/ysearch/slurp)" "autobutlerlifts.com"
207.46.98.38 - - [08/Oct/2007:05:28:39 -0700] "GET /robots.txt HTTP/1.0" 404 275 "-" "msnbot/1.0 (+http://search.msn.com/msnbot.htm)" "autobutlerlifts.com"
207.46.98.38 - - [08/Oct/2007:05:28:39 -0700] "GET /index.html HTTP/1.0" 404 275 "-" "msnbot/1.0 (+http://search.msn.com/msnbot.htm)" "autobutlerlifts.com"
207.46.98.40 - - [08/Oct/2007:06:13:23 -0700] "GET /robots.txt HTTP/1.0" 404 275 "-" "msnbot/1.0 (+http://search.msn.com/msnbot.htm)" "autobutlerlifts.com"
207.46.98.40 - - [08/Oct/2007:06:13:23 -0700] "GET /compare1.html HTTP/1.0" 404 275 "-" "msnbot/1.0 (+http://search.msn.com/msnbot.htm)" "autobutlerlifts.com"
74.6.27.35 - - [08/Oct/2007:07:35:31 -0700] "GET /?M=A HTTP/1.0" 200 900 "-" "Mozilla/5.0 (compatible; Yahoo! Slurp; http://help.yahoo.com/help/us/ysearch/slurp)" "www.autobutlerlifts.com"
74.6.23.203 - - [08/Oct/2007:10:14:03 -0700] "GET /?D=A HTTP/1.0" 200 900 "-" "Mozilla/5.0 (compatible; Yahoo! Slurp; http://help.yahoo.com/help/us/ysearch/slurp)" "www.autobutlerlifts.com"
66.249.72.132 - - [08/Oct/2007:11:24:04 -0700] "GET /robots.txt HTTP/1.1" 404 275 "-" "Mozilla/5.0 (compatible; Googlebot/2.1; +http://www.google.com/bot.html)" "www.autobutlerlifts.com"
66.249.72.132 - - [08/Oct/2007:11:24:04 -0700] "GET / HTTP/1.1" 200 916 "-" "Mozilla/5.0 (compatible; Googlebot/2.1; +http://www.google.com/bot.html)" "www.autobutlerlifts.com"
64.156.10.131 - - [08/Oct/2007:11:56:41 -0700] "GET / HTTP/1.1" 200 916 "-" "Jakarta Commons-HttpClient/3.0.1" "www.autobutlerlifts.com"
207.46.98.39 - - [08/Oct/2007:12:16:54 -0700] "GET /robots.txt HTTP/1.0" 404 275 "-" "msnbot/1.0 (+http://search.msn.com/msnbot.htm)" "autobutlerlifts.com"
207.46.98.39 - - [08/Oct/2007:12:16:55 -0700] "GET /four-post-lift-about-us.html HTTP/1.0" 404 275 "-" "msnbot/1.0 (+http://search.msn.com/msnbot.htm)" "autobutlerlifts.com"
82.99.30.63 - - [08/Oct/2007:13:25:29 -0700] "GET / HTTP/1.0" 200 900 "-" "Mozilla/4.0 (compatible; MSIE 6.0; Windows NT 5.1)" "www.autobutlerlifts.com"
207.46.98.39 - - [08/Oct/2007:13:45:30 -0700] "GET /robots.txt HTTP/1.0" 404 275 "-" "msnbot/1.0 (+http://search.msn.com/msnbot.htm)" "autobutlerlifts.com"
207.46.98.39 - - [08/Oct/2007:13:45:30 -0700] "GET /auto-Lifts-Accessories.html HTTP/1.0" 404 275 "-" "msnbot/1.0 (+http://search.msn.com/msnbot.htm)" "autobutlerlifts.com"
207.46.98.39 - - [08/Oct/2007:16:01:22 -0700] "GET /auto-lift-privacynotice.html HTTP/1.0" 404 275 "-" "msnbot/1.0 (+http://search.msn.com/msnbot.htm)" "autobutlerlifts.com"
80.57.102.117 - - [08/Oct/2007:16:45:19 -0700] "GET / HTTP/1.1" 200 916 "-" "Java/1.6.0_03" "autobutlerlifts.com"
80.57.102.117 - - [08/Oct/2007:16:45:19 -0700] "GET /?D=A HTTP/1.1" 200 916 "-" "Java/1.6.0_03" "autobutlerlifts.com"
80.57.102.117 - - [08/Oct/2007:16:45:20 -0700] "GET /_private HTTP/1.1" 301 99 "-" "Java/1.6.0_03" "autobutlerlifts.com"
80.57.102.117 - - [08/Oct/2007:16:45:20 -0700] "GET /_private/ HTTP/1.1" 200 530 "-" "Java/1.6.0_03" "autobutlerlifts.com"
80.57.102.117 - - [08/Oct/2007:16:45:20 -0700] "GET /logs HTTP/1.1" 301 95 "-" "Java/1.6.0_03" "autobutlerlifts.com"
80.57.102.117 - - [08/Oct/2007:16:45:20 -0700] "GET /logs/ HTTP/1.1" 200 1230 "-" "Java/1.6.0_03" "autobutlerlifts.com"
80.57.102.117 - - [08/Oct/2007:16:45:21 -0700] "GET /tmp HTTP/1.1" 301 94 "-" "Java/1.6.0_03" "autobutlerlifts.com"
80.57.102.117 - - [08/Oct/2007:16:45:21 -0700] "GET /tmp/ HTTP/1.1" 200 520 "-" "Java/1.6.0_03" "autobutlerlifts.com"
80.57.102.117 - - [08/Oct/2007:16:45:21 -0700] "GET /logs/access.log HTTP/1.1" 200 35021 "-" "Java/1.6.0_03" "autobutlerlifts.com"
80.57.102.117 - - [08/Oct/2007:16:45:22 -0700] "GET /logs/access_070701.log HTTP/1.1" 200 22361 "-" "Java/1.6.0_03" "autobutlerlifts.com"
80.57.102.117 - - [08/Oct/2007:16:45:24 -0700] "GET /logs/access_070731.log HTTP/1.1" 200 338648 "-" "Java/1.6.0_03" "autobutlerlifts.com"
80.57.102.117 - - [08/Oct/2007:16:45:27 -0700] "GET /logs/access_070831.log HTTP/1.1" 200 248301 "-" "Java/1.6.0_03" "autobutlerlifts.com"
80.57.102.117 - - [08/Oct/2007:16:45:31 -0700] "GET /logs/access_071001.log HTTP/1.1" 200 150673 "-" "Java/1.6.0_03" "autobutlerlifts.com"
80.57.102.117 - - [08/Oct/2007:16:45:35 -0700] "GET //?D=D HTTP/1.1" 200 916 "-" "Java/1.6.0_03" "autobutlerlifts.com"
80.57.102.117 - - [08/Oct/2007:16:45:35 -0700] "GET //_private HTTP/1.1" 301 100 "-" "Java/1.6.0_03" "autobutlerlifts.com"
80.57.102.117 - - [08/Oct/2007:16:45:35 -0700] "GET //_private/ HTTP/1.1" 200 533 "-" "Java/1.6.0_03" "autobutlerlifts.com"
80.57.102.117 - - [08/Oct/2007:16:45:36 -0700] "GET //logs HTTP/1.1" 301 96 "-" "Java/1.6.0_03" "autobutlerlifts.com"
80.57.102.117 - - [08/Oct/2007:16:45:36 -0700] "GET //logs/ HTTP/1.1" 200 1233 "-" "Java/1.6.0_03" "autobutlerlifts.com"
80.57.102.117 - - [08/Oct/2007:16:45:36 -0700] "GET //tmp HTTP/1.1" 301 95 "-" "Java/1.6.0_03" "autobutlerlifts.com"
80.57.102.117 - - [08/Oct/2007:16:45:37 -0700] "GET //tmp/ HTTP/1.1" 200 523 "-" "Java/1.6.0_03" "autobutlerlifts.com"
80.57.102.117 - - [08/Oct/2007:16:45:37 -0700] "GET /_private/?D=A HTTP/1.1" 200 530 "-" "Java/1.6.0_03" "autobutlerlifts.com"
80.57.102.117 - - [08/Oct/2007:16:45:37 -0700] "GET /logs/?D=A HTTP/1.1" 200 1230 "-" "Java/1.6.0_03" "autobutlerlifts.com"
80.57.102.117 - - [08/Oct/2007:16:45:38 -0700] "GET /tmp/?D=A HTTP/1.1" 200 520 "-" "Java/1.6.0_03" "autobutlerlifts.com"
80.57.102.117 - - [08/Oct/2007:16:45:39 -0700] "GET //logs/access.log HTTP/1.1" 200 36662 "-" "Java/1.6.0_03" "autobutlerlifts.com"
80.57.102.117 - - [08/Oct/2007:16:45:40 -0700] "GET //logs/access_070701.log HTTP/1.1" 200 22361 "-" "Java/1.6.0_03" "autobutlerlifts.com"
80.57.102.117 - - [08/Oct/2007:16:45:42 -0700] "GET //logs/access_070731.log HTTP/1.1" 200 338648 "-" "Java/1.6.0_03" "autobutlerlifts.com"
80.57.102.117 - - [08/Oct/2007:16:45:46 -0700] "GET //logs/access_070831.log HTTP/1.1" 200 248301 "-" "Java/1.6.0_03" "autobutlerlifts.com"
80.57.102.117 - - [08/Oct/2007:16:45:50 -0700] "GET //logs/access_071001.log HTTP/1.1" 200 150673 "-" "Java/1.6.0_03" "autobutlerlifts.com"
80.57.102.117 - - [08/Oct/2007:16:45:53 -0700] "GET /logs//access.log HTTP/1.1" 200 38083 "-" "Java/1.6.0_03" "autobutlerlifts.com"
80.57.102.117 - - [08/Oct/2007:16:45:54 -0700] "GET /logs//access_070701.log HTTP/1.1" 200 22361 "-" "Java/1.6.0_03" "autobutlerlifts.com"
80.57.102.117 - - [08/Oct/2007:16:45:56 -0700] "GET /logs//access_070731.log HTTP/1.1" 200 338648 "-" "Java/1.6.0_03" "autobutlerlifts.com"
80.57.102.117 - - [08/Oct/2007:16:46:00 -0700] "GET /logs//access_070831.log HTTP/1.1" 200 248301 "-" "Java/1.6.0_03" "autobutlerlifts.com"
80.57.102.117 - - [08/Oct/2007:16:46:03 -0700] "GET /logs//access_071001.log HTTP/1.1" 200 150673 "-" "Java/1.6.0_03" "autobutlerlifts.com"
207.46.98.41 - - [08/Oct/2007:17:01:22 -0700] "GET /robots.txt HTTP/1.0" 404 275 "-" "msnbot/1.0 (+http://search.msn.com/msnbot.htm)" "autobutlerlifts.com"
207.46.98.41 - - [08/Oct/2007:17:01:22 -0700] "GET /contactus.html HTTP/1.0" 404 275 "-" "msnbot/1.0 (+http://search.msn.com/msnbot.htm)" "autobutlerlifts.com"
208.80.193.53 - - [08/Oct/2007:17:59:27 -0700] "GET / HTTP/1.1" 200 916 "-" "Mozilla/4.0 (compatible; MSIE 6.0; Windows NT 5.1; Q312460)" "autobutlerlifts.com"
208.80.193.49 - - [08/Oct/2007:18:17:48 -0700] "GET / HTTP/1.1" 200 916 "-" "Mozilla/4.0 (compatible; MSIE 6.0; Windows NT 5.1; Q312469)" "www.autobutlerlifts.com"
207.46.98.41 - - [08/Oct/2007:18:32:50 -0700] "GET /auto-lift-specifications.html HTTP/1.0" 404 275 "-" "msnbot/1.0 (+http://search.msn.com/msnbot.htm)" "autobutlerlifts.com"
217.212.224.145 - - [08/Oct/2007:18:34:00 -0700] "GET /robots.txt HTTP/1.0" 404 275 "-" "psbot/0.1 (+http://www.picsearch.com/bot.html)" "autobutlerlifts.com"
217.212.224.165 - - [08/Oct/2007:18:34:01 -0700] "GET / HTTP/1.0" 200 900 "-" "psbot/0.1 (+http://www.picsearch.com/bot.html)" "autobutlerlifts.com"
74.6.26.117 - - [08/Oct/2007:18:34:14 -0700] "GET /robots.txt HTTP/1.0" 404 275 "-" "Mozilla/5.0 (compatible; Yahoo! Slurp; http://help.yahoo.com/help/us/ysearch/slurp)" "www.autobutlerlifts.com"
74.6.23.102 - - [08/Oct/2007:18:34:14 -0700] "GET /?S=A HTTP/1.0" 200 900 "-" "Mozilla/5.0 (compatible; Yahoo! Slurp; http://help.yahoo.com/help/us/ysearch/slurp)" "www.autobutlerlifts.com"
207.46.98.40 - - [08/Oct/2007:20:09:23 -0700] "GET /robots.txt HTTP/1.0" 404 275 "-" "msnbot/1.0 (+http://search.msn.com/msnbot.htm)" "autobutlerlifts.com"
207.46.98.40 - - [08/Oct/2007:20:09:23 -0700] "GET /auto-lift-brochure-request.html HTTP/1.0" 404 275 "-" "msnbot/1.0 (+http://search.msn.com/msnbot.htm)" "autobutlerlifts.com"
66.249.66.41 - - [08/Oct/2007:20:17:11 -0700] "GET /robots.txt HTTP/1.1" 404 275 "-" "Mozilla/5.0 (compatible; Googlebot/2.1; +http://www.google.com/bot.html)" "www.autobutlerlifts.com"
66.249.66.41 - - [08/Oct/2007:20:17:11 -0700] "GET /tmp HTTP/1.1" 301 98 "-" "Mozilla/5.0 (compatible; Googlebot/2.1; +http://www.google.com/bot.html)" "www.autobutlerlifts.com"
66.249.66.41 - - [08/Oct/2007:20:17:15 -0700] "GET /tmp/ HTTP/1.1" 200 520 "-" "Mozilla/5.0 (compatible; Googlebot/2.1; +http://www.google.com/bot.html)" "www.autobutlerlifts.com"
66.249.66.41 - - [09/Oct/2007:11:15:37 -0700] "GET /robots.txt HTTP/1.1" 404 275 "-" "Mozilla/5.0 (compatible; Googlebot/2.1; +http://www.google.com/bot.html)" "www.autobutlerlifts.com"
66.249.66.41 - - [09/Oct/2007:11:15:37 -0700] "GET /logs/access.log HTTP/1.1" 200 41160 "-" "Mozilla/5.0 (compatible; Googlebot/2.1; +http://www.google.com/bot.html)" "www.autobutlerlifts.com"
64.1.215.164 - - [09/Oct/2007:13:21:41 -0700] "GET /robots.txt HTTP/1.0" 404 275 "-" "Mozilla/5.0 (Twiceler-0.9 http://www.cuill.com/twiceler/robot.html)" "autobutlerlifts.com"
66.249.66.41 - - [09/Oct/2007:15:57:22 -0700] "GET /tmp HTTP/1.1" 301 98 "-" "Mozilla/5.0 (compatible; Googlebot/2.1; +http://www.google.com/bot.html)" "www.autobutlerlifts.com"
66.249.66.41 - - [09/Oct/2007:15:57:22 -0700] "GET /tmp/ HTTP/1.1" 200 520 "-" "Mozilla/5.0 (compatible; Googlebot/2.1; +http://www.google.com/bot.html)" "www.autobutlerlifts.com"
64.208.172.178 - - [09/Oct/2007:17:21:10 -0700] "GET /robots.txt HTTP/1.0" 404 275 "-" "ia_archiver" "www.autobutlerlifts.com"
64.208.172.178 - - [09/Oct/2007:17:21:11 -0700] "GET / HTTP/1.0" 200 900 "-" "ia_archiver" "www.autobutlerlifts.com"
74.6.25.79 - - [10/Oct/2007:04:46:36 -0700] "GET /robots.txt HTTP/1.0" 404 275 "-" "Mozilla/5.0 (compatible; Yahoo! Slurp; http://help.yahoo.com/help/us/ysearch/slurp)" "autobutlerlifts.com"
74.6.24.222 - - [10/Oct/2007:04:46:36 -0700] "GET /_private/ HTTP/1.0" 200 514 "-" "Mozilla/5.0 (compatible; Yahoo! Slurp; http://help.yahoo.com/help/us/ysearch/slurp)" "autobutlerlifts.com"
68.79.88.191 - - [10/Oct/2007:07:59:34 -0700] "GET / HTTP/1.1" 200 916 "-" "Mozilla/4.0 (compatible; MSIE 7.0; Windows NT 5.1; .NET CLR 1.1.4322; IEMB3; IEMB3)" "www.autobutlerlifts.com"
68.79.88.191 - - [10/Oct/2007:07:59:35 -0700] "GET /favicon.ico HTTP/1.1" 404 275 "-" "Mozilla/4.0 (compatible; MSIE 7.0; Windows NT 5.1; .NET CLR 1.1.4322; IEMB3; IEMB3)" "www.autobutlerlifts.com"
68.79.88.191 - - [10/Oct/2007:08:00:21 -0700] "GET / HTTP/1.1" 200 916 "-" "Mozilla/4.0 (compatible; MSIE 7.0; Windows NT 5.1; .NET CLR 1.1.4322; IEMB3; IEMB3)" "www.autobutlerlifts.com"
68.79.88.191 - - [10/Oct/2007:08:00:34 -0700] "GET /logs/ HTTP/1.1" 200 1230 "http://www.autobutlerlifts.com/" "Mozilla/4.0 (compatible; MSIE 7.0; Windows NT 5.1; .NET CLR 1.1.4322; IEMB3; IEMB3)" "www.autobutlerlifts.com"
68.79.88.191 - - [10/Oct/2007:08:00:38 -0700] "GET / HTTP/1.1" 200 916 "http://www.autobutlerlifts.com/logs/" "Mozilla/4.0 (compatible; MSIE 7.0; Windows NT 5.1; .NET CLR 1.1.4322; IEMB3; IEMB3)" "www.autobutlerlifts.com"
66.249.72.132 - - [10/Oct/2007:08:10:41 -0700] "GET /robots.txt HTTP/1.1" 404 275 "-" "Mozilla/5.0 (compatible; Googlebot/2.1; +http://www.google.com/bot.html)" "www.autobutlerlifts.com"
66.249.72.132 - - [10/Oct/2007:08:10:41 -0700] "GET /logs/ HTTP/1.1" 200 1230 "-" "Mozilla/5.0 (compatible; Googlebot/2.1; +http://www.google.com/bot.html)" "www.autobutlerlifts.com"
64.156.10.131 - - [10/Oct/2007:09:36:36 -0700] "GET /images/ultracarjackplate.gif HTTP/1.1" 404 275 "-" "Jakarta Commons-HttpClient/3.0.1" "www.autobutlerlifts.com"
65.242.133.66 - - [10/Oct/2007:11:30:08 -0700] "GET / HTTP/1.1" 200 916 "-" "Mozilla/4.0 (compatible; MSIE 6.0; Windows NT 5.1; SV1; .NET CLR 1.1.4322; InfoPath.1; .NET CLR 2.0.50727)" "www.autobutlerlifts.com"
65.242.133.66 - - [10/Oct/2007:11:30:12 -0700] "GET /_private/ HTTP/1.1" 200 530 "http://www.autobutlerlifts.com/" "Mozilla/4.0 (compatible; MSIE 6.0; Windows NT 5.1; SV1; .NET CLR 1.1.4322; InfoPath.1; .NET CLR 2.0.50727)" "www.autobutlerlifts.com"
66.249.72.107 - - [10/Oct/2007:19:13:07 -0700] "GET /robots.txt HTTP/1.1" 404 275 "-" "Mozilla/5.0 (compatible; Googlebot/2.1; +http://www.google.com/bot.html)" "www.autobutlerlifts.com"
66.249.72.107 - - [10/Oct/2007:19:13:07 -0700] "GET /tmp HTTP/1.1" 301 98 "-" "Mozilla/5.0 (compatible; Googlebot/2.1; +http://www.google.com/bot.html)" "www.autobutlerlifts.com"
66.249.72.107 - - [10/Oct/2007:19:13:08 -0700] "GET /tmp/ HTTP/1.1" 200 520 "-" "Mozilla/5.0 (compatible; Googlebot/2.1; +http://www.google.com/bot.html)" "www.autobutlerlifts.com"
208.80.193.38 - - [10/Oct/2007:22:00:56 -0700] "GET / HTTP/1.1" 200 916 "-" "Mozilla/4.0 (compatible; MSIE 6.0; Windows NT 5.1; Q312464)" "www.autobutlerlifts.com"
74.6.20.22 - - [10/Oct/2007:23:12:10 -0700] "GET /robots.txt HTTP/1.0" 404 275 "-" "Mozilla/5.0 (compatible; Yahoo! Slurp; http://help.yahoo.com/help/us/ysearch/slurp)" "www.autobutlerlifts.com"
74.6.26.149 - - [10/Oct/2007:23:12:10 -0700] "GET /?N=D HTTP/1.0" 200 900 "-" "Mozilla/5.0 (compatible; Yahoo! Slurp; http://help.yahoo.com/help/us/ysearch/slurp)" "www.autobutlerlifts.com"
64.156.10.131 - - [11/Oct/2007:04:26:35 -0700] "GET /images/Castersforcart2.jpg HTTP/1.1" 404 275 "-" "Jakarta Commons-HttpClient/3.0.1" "www.autobutlerlifts.com"
74.6.20.173 - - [11/Oct/2007:07:17:40 -0700] "GET /robots.txt HTTP/1.0" 404 275 "-" "Mozilla/5.0 (compatible; Yahoo! Slurp; http://help.yahoo.com/help/us/ysearch/slurp)" "autobutlerlifts.com"
74.6.27.15 - - [11/Oct/2007:07:17:40 -0700] "GET /?N=D HTTP/1.0" 200 900 "-" "Mozilla/5.0 (compatible; Yahoo! Slurp; http://help.yahoo.com/help/us/ysearch/slurp)" "autobutlerlifts.com"
74.6.23.34 - - [11/Oct/2007:07:49:43 -0700] "GET /logs/ HTTP/1.0" 200 1214 "-" "Mozilla/5.0 (compatible; Yahoo! Slurp; http://help.yahoo.com/help/us/ysearch/slurp)" "autobutlerlifts.com"
66.249.65.14 - - [11/Oct/2007:08:34:14 -0700] "GET /robots.txt HTTP/1.1" 404 275 "-" "Mozilla/5.0 (compatible; Googlebot/2.1; +http://www.google.com/bot.html)" "www.autobutlerlifts.com"
66.249.65.14 - - [11/Oct/2007:08:34:14 -0700] "GET / HTTP/1.1" 200 916 "-" "Mozilla/5.0 (compatible; Googlebot/2.1; +http://www.google.com/bot.html)" "www.autobutlerlifts.com"
74.6.25.33 - - [11/Oct/2007:09:30:32 -0700] "GET /tmp/ HTTP/1.0" 200 504 "-" "Mozilla/5.0 (compatible; Yahoo! Slurp; http://help.yahoo.com/help/us/ysearch/slurp)" "autobutlerlifts.com"
74.6.20.22 - - [11/Oct/2007:10:33:40 -0700] "GET /robots.txt HTTP/1.0" 404 275 "-" "Mozilla/5.0 (compatible; Yahoo! Slurp; http://help.yahoo.com/help/us/ysearch/slurp)" "www.autobutlerlifts.com"
74.6.23.16 - - [11/Oct/2007:10:33:40 -0700] "GET /tmp/ HTTP/1.0" 200 504 "-" "Mozilla/5.0 (compatible; Yahoo! Slurp; http://help.yahoo.com/help/us/ysearch/slurp)" "www.autobutlerlifts.com"
66.249.65.14 - - [11/Oct/2007:12:29:28 -0700] "GET / HTTP/1.1" 200 916 "-" "Mozilla/5.0 (compatible; Googlebot/2.1; +http://www.google.com/bot.html)" "www.autobutlerlifts.com"
74.6.27.18 - - [11/Oct/2007:15:24:08 -0700] "GET /_private/?N=D HTTP/1.0" 200 514 "-" "Mozilla/5.0 (compatible; Yahoo! Slurp; http://help.yahoo.com/help/us/ysearch/slurp)" "autobutlerlifts.com"
66.249.72.169 - - [11/Oct/2007:17:12:13 -0700] "GET /robots.txt HTTP/1.1" 404 275 "-" "Mozilla/5.0 (compatible; Googlebot/2.1; +http://www.google.com/bot.html)" "autobutlerlifts.com"
66.249.72.169 - - [11/Oct/2007:17:12:13 -0700] "GET /logs/access_070701.log HTTP/1.1" 304 - "-" "Mozilla/5.0 (compatible; Googlebot/2.1; +http://www.google.com/bot.html)" "autobutlerlifts.com"
66.249.66.42 - - [11/Oct/2007:19:47:47 -0700] "GET /tmp HTTP/1.1" 301 98 "-" "Mozilla/5.0 (compatible; Googlebot/2.1; +http://www.google.com/bot.html)" "www.autobutlerlifts.com"
66.249.66.42 - - [11/Oct/2007:19:47:47 -0700] "GET /tmp/ HTTP/1.1" 200 520 "-" "Mozilla/5.0 (compatible; Googlebot/2.1; +http://www.google.com/bot.html)" "www.autobutlerlifts.com"
69.212.173.23 - - [11/Oct/2007:21:41:10 -0700] "GET / HTTP/1.1" 200 916 "-" "Mozilla/4.0 (compatible; MSIE 7.0; Windows NT 5.1; .NET CLR 1.1.4322; .NET CLR 2.0.50727; Zango 10.0.314.0)" "autobutlerlifts.com"
69.212.173.23 - - [11/Oct/2007:21:41:10 -0700] "GET /favicon.ico HTTP/1.1" 404 275 "-" "Mozilla/4.0 (compatible; MSIE 7.0; Windows NT 5.1; .NET CLR 1.1.4322; .NET CLR 2.0.50727; Zango 10.0.314.0)" "autobutlerlifts.com"
69.212.173.23 - - [11/Oct/2007:21:41:11 -0700] "GET /favicon.ico HTTP/1.1" 404 275 "-" "Mozilla/5.0 (compatible; Google Desktop)" "autobutlerlifts.com"
66.249.72.132 - - [12/Oct/2007:00:45:10 -0700] "GET /robots.txt HTTP/1.1" 404 275 "-" "Mozilla/5.0 (compatible; Googlebot/2.1; +http://www.google.com/bot.html)" "www.autobutlerlifts.com"
66.249.72.132 - - [12/Oct/2007:00:45:10 -0700] "GET /googlee916a1106382fa83.html HTTP/1.1" 404 275 "-" "Mozilla/5.0 (compatible; Googlebot/2.1; +http://www.google.com/bot.html)" "www.autobutlerlifts.com"
74.6.20.22 - - [12/Oct/2007:01:51:19 -0700] "GET /robots.txt HTTP/1.0" 404 275 "-" "Mozilla/5.0 (compatible; Yahoo! Slurp; http://help.yahoo.com/help/us/ysearch/slurp)" "www.autobutlerlifts.com"
74.6.20.138 - - [12/Oct/2007:01:51:20 -0700] "GET /logs/ HTTP/1.0" 200 1214 "-" "Mozilla/5.0 (compatible; Yahoo! Slurp; http://help.yahoo.com/help/us/ysearch/slurp)" "www.autobutlerlifts.com"
