68.142.212.192 - - [30/Oct/2007:17:53:20 -0700] "GET /robots.txt HTTP/1.0" 404 275 "-" "Yahoo-MMCrawler/3.x (mms dash mmcrawler dash support at yahoo dash inc dot com)" "autobutlerlifts.com"
66.44.10.147 - - [30/Oct/2007:21:12:20 -0700] "GET /auto-Lifts-Accessories.html HTTP/1.1" 404 275 "-" "Mozilla/4.0 (compatible; MSIE 6.0; Windows NT 5.1; SV1)" "www.autobutlerlifts.com"
66.44.10.147 - - [30/Oct/2007:21:12:27 -0700] "GET / HTTP/1.1" 200 916 "-" "Mozilla/4.0 (compatible; MSIE 6.0; Windows NT 5.1; SV1)" "www.autobutlerlifts.com"
66.44.10.147 - - [30/Oct/2007:21:12:53 -0700] "GET /auto-Lifts-Accessories.html HTTP/1.1" 404 275 "-" "Mozilla/4.0 (compatible; MSIE 6.0; Windows NT 5.1; SV1)" "www.autobutlerlifts.com"
66.44.10.147 - - [30/Oct/2007:21:13:01 -0700] "GET / HTTP/1.1" 200 916 "-" "Mozilla/4.0 (compatible; MSIE 6.0; Windows NT 5.1; SV1)" "www.autobutlerlifts.com"
66.44.10.147 - - [30/Oct/2007:21:13:05 -0700] "GET / HTTP/1.1" 200 916 "http://www.autobutlerlifts.com/" "Mozilla/4.0 (compatible; MSIE 6.0; Windows NT 5.1; SV1)" "www.autobutlerlifts.com"
66.249.65.45 - - [30/Oct/2007:22:18:24 -0700] "GET /robots.txt HTTP/1.1" 404 275 "-" "Mozilla/5.0 (compatible; Googlebot/2.1; +http://www.google.com/bot.html)" "www.autobutlerlifts.com"
66.249.65.45 - - [30/Oct/2007:22:18:24 -0700] "GET /tmp HTTP/1.1" 301 98 "-" "Mozilla/5.0 (compatible; Googlebot/2.1; +http://www.google.com/bot.html)" "www.autobutlerlifts.com"
66.249.65.45 - - [30/Oct/2007:22:18:24 -0700] "GET /tmp/ HTTP/1.1" 200 520 "-" "Mozilla/5.0 (compatible; Googlebot/2.1; +http://www.google.com/bot.html)" "www.autobutlerlifts.com"
74.6.22.199 - - [30/Oct/2007:23:36:48 -0700] "GET /robots.txt HTTP/1.0" 404 275 "-" "Mozilla/5.0 (compatible; Yahoo! Slurp; http://help.yahoo.com/help/us/ysearch/slurp)" "autobutlerlifts.com"
74.6.26.142 - - [30/Oct/2007:23:36:48 -0700] "GET /logs/access_071001.log HTTP/1.0" 200 150673 "-" "Mozilla/5.0 (compatible; Yahoo! Slurp; http://help.yahoo.com/help/us/ysearch/slurp)" "autobutlerlifts.com"
74.6.28.28 - - [31/Oct/2007:03:36:10 -0700] "GET /robots.txt HTTP/1.0" 404 275 "-" "Mozilla/5.0 (compatible; Yahoo! Slurp; http://help.yahoo.com/help/us/ysearch/slurp)" "www.autobutlerlifts.com"
74.6.25.126 - - [31/Oct/2007:03:36:10 -0700] "GET /_private/?D=A HTTP/1.0" 200 514 "-" "Mozilla/5.0 (compatible; Yahoo! Slurp; http://help.yahoo.com/help/us/ysearch/slurp)" "www.autobutlerlifts.com"
74.6.29.24 - - [31/Oct/2007:04:46:13 -0700] "GET / HTTP/1.0" 200 900 "-" "Mozilla/5.0 (compatible; Yahoo! Slurp; http://help.yahoo.com/help/us/ysearch/slurp)" "autobutlerlifts.com"
76.188.132.146 - - [31/Oct/2007:06:14:48 -0700] "GET /four-post-lift-about-us.html HTTP/1.1" 404 275 "-" "Mozilla/4.0 (compatible; MSIE 6.0; Windows NT 5.1; SV1; .NET CLR 1.1.4322)" "www.autobutlerlifts.com"
74.52.245.146 - - [31/Oct/2007:07:30:25 -0700] "GET / HTTP/1.0" 200 900 "-" "Mozilla/5.0 (X11; U; Linux i686; en-US; rv:1.7.5) Gecko/20041107 Firefox/1.0" "www.autobutlerlifts.com"
74.6.20.173 - - [31/Oct/2007:18:29:51 -0700] "GET /robots.txt HTTP/1.0" 404 275 "-" "Mozilla/5.0 (compatible; Yahoo! Slurp; http://help.yahoo.com/help/us/ysearch/slurp)" "autobutlerlifts.com"
74.6.20.121 - - [31/Oct/2007:18:29:52 -0700] "GET /logs/?M=A HTTP/1.0" 200 1357 "-" "Mozilla/5.0 (compatible; Yahoo! Slurp; http://help.yahoo.com/help/us/ysearch/slurp)" "autobutlerlifts.com"
66.249.65.45 - - [31/Oct/2007:21:13:54 -0700] "GET /robots.txt HTTP/1.1" 404 275 "-" "Mozilla/5.0 (compatible; Googlebot/2.1; +http://www.google.com/bot.html)" "www.autobutlerlifts.com"
66.249.65.45 - - [31/Oct/2007:21:13:54 -0700] "GET /tmp HTTP/1.1" 301 98 "-" "Mozilla/5.0 (compatible; Googlebot/2.1; +http://www.google.com/bot.html)" "www.autobutlerlifts.com"
66.249.65.45 - - [31/Oct/2007:21:13:54 -0700] "GET /tmp/ HTTP/1.1" 200 520 "-" "Mozilla/5.0 (compatible; Googlebot/2.1; +http://www.google.com/bot.html)" "www.autobutlerlifts.com"
68.142.212.174 - - [01/Nov/2007:04:09:13 -0700] "GET /robots.txt HTTP/1.0" 404 275 "-" "Yahoo-MMCrawler/3.x (mms dash mmcrawler dash support at yahoo dash inc dot com)" "www.autobutlerlifts.com"
38.99.203.110 - - [01/Nov/2007:04:36:37 -0700] "GET /robots.txt HTTP/1.1" 404 275 "-" "panscient.com" "www.autobutlerlifts.com"
38.99.203.110 - - [01/Nov/2007:04:36:37 -0700] "GET / HTTP/1.1" 200 916 "-" "panscient.com" "www.autobutlerlifts.com"
38.99.203.110 - - [01/Nov/2007:04:36:37 -0700] "GET /robots.txt HTTP/1.1" 404 275 "-" "panscient.com" "www.autobutlerlifts.com"
38.99.203.110 - - [01/Nov/2007:04:36:38 -0700] "GET /?N=D HTTP/1.1" 200 916 "-" "panscient.com" "www.autobutlerlifts.com"
38.99.203.110 - - [01/Nov/2007:04:36:39 -0700] "GET /?D=A HTTP/1.1" 200 916 "-" "panscient.com" "www.autobutlerlifts.com"
38.99.203.110 - - [01/Nov/2007:04:36:40 -0700] "GET /?D=D HTTP/1.1" 200 916 "-" "panscient.com" "www.autobutlerlifts.com"
38.99.203.110 - - [01/Nov/2007:04:36:42 -0700] "GET /?N=A HTTP/1.1" 200 916 "-" "panscient.com" "www.autobutlerlifts.com"
38.99.203.110 - - [01/Nov/2007:04:36:43 -0700] "GET /?S=A HTTP/1.1" 200 916 "-" "panscient.com" "www.autobutlerlifts.com"
38.99.203.110 - - [01/Nov/2007:04:36:44 -0700] "GET /?M=A HTTP/1.1" 200 916 "-" "panscient.com" "www.autobutlerlifts.com"
38.99.203.110 - - [01/Nov/2007:04:36:45 -0700] "GET /?M=D HTTP/1.1" 200 916 "-" "panscient.com" "www.autobutlerlifts.com"
38.99.203.110 - - [01/Nov/2007:04:36:50 -0700] "GET /?S=D HTTP/1.1" 200 916 "-" "panscient.com" "www.autobutlerlifts.com"
38.99.203.110 - - [01/Nov/2007:04:36:53 -0700] "GET /logs/ HTTP/1.1" 200 1373 "-" "panscient.com" "www.autobutlerlifts.com"
38.99.203.110 - - [01/Nov/2007:04:36:57 -0700] "GET /logs/?N=D HTTP/1.1" 200 1373 "-" "panscient.com" "www.autobutlerlifts.com"
38.99.203.110 - - [01/Nov/2007:04:36:57 -0700] "GET /logs/?D=A HTTP/1.1" 200 1373 "-" "panscient.com" "www.autobutlerlifts.com"
38.99.203.110 - - [01/Nov/2007:04:36:58 -0700] "GET /logs/?D=D HTTP/1.1" 200 1373 "-" "panscient.com" "www.autobutlerlifts.com"
38.99.203.110 - - [01/Nov/2007:04:37:07 -0700] "GET /logs/?N=A HTTP/1.1" 200 1373 "-" "panscient.com" "www.autobutlerlifts.com"
38.99.203.110 - - [01/Nov/2007:04:37:08 -0700] "GET /logs/?M=A HTTP/1.1" 200 1373 "-" "panscient.com" "www.autobutlerlifts.com"
38.99.203.110 - - [01/Nov/2007:04:37:09 -0700] "GET /logs/?M=D HTTP/1.1" 200 1373 "-" "panscient.com" "www.autobutlerlifts.com"
38.99.203.110 - - [01/Nov/2007:04:37:10 -0700] "GET /tmp/ HTTP/1.1" 200 520 "-" "panscient.com" "www.autobutlerlifts.com"
38.99.203.110 - - [01/Nov/2007:04:37:11 -0700] "GET /tmp/?N=D HTTP/1.1" 200 520 "-" "panscient.com" "www.autobutlerlifts.com"
38.99.203.110 - - [01/Nov/2007:04:37:12 -0700] "GET /tmp/?D=A HTTP/1.1" 200 520 "-" "panscient.com" "www.autobutlerlifts.com"
38.99.203.110 - - [01/Nov/2007:04:37:13 -0700] "GET /tmp/?D=D HTTP/1.1" 200 520 "-" "panscient.com" "www.autobutlerlifts.com"
38.99.203.110 - - [01/Nov/2007:04:37:14 -0700] "GET /tmp/?N=A HTTP/1.1" 200 520 "-" "panscient.com" "www.autobutlerlifts.com"
38.99.203.110 - - [01/Nov/2007:04:37:16 -0700] "GET /tmp/?M=A HTTP/1.1" 200 520 "-" "panscient.com" "www.autobutlerlifts.com"
38.99.203.110 - - [01/Nov/2007:04:37:17 -0700] "GET /tmp/?M=D HTTP/1.1" 200 520 "-" "panscient.com" "www.autobutlerlifts.com"
38.99.203.110 - - [01/Nov/2007:04:37:21 -0700] "GET /tmp/?S=A HTTP/1.1" 200 520 "-" "panscient.com" "www.autobutlerlifts.com"
38.99.203.110 - - [01/Nov/2007:04:37:21 -0700] "GET /tmp/?S=D HTTP/1.1" 200 520 "-" "panscient.com" "www.autobutlerlifts.com"
38.99.203.110 - - [01/Nov/2007:04:37:23 -0700] "GET /logs/?S=A HTTP/1.1" 200 1373 "-" "panscient.com" "www.autobutlerlifts.com"
38.99.203.110 - - [01/Nov/2007:04:37:24 -0700] "GET /logs/?S=D HTTP/1.1" 200 1373 "-" "panscient.com" "www.autobutlerlifts.com"
74.6.20.173 - - [01/Nov/2007:07:23:16 -0700] "GET /robots.txt HTTP/1.0" 404 275 "-" "Mozilla/5.0 (compatible; Yahoo! Slurp; http://help.yahoo.com/help/us/ysearch/slurp)" "autobutlerlifts.com"
74.6.27.15 - - [01/Nov/2007:07:23:17 -0700] "GET /?N=D HTTP/1.0" 200 900 "-" "Mozilla/5.0 (compatible; Yahoo! Slurp; http://help.yahoo.com/help/us/ysearch/slurp)" "autobutlerlifts.com"
208.80.193.29 - - [01/Nov/2007:08:09:29 -0700] "GET / HTTP/1.1" 200 916 "-" "Mozilla/4.0 (compatible; MSIE 6.0; Windows NT 5.1; Q312468)" "www.autobutlerlifts.com"
208.80.193.34 - - [01/Nov/2007:09:25:09 -0700] "GET / HTTP/1.1" 200 916 "-" "Mozilla/5.0 (compatible; Konqueror/3.0-rc2; i686 Linux; 20021011)" "autobutlerlifts.com"
74.6.29.24 - - [01/Nov/2007:10:55:28 -0700] "GET / HTTP/1.0" 200 900 "-" "Mozilla/5.0 (compatible; Yahoo! Slurp; http://help.yahoo.com/help/us/ysearch/slurp)" "autobutlerlifts.com"
64.156.10.131 - - [01/Nov/2007:11:50:03 -0700] "GET /images/ultracarjackplate.gif HTTP/1.1" 404 275 "-" "Jakarta Commons-HttpClient/3.0.1" "www.autobutlerlifts.com"
64.156.10.131 - - [01/Nov/2007:11:54:43 -0700] "GET /images/Castersforcart2.jpg HTTP/1.1" 404 275 "-" "Jakarta Commons-HttpClient/3.0.1" "www.autobutlerlifts.com"
74.6.20.173 - - [01/Nov/2007:13:04:01 -0700] "GET /robots.txt HTTP/1.0" 404 275 "-" "Mozilla/5.0 (compatible; Yahoo! Slurp; http://help.yahoo.com/help/us/ysearch/slurp)" "autobutlerlifts.com"
74.6.25.33 - - [01/Nov/2007:13:04:01 -0700] "GET /tmp/ HTTP/1.0" 200 504 "-" "Mozilla/5.0 (compatible; Yahoo! Slurp; http://help.yahoo.com/help/us/ysearch/slurp)" "autobutlerlifts.com"
74.6.28.22 - - [01/Nov/2007:13:48:17 -0700] "GET /logs/access_070731.log HTTP/1.0" 200 338648 "-" "Mozilla/5.0 (compatible; Yahoo! Slurp; http://help.yahoo.com/help/us/ysearch/slurp)" "autobutlerlifts.com"
66.249.65.45 - - [01/Nov/2007:17:13:02 -0700] "GET /robots.txt HTTP/1.1" 404 275 "-" "Mozilla/5.0 (compatible; Googlebot/2.1; +http://www.google.com/bot.html)" "www.autobutlerlifts.com"
66.249.65.45 - - [01/Nov/2007:17:13:02 -0700] "GET /tmp HTTP/1.1" 301 98 "-" "Mozilla/5.0 (compatible; Googlebot/2.1; +http://www.google.com/bot.html)" "www.autobutlerlifts.com"
66.249.65.45 - - [01/Nov/2007:17:13:02 -0700] "GET /tmp/ HTTP/1.1" 200 520 "-" "Mozilla/5.0 (compatible; Googlebot/2.1; +http://www.google.com/bot.html)" "www.autobutlerlifts.com"
68.142.212.192 - - [02/Nov/2007:02:21:26 -0700] "GET /robots.txt HTTP/1.0" 404 275 "-" "Yahoo-MMCrawler/3.x (mms dash mmcrawler dash support at yahoo dash inc dot com)" "autobutlerlifts.com"
74.6.20.173 - - [02/Nov/2007:03:10:41 -0700] "GET /robots.txt HTTP/1.0" 404 275 "-" "Mozilla/5.0 (compatible; Yahoo! Slurp; http://help.yahoo.com/help/us/ysearch/slurp)" "autobutlerlifts.com"
74.6.20.214 - - [02/Nov/2007:03:10:42 -0700] "GET /?S=A HTTP/1.0" 200 900 "-" "Mozilla/5.0 (compatible; Yahoo! Slurp; http://help.yahoo.com/help/us/ysearch/slurp)" "autobutlerlifts.com"
74.139.140.185 - - [02/Nov/2007:08:48:31 -0700] "GET / HTTP/1.1" 200 916 "-" "Mozilla/4.0 (compatible; MSIE 7.0; Windows NT 5.1; FunWebProducts; .NET CLR 1.1.4322)" "www.autobutlerlifts.com"
74.139.140.185 - - [02/Nov/2007:08:48:32 -0700] "GET /favicon.ico HTTP/1.1" 404 275 "-" "Mozilla/4.0 (compatible; MSIE 7.0; Windows NT 5.1; FunWebProducts; .NET CLR 1.1.4322)" "www.autobutlerlifts.com"
74.139.140.185 - - [02/Nov/2007:08:48:43 -0700] "GET / HTTP/1.1" 200 916 "http://www.autobutlerlifts.com/" "Mozilla/4.0 (compatible; MSIE 7.0; Windows NT 5.1; FunWebProducts; .NET CLR 1.1.4322)" "www.autobutlerlifts.com"
74.139.140.185 - - [02/Nov/2007:08:48:46 -0700] "GET /_private/ HTTP/1.1" 200 530 "http://www.autobutlerlifts.com/" "Mozilla/4.0 (compatible; MSIE 7.0; Windows NT 5.1; FunWebProducts; .NET CLR 1.1.4322)" "www.autobutlerlifts.com"
74.139.140.185 - - [02/Nov/2007:08:48:48 -0700] "GET / HTTP/1.1" 200 916 "http://www.autobutlerlifts.com/_private/" "Mozilla/4.0 (compatible; MSIE 7.0; Windows NT 5.1; FunWebProducts; .NET CLR 1.1.4322)" "www.autobutlerlifts.com"
74.139.140.185 - - [02/Nov/2007:08:48:50 -0700] "GET /logs/ HTTP/1.1" 200 1373 "http://www.autobutlerlifts.com/" "Mozilla/4.0 (compatible; MSIE 7.0; Windows NT 5.1; FunWebProducts; .NET CLR 1.1.4322)" "www.autobutlerlifts.com"
74.139.140.185 - - [02/Nov/2007:08:48:52 -0700] "GET /logs/access.log HTTP/1.1" 200 11714 "http://www.autobutlerlifts.com/logs/" "Mozilla/4.0 (compatible; MSIE 7.0; Windows NT 5.1; FunWebProducts; .NET CLR 1.1.4322)" "www.autobutlerlifts.com"
74.139.140.185 - - [02/Nov/2007:08:48:57 -0700] "GET / HTTP/1.1" 200 916 "http://www.autobutlerlifts.com/logs/" "Mozilla/4.0 (compatible; MSIE 7.0; Windows NT 5.1; FunWebProducts; .NET CLR 1.1.4322)" "www.autobutlerlifts.com"
74.139.140.185 - - [02/Nov/2007:08:49:00 -0700] "GET /tmp/ HTTP/1.1" 200 520 "http://www.autobutlerlifts.com/" "Mozilla/4.0 (compatible; MSIE 7.0; Windows NT 5.1; FunWebProducts; .NET CLR 1.1.4322)" "www.autobutlerlifts.com"
74.139.140.185 - - [02/Nov/2007:08:49:01 -0700] "GET / HTTP/1.1" 200 916 "http://www.autobutlerlifts.com/tmp/" "Mozilla/4.0 (compatible; MSIE 7.0; Windows NT 5.1; FunWebProducts; .NET CLR 1.1.4322)" "www.autobutlerlifts.com"
74.139.140.185 - - [02/Nov/2007:08:49:11 -0700] "GET / HTTP/1.1" 200 916 "http://www.autobutlerlifts.com/tmp/" "Mozilla/4.0 (compatible; MSIE 7.0; Windows NT 5.1; FunWebProducts; .NET CLR 1.1.4322)" "www.autobutlerlifts.com"
68.241.85.206 - - [02/Nov/2007:11:39:42 -0700] "GET /_private/ HTTP/1.1" 200 530 "http://216.109.125.130/search/cache?ei=UTF-8&p=www.autobutlerlifts.com&fr=yfp-t-471&u=www.autobutlerlifts.com/&d=dg9tk_L9PqT1&icp=1&.intl=us" "Mozilla/4.0 (compatible; MSIE 6.0; Windows NT 5.1; SV1; .NET CLR 1.1.4322)" "www.autobutlerlifts.com"
74.6.20.173 - - [02/Nov/2007:13:19:47 -0700] "GET /robots.txt HTTP/1.0" 404 275 "-" "Mozilla/5.0 (compatible; Yahoo! Slurp; http://help.yahoo.com/help/us/ysearch/slurp)" "autobutlerlifts.com"
74.6.26.212 - - [02/Nov/2007:13:19:47 -0700] "GET /tmp/?D=A HTTP/1.0" 200 504 "-" "Mozilla/5.0 (compatible; Yahoo! Slurp; http://help.yahoo.com/help/us/ysearch/slurp)" "autobutlerlifts.com"
125.191.112.37 - - [02/Nov/2007:14:22:06 -0700] "GET / HTTP/1.1" 200 916 "-" "Mozilla/4.0 (compatible; MSIE 6.0; Windows NT 5.1; DigExt; .NET CLR 1.1.4322)" "www.autobutlerlifts.com"
208.97.218.10 - - [02/Nov/2007:14:29:05 -0700] "GET / HTTP/1.1" 200 916 "-" "Mozilla/4.0 (compatible; MSIE 6.0; Windows NT 5.1; SV1; InfoPath.1)" "www.autobutlerlifts.com"
66.249.72.132 - - [02/Nov/2007:15:15:11 -0700] "GET /robots.txt HTTP/1.1" 404 275 "-" "Mozilla/5.0 (compatible; Googlebot/2.1; +http://www.google.com/bot.html)" "www.autobutlerlifts.com"
66.249.72.132 - - [02/Nov/2007:15:15:11 -0700] "GET / HTTP/1.1" 200 916 "-" "Mozilla/5.0 (compatible; Googlebot/2.1; +http://www.google.com/bot.html)" "www.autobutlerlifts.com"
38.100.41.105 - - [02/Nov/2007:15:21:50 -0700] "GET / HTTP/1.1" 200 916 "-" "Mozilla/4.0 (compatible; MSIE 6.0; Windows XP)" "www.autobutlerlifts.com"
38.100.41.105 - - [02/Nov/2007:15:22:44 -0700] "GET /tmp/ HTTP/1.1" 200 520 "http://www.autobutlerlifts.com/" "Mozilla/4.0 (compatible; MSIE 6.0; Windows XP)" "www.autobutlerlifts.com"
38.100.41.105 - - [02/Nov/2007:15:22:46 -0700] "GET /_private/ HTTP/1.1" 200 530 "http://www.autobutlerlifts.com/" "Mozilla/4.0 (compatible; MSIE 6.0; Windows XP)" "www.autobutlerlifts.com"
38.100.41.105 - - [02/Nov/2007:15:22:48 -0700] "GET /logs/ HTTP/1.1" 200 1373 "http://www.autobutlerlifts.com/" "Mozilla/4.0 (compatible; MSIE 6.0; Windows XP)" "www.autobutlerlifts.com"
38.100.41.105 - - [02/Nov/2007:15:23:28 -0700] "GET /logs/access_070831.log HTTP/1.1" 200 248301 "http://www.autobutlerlifts.com/logs/" "Mozilla/4.0 (compatible; MSIE 6.0; Windows XP)" "www.autobutlerlifts.com"
38.100.41.105 - - [02/Nov/2007:15:23:36 -0700] "GET /logs/access_071031.log HTTP/1.1" 200 138542 "http://www.autobutlerlifts.com/logs/" "Mozilla/4.0 (compatible; MSIE 6.0; Windows XP)" "www.autobutlerlifts.com"
38.100.41.105 - - [02/Nov/2007:15:23:37 -0700] "GET /logs/access_071001.log HTTP/1.1" 200 150673 "http://www.autobutlerlifts.com/logs/" "Mozilla/4.0 (compatible; MSIE 6.0; Windows XP)" "www.autobutlerlifts.com"
38.100.41.105 - - [02/Nov/2007:15:23:40 -0700] "GET /logs/access_070701.log HTTP/1.1" 200 22361 "http://www.autobutlerlifts.com/logs/" "Mozilla/4.0 (compatible; MSIE 6.0; Windows XP)" "www.autobutlerlifts.com"
38.100.41.105 - - [02/Nov/2007:15:23:41 -0700] "GET /logs/access.log HTTP/1.1" 200 16069 "http://www.autobutlerlifts.com/logs/" "Mozilla/4.0 (compatible; MSIE 6.0; Windows XP)" "www.autobutlerlifts.com"
38.100.41.105 - - [02/Nov/2007:15:23:45 -0700] "GET /logs/access_070731.log HTTP/1.1" 200 65536 "http://www.autobutlerlifts.com/logs/" "Mozilla/4.0 (compatible; MSIE 6.0; Windows XP)" "www.autobutlerlifts.com"
66.249.66.237 - - [02/Nov/2007:17:07:07 -0700] "GET /tmp HTTP/1.1" 301 98 "-" "Mozilla/5.0 (compatible; Googlebot/2.1; +http://www.google.com/bot.html)" "www.autobutlerlifts.com"
66.249.66.237 - - [02/Nov/2007:17:07:08 -0700] "GET /tmp/ HTTP/1.1" 200 520 "-" "Mozilla/5.0 (compatible; Googlebot/2.1; +http://www.google.com/bot.html)" "www.autobutlerlifts.com"
74.6.24.222 - - [02/Nov/2007:18:55:58 -0700] "GET /_private/ HTTP/1.0" 200 514 "-" "Mozilla/5.0 (compatible; Yahoo! Slurp; http://help.yahoo.com/help/us/ysearch/slurp)" "autobutlerlifts.com"
74.6.25.117 - - [02/Nov/2007:19:00:19 -0700] "GET /_private/?S=A HTTP/1.0" 200 514 "-" "Mozilla/5.0 (compatible; Yahoo! Slurp; http://help.yahoo.com/help/us/ysearch/slurp)" "autobutlerlifts.com"
74.6.23.137 - - [02/Nov/2007:19:13:02 -0700] "GET /_private/?M=A HTTP/1.0" 200 514 "-" "Mozilla/5.0 (compatible; Yahoo! Slurp; http://help.yahoo.com/help/us/ysearch/slurp)" "autobutlerlifts.com"
74.6.20.173 - - [03/Nov/2007:02:35:42 -0700] "GET /robots.txt HTTP/1.0" 404 275 "-" "Mozilla/5.0 (compatible; Yahoo! Slurp; http://help.yahoo.com/help/us/ysearch/slurp)" "autobutlerlifts.com"
74.6.27.18 - - [03/Nov/2007:02:35:42 -0700] "GET /_private/?N=D HTTP/1.0" 200 514 "-" "Mozilla/5.0 (compatible; Yahoo! Slurp; http://help.yahoo.com/help/us/ysearch/slurp)" "autobutlerlifts.com"
74.6.29.30 - - [03/Nov/2007:04:41:28 -0700] "GET /_private/?D=A HTTP/1.0" 200 514 "-" "Mozilla/5.0 (compatible; Yahoo! Slurp; http://help.yahoo.com/help/us/ysearch/slurp)" "autobutlerlifts.com"
74.6.28.72 - - [03/Nov/2007:04:43:16 -0700] "GET /_private/?N=A HTTP/1.0" 200 514 "-" "Mozilla/5.0 (compatible; Yahoo! Slurp; http://help.yahoo.com/help/us/ysearch/slurp)" "autobutlerlifts.com"
74.6.19.221 - - [03/Nov/2007:11:32:35 -0700] "GET /tmp/?D=D HTTP/1.0" 200 504 "-" "Mozilla/5.0 (compatible; Yahoo! Slurp; http://help.yahoo.com/help/us/ysearch/slurp)" "autobutlerlifts.com"
74.6.20.173 - - [03/Nov/2007:11:53:54 -0700] "GET /robots.txt HTTP/1.0" 404 275 "-" "Mozilla/5.0 (compatible; Yahoo! Slurp; http://help.yahoo.com/help/us/ysearch/slurp)" "autobutlerlifts.com"
74.6.29.24 - - [03/Nov/2007:11:53:54 -0700] "GET / HTTP/1.0" 200 900 "-" "Mozilla/5.0 (compatible; Yahoo! Slurp; http://help.yahoo.com/help/us/ysearch/slurp)" "autobutlerlifts.com"
66.249.66.237 - - [03/Nov/2007:12:11:18 -0700] "GET /robots.txt HTTP/1.1" 404 275 "-" "Mozilla/5.0 (compatible; Googlebot/2.1; +http://www.google.com/bot.html)" "www.autobutlerlifts.com"
66.249.66.237 - - [03/Nov/2007:12:11:19 -0700] "GET / HTTP/1.1" 200 916 "-" "Mozilla/5.0 (compatible; Googlebot/2.1; +http://www.google.com/bot.html)" "www.autobutlerlifts.com"
74.6.23.28 - - [03/Nov/2007:13:56:22 -0700] "GET /?N=A HTTP/1.0" 200 900 "-" "Mozilla/5.0 (compatible; Yahoo! Slurp; http://help.yahoo.com/help/us/ysearch/slurp)" "autobutlerlifts.com"
129.242.108.35 - - [03/Nov/2007:15:42:42 -0700] "GET /robots.txt HTTP/1.0" 404 275 "http://majestic12.co.uk/bot.php?I=F8DDA48BDF5E4E4D50106DF33323A2A5-10165C6EEF985541-00000060C227ED5B-www.autobutlerlifts.com" "Mozilla/5.0 (compatible; MJ12bot/v1.2.1; http://www.majestic12.co.uk/bot.php?+)" "www.autobutlerlifts.com"
129.242.108.35 - - [03/Nov/2007:15:42:43 -0700] "GET / HTTP/1.0" 200 900 "-" "Mozilla/5.0 (compatible; MJ12bot/v1.2.1; http://www.majestic12.co.uk/bot.php?+)" "www.autobutlerlifts.com"
68.142.212.174 - - [03/Nov/2007:16:30:53 -0700] "GET /robots.txt HTTP/1.0" 404 275 "-" "Yahoo-MMCrawler/3.x (mms dash mmcrawler dash support at yahoo dash inc dot com)" "www.autobutlerlifts.com"
66.249.72.132 - - [03/Nov/2007:18:30:56 -0700] "GET /tmp HTTP/1.1" 301 98 "-" "Mozilla/5.0 (compatible; Googlebot/2.1; +http://www.google.com/bot.html)" "www.autobutlerlifts.com"
66.249.72.132 - - [03/Nov/2007:18:30:58 -0700] "GET /tmp/ HTTP/1.1" 200 520 "-" "Mozilla/5.0 (compatible; Googlebot/2.1; +http://www.google.com/bot.html)" "www.autobutlerlifts.com"
66.249.72.132 - - [03/Nov/2007:19:39:35 -0700] "GET /googlee916a1106382fa83.html HTTP/1.1" 404 275 "-" "Mozilla/5.0 (compatible; Googlebot/2.1; +http://www.google.com/bot.html)" "www.autobutlerlifts.com"
208.80.193.36 - - [03/Nov/2007:20:03:36 -0700] "GET / HTTP/1.1" 200 916 "-" "Mozilla/5.0 (compatible; Konqueror/3.1; i686 Linux; 20020625)" "www.autobutlerlifts.com"
66.249.72.132 - - [03/Nov/2007:20:10:49 -0700] "GET /logs/ HTTP/1.1" 200 1373 "-" "Mozilla/5.0 (compatible; Googlebot/2.1; +http://www.google.com/bot.html)" "www.autobutlerlifts.com"
208.80.193.40 - - [03/Nov/2007:21:08:28 -0700] "GET / HTTP/1.1" 200 916 "-" "Mozilla/4.0 (compatible; MSIE 6.0; Windows NT 5.1; Q312465)" "autobutlerlifts.com"
66.249.72.132 - - [03/Nov/2007:22:40:28 -0700] "GET /logs/access_071031.log HTTP/1.1" 200 138542 "-" "Mozilla/5.0 (compatible; Googlebot/2.1; +http://www.google.com/bot.html)" "www.autobutlerlifts.com"
74.6.20.173 - - [04/Nov/2007:00:47:20 -0700] "GET /robots.txt HTTP/1.0" 404 275 "-" "Mozilla/5.0 (compatible; Yahoo! Slurp; http://help.yahoo.com/help/us/ysearch/slurp)" "autobutlerlifts.com"
74.6.27.32 - - [04/Nov/2007:00:47:21 -0700] "GET /logs/?D=A HTTP/1.0" 200 1357 "-" "Mozilla/5.0 (compatible; Yahoo! Slurp; http://help.yahoo.com/help/us/ysearch/slurp)" "autobutlerlifts.com"
63.123.238.8 - - [04/Nov/2007:01:38:48 -0700] "GET /robots.txt HTTP/1.1" 404 275 "-" "Mozilla/2.0 (compatible; Ask Jeeves/Teoma)" "autobutlerlifts.com"
63.123.238.8 - - [04/Nov/2007:01:38:48 -0700] "GET / HTTP/1.1" 200 916 "-" "Mozilla/2.0 (compatible; Ask Jeeves/Teoma)" "autobutlerlifts.com"
74.6.24.11 - - [04/Nov/2007:01:20:37 -0800] "GET /logs/ HTTP/1.0" 200 1357 "-" "Mozilla/5.0 (compatible; Yahoo! Slurp; http://help.yahoo.com/help/us/ysearch/slurp)" "autobutlerlifts.com"
74.6.29.16 - - [04/Nov/2007:01:22:55 -0800] "GET /logs/access_071031.log HTTP/1.0" 200 138542 "-" "Mozilla/5.0 (compatible; Yahoo! Slurp; http://help.yahoo.com/help/us/ysearch/slurp)" "autobutlerlifts.com"
74.6.26.42 - - [04/Nov/2007:01:22:57 -0800] "GET /logs/?N=D HTTP/1.0" 200 1357 "-" "Mozilla/5.0 (compatible; Yahoo! Slurp; http://help.yahoo.com/help/us/ysearch/slurp)" "autobutlerlifts.com"
74.6.28.211 - - [04/Nov/2007:01:23:01 -0800] "GET /logs/?S=A HTTP/1.0" 200 1357 "-" "Mozilla/5.0 (compatible; Yahoo! Slurp; http://help.yahoo.com/help/us/ysearch/slurp)" "autobutlerlifts.com"
74.6.28.75 - - [04/Nov/2007:02:04:42 -0800] "GET /logs/access_070831.log HTTP/1.0" 200 248301 "-" "Mozilla/5.0 (compatible; Yahoo! Slurp; http://help.yahoo.com/help/us/ysearch/slurp)" "autobutlerlifts.com"
72.30.179.208 - - [04/Nov/2007:05:35:32 -0800] "GET /logs/?N=A HTTP/1.0" 200 1357 "-" "Mozilla/5.0 (compatible; Yahoo! Slurp; http://help.yahoo.com/help/us/ysearch/slurp)" "autobutlerlifts.com"
68.142.212.192 - - [04/Nov/2007:07:38:15 -0800] "GET /robots.txt HTTP/1.0" 404 275 "-" "Yahoo-MMCrawler/3.x (mms dash mmcrawler dash support at yahoo dash inc dot com)" "autobutlerlifts.com"
74.6.20.173 - - [04/Nov/2007:11:13:00 -0800] "GET /robots.txt HTTP/1.0" 404 275 "-" "Mozilla/5.0 (compatible; Yahoo! Slurp; http://help.yahoo.com/help/us/ysearch/slurp)" "autobutlerlifts.com"
74.6.26.167 - - [04/Nov/2007:11:13:00 -0800] "GET /?M=A HTTP/1.0" 200 900 "-" "Mozilla/5.0 (compatible; Yahoo! Slurp; http://help.yahoo.com/help/us/ysearch/slurp)" "autobutlerlifts.com"
74.6.24.22 - - [04/Nov/2007:11:18:14 -0800] "GET /?M=D HTTP/1.0" 200 900 "-" "Mozilla/5.0 (compatible; Yahoo! Slurp; http://help.yahoo.com/help/us/ysearch/slurp)" "autobutlerlifts.com"
64.213.203.99 - - [04/Nov/2007:14:06:47 -0800] "GET / HTTP/1.1" 200 916 "-" "Mozilla/5.0 (X11; U; Linux i686; en-US; rv:1.8.1.6) Gecko/20070601 Firefox/2.0.0.6" "autobutlerlifts.com"
74.6.26.210 - - [04/Nov/2007:15:17:46 -0800] "GET /logs/access.log HTTP/1.0" 200 24072 "-" "Mozilla/5.0 (compatible; Yahoo! Slurp; http://help.yahoo.com/help/us/ysearch/slurp)" "autobutlerlifts.com"
66.249.72.132 - - [04/Nov/2007:18:44:10 -0800] "GET /robots.txt HTTP/1.1" 404 275 "-" "Mozilla/5.0 (compatible; Googlebot/2.1; +http://www.google.com/bot.html)" "www.autobutlerlifts.com"
66.249.72.132 - - [04/Nov/2007:18:44:10 -0800] "GET /tmp HTTP/1.1" 301 98 "-" "Mozilla/5.0 (compatible; Googlebot/2.1; +http://www.google.com/bot.html)" "www.autobutlerlifts.com"
66.249.72.132 - - [04/Nov/2007:18:44:10 -0800] "GET /tmp/ HTTP/1.1" 200 520 "-" "Mozilla/5.0 (compatible; Googlebot/2.1; +http://www.google.com/bot.html)" "www.autobutlerlifts.com"
74.6.20.173 - - [05/Nov/2007:00:32:16 -0800] "GET /robots.txt HTTP/1.0" 404 275 "-" "Mozilla/5.0 (compatible; Yahoo! Slurp; http://help.yahoo.com/help/us/ysearch/slurp)" "autobutlerlifts.com"
74.6.20.154 - - [05/Nov/2007:00:32:16 -0800] "GET /tmp/?S=A HTTP/1.0" 200 504 "-" "Mozilla/5.0 (compatible; Yahoo! Slurp; http://help.yahoo.com/help/us/ysearch/slurp)" "autobutlerlifts.com"
66.249.66.133 - - [05/Nov/2007:02:12:26 -0800] "GET / HTTP/1.1" 200 916 "-" "Mozilla/5.0 (compatible; Googlebot/2.1; +http://www.google.com/bot.html)" "www.autobutlerlifts.com"
74.6.23.152 - - [05/Nov/2007:03:15:46 -0800] "GET /?D=A HTTP/1.0" 200 900 "-" "Mozilla/5.0 (compatible; Yahoo! Slurp; http://help.yahoo.com/help/us/ysearch/slurp)" "autobutlerlifts.com"
69.49.45.199 - - [05/Nov/2007:08:40:47 -0800] "GET /favicon.ico HTTP/1.1" 404 275 "-" "Mozilla/4.0 (compatible; GoogleToolbar 4.0.1601.4978-big; Windows XP 5.1; MSIE 7.0.5730.11)" "www.autobutlerlifts.com"
69.49.45.199 - - [05/Nov/2007:08:40:47 -0800] "GET /favicon.gif HTTP/1.1" 404 275 "-" "Mozilla/4.0 (compatible; GoogleToolbar 4.0.1601.4978-big; Windows XP 5.1; MSIE 7.0.5730.11)" "www.autobutlerlifts.com"
74.6.20.173 - - [05/Nov/2007:12:16:12 -0800] "GET /robots.txt HTTP/1.0" 404 275 "-" "Mozilla/5.0 (compatible; Yahoo! Slurp; http://help.yahoo.com/help/us/ysearch/slurp)" "autobutlerlifts.com"
74.6.20.171 - - [05/Nov/2007:12:16:12 -0800] "GET /tmp/?M=A HTTP/1.0" 200 504 "-" "Mozilla/5.0 (compatible; Yahoo! Slurp; http://help.yahoo.com/help/us/ysearch/slurp)" "autobutlerlifts.com"
24.14.155.6 - - [05/Nov/2007:17:28:06 -0800] "GET / HTTP/1.1" 200 916 "-" "Mozilla/4.0 (compatible; MSIE 6.0; Windows NT 5.1; SV1; .NET CLR 1.0.3705)" "www.autobutlerlifts.com"
66.249.66.46 - - [05/Nov/2007:18:46:52 -0800] "GET /robots.txt HTTP/1.1" 404 275 "-" "Mozilla/5.0 (compatible; Googlebot/2.1; +http://www.google.com/bot.html)" "www.autobutlerlifts.com"
66.249.66.46 - - [05/Nov/2007:18:46:52 -0800] "GET /tmp HTTP/1.1" 301 98 "-" "Mozilla/5.0 (compatible; Googlebot/2.1; +http://www.google.com/bot.html)" "www.autobutlerlifts.com"
66.249.66.46 - - [05/Nov/2007:18:46:53 -0800] "GET /tmp/ HTTP/1.1" 200 520 "-" "Mozilla/5.0 (compatible; Googlebot/2.1; +http://www.google.com/bot.html)" "www.autobutlerlifts.com"
24.119.14.64 - - [06/Nov/2007:05:05:13 -0800] "GET / HTTP/1.1" 200 916 "http://www.google.com/search?hl=en&client=firefox-a&channel=s&rls=org.mozilla%3Aen-US%3Aofficial&hs=ltN&q=auto+butler+lifts&btnG=Search" "Mozilla/5.0 (Windows; U; Windows NT 5.1; en-US; rv:1.8.1.9) Gecko/20071025 Firefox/2.0.0.9" "www.autobutlerlifts.com"
24.119.14.64 - - [06/Nov/2007:05:05:13 -0800] "GET /favicon.ico HTTP/1.1" 404 275 "-" "Mozilla/5.0 (Windows; U; Windows NT 5.1; en-US; rv:1.8.1.9) Gecko/20071025 Firefox/2.0.0.9" "www.autobutlerlifts.com"
208.80.193.36 - - [06/Nov/2007:06:20:22 -0800] "GET / HTTP/1.1" 200 916 "-" "Mozilla/5.0 (compatible; Konqueror/3.1-rc5; i686 Linux; 20021016)" "www.autobutlerlifts.com"
208.80.193.45 - - [06/Nov/2007:06:45:58 -0800] "GET / HTTP/1.1" 200 916 "-" "Mozilla/5.0 (compatible; Konqueror/3.1-rc3; i686 Linux; 20020324)" "autobutlerlifts.com"
71.48.90.140 - - [06/Nov/2007:09:17:56 -0800] "GET / HTTP/1.1" 200 916 "-" "Mozilla/4.0 (compatible; MSIE 6.0; Windows NT 5.1; SV1)" "www.autobutlerlifts.com"
68.142.212.174 - - [06/Nov/2007:09:30:52 -0800] "GET /robots.txt HTTP/1.0" 404 275 "-" "Yahoo-MMCrawler/3.x (mms dash mmcrawler dash support at yahoo dash inc dot com)" "www.autobutlerlifts.com"
68.142.212.192 - - [06/Nov/2007:11:25:34 -0800] "GET /robots.txt HTTP/1.0" 404 275 "-" "Yahoo-MMCrawler/3.x (mms dash mmcrawler dash support at yahoo dash inc dot com)" "autobutlerlifts.com"
74.6.20.173 - - [06/Nov/2007:13:47:13 -0800] "GET /robots.txt HTTP/1.0" 404 275 "-" "Mozilla/5.0 (compatible; Yahoo! Slurp; http://help.yahoo.com/help/us/ysearch/slurp)" "autobutlerlifts.com"
74.6.20.214 - - [06/Nov/2007:13:47:14 -0800] "GET /?S=A HTTP/1.0" 200 900 "-" "Mozilla/5.0 (compatible; Yahoo! Slurp; http://help.yahoo.com/help/us/ysearch/slurp)" "autobutlerlifts.com"
74.6.20.100 - - [06/Nov/2007:13:48:03 -0800] "GET /?S=D HTTP/1.0" 200 900 "-" "Mozilla/5.0 (compatible; Yahoo! Slurp; http://help.yahoo.com/help/us/ysearch/slurp)" "autobutlerlifts.com"
71.178.202.39 - - [06/Nov/2007:16:09:01 -0800] "GET /auto-Lifts-Accessories.html HTTP/1.1" 404 275 "-" "Mozilla/4.0 (compatible; MSIE 7.0; Windows NT 5.1; AT&T CSM8.1)" "www.autobutlerlifts.com"
74.6.20.173 - - [06/Nov/2007:16:39:54 -0800] "GET /robots.txt HTTP/1.0" 404 275 "-" "Mozilla/5.0 (compatible; Yahoo! Slurp; http://help.yahoo.com/help/us/ysearch/slurp)" "autobutlerlifts.com"
74.6.19.222 - - [06/Nov/2007:16:39:54 -0800] "GET /tmp/?N=A HTTP/1.0" 200 504 "-" "Mozilla/5.0 (compatible; Yahoo! Slurp; http://help.yahoo.com/help/us/ysearch/slurp)" "autobutlerlifts.com"
66.249.66.229 - - [06/Nov/2007:23:04:02 -0800] "GET /robots.txt HTTP/1.1" 404 275 "-" "Mozilla/5.0 (compatible; Googlebot/2.1; +http://www.google.com/bot.html)" "www.autobutlerlifts.com"
66.249.66.229 - - [06/Nov/2007:23:04:02 -0800] "GET /tmp HTTP/1.1" 301 98 "-" "Mozilla/5.0 (compatible; Googlebot/2.1; +http://www.google.com/bot.html)" "www.autobutlerlifts.com"
66.249.66.229 - - [06/Nov/2007:23:04:02 -0800] "GET /tmp/ HTTP/1.1" 200 520 "-" "Mozilla/5.0 (compatible; Googlebot/2.1; +http://www.google.com/bot.html)" "www.autobutlerlifts.com"
74.6.20.173 - - [07/Nov/2007:03:34:10 -0800] "GET /robots.txt HTTP/1.0" 404 275 "-" "Mozilla/5.0 (compatible; Yahoo! Slurp; http://help.yahoo.com/help/us/ysearch/slurp)" "autobutlerlifts.com"
74.6.26.142 - - [07/Nov/2007:03:34:10 -0800] "GET /logs/access_071001.log HTTP/1.0" 200 150673 "-" "Mozilla/5.0 (compatible; Yahoo! Slurp; http://help.yahoo.com/help/us/ysearch/slurp)" "autobutlerlifts.com"
71.190.201.124 - - [07/Nov/2007:04:44:21 -0800] "GET / HTTP/1.1" 200 916 "-" "Mozilla/4.0 (compatible; MSIE 6.0; Windows NT 5.1; SV1; .NET CLR 1.0.3705; .NET CLR 1.1.4322; Media Center PC 2.8)" "www.autobutlerlifts.com"
71.190.201.124 - - [07/Nov/2007:04:44:21 -0800] "GET / HTTP/1.1" 200 916 "-" "Mozilla/4.0 (compatible; MSIE 6.0; Windows NT 5.1; SV1; .NET CLR 1.0.3705; .NET CLR 1.1.4322; Media Center PC 2.8)" "www.autobutlerlifts.com"
71.190.201.124 - - [07/Nov/2007:04:44:50 -0800] "GET / HTTP/1.1" 200 916 "-" "Mozilla/4.0 (compatible; MSIE 6.0; Windows NT 5.1; SV1; .NET CLR 1.0.3705; .NET CLR 1.1.4322; Media Center PC 2.8)" "www.autobutlerlifts.com"
74.6.7.103 - - [07/Nov/2007:11:42:33 -0800] "GET /?N=D HTTP/1.0" 200 900 "-" "Mozilla/5.0 (compatible; Yahoo! Slurp; http://help.yahoo.com/help/us/ysearch/slurp)" "autobutlerlifts.com"
200.126.137.221 - - [07/Nov/2007:13:10:43 -0800] "GET / HTTP/1.1" 200 916 "-" "Mozilla/4.0 (compatible; MSIE 6.0; Windows NT 5.1; SV1; .NET CLR 1.1.4322)" "www.autobutlerlifts.com"
65.214.44.117 - - [07/Nov/2007:14:29:45 -0800] "GET /robots.txt HTTP/1.0" 404 275 "-" "Mozilla/2.0 (compatible; Ask Jeeves/Teoma; +http://about.ask.com/en/docs/about/webmasters.shtml)" "autobutlerlifts.com"
65.214.44.117 - - [07/Nov/2007:14:29:49 -0800] "GET /auto-lift-privacynotice.html HTTP/1.0" 404 275 "-" "Mozilla/2.0 (compatible; Ask Jeeves/Teoma; +http://about.ask.com/en/docs/about/webmasters.shtml)" "autobutlerlifts.com"
99.129.100.148 - - [07/Nov/2007:15:38:43 -0800] "GET /index.html HTTP/1.1" 404 275 "-" "Mozilla/4.0 (compatible; MSIE 7.0; Windows NT 5.1; .NET CLR 1.0.3705; .NET CLR 1.1.4322)" "www.autobutlerlifts.com"
99.129.100.148 - - [07/Nov/2007:15:38:51 -0800] "GET /index.html HTTP/1.1" 404 275 "-" "Mozilla/4.0 (compatible; MSIE 7.0; Windows NT 5.1; .NET CLR 1.0.3705; .NET CLR 1.1.4322)" "www.autobutlerlifts.com"
84.253.227.85 - - [07/Nov/2007:18:49:29 -0800] "GET /robots.txt HTTP/1.0" 404 275 "http://majestic12.co.uk/bot.php?I=F8DDA48BDF5E4E4D50106DF33323A2A5-B2B5504EB7008D1E-B0E44CDE3C2D9DB5-www.autobutlerlifts.com" "Mozilla/5.0 (compatible; MJ12bot/v1.2.1; http://www.majestic12.co.uk/bot.php?+)" "www.autobutlerlifts.com"
68.73.194.14 - - [07/Nov/2007:18:58:54 -0800] "GET / HTTP/1.1" 200 916 "-" "Mozilla/4.0 (compatible; MSIE 7.0; Windows NT 5.1; .NET CLR 1.1.4322; .NET CLR 2.0.50727; Zango 10.0.314.0)" "autobutlerlifts.com"
68.73.194.14 - - [07/Nov/2007:18:58:54 -0800] "GET /favicon.ico HTTP/1.1" 404 275 "-" "Mozilla/4.0 (compatible; MSIE 7.0; Windows NT 5.1; .NET CLR 1.1.4322; .NET CLR 2.0.50727; Zango 10.0.314.0)" "autobutlerlifts.com"
68.73.194.14 - - [07/Nov/2007:18:58:55 -0800] "GET /favicon.ico HTTP/1.1" 404 275 "-" "Mozilla/5.0 (compatible; Google Desktop)" "autobutlerlifts.com"
66.249.66.203 - - [07/Nov/2007:23:03:53 -0800] "GET /robots.txt HTTP/1.1" 404 275 "-" "Mozilla/5.0 (compatible; Googlebot/2.1; +http://www.google.com/bot.html)" "www.autobutlerlifts.com"
66.249.66.203 - - [07/Nov/2007:23:03:53 -0800] "GET /tmp HTTP/1.1" 301 98 "-" "Mozilla/5.0 (compatible; Googlebot/2.1; +http://www.google.com/bot.html)" "www.autobutlerlifts.com"
66.249.66.203 - - [07/Nov/2007:23:03:53 -0800] "GET /tmp/ HTTP/1.1" 200 520 "-" "Mozilla/5.0 (compatible; Googlebot/2.1; +http://www.google.com/bot.html)" "www.autobutlerlifts.com"
74.6.20.173 - - [07/Nov/2007:23:51:35 -0800] "GET /robots.txt HTTP/1.0" 404 275 "-" "Mozilla/5.0 (compatible; Yahoo! Slurp; http://help.yahoo.com/help/us/ysearch/slurp)" "autobutlerlifts.com"
74.6.20.121 - - [07/Nov/2007:23:51:35 -0800] "GET /logs/?M=A HTTP/1.0" 200 1357 "-" "Mozilla/5.0 (compatible; Yahoo! Slurp; http://help.yahoo.com/help/us/ysearch/slurp)" "autobutlerlifts.com"
74.6.27.23 - - [07/Nov/2007:23:54:08 -0800] "GET /logs/?M=D HTTP/1.0" 200 1357 "-" "Mozilla/5.0 (compatible; Yahoo! Slurp; http://help.yahoo.com/help/us/ysearch/slurp)" "autobutlerlifts.com"
75.36.27.134 - - [08/Nov/2007:04:39:12 -0800] "GET /four-post-lift-about-us.html HTTP/1.1" 404 275 "-" "Mozilla/5.0 (Macintosh; U; PPC Mac OS X; en) AppleWebKit (KHTML, like Gecko)" "autobutlerlifts.com"
66.249.72.132 - - [08/Nov/2007:09:46:13 -0800] "GET / HTTP/1.1" 200 916 "-" "Mozilla/5.0 (compatible; Googlebot/2.1; +http://www.google.com/bot.html)" "www.autobutlerlifts.com"
64.156.10.131 - - [08/Nov/2007:10:50:30 -0800] "GET /images/ultracarjackplate.gif HTTP/1.1" 404 275 "-" "Jakarta Commons-HttpClient/3.0.1" "www.autobutlerlifts.com"
64.156.10.131 - - [08/Nov/2007:10:55:44 -0800] "GET /images/Castersforcart2.jpg HTTP/1.1" 404 275 "-" "Jakarta Commons-HttpClient/3.0.1" "www.autobutlerlifts.com"
74.6.22.199 - - [08/Nov/2007:12:28:50 -0800] "GET /robots.txt HTTP/1.0" 404 275 "-" "Mozilla/5.0 (compatible; Yahoo! Slurp; http://help.yahoo.com/help/us/ysearch/slurp)" "autobutlerlifts.com"
74.6.25.33 - - [08/Nov/2007:12:28:50 -0800] "GET /tmp/ HTTP/1.0" 200 504 "-" "Mozilla/5.0 (compatible; Yahoo! Slurp; http://help.yahoo.com/help/us/ysearch/slurp)" "autobutlerlifts.com"
74.6.24.122 - - [08/Nov/2007:12:30:28 -0800] "GET /tmp/?N=D HTTP/1.0" 200 504 "-" "Mozilla/5.0 (compatible; Yahoo! Slurp; http://help.yahoo.com/help/us/ysearch/slurp)" "autobutlerlifts.com"
68.142.212.174 - - [08/Nov/2007:14:26:49 -0800] "GET /robots.txt HTTP/1.0" 404 275 "-" "Yahoo-MMCrawler/3.x (mms dash mmcrawler dash support at yahoo dash inc dot com)" "www.autobutlerlifts.com"
65.110.117.153 - - [08/Nov/2007:15:31:45 -0800] "GET / HTTP/1.1" 200 916 "-" "Mozilla/5.0 (Windows; U; Windows NT 5.1; en-US; rv:1.7.5) Gecko/20060127 Netscape/8.1.2" "autobutlerlifts.com"
65.110.117.153 - - [08/Nov/2007:15:31:49 -0800] "GET /favicon.ico HTTP/1.1" 404 275 "-" "Mozilla/5.0 (Windows; U; Windows NT 5.1; en-US; rv:1.7.5) Gecko/20060127 Netscape/8.1.2" "autobutlerlifts.com"
68.142.212.192 - - [08/Nov/2007:15:34:05 -0800] "GET /robots.txt HTTP/1.0" 404 275 "-" "Yahoo-MMCrawler/3.x (mms dash mmcrawler dash support at yahoo dash inc dot com)" "autobutlerlifts.com"
208.80.193.37 - - [08/Nov/2007:15:48:15 -0800] "GET / HTTP/1.1" 200 916 "-" "Mozilla/5.0 (compatible; Konqueror/3.1-rc3; i686 Linux; 20020215)" "www.autobutlerlifts.com"
208.80.193.30 - - [08/Nov/2007:16:15:36 -0800] "GET / HTTP/1.1" 200 916 "-" "Mozilla/5.0 (compatible; Konqueror/3.0-rc3; i686 Linux; 20020307)" "autobutlerlifts.com"
74.6.22.199 - - [08/Nov/2007:16:55:46 -0800] "GET /robots.txt HTTP/1.0" 404 275 "-" "Mozilla/5.0 (compatible; Yahoo! Slurp; http://help.yahoo.com/help/us/ysearch/slurp)" "autobutlerlifts.com"
74.6.28.22 - - [08/Nov/2007:16:55:47 -0800] "GET /logs/access_070731.log HTTP/1.0" 200 338648 "-" "Mozilla/5.0 (compatible; Yahoo! Slurp; http://help.yahoo.com/help/us/ysearch/slurp)" "autobutlerlifts.com"
69.125.219.69 - - [08/Nov/2007:18:38:22 -0800] "GET / HTTP/1.1" 200 916 "-" "Mozilla/4.0 (compatible; MSIE 6.0; Windows NT 5.1; SV1; .NET CLR 1.0.3705; .NET CLR 1.1.4322; .NET CLR 2.0.50727)" "www.autobutlerlifts.com"
72.77.89.243 - - [09/Nov/2007:05:13:14 -0800] "GET /logs/access_070701.log HTTP/1.1" 200 22361 "http://www.google.com/search?hl=en&rlz=1T4SUNA_enUS242US242&q=autobutler+lifts" "Mozilla/4.0 (compatible; MSIE 6.0; Windows NT 5.1; SV1; .NET CLR 1.0.3705; .NET CLR 1.1.4322)" "www.autobutlerlifts.com"
72.77.89.243 - - [09/Nov/2007:05:18:03 -0800] "GET / HTTP/1.1" 200 916 "http://www.google.com/search?sourceid=navclient&ie=UTF-8&rlz=1T4SUNA_enUS242US242&q=auto+butler+lifts" "Mozilla/4.0 (compatible; MSIE 6.0; Windows NT 5.1; SV1; .NET CLR 1.0.3705; .NET CLR 1.1.4322)" "www.autobutlerlifts.com"
66.249.65.36 - - [09/Nov/2007:08:14:19 -0800] "GET / HTTP/1.1" 200 916 "-" "Mozilla/5.0 (compatible; Googlebot/2.1; +http://www.google.com/bot.html)" "www.autobutlerlifts.com"
66.249.65.36 - - [09/Nov/2007:10:26:15 -0800] "GET /tmp HTTP/1.1" 301 98 "-" "Mozilla/5.0 (compatible; Googlebot/2.1; +http://www.google.com/bot.html)" "www.autobutlerlifts.com"
66.249.65.36 - - [09/Nov/2007:10:26:16 -0800] "GET /tmp/ HTTP/1.1" 200 520 "-" "Mozilla/5.0 (compatible; Googlebot/2.1; +http://www.google.com/bot.html)" "www.autobutlerlifts.com"
201.253.69.77 - - [09/Nov/2007:10:54:01 -0800] "GET / HTTP/1.1" 200 916 "http://us.f527.mail.yahoo.com/ym/ShowLetter?MsgId=9119_20944245_628528_1704_1053_0_31852_3380_4282207422&Idx=6&YY=80755&y5beta=yes&y5beta=yes&inc=25&order=down&sort=date&pos=0&view=a&head=b&box=Inbox" "Mozilla/4.0 (compatible; MSIE 6.0; Windows NT 5.0; .NET CLR 1.1.4322)" "www.autobutlerlifts.com"
74.6.22.199 - - [09/Nov/2007:18:05:06 -0800] "GET /robots.txt HTTP/1.0" 404 275 "-" "Mozilla/5.0 (compatible; Yahoo! Slurp; http://help.yahoo.com/help/us/ysearch/slurp)" "autobutlerlifts.com"
74.6.24.222 - - [09/Nov/2007:18:05:06 -0800] "GET /_private/ HTTP/1.0" 200 514 "-" "Mozilla/5.0 (compatible; Yahoo! Slurp; http://help.yahoo.com/help/us/ysearch/slurp)" "autobutlerlifts.com"
74.6.25.117 - - [09/Nov/2007:18:14:38 -0800] "GET /_private/?S=A HTTP/1.0" 200 514 "-" "Mozilla/5.0 (compatible; Yahoo! Slurp; http://help.yahoo.com/help/us/ysearch/slurp)" "autobutlerlifts.com"
63.123.238.8 - - [09/Nov/2007:18:57:57 -0800] "GET /robots.txt HTTP/1.1" 404 275 "-" "Mozilla/2.0 (compatible; Ask Jeeves/Teoma)" "autobutlerlifts.com"
63.123.238.8 - - [09/Nov/2007:18:57:57 -0800] "GET / HTTP/1.1" 200 916 "-" "Mozilla/2.0 (compatible; Ask Jeeves/Teoma)" "autobutlerlifts.com"
74.6.26.212 - - [09/Nov/2007:20:43:46 -0800] "GET /tmp/?D=A HTTP/1.0" 200 504 "-" "Mozilla/5.0 (compatible; Yahoo! Slurp; http://help.yahoo.com/help/us/ysearch/slurp)" "autobutlerlifts.com"
74.6.27.18 - - [10/Nov/2007:01:39:58 -0800] "GET /_private/?N=D HTTP/1.0" 200 514 "-" "Mozilla/5.0 (compatible; Yahoo! Slurp; http://help.yahoo.com/help/us/ysearch/slurp)" "autobutlerlifts.com"
74.6.23.137 - - [10/Nov/2007:02:04:47 -0800] "GET /_private/?M=A HTTP/1.0" 200 514 "-" "Mozilla/5.0 (compatible; Yahoo! Slurp; http://help.yahoo.com/help/us/ysearch/slurp)" "autobutlerlifts.com"
209.167.50.27 - - [10/Nov/2007:05:10:13 -0800] "GET /robots.txt HTTP/1.1" 404 275 "www.seventwentyfour.com/" "LinkWalker/2.0" "www.autobutlerlifts.com"
209.167.50.27 - - [10/Nov/2007:05:10:14 -0800] "GET / HTTP/1.1" 200 916 "http://www.330.net/car_dealers.htm" "LinkWalker/2.0" "www.autobutlerlifts.com"
209.167.50.27 - - [10/Nov/2007:05:10:28 -0800] "GET /?N=D HTTP/1.1" 200 916 "-" "LinkWalker/2.0" "www.autobutlerlifts.com"
209.167.50.27 - - [10/Nov/2007:05:10:43 -0800] "GET /_private/ HTTP/1.1" 200 530 "-" "LinkWalker/2.0" "www.autobutlerlifts.com"
209.167.50.27 - - [10/Nov/2007:05:10:59 -0800] "GET /?M=A HTTP/1.1" 200 916 "-" "LinkWalker/2.0" "www.autobutlerlifts.com"
209.167.50.27 - - [10/Nov/2007:05:11:14 -0800] "GET /?D=A HTTP/1.1" 200 916 "-" "LinkWalker/2.0" "www.autobutlerlifts.com"
209.167.50.27 - - [10/Nov/2007:05:11:29 -0800] "GET /?S=A HTTP/1.1" 200 916 "-" "LinkWalker/2.0" "www.autobutlerlifts.com"
209.167.50.27 - - [10/Nov/2007:05:11:44 -0800] "GET /logs/ HTTP/1.1" 200 1373 "-" "LinkWalker/2.0" "www.autobutlerlifts.com"
209.167.50.27 - - [10/Nov/2007:05:11:59 -0800] "GET /tmp/ HTTP/1.1" 200 520 "-" "LinkWalker/2.0" "www.autobutlerlifts.com"
209.167.50.27 - - [10/Nov/2007:05:12:14 -0800] "GET /?N=A HTTP/1.1" 200 916 "-" "LinkWalker/2.0" "www.autobutlerlifts.com"
209.167.50.27 - - [10/Nov/2007:05:12:29 -0800] "GET /_private/?D=A HTTP/1.1" 200 530 "-" "LinkWalker/2.0" "www.autobutlerlifts.com"
209.167.50.27 - - [10/Nov/2007:05:12:44 -0800] "GET /_private/?N=D HTTP/1.1" 200 530 "-" "LinkWalker/2.0" "www.autobutlerlifts.com"
209.167.50.27 - - [10/Nov/2007:05:12:59 -0800] "GET /_private/?M=A HTTP/1.1" 200 530 "-" "LinkWalker/2.0" "www.autobutlerlifts.com"
209.167.50.27 - - [10/Nov/2007:05:13:14 -0800] "GET /_private/?S=A HTTP/1.1" 200 530 "-" "LinkWalker/2.0" "www.autobutlerlifts.com"
209.167.50.27 - - [10/Nov/2007:05:13:29 -0800] "GET /?M=D HTTP/1.1" 200 916 "-" "LinkWalker/2.0" "www.autobutlerlifts.com"
209.167.50.27 - - [10/Nov/2007:05:13:44 -0800] "GET /?D=D HTTP/1.1" 200 916 "-" "LinkWalker/2.0" "www.autobutlerlifts.com"
209.167.50.27 - - [10/Nov/2007:05:13:59 -0800] "GET /?S=D HTTP/1.1" 200 916 "-" "LinkWalker/2.0" "www.autobutlerlifts.com"
209.167.50.27 - - [10/Nov/2007:05:14:14 -0800] "GET /logs/?D=A HTTP/1.1" 200 1373 "-" "LinkWalker/2.0" "www.autobutlerlifts.com"
209.167.50.27 - - [10/Nov/2007:05:14:29 -0800] "GET /logs/access_070731.log HTTP/1.1" 200 65536 "-" "LinkWalker/2.0" "www.autobutlerlifts.com"
209.167.50.27 - - [10/Nov/2007:05:14:44 -0800] "GET /logs/access.log HTTP/1.1" 200 42879 "-" "LinkWalker/2.0" "www.autobutlerlifts.com"
209.167.50.27 - - [10/Nov/2007:05:14:59 -0800] "GET /logs/access_070701.log HTTP/1.1" 200 22361 "-" "LinkWalker/2.0" "www.autobutlerlifts.com"
209.167.50.27 - - [10/Nov/2007:05:15:14 -0800] "GET /logs/?M=A HTTP/1.1" 200 1373 "-" "LinkWalker/2.0" "www.autobutlerlifts.com"
209.167.50.27 - - [10/Nov/2007:05:15:29 -0800] "GET /logs/?S=A HTTP/1.1" 200 1373 "-" "LinkWalker/2.0" "www.autobutlerlifts.com"
209.167.50.27 - - [10/Nov/2007:05:15:44 -0800] "GET /logs/access_071001.log HTTP/1.1" 200 150673 "-" "LinkWalker/2.0" "www.autobutlerlifts.com"
209.167.50.27 - - [10/Nov/2007:05:15:59 -0800] "GET /logs/?N=D HTTP/1.1" 200 1373 "-" "LinkWalker/2.0" "www.autobutlerlifts.com"
209.167.50.27 - - [10/Nov/2007:05:16:14 -0800] "GET /logs/access_070831.log HTTP/1.1" 200 131072 "-" "LinkWalker/2.0" "www.autobutlerlifts.com"
209.167.50.27 - - [10/Nov/2007:05:16:29 -0800] "GET /logs/access_071031.log HTTP/1.1" 200 138542 "-" "LinkWalker/2.0" "www.autobutlerlifts.com"
209.167.50.27 - - [10/Nov/2007:05:16:44 -0800] "GET /tmp/?D=A HTTP/1.1" 200 520 "-" "LinkWalker/2.0" "www.autobutlerlifts.com"
209.167.50.27 - - [10/Nov/2007:05:16:59 -0800] "GET /tmp/?M=A HTTP/1.1" 200 520 "-" "LinkWalker/2.0" "www.autobutlerlifts.com"
209.167.50.27 - - [10/Nov/2007:05:17:14 -0800] "GET /tmp/?N=D HTTP/1.1" 200 520 "-" "LinkWalker/2.0" "www.autobutlerlifts.com"
209.167.50.27 - - [10/Nov/2007:05:17:29 -0800] "GET /tmp/?S=A HTTP/1.1" 200 520 "-" "LinkWalker/2.0" "www.autobutlerlifts.com"
209.167.50.27 - - [10/Nov/2007:05:17:44 -0800] "GET /_private/?N=A HTTP/1.1" 200 530 "-" "LinkWalker/2.0" "www.autobutlerlifts.com"
209.167.50.27 - - [10/Nov/2007:05:17:59 -0800] "GET /_private/?D=D HTTP/1.1" 200 530 "-" "LinkWalker/2.0" "www.autobutlerlifts.com"
209.167.50.27 - - [10/Nov/2007:05:18:14 -0800] "GET /_private/?M=D HTTP/1.1" 200 530 "-" "LinkWalker/2.0" "www.autobutlerlifts.com"
209.167.50.27 - - [10/Nov/2007:05:18:29 -0800] "GET /_private/?S=D HTTP/1.1" 200 530 "-" "LinkWalker/2.0" "www.autobutlerlifts.com"
209.167.50.27 - - [10/Nov/2007:05:18:44 -0800] "GET /logs/?D=D HTTP/1.1" 200 1373 "-" "LinkWalker/2.0" "www.autobutlerlifts.com"
209.167.50.27 - - [10/Nov/2007:05:18:59 -0800] "GET /logs/?N=A HTTP/1.1" 200 1373 "-" "LinkWalker/2.0" "www.autobutlerlifts.com"
209.167.50.27 - - [10/Nov/2007:05:19:14 -0800] "GET /logs/?M=D HTTP/1.1" 200 1373 "-" "LinkWalker/2.0" "www.autobutlerlifts.com"
209.167.50.27 - - [10/Nov/2007:05:19:29 -0800] "GET /logs/?S=D HTTP/1.1" 200 1373 "-" "LinkWalker/2.0" "www.autobutlerlifts.com"
209.167.50.27 - - [10/Nov/2007:05:19:44 -0800] "GET /tmp/?N=A HTTP/1.1" 200 520 "-" "LinkWalker/2.0" "www.autobutlerlifts.com"
209.167.50.27 - - [10/Nov/2007:05:19:59 -0800] "GET /tmp/?D=D HTTP/1.1" 200 520 "-" "LinkWalker/2.0" "www.autobutlerlifts.com"
209.167.50.27 - - [10/Nov/2007:05:20:14 -0800] "GET /tmp/?M=D HTTP/1.1" 200 520 "-" "LinkWalker/2.0" "www.autobutlerlifts.com"
209.167.50.27 - - [10/Nov/2007:05:20:29 -0800] "GET /tmp/?S=D HTTP/1.1" 200 520 "-" "LinkWalker/2.0" "www.autobutlerlifts.com"
66.249.72.132 - - [10/Nov/2007:11:16:55 -0800] "GET /robots.txt HTTP/1.1" 404 275 "-" "Mozilla/5.0 (compatible; Googlebot/2.1; +http://www.google.com/bot.html)" "www.autobutlerlifts.com"
66.249.72.132 - - [10/Nov/2007:11:16:55 -0800] "GET /tmp HTTP/1.1" 301 98 "-" "Mozilla/5.0 (compatible; Googlebot/2.1; +http://www.google.com/bot.html)" "www.autobutlerlifts.com"
66.249.72.132 - - [10/Nov/2007:11:16:55 -0800] "GET /tmp/ HTTP/1.1" 200 520 "-" "Mozilla/5.0 (compatible; Googlebot/2.1; +http://www.google.com/bot.html)" "www.autobutlerlifts.com"
74.6.22.199 - - [10/Nov/2007:11:21:14 -0800] "GET /robots.txt HTTP/1.0" 404 275 "-" "Mozilla/5.0 (compatible; Yahoo! Slurp; http://help.yahoo.com/help/us/ysearch/slurp)" "autobutlerlifts.com"
74.6.29.30 - - [10/Nov/2007:11:21:14 -0800] "GET /_private/?D=A HTTP/1.0" 200 514 "-" "Mozilla/5.0 (compatible; Yahoo! Slurp; http://help.yahoo.com/help/us/ysearch/slurp)" "autobutlerlifts.com"
74.6.28.72 - - [10/Nov/2007:11:22:36 -0800] "GET /_private/?N=A HTTP/1.0" 200 514 "-" "Mozilla/5.0 (compatible; Yahoo! Slurp; http://help.yahoo.com/help/us/ysearch/slurp)" "autobutlerlifts.com"
74.6.23.28 - - [10/Nov/2007:12:59:36 -0800] "GET /?N=A HTTP/1.0" 200 900 "-" "Mozilla/5.0 (compatible; Yahoo! Slurp; http://help.yahoo.com/help/us/ysearch/slurp)" "autobutlerlifts.com"
66.234.203.120 - - [10/Nov/2007:15:57:31 -0800] "GET / HTTP/1.1" 200 916 "-" "Mozilla/4.0 (compatible; MSIE 6.0; Windows NT 5.1; SV1; .NET CLR 1.1.4322)" "autobutlerlifts.com"
66.234.203.120 - - [10/Nov/2007:15:58:11 -0800] "GET / HTTP/1.1" 200 916 "-" "Mozilla/4.0 (compatible; MSIE 6.0; Windows NT 5.1; SV1; .NET CLR 1.1.4322)" "autobutlerlifts.com"
66.234.203.120 - - [10/Nov/2007:15:58:58 -0800] "GET / HTTP/1.1" 200 916 "http://www.ffcobra.com/cgi-bin/ultimatebb.cgi?ubb=get_topic;f=36;t=011622;p=1" "Mozilla/4.0 (compatible; MSIE 6.0; Windows NT 5.1; SV1; .NET CLR 1.1.4322)" "www.autobutlerlifts.com"
99.129.103.117 - - [10/Nov/2007:17:11:21 -0800] "GET /index.html HTTP/1.1" 404 275 "-" "Mozilla/4.0 (compatible; MSIE 7.0; Windows NT 5.1; .NET CLR 1.0.3705; .NET CLR 1.1.4322)" "www.autobutlerlifts.com"
68.142.212.192 - - [10/Nov/2007:17:59:25 -0800] "GET /robots.txt HTTP/1.0" 404 275 "-" "Yahoo-MMCrawler/3.x (mms dash mmcrawler dash support at yahoo dash inc dot com)" "autobutlerlifts.com"
69.36.158.66 - - [10/Nov/2007:23:29:40 -0800] "GET /robots.txt HTTP/1.1" 404 275 "-" "Mozilla/5.0 (X11; U; Linux i686; en-US; rv:1.7.12; ips-agent) Gecko/20050922 Fedora/1.0.7-1.1.fc4 Firefox/1.0.7" "www.autobutlerlifts.com"
69.36.158.66 - - [10/Nov/2007:23:29:40 -0800] "GET / HTTP/1.1" 200 916 "-" "Mozilla/5.0 (X11; U; Linux i686; en-US; rv:1.7.12; ips-agent) Gecko/20050922 Fedora/1.0.7-1.1.fc4 Firefox/1.0.7" "www.autobutlerlifts.com"
69.36.158.66 - - [10/Nov/2007:23:29:40 -0800] "GET /?N=D HTTP/1.1" 200 916 "-" "Mozilla/5.0 (X11; U; Linux i686; en-US; rv:1.7.12; ips-agent) Gecko/20050922 Fedora/1.0.7-1.1.fc4 Firefox/1.0.7" "www.autobutlerlifts.com"
69.36.158.66 - - [10/Nov/2007:23:29:40 -0800] "GET /?M=A HTTP/1.1" 200 916 "-" "Mozilla/5.0 (X11; U; Linux i686; en-US; rv:1.7.12; ips-agent) Gecko/20050922 Fedora/1.0.7-1.1.fc4 Firefox/1.0.7" "www.autobutlerlifts.com"
69.36.158.66 - - [10/Nov/2007:23:29:40 -0800] "GET /?S=A HTTP/1.1" 200 916 "-" "Mozilla/5.0 (X11; U; Linux i686; en-US; rv:1.7.12; ips-agent) Gecko/20050922 Fedora/1.0.7-1.1.fc4 Firefox/1.0.7" "www.autobutlerlifts.com"
69.36.158.66 - - [10/Nov/2007:23:29:40 -0800] "GET /?D=A HTTP/1.1" 200 916 "-" "Mozilla/5.0 (X11; U; Linux i686; en-US; rv:1.7.12; ips-agent) Gecko/20050922 Fedora/1.0.7-1.1.fc4 Firefox/1.0.7" "www.autobutlerlifts.com"
69.36.158.66 - - [10/Nov/2007:23:29:40 -0800] "GET /_private/ HTTP/1.1" 200 530 "-" "Mozilla/5.0 (X11; U; Linux i686; en-US; rv:1.7.12; ips-agent) Gecko/20050922 Fedora/1.0.7-1.1.fc4 Firefox/1.0.7" "www.autobutlerlifts.com"
