82.124.83.179 - - [30/Nov/2007:16:04:59 -0800] "GET /logs/access.log HTTP/1.0" 200 171497 "-" "Lynx/2.8.5rel.1 libwww-FM/2.14 SSL-MM/1.4.1 GNUTLS/1.4.4" "www.autobutlerlifts.com"
65.214.45.139 - - [30/Nov/2007:17:24:52 -0800] "GET /robots.txt HTTP/1.0" 404 275 "-" "Mozilla/5.0 (compatible; Ask Jeeves/Teoma; +http://about.ask.com/en/docs/about/webmasters.shtml)" "autobutlerlifts.com"
65.214.45.139 - - [30/Nov/2007:17:24:52 -0800] "GET / HTTP/1.0" 200 900 "-" "Mozilla/5.0 (compatible; Ask Jeeves/Teoma; +http://about.ask.com/en/docs/about/webmasters.shtml)" "autobutlerlifts.com"
63.123.238.8 - - [30/Nov/2007:18:56:44 -0800] "GET /robots.txt HTTP/1.1" 404 275 "-" "Mozilla/2.0 (compatible; Ask Jeeves/Teoma)" "autobutlerlifts.com"
63.123.238.8 - - [30/Nov/2007:18:56:44 -0800] "GET / HTTP/1.1" 200 916 "-" "Mozilla/2.0 (compatible; Ask Jeeves/Teoma)" "autobutlerlifts.com"
74.6.26.117 - - [30/Nov/2007:20:25:07 -0800] "GET /robots.txt HTTP/1.0" 404 275 "-" "Mozilla/5.0 (compatible; Yahoo! Slurp; http://help.yahoo.com/help/us/ysearch/slurp)" "www.autobutlerlifts.com"
72.30.179.220 - - [30/Nov/2007:20:25:07 -0800] "GET /?M=A HTTP/1.0" 200 900 "-" "Mozilla/5.0 (compatible; Yahoo! Slurp; http://help.yahoo.com/help/us/ysearch/slurp)" "www.autobutlerlifts.com"
68.142.212.174 - - [30/Nov/2007:22:04:46 -0800] "GET /robots.txt HTTP/1.0" 404 275 "-" "Yahoo-MMCrawler/3.x (mms dash mmcrawler dash support at yahoo dash inc dot com)" "www.autobutlerlifts.com"
74.6.22.199 - - [30/Nov/2007:23:29:16 -0800] "GET /robots.txt HTTP/1.0" 404 275 "-" "Mozilla/5.0 (compatible; Yahoo! Slurp; http://help.yahoo.com/help/us/ysearch/slurp)" "autobutlerlifts.com"
74.6.29.24 - - [30/Nov/2007:23:29:16 -0800] "GET / HTTP/1.0" 200 900 "-" "Mozilla/5.0 (compatible; Yahoo! Slurp; http://help.yahoo.com/help/us/ysearch/slurp)" "autobutlerlifts.com"
74.6.25.117 - - [01/Dec/2007:02:55:21 -0800] "GET /_private/?S=A HTTP/1.0" 200 514 "-" "Mozilla/5.0 (compatible; Yahoo! Slurp; http://help.yahoo.com/help/us/ysearch/slurp)" "autobutlerlifts.com"
72.30.179.232 - - [01/Dec/2007:06:57:19 -0800] "GET /_private/?M=A HTTP/1.0" 200 514 "-" "Mozilla/5.0 (compatible; Yahoo! Slurp; http://help.yahoo.com/help/us/ysearch/slurp)" "autobutlerlifts.com"
74.6.22.199 - - [01/Dec/2007:08:42:59 -0800] "GET /robots.txt HTTP/1.0" 404 275 "-" "Mozilla/5.0 (compatible; Yahoo! Slurp; http://help.yahoo.com/help/us/ysearch/slurp)" "autobutlerlifts.com"
74.6.24.222 - - [01/Dec/2007:08:43:00 -0800] "GET /_private/ HTTP/1.0" 200 514 "-" "Mozilla/5.0 (compatible; Yahoo! Slurp; http://help.yahoo.com/help/us/ysearch/slurp)" "autobutlerlifts.com"
74.6.19.231 - - [01/Dec/2007:09:56:38 -0800] "GET /_private/?S=D HTTP/1.0" 200 514 "-" "Mozilla/5.0 (compatible; Yahoo! Slurp; http://help.yahoo.com/help/us/ysearch/slurp)" "autobutlerlifts.com"
66.249.72.169 - - [01/Dec/2007:14:17:35 -0800] "GET /robots.txt HTTP/1.1" 404 275 "-" "Mozilla/5.0 (compatible; Googlebot/2.1; +http://www.google.com/bot.html)" "www.autobutlerlifts.com"
66.249.72.169 - - [01/Dec/2007:14:17:35 -0800] "GET /tmp HTTP/1.1" 301 98 "-" "Mozilla/5.0 (compatible; Googlebot/2.1; +http://www.google.com/bot.html)" "www.autobutlerlifts.com"
66.249.72.169 - - [01/Dec/2007:14:17:35 -0800] "GET /tmp/ HTTP/1.1" 200 520 "-" "Mozilla/5.0 (compatible; Googlebot/2.1; +http://www.google.com/bot.html)" "www.autobutlerlifts.com"
65.55.212.170 - - [01/Dec/2007:15:23:12 -0800] "GET /robots.txt HTTP/1.0" 404 275 "-" "msnbot-media/1.0 (+http://search.msn.com/msnbot.htm)" "autobutlerlifts.com"
65.55.212.170 - - [01/Dec/2007:15:23:12 -0800] "GET / HTTP/1.0" 200 900 "-" "msnbot-media/1.0 (+http://search.msn.com/msnbot.htm)" "autobutlerlifts.com"
82.124.83.179 - - [01/Dec/2007:16:03:44 -0800] "GET /logs/access.log HTTP/1.0" 200 3666 "-" "Lynx/2.8.5rel.1 libwww-FM/2.14 SSL-MM/1.4.1 GNUTLS/1.4.4" "www.autobutlerlifts.com"
74.6.20.76 - - [01/Dec/2007:18:35:41 -0800] "GET /logs/?D=D HTTP/1.0" 200 1500 "-" "Mozilla/5.0 (compatible; Yahoo! Slurp; http://help.yahoo.com/help/us/ysearch/slurp)" "autobutlerlifts.com"
208.80.193.38 - - [01/Dec/2007:21:03:56 -0800] "GET / HTTP/1.1" 200 916 "-" "Mozilla/4.0 (compatible; MSIE 6.0; Windows NT 5.1; Q312460)" "www.autobutlerlifts.com"
64.1.215.164 - - [01/Dec/2007:22:16:13 -0800] "GET /robots.txt HTTP/1.0" 404 275 "-" "Mozilla/5.0 (Twiceler-0.9 http://www.cuill.com/twiceler/robot.html)" "autobutlerlifts.com"
208.80.193.30 - - [01/Dec/2007:22:33:17 -0800] "GET / HTTP/1.1" 200 916 "-" "Mozilla/5.0 (compatible; Konqueror/3.1-rc1; i686 Linux; 20020726)" "autobutlerlifts.com"
74.6.22.199 - - [02/Dec/2007:00:08:23 -0800] "GET /robots.txt HTTP/1.0" 404 275 "-" "Mozilla/5.0 (compatible; Yahoo! Slurp; http://help.yahoo.com/help/us/ysearch/slurp)" "autobutlerlifts.com"
74.6.29.24 - - [02/Dec/2007:00:08:23 -0800] "GET / HTTP/1.0" 200 900 "-" "Mozilla/5.0 (compatible; Yahoo! Slurp; http://help.yahoo.com/help/us/ysearch/slurp)" "autobutlerlifts.com"
74.6.27.18 - - [02/Dec/2007:00:31:31 -0800] "GET /_private/?N=D HTTP/1.0" 200 514 "-" "Mozilla/5.0 (compatible; Yahoo! Slurp; http://help.yahoo.com/help/us/ysearch/slurp)" "autobutlerlifts.com"
74.6.29.30 - - [02/Dec/2007:01:35:31 -0800] "GET /_private/?D=A HTTP/1.0" 200 514 "-" "Mozilla/5.0 (compatible; Yahoo! Slurp; http://help.yahoo.com/help/us/ysearch/slurp)" "autobutlerlifts.com"
74.6.24.11 - - [02/Dec/2007:01:45:30 -0800] "GET /logs/ HTTP/1.0" 200 1500 "-" "Mozilla/5.0 (compatible; Yahoo! Slurp; http://help.yahoo.com/help/us/ysearch/slurp)" "autobutlerlifts.com"
74.6.27.32 - - [02/Dec/2007:02:02:52 -0800] "GET /logs/?D=A HTTP/1.0" 200 1500 "-" "Mozilla/5.0 (compatible; Yahoo! Slurp; http://help.yahoo.com/help/us/ysearch/slurp)" "autobutlerlifts.com"
74.6.29.16 - - [02/Dec/2007:05:55:54 -0800] "GET /logs/access_071031.log HTTP/1.0" 200 138542 "-" "Mozilla/5.0 (compatible; Yahoo! Slurp; http://help.yahoo.com/help/us/ysearch/slurp)" "autobutlerlifts.com"
74.6.22.199 - - [02/Dec/2007:09:03:03 -0800] "GET /robots.txt HTTP/1.0" 404 275 "-" "Mozilla/5.0 (compatible; Yahoo! Slurp; http://help.yahoo.com/help/us/ysearch/slurp)" "autobutlerlifts.com"
74.6.24.23 - - [02/Dec/2007:09:03:03 -0800] "GET /logs/access_071201.log HTTP/1.0" 200 171497 "-" "Mozilla/5.0 (compatible; Yahoo! Slurp; http://help.yahoo.com/help/us/ysearch/slurp)" "autobutlerlifts.com"
74.6.26.117 - - [02/Dec/2007:10:11:08 -0800] "GET /robots.txt HTTP/1.0" 404 275 "-" "Mozilla/5.0 (compatible; Yahoo! Slurp; http://help.yahoo.com/help/us/ysearch/slurp)" "www.autobutlerlifts.com"
74.6.28.217 - - [02/Dec/2007:10:11:08 -0800] "GET / HTTP/1.0" 200 900 "-" "Mozilla/5.0 (compatible; Yahoo! Slurp; http://help.yahoo.com/help/us/ysearch/slurp)" "www.autobutlerlifts.com"
66.249.72.169 - - [02/Dec/2007:11:02:04 -0800] "GET /robots.txt HTTP/1.1" 404 275 "-" "Mozilla/5.0 (compatible; Googlebot/2.1; +http://www.google.com/bot.html)" "www.autobutlerlifts.com"
66.249.72.169 - - [02/Dec/2007:11:02:04 -0800] "GET / HTTP/1.1" 200 916 "-" "Mozilla/5.0 (compatible; Googlebot/2.1; +http://www.google.com/bot.html)" "www.autobutlerlifts.com"
66.249.72.169 - - [02/Dec/2007:13:58:30 -0800] "GET /tmp HTTP/1.1" 301 98 "-" "Mozilla/5.0 (compatible; Googlebot/2.1; +http://www.google.com/bot.html)" "www.autobutlerlifts.com"
66.249.72.169 - - [02/Dec/2007:13:58:31 -0800] "GET /tmp/ HTTP/1.1" 200 520 "-" "Mozilla/5.0 (compatible; Googlebot/2.1; +http://www.google.com/bot.html)" "www.autobutlerlifts.com"
74.6.23.28 - - [02/Dec/2007:14:42:34 -0800] "GET /?N=A HTTP/1.0" 200 900 "-" "Mozilla/5.0 (compatible; Yahoo! Slurp; http://help.yahoo.com/help/us/ysearch/slurp)" "autobutlerlifts.com"
68.142.212.192 - - [02/Dec/2007:15:52:20 -0800] "GET /robots.txt HTTP/1.0" 404 275 "-" "Yahoo-MMCrawler/3.x (mms dash mmcrawler dash support at yahoo dash inc dot com)" "autobutlerlifts.com"
89.159.200.63 - - [02/Dec/2007:16:03:35 -0800] "GET /logs/access.log HTTP/1.0" 200 7766 "-" "Lynx/2.8.5rel.1 libwww-FM/2.14 SSL-MM/1.4.1 GNUTLS/1.4.4" "www.autobutlerlifts.com"
65.33.90.174 - - [02/Dec/2007:16:37:34 -0800] "GET / HTTP/1.1" 200 916 "http://www.google.com/search?hl=en&q=auto+butler+lifts" "Mozilla/4.0 (compatible; MSIE 6.0; Windows NT 5.1; SV1; .NET CLR 1.0.3705; .NET CLR 1.1.4322; .NET CLR 2.0.50727; InfoPath.1)" "www.autobutlerlifts.com"
65.33.90.174 - - [02/Dec/2007:16:37:36 -0800] "GET /_private/ HTTP/1.1" 200 530 "http://www.autobutlerlifts.com/" "Mozilla/4.0 (compatible; MSIE 6.0; Windows NT 5.1; SV1; .NET CLR 1.0.3705; .NET CLR 1.1.4322; .NET CLR 2.0.50727; InfoPath.1)" "www.autobutlerlifts.com"
65.33.90.174 - - [02/Dec/2007:16:37:38 -0800] "GET / HTTP/1.1" 200 916 "http://www.autobutlerlifts.com/_private/" "Mozilla/4.0 (compatible; MSIE 6.0; Windows NT 5.1; SV1; .NET CLR 1.0.3705; .NET CLR 1.1.4322; .NET CLR 2.0.50727; InfoPath.1)" "www.autobutlerlifts.com"
65.33.90.174 - - [02/Dec/2007:16:37:40 -0800] "GET /logs/ HTTP/1.1" 200 1516 "http://www.autobutlerlifts.com/" "Mozilla/4.0 (compatible; MSIE 6.0; Windows NT 5.1; SV1; .NET CLR 1.0.3705; .NET CLR 1.1.4322; .NET CLR 2.0.50727; InfoPath.1)" "www.autobutlerlifts.com"
65.33.90.174 - - [02/Dec/2007:16:37:42 -0800] "GET /logs/access_070831.log HTTP/1.1" 200 248301 "http://www.autobutlerlifts.com/logs/" "Mozilla/4.0 (compatible; MSIE 6.0; Windows NT 5.1; SV1; .NET CLR 1.0.3705; .NET CLR 1.1.4322; .NET CLR 2.0.50727; InfoPath.1)" "www.autobutlerlifts.com"
65.33.90.174 - - [02/Dec/2007:16:37:48 -0800] "GET / HTTP/1.1" 200 916 "http://www.autobutlerlifts.com/_private/" "Mozilla/4.0 (compatible; MSIE 6.0; Windows NT 5.1; SV1; .NET CLR 1.0.3705; .NET CLR 1.1.4322; .NET CLR 2.0.50727; InfoPath.1)" "www.autobutlerlifts.com"
65.33.90.174 - - [02/Dec/2007:16:37:49 -0800] "GET /_private/ HTTP/1.1" 200 530 "http://www.autobutlerlifts.com/" "Mozilla/4.0 (compatible; MSIE 6.0; Windows NT 5.1; SV1; .NET CLR 1.0.3705; .NET CLR 1.1.4322; .NET CLR 2.0.50727; InfoPath.1)" "www.autobutlerlifts.com"
74.6.23.16 - - [02/Dec/2007:17:21:21 -0800] "GET /tmp/ HTTP/1.0" 200 504 "-" "Mozilla/5.0 (compatible; Yahoo! Slurp; http://help.yahoo.com/help/us/ysearch/slurp)" "www.autobutlerlifts.com"
64.246.16.35 - - [02/Dec/2007:19:20:18 -0800] "HEAD / HTTP/1.1" 200 0 "-" "Mozilla/4.0 (compatible; MSIE 6.0; Windows NT 5.1; Q312461)" "autobutlerlifts.com"
74.6.22.199 - - [02/Dec/2007:21:21:03 -0800] "GET /robots.txt HTTP/1.0" 404 275 "-" "Mozilla/5.0 (compatible; Yahoo! Slurp; http://help.yahoo.com/help/us/ysearch/slurp)" "autobutlerlifts.com"
74.6.20.121 - - [02/Dec/2007:21:21:04 -0800] "GET /logs/?M=A HTTP/1.0" 200 1500 "-" "Mozilla/5.0 (compatible; Yahoo! Slurp; http://help.yahoo.com/help/us/ysearch/slurp)" "autobutlerlifts.com"
74.6.26.167 - - [03/Dec/2007:00:56:42 -0800] "GET /?M=A HTTP/1.0" 200 900 "-" "Mozilla/5.0 (compatible; Yahoo! Slurp; http://help.yahoo.com/help/us/ysearch/slurp)" "autobutlerlifts.com"
65.214.45.139 - - [03/Dec/2007:01:35:05 -0800] "GET /robots.txt HTTP/1.0" 404 275 "-" "Mozilla/5.0 (compatible; Ask Jeeves/Teoma; +http://about.ask.com/en/docs/about/webmasters.shtml)" "autobutlerlifts.com"
65.214.45.139 - - [03/Dec/2007:01:35:05 -0800] "GET /car-lift-2.html HTTP/1.0" 404 275 "-" "Mozilla/5.0 (compatible; Ask Jeeves/Teoma; +http://about.ask.com/en/docs/about/webmasters.shtml)" "autobutlerlifts.com"
74.6.26.42 - - [03/Dec/2007:02:25:25 -0800] "GET /logs/?N=D HTTP/1.0" 200 1500 "-" "Mozilla/5.0 (compatible; Yahoo! Slurp; http://help.yahoo.com/help/us/ysearch/slurp)" "autobutlerlifts.com"
74.6.23.152 - - [03/Dec/2007:04:08:50 -0800] "GET /?D=A HTTP/1.0" 200 900 "-" "Mozilla/5.0 (compatible; Yahoo! Slurp; http://help.yahoo.com/help/us/ysearch/slurp)" "autobutlerlifts.com"
68.142.212.174 - - [03/Dec/2007:05:30:59 -0800] "GET /robots.txt HTTP/1.0" 404 275 "-" "Yahoo-MMCrawler/3.x (mms dash mmcrawler dash support at yahoo dash inc dot com)" "www.autobutlerlifts.com"
63.219.36.130 - - [03/Dec/2007:07:21:32 -0800] "GET / HTTP/1.1" 200 916 "-" "Mozilla/4.0 (compatible; MSIE 6.0; Windows NT 5.1; SV1; .NET CLR 1.1.4322)" "www.autobutlerlifts.com"
74.6.26.117 - - [03/Dec/2007:08:41:23 -0800] "GET /robots.txt HTTP/1.0" 404 275 "-" "Mozilla/5.0 (compatible; Yahoo! Slurp; http://help.yahoo.com/help/us/ysearch/slurp)" "www.autobutlerlifts.com"
74.6.24.124 - - [03/Dec/2007:08:41:23 -0800] "GET /_private/ HTTP/1.0" 200 514 "-" "Mozilla/5.0 (compatible; Yahoo! Slurp; http://help.yahoo.com/help/us/ysearch/slurp)" "www.autobutlerlifts.com"
66.249.72.40 - - [03/Dec/2007:13:36:20 -0800] "GET /robots.txt HTTP/1.1" 404 275 "-" "Mozilla/5.0 (compatible; Googlebot/2.1; +http://www.google.com/bot.html)" "www.autobutlerlifts.com"
66.249.72.40 - - [03/Dec/2007:13:36:20 -0800] "GET / HTTP/1.1" 200 916 "-" "Mozilla/5.0 (compatible; Googlebot/2.1; +http://www.google.com/bot.html)" "www.autobutlerlifts.com"
66.249.72.40 - - [03/Dec/2007:15:29:13 -0800] "GET /tmp HTTP/1.1" 301 98 "-" "Mozilla/5.0 (compatible; Googlebot/2.1; +http://www.google.com/bot.html)" "www.autobutlerlifts.com"
66.249.72.40 - - [03/Dec/2007:15:29:17 -0800] "GET /tmp/ HTTP/1.1" 200 520 "-" "Mozilla/5.0 (compatible; Googlebot/2.1; +http://www.google.com/bot.html)" "www.autobutlerlifts.com"
82.124.83.179 - - [03/Dec/2007:16:02:48 -0800] "GET /logs/access.log HTTP/1.0" 200 13049 "-" "Lynx/2.8.5rel.1 libwww-FM/2.14 SSL-MM/1.4.1 GNUTLS/1.4.4" "www.autobutlerlifts.com"
66.249.66.227 - - [03/Dec/2007:18:11:23 -0800] "GET /logs/ HTTP/1.1" 200 1516 "-" "Mozilla/5.0 (compatible; Googlebot/2.1; +http://www.google.com/bot.html)" "www.autobutlerlifts.com"
66.249.65.226 - - [03/Dec/2007:20:47:04 -0800] "GET /logs/access_071201.log HTTP/1.1" 200 171497 "-" "Mozilla/5.0 (compatible; Googlebot/2.1; +http://www.google.com/bot.html)" "www.autobutlerlifts.com"
74.6.22.199 - - [03/Dec/2007:21:06:22 -0800] "GET /robots.txt HTTP/1.0" 404 275 "-" "Mozilla/5.0 (compatible; Yahoo! Slurp; http://help.yahoo.com/help/us/ysearch/slurp)" "autobutlerlifts.com"
74.6.28.72 - - [03/Dec/2007:21:06:22 -0800] "GET /_private/?N=A HTTP/1.0" 200 514 "-" "Mozilla/5.0 (compatible; Yahoo! Slurp; http://help.yahoo.com/help/us/ysearch/slurp)" "autobutlerlifts.com"
74.6.26.117 - - [03/Dec/2007:21:15:05 -0800] "GET /robots.txt HTTP/1.0" 404 275 "-" "Mozilla/5.0 (compatible; Yahoo! Slurp; http://help.yahoo.com/help/us/ysearch/slurp)" "www.autobutlerlifts.com"
74.6.23.203 - - [03/Dec/2007:21:15:05 -0800] "GET /?D=A HTTP/1.0" 200 900 "-" "Mozilla/5.0 (compatible; Yahoo! Slurp; http://help.yahoo.com/help/us/ysearch/slurp)" "www.autobutlerlifts.com"
74.6.26.149 - - [03/Dec/2007:22:57:09 -0800] "GET /?N=D HTTP/1.0" 200 900 "-" "Mozilla/5.0 (compatible; Yahoo! Slurp; http://help.yahoo.com/help/us/ysearch/slurp)" "www.autobutlerlifts.com"
74.6.29.19 - - [03/Dec/2007:23:32:47 -0800] "GET /_private/?S=A HTTP/1.0" 200 514 "-" "Mozilla/5.0 (compatible; Yahoo! Slurp; http://help.yahoo.com/help/us/ysearch/slurp)" "www.autobutlerlifts.com"
74.6.29.24 - - [04/Dec/2007:00:14:03 -0800] "GET / HTTP/1.0" 200 900 "-" "Mozilla/5.0 (compatible; Yahoo! Slurp; http://help.yahoo.com/help/us/ysearch/slurp)" "autobutlerlifts.com"
74.6.23.102 - - [04/Dec/2007:01:08:07 -0800] "GET /?S=A HTTP/1.0" 200 900 "-" "Mozilla/5.0 (compatible; Yahoo! Slurp; http://help.yahoo.com/help/us/ysearch/slurp)" "www.autobutlerlifts.com"
205.234.193.64 - - [04/Dec/2007:03:29:11 -0800] "GET /logs/access_070831.log/index.php?action=http://www.joomlahacks.com/smf/Packages/id.txt? HTTP/1.1" 404 275 "-" "libwww-perl/5.808" "autobutlerlifts.com"
205.234.193.64 - - [04/Dec/2007:03:29:11 -0800] "GET /index.php?action=http://www.joomlahacks.com/smf/Packages/id.txt? HTTP/1.1" 404 275 "-" "libwww-perl/5.808" "autobutlerlifts.com"
205.234.193.64 - - [04/Dec/2007:03:29:12 -0800] "GET /logs/index.php?action=http://www.joomlahacks.com/smf/Packages/id.txt? HTTP/1.1" 404 275 "-" "libwww-perl/5.808" "autobutlerlifts.com"
74.6.27.32 - - [04/Dec/2007:03:58:58 -0800] "GET /logs/?D=A HTTP/1.0" 200 1500 "-" "Mozilla/5.0 (compatible; Yahoo! Slurp; http://help.yahoo.com/help/us/ysearch/slurp)" "autobutlerlifts.com"
72.30.179.208 - - [04/Dec/2007:04:04:27 -0800] "GET /logs/?N=A HTTP/1.0" 200 1500 "-" "Mozilla/5.0 (compatible; Yahoo! Slurp; http://help.yahoo.com/help/us/ysearch/slurp)" "autobutlerlifts.com"
74.6.20.214 - - [04/Dec/2007:06:52:37 -0800] "GET /?S=A HTTP/1.0" 200 900 "-" "Mozilla/5.0 (compatible; Yahoo! Slurp; http://help.yahoo.com/help/us/ysearch/slurp)" "autobutlerlifts.com"
66.249.65.226 - - [04/Dec/2007:14:28:29 -0800] "GET /robots.txt HTTP/1.1" 404 275 "-" "Mozilla/5.0 (compatible; Googlebot/2.1; +http://www.google.com/bot.html)" "www.autobutlerlifts.com"
66.249.65.226 - - [04/Dec/2007:14:28:29 -0800] "GET /tmp HTTP/1.1" 301 98 "-" "Mozilla/5.0 (compatible; Googlebot/2.1; +http://www.google.com/bot.html)" "www.autobutlerlifts.com"
66.249.65.226 - - [04/Dec/2007:14:28:29 -0800] "GET /tmp/ HTTP/1.1" 200 520 "-" "Mozilla/5.0 (compatible; Googlebot/2.1; +http://www.google.com/bot.html)" "www.autobutlerlifts.com"
66.249.65.226 - - [04/Dec/2007:15:24:51 -0800] "GET / HTTP/1.1" 200 916 "-" "Mozilla/5.0 (compatible; Googlebot/2.1; +http://www.google.com/bot.html)" "www.autobutlerlifts.com"
82.124.83.179 - - [04/Dec/2007:16:03:29 -0800] "GET /logs/access.log HTTP/1.0" 200 17015 "-" "Lynx/2.8.5rel.1 libwww-FM/2.14 SSL-MM/1.4.1 GNUTLS/1.4.4" "www.autobutlerlifts.com"
38.100.41.105 - - [04/Dec/2007:17:36:38 -0800] "GET / HTTP/1.1" 200 916 "-" "Mozilla/4.0 (compatible; MSIE 6.0; Windows XP)" "www.autobutlerlifts.com"
38.100.41.105 - - [04/Dec/2007:17:37:09 -0800] "GET /_private/ HTTP/1.1" 200 530 "http://www.autobutlerlifts.com/" "Mozilla/4.0 (compatible; MSIE 6.0; Windows XP)" "www.autobutlerlifts.com"
38.100.41.105 - - [04/Dec/2007:17:37:13 -0800] "GET /logs/ HTTP/1.1" 200 1516 "http://www.autobutlerlifts.com/" "Mozilla/4.0 (compatible; MSIE 6.0; Windows XP)" "www.autobutlerlifts.com"
38.100.41.105 - - [04/Dec/2007:17:37:15 -0800] "GET /tmp/ HTTP/1.1" 200 520 "http://www.autobutlerlifts.com/" "Mozilla/4.0 (compatible; MSIE 6.0; Windows XP)" "www.autobutlerlifts.com"
38.100.41.105 - - [04/Dec/2007:17:38:06 -0800] "GET /logs/access_070731.log HTTP/1.1" 200 65536 "http://www.autobutlerlifts.com/logs/" "Mozilla/4.0 (compatible; MSIE 6.0; Windows XP)" "www.autobutlerlifts.com"
38.100.41.105 - - [04/Dec/2007:17:38:09 -0800] "GET /logs/access.log HTTP/1.1" 200 18116 "http://www.autobutlerlifts.com/logs/" "Mozilla/4.0 (compatible; MSIE 6.0; Windows XP)" "www.autobutlerlifts.com"
38.100.41.105 - - [04/Dec/2007:17:38:12 -0800] "GET /logs/access_071201.log HTTP/1.1" 200 171497 "http://www.autobutlerlifts.com/logs/" "Mozilla/4.0 (compatible; MSIE 6.0; Windows XP)" "www.autobutlerlifts.com"
38.100.41.105 - - [04/Dec/2007:17:38:14 -0800] "GET /logs/access_071031.log HTTP/1.1" 200 138542 "http://www.autobutlerlifts.com/logs/" "Mozilla/4.0 (compatible; MSIE 6.0; Windows XP)" "www.autobutlerlifts.com"
38.100.41.105 - - [04/Dec/2007:17:38:15 -0800] "GET /logs/access_070701.log HTTP/1.1" 200 22361 "http://www.autobutlerlifts.com/logs/" "Mozilla/4.0 (compatible; MSIE 6.0; Windows XP)" "www.autobutlerlifts.com"
38.100.41.105 - - [04/Dec/2007:17:38:18 -0800] "GET /logs/access_070831.log HTTP/1.1" 200 0 "http://www.autobutlerlifts.com/logs/" "Mozilla/4.0 (compatible; MSIE 6.0; Windows XP)" "www.autobutlerlifts.com"
38.100.41.105 - - [04/Dec/2007:17:38:21 -0800] "GET /logs/access_071001.log HTTP/1.1" 200 150673 "http://www.autobutlerlifts.com/logs/" "Mozilla/4.0 (compatible; MSIE 6.0; Windows XP)" "www.autobutlerlifts.com"
70.84.168.114 - - [04/Dec/2007:20:02:41 -0800] "GET / HTTP/1.1" 200 916 "http://www.stockleaf.com" "Mozilla/5.0 (Macintosh; U; PPC Mac OS X Mach-O; en-US; rv:1.7.6) Gecko/20050223 Firefox/1.0.1" "www.autobutlerlifts.com"
70.84.168.114 - - [04/Dec/2007:20:02:41 -0800] "GET / HTTP/1.1" 200 916 "http://www.stockleaf.com" "Mozilla/5.0 (Macintosh; U; PPC Mac OS X Mach-O; en-US; rv:1.7.6) Gecko/20050223 Firefox/1.0.1" "www.autobutlerlifts.com"
70.84.168.114 - - [04/Dec/2007:20:02:41 -0800] "GET / HTTP/1.1" 200 916 "http://www.stockleaf.com" "Mozilla/5.0 (Macintosh; U; PPC Mac OS X Mach-O; en-US; rv:1.7.6) Gecko/20050223 Firefox/1.0.1" "www.autobutlerlifts.com"
70.84.168.114 - - [04/Dec/2007:20:02:41 -0800] "GET / HTTP/1.1" 200 916 "http://www.stockleaf.com" "Mozilla/5.0 (Macintosh; U; PPC Mac OS X Mach-O; en-US; rv:1.7.6) Gecko/20050223 Firefox/1.0.1" "www.autobutlerlifts.com"
70.84.168.114 - - [04/Dec/2007:20:02:41 -0800] "GET / HTTP/1.1" 200 916 "http://www.stockleaf.com" "Mozilla/5.0 (Macintosh; U; PPC Mac OS X Mach-O; en-US; rv:1.7.6) Gecko/20050223 Firefox/1.0.1" "www.autobutlerlifts.com"
70.84.168.114 - - [04/Dec/2007:20:02:41 -0800] "GET / HTTP/1.1" 200 916 "http://www.stockleaf.com" "Mozilla/5.0 (Macintosh; U; PPC Mac OS X Mach-O; en-US; rv:1.7.6) Gecko/20050223 Firefox/1.0.1" "www.autobutlerlifts.com"
74.6.26.117 - - [04/Dec/2007:21:23:57 -0800] "GET /robots.txt HTTP/1.0" 404 275 "-" "Mozilla/5.0 (compatible; Yahoo! Slurp; http://help.yahoo.com/help/us/ysearch/slurp)" "www.autobutlerlifts.com"
74.6.20.138 - - [04/Dec/2007:21:23:57 -0800] "GET /logs/ HTTP/1.0" 200 1500 "-" "Mozilla/5.0 (compatible; Yahoo! Slurp; http://help.yahoo.com/help/us/ysearch/slurp)" "www.autobutlerlifts.com"
208.80.193.33 - - [04/Dec/2007:21:53:13 -0800] "GET / HTTP/1.1" 200 916 "-" "Mozilla/5.0 (compatible; Konqueror/3.0-rc1; i686 Linux; 20021004)" "www.autobutlerlifts.com"
68.142.212.192 - - [04/Dec/2007:22:01:07 -0800] "GET /robots.txt HTTP/1.0" 404 275 "-" "Yahoo-MMCrawler/3.x (mms dash mmcrawler dash support at yahoo dash inc dot com)" "autobutlerlifts.com"
208.80.193.49 - - [04/Dec/2007:22:45:25 -0800] "GET / HTTP/1.1" 200 916 "-" "Mozilla/5.0 (compatible; Konqueror/3.0-rc1; i686 Linux; 20021005)" "autobutlerlifts.com"
74.6.22.199 - - [05/Dec/2007:03:18:11 -0800] "GET /robots.txt HTTP/1.0" 404 275 "-" "Mozilla/5.0 (compatible; Yahoo! Slurp; http://help.yahoo.com/help/us/ysearch/slurp)" "autobutlerlifts.com"
74.6.28.211 - - [05/Dec/2007:03:18:12 -0800] "GET /logs/?S=A HTTP/1.0" 200 1500 "-" "Mozilla/5.0 (compatible; Yahoo! Slurp; http://help.yahoo.com/help/us/ysearch/slurp)" "autobutlerlifts.com"
64.1.215.162 - - [05/Dec/2007:08:17:39 -0800] "GET /robots.txt HTTP/1.0" 404 275 "-" "Mozilla/5.0 (Twiceler-0.9 http://www.cuill.com/twiceler/robot.html)" "www.autobutlerlifts.com"
205.234.193.64 - - [05/Dec/2007:08:38:52 -0800] "GET /logs/access_070831.log/index.php?action=http://www.joomlahacks.com/smf/Packages/id.txt? HTTP/1.1" 404 275 "-" "libwww-perl/5.808" "autobutlerlifts.com"
205.234.193.64 - - [05/Dec/2007:08:38:52 -0800] "GET /index.php?action=http://www.joomlahacks.com/smf/Packages/id.txt? HTTP/1.1" 404 275 "-" "libwww-perl/5.808" "autobutlerlifts.com"
205.234.193.64 - - [05/Dec/2007:08:38:52 -0800] "GET /logs/index.php?action=http://www.joomlahacks.com/smf/Packages/id.txt? HTTP/1.1" 404 275 "-" "libwww-perl/5.808" "autobutlerlifts.com"
66.249.72.144 - - [05/Dec/2007:09:38:12 -0800] "GET /robots.txt HTTP/1.1" 404 275 "-" "Mozilla/5.0 (compatible; Googlebot/2.1; +http://www.google.com/bot.html)" "www.autobutlerlifts.com"
66.249.72.144 - - [05/Dec/2007:09:38:12 -0800] "GET /tmp HTTP/1.1" 301 98 "-" "Mozilla/5.0 (compatible; Googlebot/2.1; +http://www.google.com/bot.html)" "www.autobutlerlifts.com"
66.249.72.144 - - [05/Dec/2007:09:38:12 -0800] "GET /tmp/ HTTP/1.1" 200 520 "-" "Mozilla/5.0 (compatible; Googlebot/2.1; +http://www.google.com/bot.html)" "www.autobutlerlifts.com"
74.6.22.199 - - [05/Dec/2007:10:21:49 -0800] "GET /robots.txt HTTP/1.0" 404 275 "-" "Mozilla/5.0 (compatible; Yahoo! Slurp; http://help.yahoo.com/help/us/ysearch/slurp)" "autobutlerlifts.com"
74.6.19.222 - - [05/Dec/2007:10:21:49 -0800] "GET /tmp/?N=A HTTP/1.0" 200 504 "-" "Mozilla/5.0 (compatible; Yahoo! Slurp; http://help.yahoo.com/help/us/ysearch/slurp)" "autobutlerlifts.com"
64.1.215.164 - - [05/Dec/2007:10:52:38 -0800] "GET /robots.txt HTTP/1.0" 404 275 "-" "Mozilla/5.0 (Twiceler-0.9 http://www.cuill.com/twiceler/robot.html)" "autobutlerlifts.com"
68.142.212.174 - - [05/Dec/2007:10:56:00 -0800] "GET /robots.txt HTTP/1.0" 404 275 "-" "Yahoo-MMCrawler/3.x (mms dash mmcrawler dash support at yahoo dash inc dot com)" "www.autobutlerlifts.com"
72.36.115.78 - - [05/Dec/2007:12:01:09 -0800] "GET /robots.txt HTTP/1.0" 404 275 "-" "CazoodleBot/Nutch-0.9-dev (CazoodleBot Crawler; http://www.cazoodle.com; mqbot@cazoodle.com)" "autobutlerlifts.com"
72.36.115.78 - - [05/Dec/2007:12:01:09 -0800] "GET / HTTP/1.0" 200 900 "-" "CazoodleBot/Nutch-0.9-dev (CazoodleBot Crawler; http://www.cazoodle.com; mqbot@cazoodle.com)" "autobutlerlifts.com"
74.6.26.212 - - [05/Dec/2007:12:34:08 -0800] "GET /tmp/?D=A HTTP/1.0" 200 504 "-" "Mozilla/5.0 (compatible; Yahoo! Slurp; http://help.yahoo.com/help/us/ysearch/slurp)" "autobutlerlifts.com"
74.6.7.103 - - [05/Dec/2007:13:00:43 -0800] "GET /?N=D HTTP/1.0" 200 900 "-" "Mozilla/5.0 (compatible; Yahoo! Slurp; http://help.yahoo.com/help/us/ysearch/slurp)" "autobutlerlifts.com"
82.124.83.179 - - [05/Dec/2007:16:03:36 -0800] "GET /logs/access.log HTTP/1.0" 200 24821 "-" "Lynx/2.8.5rel.1 libwww-FM/2.14 SSL-MM/1.4.1 GNUTLS/1.4.4" "www.autobutlerlifts.com"
69.49.45.199 - - [05/Dec/2007:16:50:52 -0800] "GET /favicon.ico HTTP/1.1" 404 275 "-" "Mozilla/4.0 (compatible; GoogleToolbar 4.0.1601.4978-big; Windows XP 5.1; MSIE 7.0.5730.11)" "www.autobutlerlifts.com"
69.49.45.199 - - [05/Dec/2007:16:50:52 -0800] "GET /favicon.gif HTTP/1.1" 404 275 "-" "Mozilla/4.0 (compatible; GoogleToolbar 4.0.1601.4978-big; Windows XP 5.1; MSIE 7.0.5730.11)" "www.autobutlerlifts.com"
66.249.72.144 - - [05/Dec/2007:17:57:19 -0800] "GET / HTTP/1.1" 200 916 "-" "Mozilla/5.0 (compatible; Googlebot/2.1; +http://www.google.com/bot.html)" "www.autobutlerlifts.com"
74.6.28.75 - - [05/Dec/2007:19:54:17 -0800] "GET /logs/access_070831.log HTTP/1.0" 200 248301 "-" "Mozilla/5.0 (compatible; Yahoo! Slurp; http://help.yahoo.com/help/us/ysearch/slurp)" "autobutlerlifts.com"
74.6.22.199 - - [06/Dec/2007:05:45:44 -0800] "GET /robots.txt HTTP/1.0" 404 275 "-" "Mozilla/5.0 (compatible; Yahoo! Slurp; http://help.yahoo.com/help/us/ysearch/slurp)" "autobutlerlifts.com"
74.6.27.117 - - [06/Dec/2007:05:45:45 -0800] "GET /_private/?D=D HTTP/1.0" 200 514 "-" "Mozilla/5.0 (compatible; Yahoo! Slurp; http://help.yahoo.com/help/us/ysearch/slurp)" "autobutlerlifts.com"
74.6.26.142 - - [06/Dec/2007:05:46:50 -0800] "GET /logs/access_071001.log HTTP/1.0" 200 150673 "-" "Mozilla/5.0 (compatible; Yahoo! Slurp; http://help.yahoo.com/help/us/ysearch/slurp)" "autobutlerlifts.com"
64.156.10.131 - - [06/Dec/2007:11:06:48 -0800] "GET /images/ultracarjackplate.gif HTTP/1.1" 404 275 "-" "Jakarta Commons-HttpClient/3.0.1" "www.autobutlerlifts.com"
64.156.10.131 - - [06/Dec/2007:11:12:52 -0800] "GET /images/Castersforcart2.jpg HTTP/1.1" 404 275 "-" "Jakarta Commons-HttpClient/3.0.1" "www.autobutlerlifts.com"
66.249.72.144 - - [06/Dec/2007:11:36:21 -0800] "GET /robots.txt HTTP/1.1" 404 275 "-" "Mozilla/5.0 (compatible; Googlebot/2.1; +http://www.google.com/bot.html)" "www.autobutlerlifts.com"
66.249.72.144 - - [06/Dec/2007:11:36:21 -0800] "GET /googlee916a1106382fa83.html HTTP/1.1" 404 275 "-" "Mozilla/5.0 (compatible; Googlebot/2.1; +http://www.google.com/bot.html)" "www.autobutlerlifts.com"
66.249.72.144 - - [06/Dec/2007:13:59:25 -0800] "GET /tmp HTTP/1.1" 301 98 "-" "Mozilla/5.0 (compatible; Googlebot/2.1; +http://www.google.com/bot.html)" "www.autobutlerlifts.com"
66.249.72.144 - - [06/Dec/2007:13:59:25 -0800] "GET /tmp/ HTTP/1.1" 200 520 "-" "Mozilla/5.0 (compatible; Googlebot/2.1; +http://www.google.com/bot.html)" "www.autobutlerlifts.com"
74.6.22.199 - - [06/Dec/2007:15:15:27 -0800] "GET /robots.txt HTTP/1.0" 404 275 "-" "Mozilla/5.0 (compatible; Yahoo! Slurp; http://help.yahoo.com/help/us/ysearch/slurp)" "autobutlerlifts.com"
74.6.20.171 - - [06/Dec/2007:15:15:27 -0800] "GET /tmp/?M=A HTTP/1.0" 200 504 "-" "Mozilla/5.0 (compatible; Yahoo! Slurp; http://help.yahoo.com/help/us/ysearch/slurp)" "autobutlerlifts.com"
82.120.239.187 - - [06/Dec/2007:16:03:18 -0800] "GET /logs/access.log HTTP/1.0" 200 27849 "-" "Lynx/2.8.5rel.1 libwww-FM/2.14 SSL-MM/1.4.1 GNUTLS/1.4.4" "www.autobutlerlifts.com"
74.6.25.33 - - [06/Dec/2007:16:40:20 -0800] "GET /tmp/ HTTP/1.0" 200 504 "-" "Mozilla/5.0 (compatible; Yahoo! Slurp; http://help.yahoo.com/help/us/ysearch/slurp)" "autobutlerlifts.com"
74.6.20.154 - - [06/Dec/2007:16:51:38 -0800] "GET /tmp/?S=A HTTP/1.0" 200 504 "-" "Mozilla/5.0 (compatible; Yahoo! Slurp; http://help.yahoo.com/help/us/ysearch/slurp)" "autobutlerlifts.com"
76.28.44.138 - - [06/Dec/2007:17:35:00 -0800] "GET /logs/access_070701.log HTTP/1.1" 200 22361 "http://www.google.com/search?q=auto+butler+car+lift&hl=en&rls=DMUS,DMUS:2006-49,DMUS:en&start=10&sa=N" "Mozilla/4.0 (compatible; MSIE 7.0; Windows NT 5.1; .NET CLR 1.0.3705; .NET CLR 1.1.4322; Media Center PC 4.0)" "www.autobutlerlifts.com"
68.142.212.192 - - [07/Dec/2007:02:19:15 -0800] "GET /robots.txt HTTP/1.0" 404 275 "-" "Yahoo-MMCrawler/3.x (mms dash mmcrawler dash support at yahoo dash inc dot com)" "autobutlerlifts.com"
65.214.45.139 - - [07/Dec/2007:04:01:35 -0800] "GET /robots.txt HTTP/1.0" 404 275 "-" "Mozilla/5.0 (compatible; Ask Jeeves/Teoma; +http://about.ask.com/en/docs/about/webmasters.shtml)" "autobutlerlifts.com"
65.214.45.139 - - [07/Dec/2007:04:01:35 -0800] "GET /auto-lift.html HTTP/1.0" 404 275 "-" "Mozilla/5.0 (compatible; Ask Jeeves/Teoma; +http://about.ask.com/en/docs/about/webmasters.shtml)" "autobutlerlifts.com"
68.142.212.174 - - [07/Dec/2007:13:30:34 -0800] "GET /robots.txt HTTP/1.0" 404 275 "-" "Yahoo-MMCrawler/3.x (mms dash mmcrawler dash support at yahoo dash inc dot com)" "www.autobutlerlifts.com"
24.185.228.200 - - [07/Dec/2007:14:31:47 -0800] "GET /auto-lift-privacynotice.html HTTP/1.1" 404 275 "-" "Mozilla/4.0 (compatible; MSIE 7.0; Windows NT 5.1; SpamBlockerUtility 4.8.4)" "www.autobutlerlifts.com"
66.249.72.144 - - [07/Dec/2007:14:36:30 -0800] "GET /robots.txt HTTP/1.1" 404 275 "-" "Mozilla/5.0 (compatible; Googlebot/2.1; +http://www.google.com/bot.html)" "www.autobutlerlifts.com"
66.249.72.144 - - [07/Dec/2007:14:36:30 -0800] "GET /tmp HTTP/1.1" 301 98 "-" "Mozilla/5.0 (compatible; Googlebot/2.1; +http://www.google.com/bot.html)" "www.autobutlerlifts.com"
66.249.72.144 - - [07/Dec/2007:14:36:30 -0800] "GET /tmp/ HTTP/1.1" 200 520 "-" "Mozilla/5.0 (compatible; Googlebot/2.1; +http://www.google.com/bot.html)" "www.autobutlerlifts.com"
82.120.239.187 - - [07/Dec/2007:16:03:30 -0800] "GET /logs/access.log HTTP/1.0" 200 30301 "-" "Lynx/2.8.5rel.1 libwww-FM/2.14 SSL-MM/1.4.1 GNUTLS/1.4.4" "www.autobutlerlifts.com"
66.249.72.144 - - [07/Dec/2007:18:19:53 -0800] "GET /logs/access_071031.log HTTP/1.1" 200 138542 "-" "Mozilla/5.0 (compatible; Googlebot/2.1; +http://www.google.com/bot.html)" "www.autobutlerlifts.com"
74.6.26.117 - - [07/Dec/2007:20:29:11 -0800] "GET /robots.txt HTTP/1.0" 404 275 "-" "Mozilla/5.0 (compatible; Yahoo! Slurp; http://help.yahoo.com/help/us/ysearch/slurp)" "www.autobutlerlifts.com"
72.30.179.220 - - [07/Dec/2007:20:29:11 -0800] "GET /?M=A HTTP/1.0" 200 900 "-" "Mozilla/5.0 (compatible; Yahoo! Slurp; http://help.yahoo.com/help/us/ysearch/slurp)" "www.autobutlerlifts.com"
74.6.22.199 - - [07/Dec/2007:21:37:59 -0800] "GET /robots.txt HTTP/1.0" 404 275 "-" "Mozilla/5.0 (compatible; Yahoo! Slurp; http://help.yahoo.com/help/us/ysearch/slurp)" "autobutlerlifts.com"
74.6.24.122 - - [07/Dec/2007:21:37:59 -0800] "GET /tmp/?N=D HTTP/1.0" 200 504 "-" "Mozilla/5.0 (compatible; Yahoo! Slurp; http://help.yahoo.com/help/us/ysearch/slurp)" "autobutlerlifts.com"
74.6.25.117 - - [08/Dec/2007:02:59:26 -0800] "GET /_private/?S=A HTTP/1.0" 200 514 "-" "Mozilla/5.0 (compatible; Yahoo! Slurp; http://help.yahoo.com/help/us/ysearch/slurp)" "autobutlerlifts.com"
208.80.193.39 - - [08/Dec/2007:05:37:57 -0800] "GET / HTTP/1.1" 200 916 "-" "Mozilla/5.0 (compatible; Konqueror/3.1-rc2; i686 Linux; 20021112)" "www.autobutlerlifts.com"
64.1.215.162 - - [08/Dec/2007:05:43:00 -0800] "GET /robots.txt HTTP/1.0" 404 275 "-" "Mozilla/5.0 (Twiceler-0.9 http://www.cuill.com/twiceler/robot.html)" "www.autobutlerlifts.com"
208.80.193.30 - - [08/Dec/2007:06:45:18 -0800] "GET / HTTP/1.1" 200 916 "-" "Mozilla/4.0 (compatible; MSIE 6.0; Windows NT 5.1; Q312465)" "autobutlerlifts.com"
72.30.179.232 - - [08/Dec/2007:07:00:48 -0800] "GET /_private/?M=A HTTP/1.0" 200 514 "-" "Mozilla/5.0 (compatible; Yahoo! Slurp; http://help.yahoo.com/help/us/ysearch/slurp)" "autobutlerlifts.com"
69.205.2.189 - - [08/Dec/2007:07:03:13 -0800] "GET / HTTP/1.1" 200 916 "-" "Mozilla/4.0 (compatible; MSIE 7.0; Windows NT 5.1)" "www.autobutlerlifts.com"
69.205.2.189 - - [08/Dec/2007:07:03:14 -0800] "GET /favicon.ico HTTP/1.1" 404 275 "-" "Mozilla/4.0 (compatible; MSIE 7.0; Windows NT 5.1)" "www.autobutlerlifts.com"
69.205.2.189 - - [08/Dec/2007:07:04:20 -0800] "GET / HTTP/1.1" 200 916 "-" "Mozilla/4.0 (compatible; MSIE 7.0; Windows NT 5.1)" "www.autobutlerlifts.com"
70.137.4.106 - - [08/Dec/2007:07:45:05 -0800] "GET / HTTP/1.1" 200 916 "http://216.109.125.130/search/cache?ei=UTF-8&p=www.autobutlerlifts.com&y=Search&fr=slv8-msgr_ymail&u=www.autobutlerlifts.com/&d=dg9tk7XiP3ol&icp=1&.intl=us" "Mozilla/4.0 (compatible; MSIE 6.0; Windows NT 5.1; DigExt; SV1)" "www.autobutlerlifts.com"
66.249.72.144 - - [08/Dec/2007:09:39:32 -0800] "GET /robots.txt HTTP/1.1" 404 275 "-" "Mozilla/5.0 (compatible; Googlebot/2.1; +http://www.google.com/bot.html)" "www.autobutlerlifts.com"
66.249.72.144 - - [08/Dec/2007:09:39:32 -0800] "GET /tmp HTTP/1.1" 301 98 "-" "Mozilla/5.0 (compatible; Googlebot/2.1; +http://www.google.com/bot.html)" "www.autobutlerlifts.com"
66.249.72.144 - - [08/Dec/2007:09:39:32 -0800] "GET /tmp/ HTTP/1.1" 200 520 "-" "Mozilla/5.0 (compatible; Googlebot/2.1; +http://www.google.com/bot.html)" "www.autobutlerlifts.com"
64.1.215.164 - - [08/Dec/2007:13:31:29 -0800] "GET /robots.txt HTTP/1.0" 404 275 "-" "Mozilla/5.0 (Twiceler-0.9 http://www.cuill.com/twiceler/robot.html)" "autobutlerlifts.com"
82.120.239.187 - - [08/Dec/2007:16:03:07 -0800] "GET /logs/access.log HTTP/1.0" 200 33873 "-" "Lynx/2.8.5rel.1 libwww-FM/2.14 SSL-MM/1.4.1 GNUTLS/1.4.4" "www.autobutlerlifts.com"
66.249.72.144 - - [08/Dec/2007:19:04:02 -0800] "GET / HTTP/1.1" 200 916 "-" "Mozilla/5.0 (compatible; Googlebot/2.1; +http://www.google.com/bot.html)" "www.autobutlerlifts.com"
74.6.22.199 - - [09/Dec/2007:01:05:32 -0800] "GET /robots.txt HTTP/1.0" 404 275 "-" "Mozilla/5.0 (compatible; Yahoo! Slurp; http://help.yahoo.com/help/us/ysearch/slurp)" "autobutlerlifts.com"
74.6.25.117 - - [09/Dec/2007:01:05:32 -0800] "GET /_private/?S=A HTTP/1.0" 200 514 "-" "Mozilla/5.0 (compatible; Yahoo! Slurp; http://help.yahoo.com/help/us/ysearch/slurp)" "autobutlerlifts.com"
74.6.24.11 - - [09/Dec/2007:01:49:59 -0800] "GET /logs/ HTTP/1.0" 200 1500 "-" "Mozilla/5.0 (compatible; Yahoo! Slurp; http://help.yahoo.com/help/us/ysearch/slurp)" "autobutlerlifts.com"
63.123.238.8 - - [09/Dec/2007:03:56:19 -0800] "GET /robots.txt HTTP/1.1" 404 275 "-" "Mozilla/2.0 (compatible; Ask Jeeves/Teoma)" "autobutlerlifts.com"
63.123.238.8 - - [09/Dec/2007:03:56:19 -0800] "GET / HTTP/1.1" 200 916 "-" "Mozilla/2.0 (compatible; Ask Jeeves/Teoma)" "autobutlerlifts.com"
74.6.29.16 - - [09/Dec/2007:05:59:20 -0800] "GET /logs/access_071031.log HTTP/1.0" 200 138542 "-" "Mozilla/5.0 (compatible; Yahoo! Slurp; http://help.yahoo.com/help/us/ysearch/slurp)" "autobutlerlifts.com"
68.142.212.192 - - [09/Dec/2007:06:12:51 -0800] "GET /robots.txt HTTP/1.0" 404 275 "-" "Yahoo-MMCrawler/3.x (mms dash mmcrawler dash support at yahoo dash inc dot com)" "autobutlerlifts.com"
66.249.72.144 - - [09/Dec/2007:10:44:06 -0800] "GET /robots.txt HTTP/1.1" 404 275 "-" "Mozilla/5.0 (compatible; Googlebot/2.1; +http://www.google.com/bot.html)" "www.autobutlerlifts.com"
66.249.72.144 - - [09/Dec/2007:10:44:06 -0800] "GET /tmp HTTP/1.1" 301 98 "-" "Mozilla/5.0 (compatible; Googlebot/2.1; +http://www.google.com/bot.html)" "www.autobutlerlifts.com"
66.249.72.144 - - [09/Dec/2007:10:44:06 -0800] "GET /tmp/ HTTP/1.1" 200 520 "-" "Mozilla/5.0 (compatible; Googlebot/2.1; +http://www.google.com/bot.html)" "www.autobutlerlifts.com"
74.6.22.199 - - [09/Dec/2007:12:54:18 -0800] "GET /robots.txt HTTP/1.0" 404 275 "-" "Mozilla/5.0 (compatible; Yahoo! Slurp; http://help.yahoo.com/help/us/ysearch/slurp)" "autobutlerlifts.com"
74.6.24.222 - - [09/Dec/2007:12:54:18 -0800] "GET /_private/ HTTP/1.0" 200 514 "-" "Mozilla/5.0 (compatible; Yahoo! Slurp; http://help.yahoo.com/help/us/ysearch/slurp)" "autobutlerlifts.com"
74.6.23.28 - - [09/Dec/2007:15:26:07 -0800] "GET /?N=A HTTP/1.0" 200 900 "-" "Mozilla/5.0 (compatible; Yahoo! Slurp; http://help.yahoo.com/help/us/ysearch/slurp)" "autobutlerlifts.com"
89.159.200.63 - - [09/Dec/2007:16:03:21 -0800] "GET /logs/access.log HTTP/1.0" 200 36609 "-" "Lynx/2.8.5rel.1 libwww-FM/2.14 SSL-MM/1.4.1 GNUTLS/1.4.4" "www.autobutlerlifts.com"
74.6.23.28 - - [09/Dec/2007:16:22:01 -0800] "GET /?N=A HTTP/1.0" 200 900 "-" "Mozilla/5.0 (compatible; Yahoo! Slurp; http://help.yahoo.com/help/us/ysearch/slurp)" "autobutlerlifts.com"
74.6.26.210 - - [09/Dec/2007:18:36:28 -0800] "GET /logs/access.log HTTP/1.0" 200 36972 "-" "Mozilla/5.0 (compatible; Yahoo! Slurp; http://help.yahoo.com/help/us/ysearch/slurp)" "autobutlerlifts.com"
68.142.212.174 - - [09/Dec/2007:23:17:55 -0800] "GET /robots.txt HTTP/1.0" 404 275 "-" "Yahoo-MMCrawler/3.x (mms dash mmcrawler dash support at yahoo dash inc dot com)" "www.autobutlerlifts.com"
74.6.26.117 - - [10/Dec/2007:00:15:13 -0800] "GET /robots.txt HTTP/1.0" 404 275 "-" "Mozilla/5.0 (compatible; Yahoo! Slurp; http://help.yahoo.com/help/us/ysearch/slurp)" "www.autobutlerlifts.com"
74.6.28.217 - - [10/Dec/2007:00:15:13 -0800] "GET / HTTP/1.0" 200 900 "-" "Mozilla/5.0 (compatible; Yahoo! Slurp; http://help.yahoo.com/help/us/ysearch/slurp)" "www.autobutlerlifts.com"
74.6.23.16 - - [10/Dec/2007:00:21:49 -0800] "GET /tmp/ HTTP/1.0" 200 504 "-" "Mozilla/5.0 (compatible; Yahoo! Slurp; http://help.yahoo.com/help/us/ysearch/slurp)" "www.autobutlerlifts.com"
74.6.22.199 - - [10/Dec/2007:00:59:02 -0800] "GET /robots.txt HTTP/1.0" 404 275 "-" "Mozilla/5.0 (compatible; Yahoo! Slurp; http://help.yahoo.com/help/us/ysearch/slurp)" "autobutlerlifts.com"
74.6.26.167 - - [10/Dec/2007:00:59:03 -0800] "GET /?M=A HTTP/1.0" 200 900 "-" "Mozilla/5.0 (compatible; Yahoo! Slurp; http://help.yahoo.com/help/us/ysearch/slurp)" "autobutlerlifts.com"
66.249.72.105 - - [10/Dec/2007:04:19:32 -0800] "GET /robots.txt HTTP/1.1" 404 275 "-" "Mozilla/5.0 (compatible; Googlebot/2.1; +http://www.google.com/bot.html)" "www.autobutlerlifts.com"
66.249.72.105 - - [10/Dec/2007:04:19:32 -0800] "GET / HTTP/1.1" 200 916 "-" "Mozilla/5.0 (compatible; Googlebot/2.1; +http://www.google.com/bot.html)" "www.autobutlerlifts.com"
74.6.26.42 - - [10/Dec/2007:06:01:24 -0800] "GET /logs/?N=D HTTP/1.0" 200 1500 "-" "Mozilla/5.0 (compatible; Yahoo! Slurp; http://help.yahoo.com/help/us/ysearch/slurp)" "autobutlerlifts.com"
66.249.72.105 - - [10/Dec/2007:09:20:56 -0800] "GET /tmp HTTP/1.1" 301 98 "-" "Mozilla/5.0 (compatible; Googlebot/2.1; +http://www.google.com/bot.html)" "www.autobutlerlifts.com"
66.249.72.105 - - [10/Dec/2007:09:20:56 -0800] "GET /tmp/ HTTP/1.1" 200 520 "-" "Mozilla/5.0 (compatible; Googlebot/2.1; +http://www.google.com/bot.html)" "www.autobutlerlifts.com"
68.72.196.17 - - [10/Dec/2007:10:18:26 -0800] "GET /index.html HTTP/1.1" 404 275 "-" "Mozilla/5.0 (Macintosh; U; PPC Mac OS X Mach-O; en-US; rv:1.8.1.1) Gecko/20061204 Firefox/2.0.0.1" "www.autobutlerlifts.com"
68.72.196.17 - - [10/Dec/2007:10:18:26 -0800] "GET /favicon.ico HTTP/1.1" 404 275 "-" "Mozilla/5.0 (Macintosh; U; PPC Mac OS X Mach-O; en-US; rv:1.8.1.1) Gecko/20061204 Firefox/2.0.0.1" "www.autobutlerlifts.com"
68.72.196.17 - - [10/Dec/2007:10:18:27 -0800] "GET /favicon.ico HTTP/1.1" 404 275 "-" "Mozilla/5.0 (Macintosh; U; PPC Mac OS X Mach-O; en-US; rv:1.8.1.1) Gecko/20061204 Firefox/2.0.0.1" "www.autobutlerlifts.com"
64.1.215.162 - - [11/Dec/2007:07:15:11 -0800] "GET /robots.txt HTTP/1.0" 404 275 "-" "Mozilla/5.0 (Twiceler-0.9 http://www.cuill.com/twiceler/robot.html)" "www.autobutlerlifts.com"
74.6.22.199 - - [11/Dec/2007:08:31:20 -0800] "GET /robots.txt HTTP/1.0" 404 275 "-" "Mozilla/5.0 (compatible; Yahoo! Slurp; http://help.yahoo.com/help/us/ysearch/slurp)" "autobutlerlifts.com"
74.6.28.72 - - [11/Dec/2007:08:31:20 -0800] "GET /_private/?N=A HTTP/1.0" 200 514 "-" "Mozilla/5.0 (compatible; Yahoo! Slurp; http://help.yahoo.com/help/us/ysearch/slurp)" "autobutlerlifts.com"
74.6.26.117 - - [11/Dec/2007:08:40:41 -0800] "GET /robots.txt HTTP/1.0" 404 275 "-" "Mozilla/5.0 (compatible; Yahoo! Slurp; http://help.yahoo.com/help/us/ysearch/slurp)" "www.autobutlerlifts.com"
74.6.26.149 - - [11/Dec/2007:08:40:41 -0800] "GET /?N=D HTTP/1.0" 200 900 "-" "Mozilla/5.0 (compatible; Yahoo! Slurp; http://help.yahoo.com/help/us/ysearch/slurp)" "www.autobutlerlifts.com"
67.80.108.140 - - [11/Dec/2007:09:04:39 -0800] "GET / HTTP/1.0" 200 900 "http://www.google.com/search?hl=en&q=www.autobutlerlifts.com&btnG=Google+Search" "Mozilla/4.0 (compatible; MSIE 6.0; Windows NT 5.0)" "www.autobutlerlifts.com"
67.80.108.140 - - [11/Dec/2007:09:05:18 -0800] "GET /logs/access_070831.log HTTP/1.0" 200 248301 "http://www.google.com/search?hl=en&q=+site:www.autobutlerlifts.com+www.autobutlerlifts.com" "Mozilla/4.0 (compatible; MSIE 6.0; Windows NT 5.0)" "www.autobutlerlifts.com"
74.6.29.24 - - [11/Dec/2007:09:27:56 -0800] "GET / HTTP/1.0" 200 900 "-" "Mozilla/5.0 (compatible; Yahoo! Slurp; http://help.yahoo.com/help/us/ysearch/slurp)" "autobutlerlifts.com"
74.6.23.152 - - [11/Dec/2007:09:29:33 -0800] "GET /?D=A HTTP/1.0" 200 900 "-" "Mozilla/5.0 (compatible; Yahoo! Slurp; http://help.yahoo.com/help/us/ysearch/slurp)" "autobutlerlifts.com"
74.6.20.214 - - [11/Dec/2007:09:30:32 -0800] "GET /?S=A HTTP/1.0" 200 900 "-" "Mozilla/5.0 (compatible; Yahoo! Slurp; http://help.yahoo.com/help/us/ysearch/slurp)" "autobutlerlifts.com"
64.1.215.164 - - [11/Dec/2007:10:36:46 -0800] "GET /robots.txt HTTP/1.0" 404 275 "-" "Mozilla/5.0 (Twiceler-0.9 http://www.cuill.com/twiceler/robot.html)" "autobutlerlifts.com"
66.249.72.40 - - [11/Dec/2007:11:03:30 -0800] "GET /robots.txt HTTP/1.1" 404 275 "-" "Mozilla/5.0 (compatible; Googlebot/2.1; +http://www.google.com/bot.html)" "www.autobutlerlifts.com"
66.249.72.40 - - [11/Dec/2007:11:03:30 -0800] "GET /tmp HTTP/1.1" 301 98 "-" "Mozilla/5.0 (compatible; Googlebot/2.1; +http://www.google.com/bot.html)" "www.autobutlerlifts.com"
66.249.72.40 - - [11/Dec/2007:11:03:30 -0800] "GET /tmp/ HTTP/1.1" 200 520 "-" "Mozilla/5.0 (compatible; Googlebot/2.1; +http://www.google.com/bot.html)" "www.autobutlerlifts.com"
68.142.212.192 - - [11/Dec/2007:11:49:37 -0800] "GET /robots.txt HTTP/1.0" 404 275 "-" "Yahoo-MMCrawler/3.x (mms dash mmcrawler dash support at yahoo dash inc dot com)" "autobutlerlifts.com"
74.6.22.199 - - [11/Dec/2007:14:47:38 -0800] "GET /robots.txt HTTP/1.0" 404 275 "-" "Mozilla/5.0 (compatible; Yahoo! Slurp; http://help.yahoo.com/help/us/ysearch/slurp)" "autobutlerlifts.com"
74.6.24.22 - - [11/Dec/2007:14:47:38 -0800] "GET /?M=D HTTP/1.0" 200 900 "-" "Mozilla/5.0 (compatible; Yahoo! Slurp; http://help.yahoo.com/help/us/ysearch/slurp)" "autobutlerlifts.com"
82.120.239.187 - - [11/Dec/2007:16:02:57 -0800] "GET /logs/access.log HTTP/1.0" 200 43162 "-" "Lynx/2.8.5rel.1 libwww-FM/2.14 SSL-MM/1.4.1 GNUTLS/1.4.4" "www.autobutlerlifts.com"
99.167.107.168 - - [11/Dec/2007:17:56:25 -0800] "GET /index.html HTTP/1.1" 404 275 "-" "Mozilla/4.0 (compatible; MSIE 7.0; Windows NT 5.1; .NET CLR 1.0.3705; .NET CLR 1.1.4322)" "www.autobutlerlifts.com"
74.6.22.199 - - [12/Dec/2007:00:48:42 -0800] "GET /robots.txt HTTP/1.0" 404 275 "-" "Mozilla/5.0 (compatible; Yahoo! Slurp; http://help.yahoo.com/help/us/ysearch/slurp)" "autobutlerlifts.com"
74.6.20.121 - - [12/Dec/2007:00:48:43 -0800] "GET /logs/?M=A HTTP/1.0" 200 1500 "-" "Mozilla/5.0 (compatible; Yahoo! Slurp; http://help.yahoo.com/help/us/ysearch/slurp)" "autobutlerlifts.com"
131.70.204.121 - - [12/Dec/2007:05:00:02 -0800] "GET / HTTP/1.1" 200 916 "http://www.azgaycar.com/links.htm" "Mozilla/4.0 (compatible; MSIE 6.0; Windows NT 5.1; SV1; InfoPath.1)" "autobutlerlifts.com"
131.70.204.121 - - [12/Dec/2007:05:00:12 -0800] "GET /_private/ HTTP/1.1" 200 530 "http://autobutlerlifts.com/" "Mozilla/4.0 (compatible; MSIE 6.0; Windows NT 5.1; SV1; InfoPath.1)" "autobutlerlifts.com"
131.70.204.121 - - [12/Dec/2007:05:00:13 -0800] "GET / HTTP/1.1" 200 916 "http://autobutlerlifts.com/_private/" "Mozilla/4.0 (compatible; MSIE 6.0; Windows NT 5.1; SV1; InfoPath.1)" "autobutlerlifts.com"
131.70.204.121 - - [12/Dec/2007:05:00:15 -0800] "GET /logs/ HTTP/1.1" 200 1516 "http://autobutlerlifts.com/" "Mozilla/4.0 (compatible; MSIE 6.0; Windows NT 5.1; SV1; InfoPath.1)" "autobutlerlifts.com"
131.70.204.121 - - [12/Dec/2007:05:00:17 -0800] "GET /logs/access_071201.log HTTP/1.1" 200 171497 "http://autobutlerlifts.com/logs/" "Mozilla/4.0 (compatible; MSIE 6.0; Windows NT 5.1; SV1; InfoPath.1)" "autobutlerlifts.com"
131.70.204.121 - - [12/Dec/2007:05:00:28 -0800] "GET /logs/access.log HTTP/1.1" 200 44964 "http://autobutlerlifts.com/logs/" "Mozilla/4.0 (compatible; MSIE 6.0; Windows NT 5.1; SV1; InfoPath.1)" "autobutlerlifts.com"
131.70.204.121 - - [12/Dec/2007:05:00:31 -0800] "GET / HTTP/1.1" 200 916 "http://autobutlerlifts.com/logs/" "Mozilla/4.0 (compatible; MSIE 6.0; Windows NT 5.1; SV1; InfoPath.1)" "autobutlerlifts.com"
131.70.204.121 - - [12/Dec/2007:05:00:33 -0800] "GET /tmp/ HTTP/1.1" 200 520 "http://autobutlerlifts.com/" "Mozilla/4.0 (compatible; MSIE 6.0; Windows NT 5.1; SV1; InfoPath.1)" "autobutlerlifts.com"
74.6.26.117 - - [12/Dec/2007:09:32:54 -0800] "GET /robots.txt HTTP/1.0" 404 275 "-" "Mozilla/5.0 (compatible; Yahoo! Slurp; http://help.yahoo.com/help/us/ysearch/slurp)" "www.autobutlerlifts.com"
74.6.20.138 - - [12/Dec/2007:09:32:54 -0800] "GET /logs/ HTTP/1.0" 200 1500 "-" "Mozilla/5.0 (compatible; Yahoo! Slurp; http://help.yahoo.com/help/us/ysearch/slurp)" "www.autobutlerlifts.com"
66.249.72.40 - - [12/Dec/2007:09:34:03 -0800] "GET /robots.txt HTTP/1.1" 404 275 "-" "Mozilla/5.0 (compatible; Googlebot/2.1; +http://www.google.com/bot.html)" "www.autobutlerlifts.com"
66.249.72.40 - - [12/Dec/2007:09:34:03 -0800] "GET /googlee916a1106382fa83.html HTTP/1.1" 404 275 "-" "Mozilla/5.0 (compatible; Googlebot/2.1; +http://www.google.com/bot.html)" "www.autobutlerlifts.com"
208.80.193.31 - - [12/Dec/2007:09:54:23 -0800] "GET / HTTP/1.1" 200 916 "-" "Mozilla/4.0 (compatible; MSIE 6.0; Windows NT 5.1; Q312466)" "autobutlerlifts.com"
208.80.193.40 - - [12/Dec/2007:10:27:09 -0800] "GET / HTTP/1.1" 200 916 "-" "Mozilla/4.0 (compatible; MSIE 6.0; Windows NT 5.1; Q312462)" "www.autobutlerlifts.com"
74.6.22.199 - - [12/Dec/2007:12:45:46 -0800] "GET /robots.txt HTTP/1.0" 404 275 "-" "Mozilla/5.0 (compatible; Yahoo! Slurp; http://help.yahoo.com/help/us/ysearch/slurp)" "autobutlerlifts.com"
74.6.29.30 - - [12/Dec/2007:12:45:46 -0800] "GET /_private/?D=A HTTP/1.0" 200 514 "-" "Mozilla/5.0 (compatible; Yahoo! Slurp; http://help.yahoo.com/help/us/ysearch/slurp)" "autobutlerlifts.com"
74.6.27.32 - - [12/Dec/2007:12:59:25 -0800] "GET /logs/?D=A HTTP/1.0" 200 1500 "-" "Mozilla/5.0 (compatible; Yahoo! Slurp; http://help.yahoo.com/help/us/ysearch/slurp)" "autobutlerlifts.com"
74.6.7.103 - - [12/Dec/2007:13:02:43 -0800] "GET /?N=D HTTP/1.0" 200 900 "-" "Mozilla/5.0 (compatible; Yahoo! Slurp; http://help.yahoo.com/help/us/ysearch/slurp)" "autobutlerlifts.com"
4.239.18.153 - - [12/Dec/2007:13:19:33 -0800] "GET / HTTP/1.1" 200 916 "-" "Mozilla/4.0 (compatible; MSIE 6.0; Windows NT)::ELNSB50::0000411003200258032001c0000000000507000900000000" "autobutlerlifts.com"
4.239.18.153 - - [12/Dec/2007:13:21:27 -0800] "GET / HTTP/1.1" 200 916 "http://search.earthlink.net/search?q=autobutlerlifts.com&area=earthlink-ws&FD=0&channel=narrowband&abtcgid=87&abtli=1" "Mozilla/4.0 (compatible; MSIE 6.0; Windows NT)::ELNSB50::0000411003200258032001c0000000000507000900000000" "www.autobutlerlifts.com"
4.239.18.153 - - [12/Dec/2007:13:22:08 -0800] "GET /tmp/ HTTP/1.1" 200 520 "http://www.autobutlerlifts.com/" "Mozilla/4.0 (compatible; MSIE 6.0; Windows NT)::ELNSB50::0000411003200258032001c0000000000507000900000000" "www.autobutlerlifts.com"
4.239.18.153 - - [12/Dec/2007:13:22:18 -0800] "GET / HTTP/1.1" 200 916 "http://www.autobutlerlifts.com/tmp/" "Mozilla/4.0 (compatible; MSIE 6.0; Windows NT)::ELNSB50::0000411003200258032001c0000000000507000900000000" "www.autobutlerlifts.com"
4.239.18.153 - - [12/Dec/2007:13:22:27 -0800] "GET /tmp/ HTTP/1.1" 200 520 "http://www.autobutlerlifts.com/" "Mozilla/4.0 (compatible; MSIE 6.0; Windows NT)::ELNSB50::0000411003200258032001c0000000000507000900000000" "www.autobutlerlifts.com"
4.239.18.153 - - [12/Dec/2007:13:22:38 -0800] "GET / HTTP/1.1" 200 916 "http://www.autobutlerlifts.com/tmp/" "Mozilla/4.0 (compatible; MSIE 6.0; Windows NT)::ELNSB50::0000411003200258032001c0000000000507000900000000" "www.autobutlerlifts.com"
4.239.18.153 - - [12/Dec/2007:13:22:40 -0800] "GET / HTTP/1.1" 200 916 "http://www.autobutlerlifts.com/" "Mozilla/4.0 (compatible; MSIE 6.0; Windows NT)::ELNSB50::0000411003200258032001c0000000000507000900000000" "www.autobutlerlifts.com"
4.239.18.153 - - [12/Dec/2007:13:22:43 -0800] "GET /tmp/ HTTP/1.1" 200 520 "http://www.autobutlerlifts.com/" "Mozilla/4.0 (compatible; MSIE 6.0; Windows NT)::ELNSB50::0000411003200258032001c0000000000507000900000000" "www.autobutlerlifts.com"
4.239.18.153 - - [12/Dec/2007:13:22:45 -0800] "GET / HTTP/1.1" 200 916 "http://www.autobutlerlifts.com/tmp/" "Mozilla/4.0 (compatible; MSIE 6.0; Windows NT)::ELNSB50::0000411003200258032001c0000000000507000900000000" "www.autobutlerlifts.com"
4.239.18.153 - - [12/Dec/2007:13:22:47 -0800] "GET / HTTP/1.1" 200 916 "http://www.autobutlerlifts.com/" "Mozilla/4.0 (compatible; MSIE 6.0; Windows NT)::ELNSB50::0000411003200258032001c0000000000507000900000000" "www.autobutlerlifts.com"
