74.6.24.124 - - [09/Jan/2008:23:26:10 -0800] "GET /_private/ HTTP/1.0" 200 514 "-" "Mozilla/5.0 (compatible; Yahoo! Slurp; http://help.yahoo.com/help/us/ysearch/slurp)" "www.autobutlerlifts.com"
74.6.25.126 - - [09/Jan/2008:23:30:16 -0800] "GET /_private/?D=A HTTP/1.0" 200 514 "-" "Mozilla/5.0 (compatible; Yahoo! Slurp; http://help.yahoo.com/help/us/ysearch/slurp)" "www.autobutlerlifts.com"
74.6.22.199 - - [10/Jan/2008:06:04:19 -0800] "GET /robots.txt HTTP/1.0" 404 275 "-" "Mozilla/5.0 (compatible; Yahoo! Slurp; http://help.yahoo.com/help/us/ysearch/slurp)" "autobutlerlifts.com"
74.6.26.142 - - [10/Jan/2008:06:04:20 -0800] "GET /logs/access_071001.log HTTP/1.0" 200 150673 "-" "Mozilla/5.0 (compatible; Yahoo! Slurp; http://help.yahoo.com/help/us/ysearch/slurp)" "autobutlerlifts.com"
74.6.26.117 - - [10/Jan/2008:06:45:50 -0800] "GET /robots.txt HTTP/1.0" 404 275 "-" "Mozilla/5.0 (compatible; Yahoo! Slurp; http://help.yahoo.com/help/us/ysearch/slurp)" "www.autobutlerlifts.com"
74.6.29.19 - - [10/Jan/2008:06:45:50 -0800] "GET /_private/?S=A HTTP/1.0" 200 514 "-" "Mozilla/5.0 (compatible; Yahoo! Slurp; http://help.yahoo.com/help/us/ysearch/slurp)" "www.autobutlerlifts.com"
64.254.66.25 - - [10/Jan/2008:10:00:03 -0800] "GET / HTTP/1.1" 200 916 "-" "Mozilla/4.0 (compatible; MSIE 6.0; Windows NT 5.1; .NET CLR 1.1.4322; Dealio Toolbar 3.1.1)" "www.autobutlerlifts.com"
66.249.72.177 - - [10/Jan/2008:10:11:23 -0800] "GET /robots.txt HTTP/1.1" 404 275 "-" "Mozilla/5.0 (compatible; Googlebot/2.1; +http://www.google.com/bot.html)" "www.autobutlerlifts.com"
66.249.72.177 - - [10/Jan/2008:10:11:23 -0800] "GET /tmp HTTP/1.1" 301 98 "-" "Mozilla/5.0 (compatible; Googlebot/2.1; +http://www.google.com/bot.html)" "www.autobutlerlifts.com"
66.249.72.177 - - [10/Jan/2008:10:11:23 -0800] "GET /tmp/ HTTP/1.1" 200 520 "-" "Mozilla/5.0 (compatible; Googlebot/2.1; +http://www.google.com/bot.html)" "www.autobutlerlifts.com"
64.156.10.131 - - [10/Jan/2008:11:27:09 -0800] "GET /images/ultracarjackplate.gif HTTP/1.1" 404 275 "-" "Jakarta Commons-HttpClient/3.0.1" "www.autobutlerlifts.com"
64.156.10.131 - - [10/Jan/2008:11:37:51 -0800] "GET /images/Castersforcart2.jpg HTTP/1.1" 404 275 "-" "Jakarta Commons-HttpClient/3.0.1" "www.autobutlerlifts.com"
65.214.45.100 - - [10/Jan/2008:15:01:02 -0800] "GET /robots.txt HTTP/1.0" 404 275 "-" "Mozilla/5.0 (compatible; Ask Jeeves/Teoma; +http://about.ask.com/en/docs/about/webmasters.shtml)" "autobutlerlifts.com"
65.214.45.100 - - [10/Jan/2008:15:01:02 -0800] "GET /auto-lift.html HTTP/1.0" 404 275 "-" "Mozilla/5.0 (compatible; Ask Jeeves/Teoma; +http://about.ask.com/en/docs/about/webmasters.shtml)" "autobutlerlifts.com"
82.120.231.1 - - [10/Jan/2008:16:03:59 -0800] "GET /logs/access.log HTTP/1.0" 200 52569 "-" "Lynx/2.8.5rel.1 libwww-FM/2.14 SSL-MM/1.4.1 GNUTLS/1.4.4" "www.autobutlerlifts.com"
209.62.82.12 - - [10/Jan/2008:16:45:30 -0800] "GET /robots.txt HTTP/1.1" 404 275 "www.autobutlerlifts.com" "Pingdom GIGRIB (http://www.pingdom.com)" "www.autobutlerlifts.com"
209.62.82.12 - - [10/Jan/2008:16:45:30 -0800] "GET /robots.txt HTTP/1.1" 404 275 "www.autobutlerlifts.com" "Pingdom GIGRIB (http://www.pingdom.com)" "www.autobutlerlifts.com"
209.62.82.12 - - [10/Jan/2008:16:45:30 -0800] "GET /robots.txt HTTP/1.1" 404 275 "www.autobutlerlifts.com" "Pingdom GIGRIB (http://www.pingdom.com)" "www.autobutlerlifts.com"
209.62.82.12 - - [10/Jan/2008:16:45:30 -0800] "GET /robots.txt HTTP/1.1" 404 275 "www.autobutlerlifts.com" "Pingdom GIGRIB (http://www.pingdom.com)" "www.autobutlerlifts.com"
209.62.82.12 - - [10/Jan/2008:16:45:30 -0800] "GET /robots.txt HTTP/1.1" 404 275 "www.autobutlerlifts.com" "Pingdom GIGRIB (http://www.pingdom.com)" "www.autobutlerlifts.com"
209.62.82.12 - - [10/Jan/2008:16:45:30 -0800] "GET /robots.txt HTTP/1.1" 404 275 "www.autobutlerlifts.com" "Pingdom GIGRIB (http://www.pingdom.com)" "www.autobutlerlifts.com"
209.62.82.12 - - [10/Jan/2008:16:45:30 -0800] "GET /robots.txt HTTP/1.1" 404 275 "www.autobutlerlifts.com" "Pingdom GIGRIB (http://www.pingdom.com)" "www.autobutlerlifts.com"
209.62.82.12 - - [10/Jan/2008:16:48:15 -0800] "GET / HTTP/1.1" 200 916 "http://www.pingdom.com/tools/fpt/?url=www.autobutlerlifts.com" "Pingdom GIGRIB (http://www.pingdom.com)" "www.autobutlerlifts.com"
209.62.82.12 - - [10/Jan/2008:16:48:15 -0800] "GET / HTTP/1.1" 200 916 "http://www.pingdom.com/tools/fpt/?url=www.autobutlerlifts.com" "Pingdom GIGRIB (http://www.pingdom.com)" "www.autobutlerlifts.com"
209.62.82.12 - - [10/Jan/2008:16:48:15 -0800] "GET / HTTP/1.1" 200 916 "http://www.pingdom.com/tools/fpt/?url=www.autobutlerlifts.com" "Pingdom GIGRIB (http://www.pingdom.com)" "www.autobutlerlifts.com"
209.62.82.12 - - [10/Jan/2008:16:48:15 -0800] "GET / HTTP/1.1" 200 916 "http://www.pingdom.com/tools/fpt/?url=www.autobutlerlifts.com" "Pingdom GIGRIB (http://www.pingdom.com)" "www.autobutlerlifts.com"
209.62.82.12 - - [10/Jan/2008:16:48:15 -0800] "GET / HTTP/1.1" 200 916 "http://www.pingdom.com/tools/fpt/?url=www.autobutlerlifts.com" "Pingdom GIGRIB (http://www.pingdom.com)" "www.autobutlerlifts.com"
209.62.82.12 - - [10/Jan/2008:16:48:15 -0800] "GET / HTTP/1.1" 200 916 "http://www.pingdom.com/tools/fpt/?url=www.autobutlerlifts.com" "Pingdom GIGRIB (http://www.pingdom.com)" "www.autobutlerlifts.com"
209.62.82.12 - - [10/Jan/2008:16:48:15 -0800] "GET / HTTP/1.1" 200 916 "http://www.pingdom.com/tools/fpt/?url=www.autobutlerlifts.com" "Pingdom GIGRIB (http://www.pingdom.com)" "www.autobutlerlifts.com"
66.249.66.161 - - [11/Jan/2008:02:08:48 -0800] "GET /robots.txt HTTP/1.1" 404 275 "-" "Mozilla/5.0 (compatible; Googlebot/2.1; +http://www.google.com/bot.html)" "www.autobutlerlifts.com"
66.249.66.161 - - [11/Jan/2008:02:08:48 -0800] "GET /logs/ HTTP/1.1" 200 1659 "-" "Mozilla/5.0 (compatible; Googlebot/2.1; +http://www.google.com/bot.html)" "www.autobutlerlifts.com"
74.6.22.199 - - [11/Jan/2008:06:49:50 -0800] "GET /robots.txt HTTP/1.0" 404 275 "-" "Mozilla/5.0 (compatible; Yahoo! Slurp; http://help.yahoo.com/help/us/ysearch/slurp)" "autobutlerlifts.com"
74.6.27.32 - - [11/Jan/2008:06:49:50 -0800] "GET /logs/?D=A HTTP/1.0" 200 1643 "-" "Mozilla/5.0 (compatible; Yahoo! Slurp; http://help.yahoo.com/help/us/ysearch/slurp)" "autobutlerlifts.com"
68.142.212.192 - - [11/Jan/2008:08:55:47 -0800] "GET /robots.txt HTTP/1.0" 404 275 "-" "Yahoo-MMCrawler/3.x (mms dash mmcrawler dash support at yahoo dash inc dot com)" "autobutlerlifts.com"
66.249.66.161 - - [11/Jan/2008:12:44:00 -0800] "GET /tmp HTTP/1.1" 301 98 "-" "Mozilla/5.0 (compatible; Googlebot/2.1; +http://www.google.com/bot.html)" "www.autobutlerlifts.com"
66.249.66.161 - - [11/Jan/2008:12:44:00 -0800] "GET /tmp/ HTTP/1.1" 200 520 "-" "Mozilla/5.0 (compatible; Googlebot/2.1; +http://www.google.com/bot.html)" "www.autobutlerlifts.com"
24.191.96.152 - - [11/Jan/2008:15:50:18 -0800] "GET / HTTP/1.1" 200 916 "http://forums.corvetteforum.com/showthread.php?t=1677954&highlight=lift" "Mozilla/4.0 (compatible; MSIE 6.0; Windows NT 5.1; SV1)" "www.autobutlerlifts.com"
24.191.96.152 - - [11/Jan/2008:15:50:21 -0800] "GET / HTTP/1.1" 200 916 "http://www.autobutlerlifts.com/" "Mozilla/4.0 (compatible; MSIE 6.0; Windows NT 5.1; SV1)" "www.autobutlerlifts.com"
24.191.96.152 - - [11/Jan/2008:15:50:24 -0800] "GET /_private/ HTTP/1.1" 200 530 "http://www.autobutlerlifts.com/" "Mozilla/4.0 (compatible; MSIE 6.0; Windows NT 5.1; SV1)" "www.autobutlerlifts.com"
24.191.96.152 - - [11/Jan/2008:15:50:26 -0800] "GET / HTTP/1.1" 200 916 "http://www.autobutlerlifts.com/_private/" "Mozilla/4.0 (compatible; MSIE 6.0; Windows NT 5.1; SV1)" "www.autobutlerlifts.com"
24.191.96.152 - - [11/Jan/2008:15:50:28 -0800] "GET /logs/ HTTP/1.1" 200 1659 "http://www.autobutlerlifts.com/" "Mozilla/4.0 (compatible; MSIE 6.0; Windows NT 5.1; SV1)" "www.autobutlerlifts.com"
89.159.200.63 - - [11/Jan/2008:16:04:24 -0800] "GET /logs/access.log HTTP/1.0" 200 57710 "-" "Lynx/2.8.5rel.1 libwww-FM/2.14 SSL-MM/1.4.1 GNUTLS/1.4.4" "www.autobutlerlifts.com"
66.249.66.161 - - [11/Jan/2008:18:54:03 -0800] "GET /robots.txt HTTP/1.1" 404 275 "-" "Mozilla/5.0 (compatible; Googlebot/2.1; +http://www.google.com/bot.html)" "www.autobutlerlifts.com"
66.249.66.161 - - [11/Jan/2008:18:54:03 -0800] "GET / HTTP/1.1" 200 916 "-" "Mozilla/5.0 (compatible; Googlebot/2.1; +http://www.google.com/bot.html)" "www.autobutlerlifts.com"
68.142.212.174 - - [11/Jan/2008:22:40:06 -0800] "GET /robots.txt HTTP/1.0" 404 275 "-" "Yahoo-MMCrawler/3.x (mms dash mmcrawler dash support at yahoo dash inc dot com)" "www.autobutlerlifts.com"
66.249.66.161 - - [11/Jan/2008:22:44:40 -0800] "GET /?M=A HTTP/1.1" 200 916 "-" "Mozilla/5.0 (compatible; Googlebot/2.1; +http://www.google.com/bot.html)" "www.autobutlerlifts.com"
66.249.66.161 - - [11/Jan/2008:22:45:31 -0800] "GET /?D=A HTTP/1.1" 200 916 "-" "Mozilla/5.0 (compatible; Googlebot/2.1; +http://www.google.com/bot.html)" "www.autobutlerlifts.com"
66.249.66.161 - - [11/Jan/2008:22:51:23 -0800] "GET /?N=D HTTP/1.1" 200 916 "-" "Mozilla/5.0 (compatible; Googlebot/2.1; +http://www.google.com/bot.html)" "www.autobutlerlifts.com"
66.249.66.161 - - [11/Jan/2008:22:51:23 -0800] "GET /?S=A HTTP/1.1" 200 916 "-" "Mozilla/5.0 (compatible; Googlebot/2.1; +http://www.google.com/bot.html)" "www.autobutlerlifts.com"
74.6.22.199 - - [12/Jan/2008:02:00:30 -0800] "GET /robots.txt HTTP/1.0" 404 275 "-" "Mozilla/5.0 (compatible; Yahoo! Slurp; http://help.yahoo.com/help/us/ysearch/slurp)" "autobutlerlifts.com"
74.6.25.33 - - [12/Jan/2008:02:00:31 -0800] "GET /tmp/ HTTP/1.0" 200 504 "-" "Mozilla/5.0 (compatible; Yahoo! Slurp; http://help.yahoo.com/help/us/ysearch/slurp)" "autobutlerlifts.com"
74.6.26.117 - - [12/Jan/2008:02:20:28 -0800] "GET /robots.txt HTTP/1.0" 404 275 "-" "Mozilla/5.0 (compatible; Yahoo! Slurp; http://help.yahoo.com/help/us/ysearch/slurp)" "www.autobutlerlifts.com"
72.30.179.220 - - [12/Jan/2008:02:20:29 -0800] "GET /?M=A HTTP/1.0" 200 900 "-" "Mozilla/5.0 (compatible; Yahoo! Slurp; http://help.yahoo.com/help/us/ysearch/slurp)" "www.autobutlerlifts.com"
66.249.66.161 - - [12/Jan/2008:04:04:55 -0800] "GET /googlee916a1106382fa83.html HTTP/1.1" 404 275 "-" "Mozilla/5.0 (compatible; Googlebot/2.1; +http://www.google.com/bot.html)" "www.autobutlerlifts.com"
74.6.26.117 - - [12/Jan/2008:08:42:32 -0800] "GET /robots.txt HTTP/1.0" 404 275 "-" "Mozilla/5.0 (compatible; Yahoo! Slurp; http://help.yahoo.com/help/us/ysearch/slurp)" "www.autobutlerlifts.com"
74.6.23.102 - - [12/Jan/2008:08:42:32 -0800] "GET /?S=A HTTP/1.0" 200 900 "-" "Mozilla/5.0 (compatible; Yahoo! Slurp; http://help.yahoo.com/help/us/ysearch/slurp)" "www.autobutlerlifts.com"
66.249.72.177 - - [12/Jan/2008:10:32:59 -0800] "GET /robots.txt HTTP/1.1" 404 275 "-" "Mozilla/5.0 (compatible; Googlebot/2.1; +http://www.google.com/bot.html)" "www.autobutlerlifts.com"
66.249.72.177 - - [12/Jan/2008:10:32:59 -0800] "GET /tmp HTTP/1.1" 301 98 "-" "Mozilla/5.0 (compatible; Googlebot/2.1; +http://www.google.com/bot.html)" "www.autobutlerlifts.com"
66.249.72.177 - - [12/Jan/2008:10:32:59 -0800] "GET /tmp/ HTTP/1.1" 200 520 "-" "Mozilla/5.0 (compatible; Googlebot/2.1; +http://www.google.com/bot.html)" "www.autobutlerlifts.com"
74.6.22.199 - - [12/Jan/2008:12:32:59 -0800] "GET /robots.txt HTTP/1.0" 404 275 "-" "Mozilla/5.0 (compatible; Yahoo! Slurp; http://help.yahoo.com/help/us/ysearch/slurp)" "autobutlerlifts.com"
74.6.24.11 - - [12/Jan/2008:12:32:59 -0800] "GET /logs/ HTTP/1.0" 200 1643 "-" "Mozilla/5.0 (compatible; Yahoo! Slurp; http://help.yahoo.com/help/us/ysearch/slurp)" "autobutlerlifts.com"
89.159.200.63 - - [12/Jan/2008:16:03:54 -0800] "GET /logs/access.log HTTP/1.0" 200 61452 "-" "Lynx/2.8.5rel.1 libwww-FM/2.14 SSL-MM/1.4.1 GNUTLS/1.4.4" "www.autobutlerlifts.com"
64.1.215.162 - - [12/Jan/2008:18:07:38 -0800] "GET /robots.txt HTTP/1.0" 404 275 "-" "Mozilla/5.0 (Twiceler-0.9 http://www.cuill.com/twiceler/robot.html)" "www.autobutlerlifts.com"
72.30.179.232 - - [12/Jan/2008:18:23:02 -0800] "GET /_private/?M=A HTTP/1.0" 200 514 "-" "Mozilla/5.0 (compatible; Yahoo! Slurp; http://help.yahoo.com/help/us/ysearch/slurp)" "autobutlerlifts.com"
72.232.212.210 - - [12/Jan/2008:18:33:11 -0800] "GET / HTTP/1.1" 200 916 "http://o-db.com/en/dictionary/belorussian_russian/plyanisfera.html" "Mozilla/4.0 (compatible; MSIE 6.0; Windows NT 5.1; SV1; Maxthon; .NET CLR 1.1.4322)" "autobutlerlifts.com"
74.6.22.199 - - [12/Jan/2008:18:57:05 -0800] "GET /robots.txt HTTP/1.0" 404 275 "-" "Mozilla/5.0 (compatible; Yahoo! Slurp; http://help.yahoo.com/help/us/ysearch/slurp)" "autobutlerlifts.com"
74.6.22.223 - - [12/Jan/2008:18:57:05 -0800] "GET /logs/access_071231.log HTTP/1.0" 200 165946 "-" "Mozilla/5.0 (compatible; Yahoo! Slurp; http://help.yahoo.com/help/us/ysearch/slurp)" "autobutlerlifts.com"
74.6.29.30 - - [12/Jan/2008:19:07:15 -0800] "GET /_private/?D=A HTTP/1.0" 200 514 "-" "Mozilla/5.0 (compatible; Yahoo! Slurp; http://help.yahoo.com/help/us/ysearch/slurp)" "autobutlerlifts.com"
63.123.238.8 - - [13/Jan/2008:02:07:50 -0800] "GET /robots.txt HTTP/1.1" 404 275 "-" "Mozilla/2.0 (compatible; Ask Jeeves/Teoma)" "autobutlerlifts.com"
63.123.238.8 - - [13/Jan/2008:02:07:51 -0800] "GET / HTTP/1.1" 200 916 "-" "Mozilla/2.0 (compatible; Ask Jeeves/Teoma)" "autobutlerlifts.com"
74.6.24.122 - - [13/Jan/2008:02:25:03 -0800] "GET /tmp/?N=D HTTP/1.0" 200 504 "-" "Mozilla/5.0 (compatible; Yahoo! Slurp; http://help.yahoo.com/help/us/ysearch/slurp)" "autobutlerlifts.com"
70.87.15.50 - - [13/Jan/2008:04:56:42 -0800] "GET / HTTP/1.1" 200 916 "http://www.stockleaf.com/blogs/fat-pitch-financials.php" "Mozilla/5.0 (Macintosh; U; PPC Mac OS X Mach-O; en-US; rv:1.7.6) Gecko/20050223 Firefox/1.0.1" "www.autobutlerlifts.com"
70.87.15.50 - - [13/Jan/2008:04:56:42 -0800] "GET / HTTP/1.1" 200 916 "http://www.stockleaf.com/blogs/fat-pitch-financials.php" "Mozilla/5.0 (Macintosh; U; PPC Mac OS X Mach-O; en-US; rv:1.7.6) Gecko/20050223 Firefox/1.0.1" "www.autobutlerlifts.com"
70.87.15.50 - - [13/Jan/2008:04:56:42 -0800] "GET / HTTP/1.1" 200 916 "http://www.stockleaf.com/blogs/fat-pitch-financials.php" "Mozilla/5.0 (Macintosh; U; PPC Mac OS X Mach-O; en-US; rv:1.7.6) Gecko/20050223 Firefox/1.0.1" "www.autobutlerlifts.com"
70.87.15.50 - - [13/Jan/2008:04:56:42 -0800] "GET / HTTP/1.1" 200 916 "http://www.stockleaf.com/blogs/fat-pitch-financials.php" "Mozilla/5.0 (Macintosh; U; PPC Mac OS X Mach-O; en-US; rv:1.7.6) Gecko/20050223 Firefox/1.0.1" "www.autobutlerlifts.com"
70.87.15.50 - - [13/Jan/2008:04:56:42 -0800] "GET / HTTP/1.1" 200 916 "http://www.stockleaf.com/blogs/fat-pitch-financials.php" "Mozilla/5.0 (Macintosh; U; PPC Mac OS X Mach-O; en-US; rv:1.7.6) Gecko/20050223 Firefox/1.0.1" "www.autobutlerlifts.com"
70.87.15.50 - - [13/Jan/2008:04:56:42 -0800] "GET / HTTP/1.1" 200 916 "http://www.stockleaf.com/blogs/fat-pitch-financials.php" "Mozilla/5.0 (Macintosh; U; PPC Mac OS X Mach-O; en-US; rv:1.7.6) Gecko/20050223 Firefox/1.0.1" "www.autobutlerlifts.com"
74.6.19.222 - - [13/Jan/2008:05:12:40 -0800] "GET /tmp/?N=A HTTP/1.0" 200 504 "-" "Mozilla/5.0 (compatible; Yahoo! Slurp; http://help.yahoo.com/help/us/ysearch/slurp)" "autobutlerlifts.com"
74.6.22.140 - - [13/Jan/2008:10:08:26 -0800] "GET /robots.txt HTTP/1.0" 404 275 "-" "Mozilla/5.0 (compatible; Yahoo! Slurp; http://help.yahoo.com/help/us/ysearch/slurp)" "autobutlerlifts.com"
74.6.22.140 - - [13/Jan/2008:10:08:26 -0800] "GET / HTTP/1.0" 200 900 "-" "Mozilla/5.0 (compatible; Yahoo! Slurp; http://help.yahoo.com/help/us/ysearch/slurp)" "autobutlerlifts.com"
66.249.72.80 - - [13/Jan/2008:10:16:22 -0800] "GET /robots.txt HTTP/1.1" 404 275 "-" "Mozilla/5.0 (compatible; Googlebot/2.1; +http://www.google.com/bot.html)" "www.autobutlerlifts.com"
66.249.72.80 - - [13/Jan/2008:10:16:22 -0800] "GET /tmp HTTP/1.1" 301 98 "-" "Mozilla/5.0 (compatible; Googlebot/2.1; +http://www.google.com/bot.html)" "www.autobutlerlifts.com"
66.249.72.80 - - [13/Jan/2008:10:16:23 -0800] "GET /tmp/ HTTP/1.1" 200 520 "-" "Mozilla/5.0 (compatible; Googlebot/2.1; +http://www.google.com/bot.html)" "www.autobutlerlifts.com"
68.142.212.192 - - [13/Jan/2008:11:53:38 -0800] "GET /robots.txt HTTP/1.0" 404 275 "-" "Yahoo-MMCrawler/3.x (mms dash mmcrawler dash support at yahoo dash inc dot com)" "autobutlerlifts.com"
74.6.26.117 - - [13/Jan/2008:12:41:22 -0800] "GET /robots.txt HTTP/1.0" 404 275 "-" "Mozilla/5.0 (compatible; Yahoo! Slurp; http://help.yahoo.com/help/us/ysearch/slurp)" "www.autobutlerlifts.com"
74.6.23.203 - - [13/Jan/2008:12:41:22 -0800] "GET /?D=A HTTP/1.0" 200 900 "-" "Mozilla/5.0 (compatible; Yahoo! Slurp; http://help.yahoo.com/help/us/ysearch/slurp)" "www.autobutlerlifts.com"
208.80.193.46 - - [13/Jan/2008:14:48:32 -0800] "GET / HTTP/1.1" 200 916 "-" "Mozilla/5.0 (compatible; Konqueror/3.1-rc2; i686 Linux; 20020608)" "www.autobutlerlifts.com"
89.159.200.63 - - [13/Jan/2008:16:03:58 -0800] "GET /logs/access.log HTTP/1.0" 200 66690 "-" "Lynx/2.8.5rel.1 libwww-FM/2.14 SSL-MM/1.4.1 GNUTLS/1.4.4" "www.autobutlerlifts.com"
208.80.193.34 - - [13/Jan/2008:17:12:12 -0800] "GET / HTTP/1.1" 200 916 "-" "Mozilla/5.0 (compatible; Konqueror/3.1-rc5; i686 Linux; 20020806)" "autobutlerlifts.com"
74.6.22.199 - - [13/Jan/2008:17:50:40 -0800] "GET /robots.txt HTTP/1.0" 404 275 "-" "Mozilla/5.0 (compatible; Yahoo! Slurp; http://help.yahoo.com/help/us/ysearch/slurp)" "autobutlerlifts.com"
74.6.20.171 - - [13/Jan/2008:17:50:40 -0800] "GET /tmp/?M=A HTTP/1.0" 200 504 "-" "Mozilla/5.0 (compatible; Yahoo! Slurp; http://help.yahoo.com/help/us/ysearch/slurp)" "autobutlerlifts.com"
74.6.22.199 - - [13/Jan/2008:19:00:45 -0800] "GET /robots.txt HTTP/1.0" 404 275 "-" "Mozilla/5.0 (compatible; Yahoo! Slurp; http://help.yahoo.com/help/us/ysearch/slurp)" "autobutlerlifts.com"
74.6.24.222 - - [13/Jan/2008:19:00:45 -0800] "GET /_private/ HTTP/1.0" 200 514 "-" "Mozilla/5.0 (compatible; Yahoo! Slurp; http://help.yahoo.com/help/us/ysearch/slurp)" "autobutlerlifts.com"
74.6.27.18 - - [13/Jan/2008:19:40:35 -0800] "GET /_private/?N=D HTTP/1.0" 200 514 "-" "Mozilla/5.0 (compatible; Yahoo! Slurp; http://help.yahoo.com/help/us/ysearch/slurp)" "autobutlerlifts.com"
74.6.26.212 - - [13/Jan/2008:20:35:50 -0800] "GET /tmp/?D=A HTTP/1.0" 200 504 "-" "Mozilla/5.0 (compatible; Yahoo! Slurp; http://help.yahoo.com/help/us/ysearch/slurp)" "autobutlerlifts.com"
74.6.29.16 - - [13/Jan/2008:20:58:52 -0800] "GET /logs/access_071031.log HTTP/1.0" 200 138542 "-" "Mozilla/5.0 (compatible; Yahoo! Slurp; http://help.yahoo.com/help/us/ysearch/slurp)" "autobutlerlifts.com"
74.6.26.117 - - [14/Jan/2008:00:05:10 -0800] "GET /robots.txt HTTP/1.0" 404 275 "-" "Mozilla/5.0 (compatible; Yahoo! Slurp; http://help.yahoo.com/help/us/ysearch/slurp)" "www.autobutlerlifts.com"
74.6.23.71 - - [14/Jan/2008:00:05:10 -0800] "GET /logs/ HTTP/1.0" 200 1643 "-" "Mozilla/5.0 (compatible; Yahoo! Slurp; http://help.yahoo.com/help/us/ysearch/slurp)" "www.autobutlerlifts.com"
74.6.26.167 - - [14/Jan/2008:01:13:21 -0800] "GET /?M=A HTTP/1.0" 200 900 "-" "Mozilla/5.0 (compatible; Yahoo! Slurp; http://help.yahoo.com/help/us/ysearch/slurp)" "autobutlerlifts.com"
74.6.28.217 - - [14/Jan/2008:02:34:41 -0800] "GET / HTTP/1.0" 200 900 "-" "Mozilla/5.0 (compatible; Yahoo! Slurp; http://help.yahoo.com/help/us/ysearch/slurp)" "www.autobutlerlifts.com"
76.20.245.238 - - [14/Jan/2008:09:58:46 -0800] "GET /index.html HTTP/1.1" 404 275 "-" "Mozilla/4.0 (compatible; MSIE 7.0; Windows NT 5.1; .NET CLR 1.1.4322; .NET CLR 2.0.50727)" "www.autobutlerlifts.com"
66.249.72.177 - - [14/Jan/2008:10:54:40 -0800] "GET /robots.txt HTTP/1.1" 404 275 "-" "Mozilla/5.0 (compatible; Googlebot/2.1; +http://www.google.com/bot.html)" "www.autobutlerlifts.com"
66.249.72.177 - - [14/Jan/2008:10:54:40 -0800] "GET /tmp HTTP/1.1" 301 98 "-" "Mozilla/5.0 (compatible; Googlebot/2.1; +http://www.google.com/bot.html)" "www.autobutlerlifts.com"
66.249.72.177 - - [14/Jan/2008:10:54:40 -0800] "GET /tmp/ HTTP/1.1" 200 520 "-" "Mozilla/5.0 (compatible; Googlebot/2.1; +http://www.google.com/bot.html)" "www.autobutlerlifts.com"
75.129.163.117 - - [14/Jan/2008:12:12:25 -0800] "GET / HTTP/1.1" 200 916 "-" "Mozilla/4.0 (compatible; MSIE 6.0; Windows NT 5.1; SV1; .NET CLR 1.1.4322; .NET CLR 2.0.50727; .NET CLR 3.0.04506.30)" "www.autobutlerlifts.com"
75.129.163.117 - - [14/Jan/2008:12:12:34 -0800] "GET / HTTP/1.1" 200 916 "http://www.google.com/ie?q=autobutlerliftts.com&hl=en&btnG=Search" "Mozilla/4.0 (compatible; MSIE 6.0; Windows NT 5.1; SV1; .NET CLR 1.1.4322; .NET CLR 2.0.50727; .NET CLR 3.0.04506.30)" "www.autobutlerlifts.com"
74.6.22.199 - - [14/Jan/2008:12:19:57 -0800] "GET /robots.txt HTTP/1.0" 404 275 "-" "Mozilla/5.0 (compatible; Yahoo! Slurp; http://help.yahoo.com/help/us/ysearch/slurp)" "autobutlerlifts.com"
74.6.29.24 - - [14/Jan/2008:12:19:58 -0800] "GET / HTTP/1.0" 200 900 "-" "Mozilla/5.0 (compatible; Yahoo! Slurp; http://help.yahoo.com/help/us/ysearch/slurp)" "autobutlerlifts.com"
74.6.26.117 - - [14/Jan/2008:12:42:25 -0800] "GET /robots.txt HTTP/1.0" 404 275 "-" "Mozilla/5.0 (compatible; Yahoo! Slurp; http://help.yahoo.com/help/us/ysearch/slurp)" "www.autobutlerlifts.com"
74.6.26.149 - - [14/Jan/2008:12:42:26 -0800] "GET /?N=D HTTP/1.0" 200 900 "-" "Mozilla/5.0 (compatible; Yahoo! Slurp; http://help.yahoo.com/help/us/ysearch/slurp)" "www.autobutlerlifts.com"
74.6.23.16 - - [14/Jan/2008:12:50:24 -0800] "GET /tmp/ HTTP/1.0" 200 504 "-" "Mozilla/5.0 (compatible; Yahoo! Slurp; http://help.yahoo.com/help/us/ysearch/slurp)" "www.autobutlerlifts.com"
66.249.72.177 - - [14/Jan/2008:15:01:58 -0800] "GET / HTTP/1.1" 200 916 "-" "Mozilla/5.0 (compatible; Googlebot/2.1; +http://www.google.com/bot.html)" "www.autobutlerlifts.com"
38.100.41.94 - - [14/Jan/2008:15:03:22 -0800] "GET / HTTP/1.1" 200 916 "-" "Mozilla/4.0 (compatible; MSIE 6.0; Windows NT 5.1)" "autobutlerlifts.com"
38.100.41.94 - - [14/Jan/2008:15:03:23 -0800] "GET /?sid HTTP/1.1" 200 916 "-" "Mozilla/4.0 (compatible; MSIE 6.0; Windows NT 5.1)" "www.autobutlerlifts.com"
89.159.200.63 - - [14/Jan/2008:16:02:37 -0800] "GET /logs/access.log HTTP/1.0" 200 71842 "-" "Lynx/2.8.5rel.1 libwww-FM/2.14 SSL-MM/1.4.1 GNUTLS/1.4.4" "www.autobutlerlifts.com"
74.6.26.42 - - [14/Jan/2008:17:16:29 -0800] "GET /logs/?N=D HTTP/1.0" 200 1643 "-" "Mozilla/5.0 (compatible; Yahoo! Slurp; http://help.yahoo.com/help/us/ysearch/slurp)" "autobutlerlifts.com"
68.142.212.174 - - [14/Jan/2008:19:39:00 -0800] "GET /robots.txt HTTP/1.0" 404 275 "-" "Yahoo-MMCrawler/3.x (mms dash mmcrawler dash support at yahoo dash inc dot com)" "www.autobutlerlifts.com"
67.167.119.26 - - [14/Jan/2008:20:16:18 -0800] "GET / HTTP/1.1" 200 916 "http://www.azgaycar.com/links.htm" "Mozilla/4.0 (compatible; MSIE 7.0; Windows NT 5.1; .NET CLR 1.1.4322)" "autobutlerlifts.com"
67.167.119.26 - - [14/Jan/2008:20:16:19 -0800] "GET /favicon.ico HTTP/1.1" 404 275 "-" "Mozilla/4.0 (compatible; MSIE 7.0; Windows NT 5.1; .NET CLR 1.1.4322)" "autobutlerlifts.com"
74.6.22.199 - - [14/Jan/2008:22:33:33 -0800] "GET /robots.txt HTTP/1.0" 404 275 "-" "Mozilla/5.0 (compatible; Yahoo! Slurp; http://help.yahoo.com/help/us/ysearch/slurp)" "autobutlerlifts.com"
74.6.24.23 - - [14/Jan/2008:22:33:33 -0800] "GET /logs/access_071201.log HTTP/1.0" 200 171497 "-" "Mozilla/5.0 (compatible; Yahoo! Slurp; http://help.yahoo.com/help/us/ysearch/slurp)" "autobutlerlifts.com"
66.249.66.80 - - [14/Jan/2008:22:39:34 -0800] "GET / HTTP/1.1" 200 916 "-" "Mozilla/5.0 (compatible; Googlebot/2.1; +http://www.google.com/bot.html)" "www.autobutlerlifts.com"
74.6.20.121 - - [14/Jan/2008:23:35:21 -0800] "GET /logs/?M=A HTTP/1.0" 200 1643 "-" "Mozilla/5.0 (compatible; Yahoo! Slurp; http://help.yahoo.com/help/us/ysearch/slurp)" "autobutlerlifts.com"
74.6.20.154 - - [15/Jan/2008:02:30:26 -0800] "GET /tmp/?S=A HTTP/1.0" 200 504 "-" "Mozilla/5.0 (compatible; Yahoo! Slurp; http://help.yahoo.com/help/us/ysearch/slurp)" "autobutlerlifts.com"
74.6.22.199 - - [15/Jan/2008:07:18:38 -0800] "GET /robots.txt HTTP/1.0" 404 275 "-" "Mozilla/5.0 (compatible; Yahoo! Slurp; http://help.yahoo.com/help/us/ysearch/slurp)" "autobutlerlifts.com"
74.6.23.28 - - [15/Jan/2008:07:18:39 -0800] "GET /?N=A HTTP/1.0" 200 900 "-" "Mozilla/5.0 (compatible; Yahoo! Slurp; http://help.yahoo.com/help/us/ysearch/slurp)" "autobutlerlifts.com"
74.6.25.117 - - [15/Jan/2008:10:02:28 -0800] "GET /_private/?S=A HTTP/1.0" 200 514 "-" "Mozilla/5.0 (compatible; Yahoo! Slurp; http://help.yahoo.com/help/us/ysearch/slurp)" "autobutlerlifts.com"
74.6.19.215 - - [15/Jan/2008:11:39:15 -0800] "GET /tmp/?S=D HTTP/1.0" 200 504 "-" "Mozilla/5.0 (compatible; Yahoo! Slurp; http://help.yahoo.com/help/us/ysearch/slurp)" "autobutlerlifts.com"
66.249.66.80 - - [15/Jan/2008:12:58:29 -0800] "GET /robots.txt HTTP/1.1" 404 275 "-" "Mozilla/5.0 (compatible; Googlebot/2.1; +http://www.google.com/bot.html)" "www.autobutlerlifts.com"
66.249.66.80 - - [15/Jan/2008:12:58:29 -0800] "GET /tmp HTTP/1.1" 301 98 "-" "Mozilla/5.0 (compatible; Googlebot/2.1; +http://www.google.com/bot.html)" "www.autobutlerlifts.com"
66.249.66.80 - - [15/Jan/2008:12:58:30 -0800] "GET /tmp/ HTTP/1.1" 200 520 "-" "Mozilla/5.0 (compatible; Googlebot/2.1; +http://www.google.com/bot.html)" "www.autobutlerlifts.com"
68.142.212.192 - - [15/Jan/2008:13:24:31 -0800] "GET /robots.txt HTTP/1.0" 404 275 "-" "Yahoo-MMCrawler/3.x (mms dash mmcrawler dash support at yahoo dash inc dot com)" "autobutlerlifts.com"
74.6.20.214 - - [15/Jan/2008:15:09:59 -0800] "GET /?S=A HTTP/1.0" 200 900 "-" "Mozilla/5.0 (compatible; Yahoo! Slurp; http://help.yahoo.com/help/us/ysearch/slurp)" "autobutlerlifts.com"
74.6.23.152 - - [15/Jan/2008:15:28:56 -0800] "GET /?D=A HTTP/1.0" 200 900 "-" "Mozilla/5.0 (compatible; Yahoo! Slurp; http://help.yahoo.com/help/us/ysearch/slurp)" "autobutlerlifts.com"
74.6.23.103 - - [15/Jan/2008:19:02:53 -0800] "GET /_private/?M=D HTTP/1.0" 200 514 "-" "Mozilla/5.0 (compatible; Yahoo! Slurp; http://help.yahoo.com/help/us/ysearch/slurp)" "autobutlerlifts.com"
69.36.158.12 - - [15/Jan/2008:21:07:22 -0800] "GET /robots.txt HTTP/1.1" 404 275 "-" "Mozilla/5.0 (X11; U; Linux i686; en-US; rv:1.7.12; ips-agent) Gecko/20050922 Fedora/1.0.7-1.1.fc4 Firefox/1.0.7" "www.autobutlerlifts.com"
69.36.158.12 - - [15/Jan/2008:21:07:26 -0800] "GET / HTTP/1.1" 200 916 "-" "Mozilla/5.0 (X11; U; Linux i686; en-US; rv:1.7.12; ips-agent) Gecko/20050922 Fedora/1.0.7-1.1.fc4 Firefox/1.0.7" "www.autobutlerlifts.com"
69.36.158.12 - - [15/Jan/2008:21:07:29 -0800] "GET /?N=D HTTP/1.1" 200 916 "-" "Mozilla/5.0 (X11; U; Linux i686; en-US; rv:1.7.12; ips-agent) Gecko/20050922 Fedora/1.0.7-1.1.fc4 Firefox/1.0.7" "www.autobutlerlifts.com"
69.36.158.12 - - [15/Jan/2008:21:07:32 -0800] "GET /?M=A HTTP/1.1" 200 916 "-" "Mozilla/5.0 (X11; U; Linux i686; en-US; rv:1.7.12; ips-agent) Gecko/20050922 Fedora/1.0.7-1.1.fc4 Firefox/1.0.7" "www.autobutlerlifts.com"
69.36.158.12 - - [15/Jan/2008:21:07:35 -0800] "GET /?S=A HTTP/1.1" 200 916 "-" "Mozilla/5.0 (X11; U; Linux i686; en-US; rv:1.7.12; ips-agent) Gecko/20050922 Fedora/1.0.7-1.1.fc4 Firefox/1.0.7" "www.autobutlerlifts.com"
69.36.158.12 - - [15/Jan/2008:21:07:38 -0800] "GET /?D=A HTTP/1.1" 200 916 "-" "Mozilla/5.0 (X11; U; Linux i686; en-US; rv:1.7.12; ips-agent) Gecko/20050922 Fedora/1.0.7-1.1.fc4 Firefox/1.0.7" "www.autobutlerlifts.com"
69.36.158.12 - - [15/Jan/2008:21:07:40 -0800] "GET /_private/ HTTP/1.1" 200 530 "-" "Mozilla/5.0 (X11; U; Linux i686; en-US; rv:1.7.12; ips-agent) Gecko/20050922 Fedora/1.0.7-1.1.fc4 Firefox/1.0.7" "www.autobutlerlifts.com"
69.36.158.12 - - [15/Jan/2008:21:07:43 -0800] "GET /logs/ HTTP/1.1" 200 1659 "-" "Mozilla/5.0 (X11; U; Linux i686; en-US; rv:1.7.12; ips-agent) Gecko/20050922 Fedora/1.0.7-1.1.fc4 Firefox/1.0.7" "www.autobutlerlifts.com"
69.36.158.12 - - [15/Jan/2008:21:07:45 -0800] "GET /tmp/ HTTP/1.1" 200 520 "-" "Mozilla/5.0 (X11; U; Linux i686; en-US; rv:1.7.12; ips-agent) Gecko/20050922 Fedora/1.0.7-1.1.fc4 Firefox/1.0.7" "www.autobutlerlifts.com"
69.36.158.12 - - [15/Jan/2008:21:07:47 -0800] "GET /?N=A HTTP/1.1" 200 916 "-" "Mozilla/5.0 (X11; U; Linux i686; en-US; rv:1.7.12; ips-agent) Gecko/20050922 Fedora/1.0.7-1.1.fc4 Firefox/1.0.7" "www.autobutlerlifts.com"
69.36.158.12 - - [15/Jan/2008:21:07:48 -0800] "GET /?M=D HTTP/1.1" 200 916 "-" "Mozilla/5.0 (X11; U; Linux i686; en-US; rv:1.7.12; ips-agent) Gecko/20050922 Fedora/1.0.7-1.1.fc4 Firefox/1.0.7" "www.autobutlerlifts.com"
82.120.235.217 - - [16/Jan/2008:00:04:57 -0800] "GET /logs/access.log HTTP/1.0" 200 78227 "-" "Lynx/2.8.6rel.5 libwww-FM/2.14 SSL-MM/1.4.1 OpenSSL/0.9.8e" "www.autobutlerlifts.com"
74.6.22.199 - - [16/Jan/2008:01:27:50 -0800] "GET /robots.txt HTTP/1.0" 404 275 "-" "Mozilla/5.0 (compatible; Yahoo! Slurp; http://help.yahoo.com/help/us/ysearch/slurp)" "autobutlerlifts.com"
74.6.26.210 - - [16/Jan/2008:01:27:52 -0800] "GET /logs/access.log HTTP/1.0" 200 78408 "-" "Mozilla/5.0 (compatible; Yahoo! Slurp; http://help.yahoo.com/help/us/ysearch/slurp)" "autobutlerlifts.com"
72.30.179.213 - - [16/Jan/2008:03:30:45 -0800] "GET /?N=D HTTP/1.0" 200 900 "-" "Mozilla/5.0 (compatible; Yahoo! Slurp; http://help.yahoo.com/help/us/ysearch/slurp)" "autobutlerlifts.com"
66.249.66.80 - - [16/Jan/2008:08:04:21 -0800] "GET /robots.txt HTTP/1.1" 404 275 "-" "Mozilla/5.0 (compatible; Googlebot/2.1; +http://www.google.com/bot.html)" "www.autobutlerlifts.com"
66.249.66.80 - - [16/Jan/2008:08:04:21 -0800] "GET /tmp HTTP/1.1" 301 98 "-" "Mozilla/5.0 (compatible; Googlebot/2.1; +http://www.google.com/bot.html)" "www.autobutlerlifts.com"
66.249.66.80 - - [16/Jan/2008:08:04:21 -0800] "GET /tmp/ HTTP/1.1" 200 520 "-" "Mozilla/5.0 (compatible; Googlebot/2.1; +http://www.google.com/bot.html)" "www.autobutlerlifts.com"
74.6.22.199 - - [16/Jan/2008:08:48:07 -0800] "GET /robots.txt HTTP/1.0" 404 275 "-" "Mozilla/5.0 (compatible; Yahoo! Slurp; http://help.yahoo.com/help/us/ysearch/slurp)" "autobutlerlifts.com"
74.6.24.22 - - [16/Jan/2008:08:48:07 -0800] "GET /?M=D HTTP/1.0" 200 900 "-" "Mozilla/5.0 (compatible; Yahoo! Slurp; http://help.yahoo.com/help/us/ysearch/slurp)" "autobutlerlifts.com"
64.34.145.201 - - [16/Jan/2008:18:32:58 -0800] "GET /robots.txt HTTP/1.0" 404 275 "-" "SBIder/SBIder-0.8.2-dev (http://www.sitesell.com/sbider.html)" "www.autobutlerlifts.com"
64.34.145.201 - - [16/Jan/2008:18:32:58 -0800] "GET / HTTP/1.0" 200 900 "-" "SBIder/SBIder-0.8.2-dev (http://www.sitesell.com/sbider.html)" "www.autobutlerlifts.com"
74.6.22.199 - - [16/Jan/2008:22:49:31 -0800] "GET /robots.txt HTTP/1.0" 404 275 "-" "Mozilla/5.0 (compatible; Yahoo! Slurp; http://help.yahoo.com/help/us/ysearch/slurp)" "autobutlerlifts.com"
74.6.28.72 - - [16/Jan/2008:22:49:31 -0800] "GET /_private/?N=A HTTP/1.0" 200 514 "-" "Mozilla/5.0 (compatible; Yahoo! Slurp; http://help.yahoo.com/help/us/ysearch/slurp)" "autobutlerlifts.com"
66.249.66.80 - - [17/Jan/2008:01:33:15 -0800] "GET /robots.txt HTTP/1.1" 404 275 "-" "Mozilla/5.0 (compatible; Googlebot/2.1; +http://www.google.com/bot.html)" "www.autobutlerlifts.com"
66.249.66.80 - - [17/Jan/2008:01:33:15 -0800] "GET /logs/access_070701.log HTTP/1.1" 304 - "-" "Mozilla/5.0 (compatible; Googlebot/2.1; +http://www.google.com/bot.html)" "www.autobutlerlifts.com"
66.249.66.80 - - [17/Jan/2008:02:47:48 -0800] "GET / HTTP/1.1" 200 916 "-" "Mozilla/5.0 (compatible; Googlebot/2.1; +http://www.google.com/bot.html)" "www.autobutlerlifts.com"
66.249.66.80 - - [17/Jan/2008:04:43:17 -0800] "GET /?N=D HTTP/1.1" 200 916 "-" "Mozilla/5.0 (compatible; Googlebot/2.1; +http://www.google.com/bot.html)" "www.autobutlerlifts.com"
66.249.66.80 - - [17/Jan/2008:04:43:38 -0800] "GET /?D=A HTTP/1.1" 200 916 "-" "Mozilla/5.0 (compatible; Googlebot/2.1; +http://www.google.com/bot.html)" "www.autobutlerlifts.com"
66.249.66.80 - - [17/Jan/2008:04:43:59 -0800] "GET /?M=A HTTP/1.1" 200 916 "-" "Mozilla/5.0 (compatible; Googlebot/2.1; +http://www.google.com/bot.html)" "www.autobutlerlifts.com"
66.249.66.80 - - [17/Jan/2008:04:45:01 -0800] "GET /?S=A HTTP/1.1" 200 916 "-" "Mozilla/5.0 (compatible; Googlebot/2.1; +http://www.google.com/bot.html)" "www.autobutlerlifts.com"
68.142.212.174 - - [17/Jan/2008:05:38:28 -0800] "GET /robots.txt HTTP/1.0" 404 275 "-" "Yahoo-MMCrawler/3.x (mms dash mmcrawler dash support at yahoo dash inc dot com)" "www.autobutlerlifts.com"
199.2.58.156 - - [17/Jan/2008:06:49:11 -0800] "GET / HTTP/1.1" 200 916 "-" "Mozilla/4.0 (compatible; MSIE 6.0; Windows NT 5.1; SV1; InfoPath.2; .NET CLR 2.0.50727)" "www.autobutlerlifts.com"
66.249.66.80 - - [17/Jan/2008:06:50:33 -0800] "GET /tmp HTTP/1.1" 301 98 "-" "Mozilla/5.0 (compatible; Googlebot/2.1; +http://www.google.com/bot.html)" "www.autobutlerlifts.com"
66.249.66.80 - - [17/Jan/2008:06:50:33 -0800] "GET /tmp/ HTTP/1.1" 200 520 "-" "Mozilla/5.0 (compatible; Googlebot/2.1; +http://www.google.com/bot.html)" "www.autobutlerlifts.com"
64.156.10.131 - - [17/Jan/2008:11:29:57 -0800] "GET /images/ultracarjackplate.gif HTTP/1.1" 404 275 "-" "Jakarta Commons-HttpClient/3.0.1" "www.autobutlerlifts.com"
64.156.10.131 - - [17/Jan/2008:11:41:24 -0800] "GET /images/Castersforcart2.jpg HTTP/1.1" 404 275 "-" "Jakarta Commons-HttpClient/3.0.1" "www.autobutlerlifts.com"
82.120.235.217 - - [17/Jan/2008:16:04:15 -0800] "GET /logs/access.log HTTP/1.0" 200 82986 "-" "Lynx/2.8.5rel.1 libwww-FM/2.14 SSL-MM/1.4.1 GNUTLS/1.4.4" "www.autobutlerlifts.com"
68.142.212.192 - - [17/Jan/2008:19:29:54 -0800] "GET /robots.txt HTTP/1.0" 404 275 "-" "Yahoo-MMCrawler/3.x (mms dash mmcrawler dash support at yahoo dash inc dot com)" "autobutlerlifts.com"
208.80.193.44 - - [17/Jan/2008:21:58:05 -0800] "GET / HTTP/1.1" 200 916 "-" "Mozilla/5.0 (compatible; Konqueror/3.1-rc2; i686 Linux; 20020107)" "autobutlerlifts.com"
208.80.193.36 - - [17/Jan/2008:22:07:16 -0800] "GET / HTTP/1.1" 200 916 "-" "Mozilla/5.0 (compatible; Konqueror/3.1-rc3; i686 Linux; 20020520)" "www.autobutlerlifts.com"
69.50.192.60 - - [17/Jan/2008:22:36:23 -0800] "GET /logs/access.log/index.php?action=http://www.moskaworned.xpg.com.br/sefe.txt? HTTP/1.1" 404 275 "-" "libwww-perl/5.808" "autobutlerlifts.com"
69.50.192.60 - - [17/Jan/2008:22:36:24 -0800] "GET /index.php?action=http://www.moskaworned.xpg.com.br/sefe.txt? HTTP/1.1" 404 275 "-" "libwww-perl/5.808" "autobutlerlifts.com"
69.50.192.60 - - [17/Jan/2008:22:36:24 -0800] "GET /logs/index.php?action=http://www.moskaworned.xpg.com.br/sefe.txt? HTTP/1.1" 404 275 "-" "libwww-perl/5.808" "autobutlerlifts.com"
69.50.192.60 - - [17/Jan/2008:22:42:25 -0800] "GET /logs/access.log/index.php?action=http://www.moskaworned.xpg.com.br/sefe.txt? HTTP/1.1" 404 275 "-" "libwww-perl/5.808" "autobutlerlifts.com"
69.50.192.60 - - [17/Jan/2008:22:42:25 -0800] "GET /index.php?action=http://www.moskaworned.xpg.com.br/sefe.txt? HTTP/1.1" 404 275 "-" "libwww-perl/5.808" "autobutlerlifts.com"
69.50.192.60 - - [17/Jan/2008:22:42:25 -0800] "GET /logs/index.php?action=http://www.moskaworned.xpg.com.br/sefe.txt? HTTP/1.1" 404 275 "-" "libwww-perl/5.808" "autobutlerlifts.com"
69.50.192.60 - - [17/Jan/2008:22:48:20 -0800] "GET /logs/access.log/index.php?action=http://www.moskaworned.xpg.com.br/sefe.txt? HTTP/1.1" 404 275 "-" "libwww-perl/5.808" "autobutlerlifts.com"
69.50.192.60 - - [17/Jan/2008:22:48:20 -0800] "GET /index.php?action=http://www.moskaworned.xpg.com.br/sefe.txt? HTTP/1.1" 404 275 "-" "libwww-perl/5.808" "autobutlerlifts.com"
69.50.192.60 - - [17/Jan/2008:22:48:20 -0800] "GET /logs/index.php?action=http://www.moskaworned.xpg.com.br/sefe.txt? HTTP/1.1" 404 275 "-" "libwww-perl/5.808" "autobutlerlifts.com"
69.50.192.60 - - [17/Jan/2008:22:53:25 -0800] "GET /logs/access.log/index.php?action=http://www.moskaworned.xpg.com.br/sefe.txt? HTTP/1.1" 404 275 "-" "libwww-perl/5.808" "autobutlerlifts.com"
69.50.192.60 - - [17/Jan/2008:22:53:25 -0800] "GET /index.php?action=http://www.moskaworned.xpg.com.br/sefe.txt? HTTP/1.1" 404 275 "-" "libwww-perl/5.808" "autobutlerlifts.com"
69.50.192.60 - - [17/Jan/2008:22:53:25 -0800] "GET /logs/index.php?action=http://www.moskaworned.xpg.com.br/sefe.txt? HTTP/1.1" 404 275 "-" "libwww-perl/5.808" "autobutlerlifts.com"
69.50.192.60 - - [17/Jan/2008:22:54:05 -0800] "GET /logs/access.log/index.php?action=http://www.moskaworned.xpg.com.br/sefe.txt? HTTP/1.1" 404 275 "-" "libwww-perl/5.808" "autobutlerlifts.com"
69.50.192.60 - - [17/Jan/2008:22:54:06 -0800] "GET /index.php?action=http://www.moskaworned.xpg.com.br/sefe.txt? HTTP/1.1" 404 275 "-" "libwww-perl/5.808" "autobutlerlifts.com"
69.50.192.60 - - [17/Jan/2008:22:54:06 -0800] "GET /logs/index.php?action=http://www.moskaworned.xpg.com.br/sefe.txt? HTTP/1.1" 404 275 "-" "libwww-perl/5.808" "autobutlerlifts.com"
69.50.192.60 - - [17/Jan/2008:22:54:53 -0800] "GET /logs/access.log/index.php?action=http://www.moskaworned.xpg.com.br/sefe.txt? HTTP/1.1" 404 275 "-" "libwww-perl/5.808" "autobutlerlifts.com"
69.50.192.60 - - [17/Jan/2008:22:54:54 -0800] "GET /index.php?action=http://www.moskaworned.xpg.com.br/sefe.txt? HTTP/1.1" 404 275 "-" "libwww-perl/5.808" "autobutlerlifts.com"
69.50.192.60 - - [17/Jan/2008:22:54:54 -0800] "GET /logs/index.php?action=http://www.moskaworned.xpg.com.br/sefe.txt? HTTP/1.1" 404 275 "-" "libwww-perl/5.808" "autobutlerlifts.com"
69.50.192.60 - - [17/Jan/2008:22:55:14 -0800] "GET /logs/access.log/index.php?action=http://www.moskaworned.xpg.com.br/sefe.txt? HTTP/1.1" 404 275 "-" "libwww-perl/5.808" "autobutlerlifts.com"
69.50.192.60 - - [17/Jan/2008:22:55:14 -0800] "GET /index.php?action=http://www.moskaworned.xpg.com.br/sefe.txt? HTTP/1.1" 404 275 "-" "libwww-perl/5.808" "autobutlerlifts.com"
69.50.192.60 - - [17/Jan/2008:22:55:14 -0800] "GET /logs/index.php?action=http://www.moskaworned.xpg.com.br/sefe.txt? HTTP/1.1" 404 275 "-" "libwww-perl/5.808" "autobutlerlifts.com"
69.50.192.60 - - [17/Jan/2008:22:55:32 -0800] "GET /logs/access.log/index.php?action=http://www.moskaworned.xpg.com.br/sefe.txt? HTTP/1.1" 404 275 "-" "libwww-perl/5.808" "autobutlerlifts.com"
69.50.192.60 - - [17/Jan/2008:22:55:32 -0800] "GET /index.php?action=http://www.moskaworned.xpg.com.br/sefe.txt? HTTP/1.1" 404 275 "-" "libwww-perl/5.808" "autobutlerlifts.com"
69.50.192.60 - - [17/Jan/2008:22:55:32 -0800] "GET /logs/index.php?action=http://www.moskaworned.xpg.com.br/sefe.txt? HTTP/1.1" 404 275 "-" "libwww-perl/5.808" "autobutlerlifts.com"
69.50.192.60 - - [17/Jan/2008:22:56:43 -0800] "GET /logs/access.log/index.php?action=http://www.moskaworned.xpg.com.br/sefe.txt? HTTP/1.1" 404 275 "-" "libwww-perl/5.808" "autobutlerlifts.com"
69.50.192.60 - - [17/Jan/2008:22:56:44 -0800] "GET /index.php?action=http://www.moskaworned.xpg.com.br/sefe.txt? HTTP/1.1" 404 275 "-" "libwww-perl/5.808" "autobutlerlifts.com"
69.50.192.60 - - [17/Jan/2008:22:56:44 -0800] "GET /logs/index.php?action=http://www.moskaworned.xpg.com.br/sefe.txt? HTTP/1.1" 404 275 "-" "libwww-perl/5.808" "autobutlerlifts.com"
69.50.192.60 - - [17/Jan/2008:22:57:36 -0800] "GET /logs/access.log/index.php?action=http://www.moskaworned.xpg.com.br/sefe.txt? HTTP/1.1" 404 275 "-" "libwww-perl/5.808" "autobutlerlifts.com"
69.50.192.60 - - [17/Jan/2008:22:57:37 -0800] "GET /index.php?action=http://www.moskaworned.xpg.com.br/sefe.txt? HTTP/1.1" 404 275 "-" "libwww-perl/5.808" "autobutlerlifts.com"
69.50.192.60 - - [17/Jan/2008:22:57:37 -0800] "GET /logs/index.php?action=http://www.moskaworned.xpg.com.br/sefe.txt? HTTP/1.1" 404 275 "-" "libwww-perl/5.808" "autobutlerlifts.com"
69.50.192.60 - - [17/Jan/2008:22:58:41 -0800] "GET /logs/access.log/index.php?action=http://www.moskaworned.xpg.com.br/sefe.txt? HTTP/1.1" 404 275 "-" "libwww-perl/5.808" "autobutlerlifts.com"
69.50.192.60 - - [17/Jan/2008:22:58:41 -0800] "GET /index.php?action=http://www.moskaworned.xpg.com.br/sefe.txt? HTTP/1.1" 404 275 "-" "libwww-perl/5.808" "autobutlerlifts.com"
69.50.192.60 - - [17/Jan/2008:22:58:41 -0800] "GET /logs/index.php?action=http://www.moskaworned.xpg.com.br/sefe.txt? HTTP/1.1" 404 275 "-" "libwww-perl/5.808" "autobutlerlifts.com"
69.50.192.60 - - [17/Jan/2008:22:59:15 -0800] "GET /index.php?action=http://www.moskaworned.xpg.com.br/sefe.txt? HTTP/1.1" 404 275 "-" "libwww-perl/5.808" "autobutlerlifts.com"
69.50.192.60 - - [17/Jan/2008:22:59:15 -0800] "GET /logs/index.php?action=http://www.moskaworned.xpg.com.br/sefe.txt? HTTP/1.1" 404 275 "-" "libwww-perl/5.808" "autobutlerlifts.com"
69.50.192.60 - - [17/Jan/2008:22:59:29 -0800] "GET /logs/access.log/index.php?action=http://www.moskaworned.xpg.com.br/sefe.txt? HTTP/1.1" 404 275 "-" "libwww-perl/5.808" "autobutlerlifts.com"
66.249.72.47 - - [18/Jan/2008:06:49:53 -0800] "GET /robots.txt HTTP/1.1" 404 275 "-" "Mozilla/5.0 (compatible; Googlebot/2.1; +http://www.google.com/bot.html)" "www.autobutlerlifts.com"
66.249.72.47 - - [18/Jan/2008:06:49:53 -0800] "GET /googlee916a1106382fa83.html HTTP/1.1" 404 275 "-" "Mozilla/5.0 (compatible; Googlebot/2.1; +http://www.google.com/bot.html)" "www.autobutlerlifts.com"
66.249.72.47 - - [18/Jan/2008:08:14:56 -0800] "GET /tmp HTTP/1.1" 301 98 "-" "Mozilla/5.0 (compatible; Googlebot/2.1; +http://www.google.com/bot.html)" "www.autobutlerlifts.com"
66.249.72.47 - - [18/Jan/2008:08:14:56 -0800] "GET /tmp/ HTTP/1.1" 200 520 "-" "Mozilla/5.0 (compatible; Googlebot/2.1; +http://www.google.com/bot.html)" "www.autobutlerlifts.com"
74.6.22.136 - - [18/Jan/2008:13:56:53 -0800] "GET /robots.txt HTTP/1.0" 404 275 "-" "Mozilla/5.0 (compatible; Yahoo! Slurp; http://help.yahoo.com/help/us/ysearch/slurp)" "autobutlerlifts.com"
74.6.22.136 - - [18/Jan/2008:13:56:53 -0800] "GET /_private/ HTTP/1.0" 200 514 "-" "Mozilla/5.0 (compatible; Yahoo! Slurp; http://help.yahoo.com/help/us/ysearch/slurp)" "autobutlerlifts.com"
82.120.235.217 - - [18/Jan/2008:16:04:39 -0800] "GET /logs/access.log HTTP/1.0" 200 91446 "-" "Lynx/2.8.5rel.1 libwww-FM/2.14 SSL-MM/1.4.1 GNUTLS/1.4.4" "www.autobutlerlifts.com"
63.123.238.8 - - [18/Jan/2008:18:49:00 -0800] "GET /robots.txt HTTP/1.1" 404 275 "-" "Mozilla/2.0 (compatible; Ask Jeeves/Teoma)" "autobutlerlifts.com"
63.123.238.8 - - [18/Jan/2008:18:49:01 -0800] "GET / HTTP/1.1" 200 916 "-" "Mozilla/2.0 (compatible; Ask Jeeves/Teoma)" "autobutlerlifts.com"
74.6.26.117 - - [18/Jan/2008:19:58:20 -0800] "GET /robots.txt HTTP/1.0" 404 275 "-" "Mozilla/5.0 (compatible; Yahoo! Slurp; http://help.yahoo.com/help/us/ysearch/slurp)" "www.autobutlerlifts.com"
74.6.24.165 - - [18/Jan/2008:19:58:20 -0800] "GET /logs/?M=A HTTP/1.0" 200 1643 "-" "Mozilla/5.0 (compatible; Yahoo! Slurp; http://help.yahoo.com/help/us/ysearch/slurp)" "www.autobutlerlifts.com"
74.6.26.117 - - [18/Jan/2008:21:47:37 -0800] "GET /robots.txt HTTP/1.0" 404 275 "-" "Mozilla/5.0 (compatible; Yahoo! Slurp; http://help.yahoo.com/help/us/ysearch/slurp)" "www.autobutlerlifts.com"
74.6.24.124 - - [18/Jan/2008:21:47:38 -0800] "GET /_private/ HTTP/1.0" 200 514 "-" "Mozilla/5.0 (compatible; Yahoo! Slurp; http://help.yahoo.com/help/us/ysearch/slurp)" "www.autobutlerlifts.com"
70.84.168.114 - - [18/Jan/2008:22:39:57 -0800] "GET / HTTP/1.1" 200 916 "http://www.stockleaf.com" "Mozilla/5.0 (Macintosh; U; PPC Mac OS X Mach-O; en-US; rv:1.7.6) Gecko/20050223 Firefox/1.0.1" "www.autobutlerlifts.com"
70.84.168.114 - - [18/Jan/2008:22:39:57 -0800] "GET / HTTP/1.1" 200 916 "http://www.stockleaf.com" "Mozilla/5.0 (Macintosh; U; PPC Mac OS X Mach-O; en-US; rv:1.7.6) Gecko/20050223 Firefox/1.0.1" "www.autobutlerlifts.com"
70.84.168.114 - - [18/Jan/2008:22:39:57 -0800] "GET / HTTP/1.1" 200 916 "http://www.stockleaf.com" "Mozilla/5.0 (Macintosh; U; PPC Mac OS X Mach-O; en-US; rv:1.7.6) Gecko/20050223 Firefox/1.0.1" "www.autobutlerlifts.com"
70.84.168.114 - - [18/Jan/2008:22:39:57 -0800] "GET / HTTP/1.1" 200 916 "http://www.stockleaf.com" "Mozilla/5.0 (Macintosh; U; PPC Mac OS X Mach-O; en-US; rv:1.7.6) Gecko/20050223 Firefox/1.0.1" "www.autobutlerlifts.com"
70.84.168.114 - - [18/Jan/2008:22:39:57 -0800] "GET / HTTP/1.1" 200 916 "http://www.stockleaf.com" "Mozilla/5.0 (Macintosh; U; PPC Mac OS X Mach-O; en-US; rv:1.7.6) Gecko/20050223 Firefox/1.0.1" "www.autobutlerlifts.com"
70.84.168.114 - - [18/Jan/2008:22:39:57 -0800] "GET / HTTP/1.1" 200 916 "http://www.stockleaf.com" "Mozilla/5.0 (Macintosh; U; PPC Mac OS X Mach-O; en-US; rv:1.7.6) Gecko/20050223 Firefox/1.0.1" "www.autobutlerlifts.com"
74.6.29.19 - - [18/Jan/2008:23:30:46 -0800] "GET /_private/?S=A HTTP/1.0" 200 514 "-" "Mozilla/5.0 (compatible; Yahoo! Slurp; http://help.yahoo.com/help/us/ysearch/slurp)" "www.autobutlerlifts.com"
74.6.22.199 - - [19/Jan/2008:02:05:26 -0800] "GET /robots.txt HTTP/1.0" 404 275 "-" "Mozilla/5.0 (compatible; Yahoo! Slurp; http://help.yahoo.com/help/us/ysearch/slurp)" "autobutlerlifts.com"
74.6.25.33 - - [19/Jan/2008:02:05:27 -0800] "GET /tmp/ HTTP/1.0" 200 504 "-" "Mozilla/5.0 (compatible; Yahoo! Slurp; http://help.yahoo.com/help/us/ysearch/slurp)" "autobutlerlifts.com"
72.232.237.202 - - [19/Jan/2008:02:17:49 -0800] "GET / HTTP/1.1" 200 916 "http://therarestwords.com/autobutlerlifts.com" "TheRarestParser/0.2a (http://therarestwords.com/)" "autobutlerlifts.com"
72.30.179.220 - - [19/Jan/2008:03:06:07 -0800] "GET /?M=A HTTP/1.0" 200 900 "-" "Mozilla/5.0 (compatible; Yahoo! Slurp; http://help.yahoo.com/help/us/ysearch/slurp)" "www.autobutlerlifts.com"
66.249.72.7 - - [19/Jan/2008:05:30:27 -0800] "GET /robots.txt HTTP/1.1" 404 275 "-" "Mozilla/5.0 (compatible; Googlebot/2.1; +http://www.google.com/bot.html)" "www.autobutlerlifts.com"
66.249.72.7 - - [19/Jan/2008:05:30:27 -0800] "GET /tmp HTTP/1.1" 301 98 "-" "Mozilla/5.0 (compatible; Googlebot/2.1; +http://www.google.com/bot.html)" "www.autobutlerlifts.com"
66.249.72.7 - - [19/Jan/2008:05:30:32 -0800] "GET /tmp/ HTTP/1.1" 200 520 "-" "Mozilla/5.0 (compatible; Googlebot/2.1; +http://www.google.com/bot.html)" "www.autobutlerlifts.com"
68.142.212.174 - - [19/Jan/2008:10:29:33 -0800] "GET /robots.txt HTTP/1.0" 404 275 "-" "Yahoo-MMCrawler/3.x (mms dash mmcrawler dash support at yahoo dash inc dot com)" "www.autobutlerlifts.com"
74.6.22.199 - - [19/Jan/2008:12:40:07 -0800] "GET /robots.txt HTTP/1.0" 404 275 "-" "Mozilla/5.0 (compatible; Yahoo! Slurp; http://help.yahoo.com/help/us/ysearch/slurp)" "autobutlerlifts.com"
74.6.24.11 - - [19/Jan/2008:12:40:07 -0800] "GET /logs/ HTTP/1.0" 200 1643 "-" "Mozilla/5.0 (compatible; Yahoo! Slurp; http://help.yahoo.com/help/us/ysearch/slurp)" "autobutlerlifts.com"
72.30.179.232 - - [19/Jan/2008:18:26:23 -0800] "GET /_private/?M=A HTTP/1.0" 200 514 "-" "Mozilla/5.0 (compatible; Yahoo! Slurp; http://help.yahoo.com/help/us/ysearch/slurp)" "autobutlerlifts.com"
68.142.212.192 - - [19/Jan/2008:23:12:32 -0800] "GET /robots.txt HTTP/1.0" 404 275 "-" "Yahoo-MMCrawler/3.x (mms dash mmcrawler dash support at yahoo dash inc dot com)" "autobutlerlifts.com"
74.6.22.136 - - [20/Jan/2008:01:09:04 -0800] "GET /robots.txt HTTP/1.0" 404 275 "-" "Mozilla/5.0 (compatible; Yahoo! Slurp; http://help.yahoo.com/help/us/ysearch/slurp)" "autobutlerlifts.com"
74.6.22.136 - - [20/Jan/2008:01:09:04 -0800] "GET /tmp/ HTTP/1.0" 200 504 "-" "Mozilla/5.0 (compatible; Yahoo! Slurp; http://help.yahoo.com/help/us/ysearch/slurp)" "autobutlerlifts.com"
66.249.66.80 - - [20/Jan/2008:01:12:40 -0800] "GET /robots.txt HTTP/1.1" 404 275 "-" "Mozilla/5.0 (compatible; Googlebot/2.1; +http://www.google.com/bot.html)" "www.autobutlerlifts.com"
66.249.66.80 - - [20/Jan/2008:01:12:40 -0800] "GET /tmp HTTP/1.1" 301 98 "-" "Mozilla/5.0 (compatible; Googlebot/2.1; +http://www.google.com/bot.html)" "www.autobutlerlifts.com"
66.249.66.80 - - [20/Jan/2008:01:12:40 -0800] "GET /tmp/ HTTP/1.1" 200 520 "-" "Mozilla/5.0 (compatible; Googlebot/2.1; +http://www.google.com/bot.html)" "www.autobutlerlifts.com"
74.6.22.199 - - [20/Jan/2008:02:29:18 -0800] "GET /robots.txt HTTP/1.0" 404 275 "-" "Mozilla/5.0 (compatible; Yahoo! Slurp; http://help.yahoo.com/help/us/ysearch/slurp)" "autobutlerlifts.com"
74.6.24.122 - - [20/Jan/2008:02:29:18 -0800] "GET /tmp/?N=D HTTP/1.0" 200 504 "-" "Mozilla/5.0 (compatible; Yahoo! Slurp; http://help.yahoo.com/help/us/ysearch/slurp)" "autobutlerlifts.com"
74.6.29.30 - - [20/Jan/2008:03:36:36 -0800] "GET /_private/?D=A HTTP/1.0" 200 514 "-" "Mozilla/5.0 (compatible; Yahoo! Slurp; http://help.yahoo.com/help/us/ysearch/slurp)" "autobutlerlifts.com"
66.249.66.80 - - [20/Jan/2008:04:14:28 -0800] "GET / HTTP/1.1" 200 916 "-" "Mozilla/5.0 (compatible; Googlebot/2.1; +http://www.google.com/bot.html)" "www.autobutlerlifts.com"
74.6.28.211 - - [20/Jan/2008:04:36:16 -0800] "GET /logs/?S=A HTTP/1.0" 200 1643 "-" "Mozilla/5.0 (compatible; Yahoo! Slurp; http://help.yahoo.com/help/us/ysearch/slurp)" "autobutlerlifts.com"
66.228.161.111 - - [20/Jan/2008:06:59:51 -0800] "GET / HTTP/1.1" 200 916 "-" "Mozilla/4.0 (compatible; MSIE 6.0; Windows NT 5.1)" "www.autobutlerlifts.com"
66.249.66.80 - - [20/Jan/2008:08:55:43 -0800] "GET /logs/access.log HTTP/1.1" 200 98515 "-" "Mozilla/5.0 (compatible; Googlebot/2.1; +http://www.google.com/bot.html)" "www.autobutlerlifts.com"
66.24.254.29 - - [20/Jan/2008:12:47:09 -0800] "GET /logs/access_070701.log HTTP/1.0" 200 22361 "-" "Wget/1.10.2" "www.autobutlerlifts.com"
74.6.22.136 - - [20/Jan/2008:13:08:08 -0800] "GET /robots.txt HTTP/1.0" 404 275 "-" "Mozilla/5.0 (compatible; Yahoo! Slurp; http://help.yahoo.com/help/us/ysearch/slurp)" "autobutlerlifts.com"
74.6.22.136 - - [20/Jan/2008:13:08:08 -0800] "GET / HTTP/1.0" 200 900 "-" "Mozilla/5.0 (compatible; Yahoo! Slurp; http://help.yahoo.com/help/us/ysearch/slurp)" "autobutlerlifts.com"
74.6.8.121 - - [20/Jan/2008:14:45:56 -0800] "GET /robots.txt HTTP/1.0" 404 275 "-" "Mozilla/5.0 (compatible; Yahoo! Slurp; http://help.yahoo.com/help/us/ysearch/slurp)" "autobutlerlifts.com"
74.6.8.121 - - [20/Jan/2008:14:45:56 -0800] "GET /?N=D HTTP/1.0" 200 900 "-" "Mozilla/5.0 (compatible; Yahoo! Slurp; http://help.yahoo.com/help/us/ysearch/slurp)" "autobutlerlifts.com"
74.6.22.199 - - [20/Jan/2008:17:53:05 -0800] "GET /robots.txt HTTP/1.0" 404 275 "-" "Mozilla/5.0 (compatible; Yahoo! Slurp; http://help.yahoo.com/help/us/ysearch/slurp)" "autobutlerlifts.com"
