74.6.7.113 - - [14/May/2008:07:41:46 -0700] "GET /logs/access_080301.log HTTP/1.0" 304 - "-" "Mozilla/5.0 (compatible; Yahoo! Slurp; http://help.yahoo.com/help/us/ysearch/slurp)" "autobutlerlifts.com"
74.6.22.157 - - [14/May/2008:08:08:33 -0700] "GET /robots.txt HTTP/1.0" 404 275 "-" "Mozilla/5.0 (compatible; Yahoo! Slurp; http://help.yahoo.com/help/us/ysearch/slurp)" "www.autobutlerlifts.com"
74.6.8.29 - - [14/May/2008:08:08:34 -0700] "GET /logs/?M=A HTTP/1.0" 200 2215 "-" "Mozilla/5.0 (compatible; Yahoo! Slurp; http://help.yahoo.com/help/us/ysearch/slurp)" "www.autobutlerlifts.com"
74.6.22.156 - - [14/May/2008:10:24:33 -0700] "GET /robots.txt HTTP/1.0" 404 275 "-" "Mozilla/5.0 (compatible; Yahoo! Slurp; http://help.yahoo.com/help/us/ysearch/slurp)" "autobutlerlifts.com"
74.6.12.45 - - [14/May/2008:10:24:34 -0700] "GET /logs/?D=A HTTP/1.0" 200 2215 "-" "Mozilla/5.0 (compatible; Yahoo! Slurp; http://help.yahoo.com/help/us/ysearch/slurp)" "autobutlerlifts.com"
66.249.72.5 - - [14/May/2008:10:34:32 -0700] "GET /robots.txt HTTP/1.1" 404 275 "-" "Mozilla/5.0 (compatible; Googlebot/2.1; +http://www.google.com/bot.html)" "www.autobutlerlifts.com"
66.249.72.5 - - [14/May/2008:10:34:32 -0700] "GET /tmp HTTP/1.1" 301 98 "-" "Mozilla/5.0 (compatible; Googlebot/2.1; +http://www.google.com/bot.html)" "www.autobutlerlifts.com"
66.249.72.5 - - [14/May/2008:10:34:32 -0700] "GET /tmp/ HTTP/1.1" 200 520 "-" "Mozilla/5.0 (compatible; Googlebot/2.1; +http://www.google.com/bot.html)" "www.autobutlerlifts.com"
64.1.215.164 - - [14/May/2008:11:49:12 -0700] "GET /robots.txt HTTP/1.0" 404 275 "-" "Mozilla/5.0 (Twiceler-0.9 http://www.cuill.com/twiceler/robot.html)" "autobutlerlifts.com"
74.6.29.41 - - [14/May/2008:12:20:41 -0700] "GET /logs/access_080131.log HTTP/1.0" 304 - "-" "Mozilla/5.0 (compatible; Yahoo! Slurp; http://help.yahoo.com/help/us/ysearch/slurp)" "autobutlerlifts.com"
194.0.179.250 - - [14/May/2008:14:22:46 -0700] "GET /robots.txt HTTP/1.0" 404 275 "-" "yoofind/yoofind-0.1-dev (yoono webcrawler; http://www.yoono.com ; crawl@yoono.com)" "www.autobutlerlifts.com"
194.0.179.250 - - [14/May/2008:14:22:47 -0700] "GET / HTTP/1.0" 200 900 "-" "yoofind/yoofind-0.1-dev (yoono webcrawler; http://www.yoono.com ; crawl@yoono.com)" "www.autobutlerlifts.com"
74.6.22.157 - - [14/May/2008:15:58:59 -0700] "GET /robots.txt HTTP/1.0" 404 275 "-" "Mozilla/5.0 (compatible; Yahoo! Slurp; http://help.yahoo.com/help/us/ysearch/slurp)" "www.autobutlerlifts.com"
74.6.23.158 - - [14/May/2008:15:59:00 -0700] "GET /tmp/?N=D HTTP/1.0" 200 504 "-" "Mozilla/5.0 (compatible; Yahoo! Slurp; http://help.yahoo.com/help/us/ysearch/slurp)" "www.autobutlerlifts.com"
75.32.92.207 - - [14/May/2008:16:03:20 -0700] "GET /logs/ HTTP/1.0" 200 2215 "-" "Wget/1.5.3.1" "autobutlerlifts.com"
75.32.92.207 - - [14/May/2008:16:03:20 -0700] "GET /robots.txt HTTP/1.0" 404 275 "-" "Wget/1.5.3.1" "autobutlerlifts.com"
75.32.92.207 - - [14/May/2008:16:03:21 -0700] "GET /logs/access.log HTTP/1.0" 200 102426 "http://autobutlerlifts.com/logs/" "Wget/1.5.3.1" "autobutlerlifts.com"
74.6.18.234 - - [14/May/2008:16:25:48 -0700] "GET /robots.txt HTTP/1.0" 404 275 "-" "Mozilla/5.0 (compatible; Yahoo! Slurp; http://help.yahoo.com/help/us/ysearch/slurp)" "www.autobutlerlifts.com"
74.6.25.50 - - [14/May/2008:16:26:52 -0700] "GET /?S=D HTTP/1.0" 200 900 "-" "Mozilla/5.0 (compatible; Yahoo! Slurp; http://help.yahoo.com/help/us/ysearch/slurp)" "www.autobutlerlifts.com"
74.6.24.105 - - [14/May/2008:16:35:36 -0700] "GET /logs/ HTTP/1.0" 200 2215 "-" "Mozilla/5.0 (compatible; Yahoo! Slurp; http://help.yahoo.com/help/us/ysearch/slurp)" "www.autobutlerlifts.com"
74.6.22.156 - - [14/May/2008:16:54:34 -0700] "GET /robots.txt HTTP/1.0" 404 275 "-" "Mozilla/5.0 (compatible; Yahoo! Slurp; http://help.yahoo.com/help/us/ysearch/slurp)" "autobutlerlifts.com"
74.6.20.171 - - [14/May/2008:16:54:35 -0700] "GET /tmp/?M=A HTTP/1.0" 200 504 "-" "Mozilla/5.0 (compatible; Yahoo! Slurp; http://help.yahoo.com/help/us/ysearch/slurp)" "autobutlerlifts.com"
89.159.200.63 - - [14/May/2008:17:43:30 -0700] "GET /logs/access.log HTTP/1.0" 200 103786 "-" "Lynx/2.8.6rel.5 libwww-FM/2.14 SSL-MM/1.4.1 OpenSSL/0.9.8e" "www.autobutlerlifts.com"
38.104.58.118 - - [14/May/2008:18:15:06 -0700] "GET /robots.txt HTTP/1.1" 404 275 "-" "panscient.com" "www.autobutlerlifts.com"
38.104.58.118 - - [14/May/2008:18:15:06 -0700] "GET / HTTP/1.1" 200 916 "-" "panscient.com" "www.autobutlerlifts.com"
38.104.58.118 - - [14/May/2008:18:15:07 -0700] "GET /?M=A HTTP/1.1" 200 916 "-" "panscient.com" "www.autobutlerlifts.com"
38.104.58.118 - - [14/May/2008:18:15:08 -0700] "GET /_private/ HTTP/1.1" 200 530 "-" "panscient.com" "www.autobutlerlifts.com"
38.104.58.118 - - [14/May/2008:18:15:10 -0700] "GET /_private/?N=D HTTP/1.1" 200 530 "-" "panscient.com" "www.autobutlerlifts.com"
38.104.58.118 - - [14/May/2008:18:15:11 -0700] "GET /_private/?M=A HTTP/1.1" 200 530 "-" "panscient.com" "www.autobutlerlifts.com"
38.104.58.118 - - [14/May/2008:18:15:12 -0700] "GET /_private/?N=A HTTP/1.1" 200 530 "-" "panscient.com" "www.autobutlerlifts.com"
38.104.58.118 - - [14/May/2008:18:15:14 -0700] "GET /_private/?D=A HTTP/1.1" 200 530 "-" "panscient.com" "www.autobutlerlifts.com"
38.104.58.118 - - [14/May/2008:18:15:14 -0700] "GET /_private/?D=D HTTP/1.1" 200 530 "-" "panscient.com" "www.autobutlerlifts.com"
38.104.58.118 - - [14/May/2008:18:15:15 -0700] "GET /?N=D HTTP/1.1" 200 916 "-" "panscient.com" "www.autobutlerlifts.com"
38.104.58.118 - - [14/May/2008:18:15:17 -0700] "GET /logs/ HTTP/1.1" 200 2231 "-" "panscient.com" "www.autobutlerlifts.com"
38.104.58.118 - - [14/May/2008:18:15:18 -0700] "GET /logs/?N=D HTTP/1.1" 200 2231 "-" "panscient.com" "www.autobutlerlifts.com"
38.104.58.118 - - [14/May/2008:18:15:19 -0700] "GET /?D=A HTTP/1.1" 200 916 "-" "panscient.com" "www.autobutlerlifts.com"
38.104.58.118 - - [14/May/2008:18:15:20 -0700] "GET /?D=D HTTP/1.1" 200 916 "-" "panscient.com" "www.autobutlerlifts.com"
74.6.18.152 - - [14/May/2008:19:06:29 -0700] "GET / HTTP/1.0" 200 900 "-" "Mozilla/5.0 (compatible; Yahoo! Slurp; http://help.yahoo.com/help/us/ysearch/slurp)" "www.autobutlerlifts.com"
74.6.22.156 - - [14/May/2008:22:42:54 -0700] "GET /robots.txt HTTP/1.0" 404 275 "-" "Mozilla/5.0 (compatible; Yahoo! Slurp; http://help.yahoo.com/help/us/ysearch/slurp)" "autobutlerlifts.com"
74.6.24.23 - - [14/May/2008:22:42:54 -0700] "GET /logs/access_071201.log HTTP/1.0" 304 - "-" "Mozilla/5.0 (compatible; Yahoo! Slurp; http://help.yahoo.com/help/us/ysearch/slurp)" "autobutlerlifts.com"
74.6.22.156 - - [14/May/2008:23:21:46 -0700] "GET /robots.txt HTTP/1.0" 404 275 "-" "Mozilla/5.0 (compatible; Yahoo! Slurp; http://help.yahoo.com/help/us/ysearch/slurp)" "autobutlerlifts.com"
74.6.17.116 - - [14/May/2008:23:21:46 -0700] "GET /?N=D HTTP/1.0" 200 900 "-" "Mozilla/5.0 (compatible; Yahoo! Slurp; http://help.yahoo.com/help/us/ysearch/slurp)" "autobutlerlifts.com"
74.6.22.157 - - [15/May/2008:00:11:36 -0700] "GET /robots.txt HTTP/1.0" 404 275 "-" "Mozilla/5.0 (compatible; Yahoo! Slurp; http://help.yahoo.com/help/us/ysearch/slurp)" "www.autobutlerlifts.com"
74.6.20.233 - - [15/May/2008:00:11:36 -0700] "GET /logs/access_080331.log HTTP/1.0" 304 - "-" "Mozilla/5.0 (compatible; Yahoo! Slurp; http://help.yahoo.com/help/us/ysearch/slurp)" "www.autobutlerlifts.com"
74.6.23.158 - - [15/May/2008:00:31:06 -0700] "GET /_private/?N=A HTTP/1.0" 200 514 "-" "Mozilla/5.0 (compatible; Yahoo! Slurp; http://help.yahoo.com/help/us/ysearch/slurp)" "www.autobutlerlifts.com"
74.6.28.241 - - [15/May/2008:01:05:15 -0700] "GET /logs/?S=A HTTP/1.0" 200 2215 "-" "Mozilla/5.0 (compatible; Yahoo! Slurp; http://help.yahoo.com/help/us/ysearch/slurp)" "autobutlerlifts.com"
208.80.193.41 - - [15/May/2008:03:33:35 -0700] "GET / HTTP/1.1" 200 916 "-" "Mozilla/4.0 (compatible; MSIE 6.0; Windows NT 5.1; Q312466)" "www.autobutlerlifts.com"
208.80.193.40 - - [15/May/2008:04:26:26 -0700] "GET / HTTP/1.1" 200 916 "-" "Mozilla/4.0 (compatible; MSIE 6.0; Windows NT 5.1; Q312460)" "autobutlerlifts.com"
66.249.72.171 - - [15/May/2008:05:28:34 -0700] "GET /robots.txt HTTP/1.1" 404 275 "-" "Mozilla/5.0 (compatible; Googlebot/2.1; +http://www.google.com/bot.html)" "www.autobutlerlifts.com"
66.249.72.171 - - [15/May/2008:05:28:34 -0700] "GET / HTTP/1.1" 200 916 "-" "Mozilla/5.0 (compatible; Googlebot/2.1; +http://www.google.com/bot.html)" "www.autobutlerlifts.com"
74.6.22.156 - - [15/May/2008:08:09:32 -0700] "GET /robots.txt HTTP/1.0" 404 275 "-" "Mozilla/5.0 (compatible; Yahoo! Slurp; http://help.yahoo.com/help/us/ysearch/slurp)" "autobutlerlifts.com"
74.6.28.50 - - [15/May/2008:08:09:32 -0700] "GET /logs/access_070731.log HTTP/1.0" 304 - "-" "Mozilla/5.0 (compatible; Yahoo! Slurp; http://help.yahoo.com/help/us/ysearch/slurp)" "autobutlerlifts.com"
66.249.72.5 - - [15/May/2008:08:50:44 -0700] "GET /tmp HTTP/1.1" 301 98 "-" "Mozilla/5.0 (compatible; Googlebot/2.1; +http://www.google.com/bot.html)" "www.autobutlerlifts.com"
66.249.72.5 - - [15/May/2008:08:50:44 -0700] "GET /tmp/ HTTP/1.1" 200 520 "-" "Mozilla/5.0 (compatible; Googlebot/2.1; +http://www.google.com/bot.html)" "www.autobutlerlifts.com"
74.6.22.157 - - [15/May/2008:10:09:55 -0700] "GET /robots.txt HTTP/1.0" 404 275 "-" "Mozilla/5.0 (compatible; Yahoo! Slurp; http://help.yahoo.com/help/us/ysearch/slurp)" "www.autobutlerlifts.com"
74.6.29.121 - - [15/May/2008:10:09:56 -0700] "GET /?S=A HTTP/1.0" 200 900 "-" "Mozilla/5.0 (compatible; Yahoo! Slurp; http://help.yahoo.com/help/us/ysearch/slurp)" "www.autobutlerlifts.com"
74.6.22.156 - - [15/May/2008:10:33:23 -0700] "GET /robots.txt HTTP/1.0" 404 275 "-" "Mozilla/5.0 (compatible; Yahoo! Slurp; http://help.yahoo.com/help/us/ysearch/slurp)" "autobutlerlifts.com"
74.6.19.32 - - [15/May/2008:10:33:27 -0700] "GET /?S=D HTTP/1.0" 200 900 "-" "Mozilla/5.0 (compatible; Yahoo! Slurp; http://help.yahoo.com/help/us/ysearch/slurp)" "autobutlerlifts.com"
74.6.25.221 - - [15/May/2008:13:22:06 -0700] "GET /logs/access_080331.log HTTP/1.0" 304 - "-" "Mozilla/5.0 (compatible; Yahoo! Slurp; http://help.yahoo.com/help/us/ysearch/slurp)" "autobutlerlifts.com"
64.156.10.131 - - [15/May/2008:13:29:03 -0700] "GET /images/ultracarjackplate.gif HTTP/1.1" 404 275 "-" "Jakarta Commons-HttpClient/3.0.1" "www.autobutlerlifts.com"
64.156.10.131 - - [15/May/2008:13:39:58 -0700] "GET /images/Castersforcart2.jpg HTTP/1.1" 404 275 "-" "Jakarta Commons-HttpClient/3.0.1" "www.autobutlerlifts.com"
75.32.92.207 - - [15/May/2008:16:03:33 -0700] "GET /logs/ HTTP/1.0" 200 2215 "-" "Wget/1.5.3.1" "autobutlerlifts.com"
75.32.92.207 - - [15/May/2008:16:03:34 -0700] "GET /robots.txt HTTP/1.0" 404 275 "-" "Wget/1.5.3.1" "autobutlerlifts.com"
75.32.92.207 - - [15/May/2008:16:03:34 -0700] "GET /logs/access.log HTTP/1.0" 200 110215 "http://autobutlerlifts.com/logs/" "Wget/1.5.3.1" "autobutlerlifts.com"
89.159.200.63 - - [15/May/2008:23:01:59 -0700] "GET /logs/access.log HTTP/1.0" 200 110616 "-" "Lynx/2.8.6rel.5 libwww-FM/2.14 SSL-MM/1.4.1 OpenSSL/0.9.8e" "www.autobutlerlifts.com"
66.249.72.5 - - [15/May/2008:23:22:29 -0700] "GET /robots.txt HTTP/1.1" 404 275 "-" "Mozilla/5.0 (compatible; Googlebot/2.1; +http://www.google.com/bot.html)" "www.autobutlerlifts.com"
66.249.72.5 - - [15/May/2008:23:22:31 -0700] "GET / HTTP/1.1" 200 916 "-" "Mozilla/5.0 (compatible; Googlebot/2.1; +http://www.google.com/bot.html)" "www.autobutlerlifts.com"
74.6.22.157 - - [16/May/2008:03:13:49 -0700] "GET /robots.txt HTTP/1.0" 404 275 "-" "Mozilla/5.0 (compatible; Yahoo! Slurp; http://help.yahoo.com/help/us/ysearch/slurp)" "www.autobutlerlifts.com"
74.6.29.96 - - [16/May/2008:03:13:49 -0700] "GET /logs/?S=A HTTP/1.0" 200 2215 "-" "Mozilla/5.0 (compatible; Yahoo! Slurp; http://help.yahoo.com/help/us/ysearch/slurp)" "www.autobutlerlifts.com"
66.249.72.5 - - [16/May/2008:05:36:39 -0700] "GET /googlee916a1106382fa83.html HTTP/1.1" 404 275 "-" "Mozilla/5.0 (compatible; Googlebot/2.1; +http://www.google.com/bot.html)" "www.autobutlerlifts.com"
74.6.22.156 - - [16/May/2008:06:40:24 -0700] "GET /robots.txt HTTP/1.0" 404 275 "-" "Mozilla/5.0 (compatible; Yahoo! Slurp; http://help.yahoo.com/help/us/ysearch/slurp)" "autobutlerlifts.com"
74.6.20.121 - - [16/May/2008:06:40:26 -0700] "GET /logs/?M=A HTTP/1.0" 200 2215 "-" "Mozilla/5.0 (compatible; Yahoo! Slurp; http://help.yahoo.com/help/us/ysearch/slurp)" "autobutlerlifts.com"
74.6.19.231 - - [16/May/2008:06:53:10 -0700] "GET /logs/?M=D HTTP/1.0" 200 2215 "-" "Mozilla/5.0 (compatible; Yahoo! Slurp; http://help.yahoo.com/help/us/ysearch/slurp)" "autobutlerlifts.com"
66.249.72.5 - - [16/May/2008:08:13:15 -0700] "GET /tmp HTTP/1.1" 301 98 "-" "Mozilla/5.0 (compatible; Googlebot/2.1; +http://www.google.com/bot.html)" "www.autobutlerlifts.com"
66.249.72.5 - - [16/May/2008:08:13:15 -0700] "GET /tmp/ HTTP/1.1" 200 520 "-" "Mozilla/5.0 (compatible; Googlebot/2.1; +http://www.google.com/bot.html)" "www.autobutlerlifts.com"
75.32.92.207 - - [16/May/2008:16:03:55 -0700] "GET /logs/ HTTP/1.0" 200 2215 "-" "Wget/1.5.3.1" "autobutlerlifts.com"
75.32.92.207 - - [16/May/2008:16:03:56 -0700] "GET /robots.txt HTTP/1.0" 404 275 "-" "Wget/1.5.3.1" "autobutlerlifts.com"
75.32.92.207 - - [16/May/2008:16:03:56 -0700] "GET /logs/access.log HTTP/1.0" 200 112682 "http://autobutlerlifts.com/logs/" "Wget/1.5.3.1" "autobutlerlifts.com"
208.80.193.33 - - [16/May/2008:17:03:02 -0700] "GET / HTTP/1.1" 200 916 "-" "Mozilla/4.0 (compatible; MSIE 7.0; Windows NT 5.1; YPC 3.2.0; .NET CLR 1.1.4322; ZangoToolbar 4.8.3; yplus 4.1.00d)" "www.autobutlerlifts.com"
208.80.193.37 - - [16/May/2008:19:08:26 -0700] "GET / HTTP/1.1" 200 916 "-" "Mozilla/4.0 (compatible; MSIE 6.0; Windows NT 5.1; Mozilla/4.0(compatible; MSIE 6; WindowsNT; ISP26; SV1; PeoplePal 3.0)" "autobutlerlifts.com"
89.159.200.63 - - [16/May/2008:19:58:55 -0700] "GET /logs/access.log HTTP/1.0" 200 113524 "-" "Lynx/2.8.6rel.5 libwww-FM/2.14 SSL-MM/1.4.1 OpenSSL/0.9.8e" "www.autobutlerlifts.com"
129.241.50.32 - "" [16/May/2008:21:12:51 -0700] "GET /four-post-lift-about-us.html HTTP/1.1" 404 275 "-" "boitho.com-dc/0.86 ( http://www.boitho.com/dcbot.html )" "www.autobutlerlifts.com"
129.241.50.32 - - [16/May/2008:21:55:17 -0700] "GET /auto-lifts.html HTTP/1.1" 404 275 "-" "boitho.com-dc/0.86 ( http://www.boitho.com/dcbot.html )" "www.autobutlerlifts.com"
74.6.22.107 - - [17/May/2008:07:04:19 -0700] "GET /robots.txt HTTP/1.0" 404 275 "-" "Mozilla/5.0 (compatible; Yahoo! Slurp; http://help.yahoo.com/help/us/ysearch/slurp)" "autobutlerlifts.com"
74.6.18.183 - - [17/May/2008:07:04:21 -0700] "GET /?M=A HTTP/1.0" 200 900 "-" "Mozilla/5.0 (compatible; Yahoo! Slurp; http://help.yahoo.com/help/us/ysearch/slurp)" "autobutlerlifts.com"
66.249.72.5 - - [17/May/2008:09:38:06 -0700] "GET /robots.txt HTTP/1.1" 404 275 "-" "Mozilla/5.0 (compatible; Googlebot/2.1; +http://www.google.com/bot.html)" "www.autobutlerlifts.com"
66.249.72.5 - - [17/May/2008:09:38:06 -0700] "GET /tmp HTTP/1.1" 301 98 "-" "Mozilla/5.0 (compatible; Googlebot/2.1; +http://www.google.com/bot.html)" "www.autobutlerlifts.com"
66.249.72.5 - - [17/May/2008:09:38:06 -0700] "GET /tmp/ HTTP/1.1" 200 520 "-" "Mozilla/5.0 (compatible; Googlebot/2.1; +http://www.google.com/bot.html)" "www.autobutlerlifts.com"
74.6.8.90 - - [17/May/2008:13:43:18 -0700] "GET /robots.txt HTTP/1.0" 404 275 "-" "Mozilla/5.0 (compatible; Yahoo! Slurp; http://help.yahoo.com/help/us/ysearch/slurp)" "www.autobutlerlifts.com"
74.6.20.230 - - [17/May/2008:13:43:18 -0700] "GET /_private/?D=D HTTP/1.0" 200 514 "-" "Mozilla/5.0 (compatible; Yahoo! Slurp; http://help.yahoo.com/help/us/ysearch/slurp)" "www.autobutlerlifts.com"
89.159.200.63 - - [17/May/2008:17:46:31 -0700] "GET /logs/access.log HTTP/1.0" 200 115381 "-" "Lynx/2.8.6rel.5 libwww-FM/2.14 SSL-MM/1.4.1 OpenSSL/0.9.8e" "www.autobutlerlifts.com"
129.241.50.33 - "" [17/May/2008:19:32:44 -0700] "GET /car-lift-2.html HTTP/1.1" 404 275 "-" "boitho.com-dc/0.86 ( http://www.boitho.com/dcbot.html )" "www.autobutlerlifts.com"
74.6.22.107 - - [17/May/2008:21:49:00 -0700] "GET /robots.txt HTTP/1.0" 404 275 "-" "Mozilla/5.0 (compatible; Yahoo! Slurp; http://help.yahoo.com/help/us/ysearch/slurp)" "autobutlerlifts.com"
74.6.28.163 - - [17/May/2008:21:49:01 -0700] "GET /logs/access_071231.log HTTP/1.0" 304 - "-" "Mozilla/5.0 (compatible; Yahoo! Slurp; http://help.yahoo.com/help/us/ysearch/slurp)" "autobutlerlifts.com"
66.34.204.26 - - [17/May/2008:23:37:32 -0700] "GET / HTTP/1.1" 200 916 "http://www.keywordspy.com/keyword-research/autobutlerlifts.com" "Mozilla/4.0 (compatible; MSIE 7.0; Windows NT 5.1; Alexa Toolbar)" "autobutlerlifts.com"
66.34.204.26 - - [17/May/2008:23:37:32 -0700] "GET / HTTP/1.1" 200 916 "http://www.keywordspy.com/keyword-research/autobutlerlifts.com" "Mozilla/4.0 (compatible; MSIE 7.0; Windows NT 5.1; Alexa Toolbar)" "autobutlerlifts.com"
66.34.204.26 - - [17/May/2008:23:37:32 -0700] "GET / HTTP/1.1" 200 916 "http://www.keywordspy.com/keyword-research/autobutlerlifts.com" "Mozilla/4.0 (compatible; MSIE 7.0; Windows NT 5.1; Alexa Toolbar)" "autobutlerlifts.com"
129.241.50.32 - - [18/May/2008:02:15:38 -0700] "GET /auto-lift-specifications.html HTTP/1.1" 404 275 "-" "boitho.com-dc/0.86 ( http://www.boitho.com/dcbot.html )" "www.autobutlerlifts.com"
66.249.72.5 - - [18/May/2008:06:18:52 -0700] "GET /robots.txt HTTP/1.1" 404 275 "-" "Mozilla/5.0 (compatible; Googlebot/2.1; +http://www.google.com/bot.html)" "www.autobutlerlifts.com"
66.249.72.5 - - [18/May/2008:06:18:52 -0700] "GET / HTTP/1.1" 200 916 "-" "Mozilla/5.0 (compatible; Googlebot/2.1; +http://www.google.com/bot.html)" "www.autobutlerlifts.com"
66.249.72.5 - - [18/May/2008:07:21:07 -0700] "GET /tmp HTTP/1.1" 301 98 "-" "Mozilla/5.0 (compatible; Googlebot/2.1; +http://www.google.com/bot.html)" "www.autobutlerlifts.com"
66.249.72.5 - - [18/May/2008:07:21:07 -0700] "GET /tmp/ HTTP/1.1" 200 520 "-" "Mozilla/5.0 (compatible; Googlebot/2.1; +http://www.google.com/bot.html)" "www.autobutlerlifts.com"
74.6.8.90 - - [18/May/2008:10:34:12 -0700] "GET /robots.txt HTTP/1.0" 404 275 "-" "Mozilla/5.0 (compatible; Yahoo! Slurp; http://help.yahoo.com/help/us/ysearch/slurp)" "www.autobutlerlifts.com"
74.6.23.179 - - [18/May/2008:10:34:13 -0700] "GET /?M=D HTTP/1.0" 200 900 "-" "Mozilla/5.0 (compatible; Yahoo! Slurp; http://help.yahoo.com/help/us/ysearch/slurp)" "www.autobutlerlifts.com"
74.6.18.172 - - [18/May/2008:11:35:04 -0700] "GET /logs/access_070831.log HTTP/1.0" 304 - "-" "Mozilla/5.0 (compatible; Yahoo! Slurp; http://help.yahoo.com/help/us/ysearch/slurp)" "www.autobutlerlifts.com"
64.1.215.164 - - [18/May/2008:14:07:41 -0700] "GET /robots.txt HTTP/1.0" 404 275 "-" "Mozilla/5.0 (Twiceler-0.9 http://www.cuill.com/twiceler/robot.html)" "autobutlerlifts.com"
89.159.200.63 - - [18/May/2008:17:06:25 -0700] "GET /logs/access.log HTTP/1.0" 200 118482 "-" "Lynx/2.8.6rel.5 libwww-FM/2.14 SSL-MM/1.4.1 OpenSSL/0.9.8e" "www.autobutlerlifts.com"
74.6.8.90 - - [18/May/2008:21:34:09 -0700] "GET /robots.txt HTTP/1.0" 404 275 "-" "Mozilla/5.0 (compatible; Yahoo! Slurp; http://help.yahoo.com/help/us/ysearch/slurp)" "www.autobutlerlifts.com"
74.6.18.152 - - [18/May/2008:21:34:09 -0700] "GET / HTTP/1.0" 200 900 "-" "Mozilla/5.0 (compatible; Yahoo! Slurp; http://help.yahoo.com/help/us/ysearch/slurp)" "www.autobutlerlifts.com"
66.228.161.111 - - [19/May/2008:03:03:00 -0700] "GET / HTTP/1.1" 200 916 "-" "Mozilla/4.0 (compatible; MSIE 6.0; Windows NT 5.1)" "www.autobutlerlifts.com"
74.6.8.90 - - [19/May/2008:03:42:21 -0700] "GET /robots.txt HTTP/1.0" 404 275 "-" "Mozilla/5.0 (compatible; Yahoo! Slurp; http://help.yahoo.com/help/us/ysearch/slurp)" "www.autobutlerlifts.com"
74.6.8.50 - - [19/May/2008:03:42:21 -0700] "GET /logs/?D=D HTTP/1.0" 200 2215 "-" "Mozilla/5.0 (compatible; Yahoo! Slurp; http://help.yahoo.com/help/us/ysearch/slurp)" "www.autobutlerlifts.com"
66.249.72.5 - - [19/May/2008:05:47:43 -0700] "GET /robots.txt HTTP/1.1" 404 275 "-" "Mozilla/5.0 (compatible; Googlebot/2.1; +http://www.google.com/bot.html)" "www.autobutlerlifts.com"
66.249.72.5 - - [19/May/2008:05:47:43 -0700] "GET /tmp HTTP/1.1" 301 98 "-" "Mozilla/5.0 (compatible; Googlebot/2.1; +http://www.google.com/bot.html)" "www.autobutlerlifts.com"
66.249.72.5 - - [19/May/2008:05:47:43 -0700] "GET /tmp/ HTTP/1.1" 200 520 "-" "Mozilla/5.0 (compatible; Googlebot/2.1; +http://www.google.com/bot.html)" "www.autobutlerlifts.com"
91.64.30.52 - - [19/May/2008:05:53:12 -0700] "GET / HTTP/1.1" 200 916 "-" "Mozilla/4.0 (compatible; MSIE 6.0; Windows NT 5.0)" "www.autobutlerlifts.com"
74.6.26.152 - - [19/May/2008:07:05:50 -0700] "GET /logs/access_071031.log HTTP/1.0" 304 - "-" "Mozilla/5.0 (compatible; Yahoo! Slurp; http://help.yahoo.com/help/us/ysearch/slurp)" "www.autobutlerlifts.com"
64.13.160.8 - - [19/May/2008:13:23:03 -0700] "GET /robots.txt HTTP/1.1" 404 275 "-" "Mozilla/5.0 (compatible; ScoutJet; +http://www.scoutjet.com/)" "www.autobutlerlifts.com"
64.13.160.8 - - [19/May/2008:13:23:08 -0700] "GET / HTTP/1.1" 200 916 "-" "Mozilla/5.0 (compatible; ScoutJet; +http://www.scoutjet.com/)" "www.autobutlerlifts.com"
64.13.160.8 - - [19/May/2008:13:23:14 -0700] "GET /favicon.ico HTTP/1.1" 404 275 "-" "Mozilla/5.0 (compatible; ScoutJet; +http://www.scoutjet.com/)" "www.autobutlerlifts.com"
75.18.95.62 - - [19/May/2008:14:10:20 -0700] "GET / HTTP/1.1" 200 916 "-" "Mozilla/4.0 (compatible; MSIE 6.0; Windows NT 5.1; SV1; .NET CLR 1.1.4322; .NET CLR 2.0.50727)" "www.autobutlerlifts.com"
75.32.92.207 - - [19/May/2008:16:03:26 -0700] "GET /logs/ HTTP/1.0" 200 2215 "-" "Wget/1.5.3.1" "autobutlerlifts.com"
89.159.200.63 - - [19/May/2008:17:09:52 -0700] "GET /logs/access.log HTTP/1.0" 200 121315 "-" "Lynx/2.8.6rel.5 libwww-FM/2.14 SSL-MM/1.4.1 OpenSSL/0.9.8e" "www.autobutlerlifts.com"
129.241.50.35 - - [19/May/2008:18:13:44 -0700] "GET /robots.txt HTTP/1.1" 404 275 "-" "boitho.com-dc/0.86 ( http://www.boitho.com/dcbot.html )" "www.autobutlerlifts.com"
220.231.97.11 - - [19/May/2008:19:31:14 -0700] "GET / HTTP/1.1" 200 916 "-" "Mozilla/4.0 (compatible; MSIE 6.0; Windows NT 5.1; SV1; .NET CLR 1.1.4322; .NET CLR 2.0.50727)" "www.autobutlerlifts.com"
220.231.97.11 - - [19/May/2008:19:31:14 -0700] "GET /?N=D HTTP/1.1" 200 916 "-" "Mozilla/4.0 (compatible; MSIE 6.0; Windows NT 5.1; SV1; .NET CLR 1.1.4322; InfoPath.1)" "www.autobutlerlifts.com"
220.231.97.11 - - [19/May/2008:19:31:15 -0700] "GET /?N=A HTTP/1.1" 200 916 "-" "Mozilla/5.0 (Windows; U; Windows NT 5.1; en-US; rv:1.8.0.7) Gecko/20060909 Firefox/1.5.0.7" "www.autobutlerlifts.com"
220.231.97.11 - - [19/May/2008:19:31:16 -0700] "GET /_private/ HTTP/1.1" 200 530 "-" "Mozilla/4.0 (compatible; MSIE 6.0; Windows NT 5.1; SV1; .NET CLR 1.1.4322; InfoPath.1)" "www.autobutlerlifts.com"
220.231.97.11 - - [19/May/2008:19:31:17 -0700] "GET /_private/?A HTTP/1.1" 200 530 "-" "Mozilla/4.0 (compatible; MSIE 6.0; Windows NT 5.1; SV1; .NET CLR 1.1.4322; .NET CLR 2.0.50727)" "www.autobutlerlifts.com"
220.231.97.11 - - [19/May/2008:19:31:18 -0700] "GET /_private/?N=A HTTP/1.1" 200 530 "-" "Mozilla/4.0 (compatible; MSIE 6.0; Windows NT 5.1; SV1; .NET CLR 1.1.4322; InfoPath.1)" "www.autobutlerlifts.com"
220.231.97.11 - - [19/May/2008:19:31:19 -0700] "GET /_private/?N=D HTTP/1.1" 200 530 "-" "Mozilla/4.0 (compatible; MSIE 6.0; Windows NT 5.1)" "www.autobutlerlifts.com"
220.231.97.11 - - [19/May/2008:19:31:20 -0700] "GET /logs/ HTTP/1.1" 200 2231 "-" "Mozilla/4.0 (compatible; MSIE 6.0; Windows NT 5.1; SV1; .NET CLR 1.1.4322; .NET CLR 2.0.50727)" "www.autobutlerlifts.com"
220.231.97.11 - - [19/May/2008:19:31:21 -0700] "GET /logs/access_071231.log HTTP/1.1" 200 165946 "-" "Mozilla/4.0 (compatible; MSIE 6.0; Windows NT 5.1; SV1; .NET CLR 1.1.4322; .NET CLR 2.0.50727)" "www.autobutlerlifts.com"
220.231.97.11 - - [19/May/2008:19:31:26 -0700] "GET /logs/access_080301.log HTTP/1.1" 200 309408 "-" "Mozilla/4.0 (compatible; MSIE 6.0; Windows NT 5.1; SV1; .NET CLR 1.1.4322; .NET CLR 2.0.50727)" "www.autobutlerlifts.com"
220.231.97.11 - - [19/May/2008:19:31:28 -0700] "GET /logs/access_070701.log HTTP/1.1" 200 22361 "-" "Mozilla/4.0 (compatible; MSIE 6.0; Windows NT 5.1; SV1; .NET CLR 1.1.4322)" "www.autobutlerlifts.com"
220.231.97.11 - - [19/May/2008:19:31:29 -0700] "GET /logs/access_071031.log HTTP/1.1" 200 138542 "-" "Mozilla/4.0 (compatible; MSIE 6.0; Windows NT 5.1)" "www.autobutlerlifts.com"
220.231.97.11 - - [19/May/2008:19:31:32 -0700] "GET /logs/?M=A HTTP/1.1" 200 2231 "-" "Mozilla/4.0 (compatible; MSIE 6.0; Windows NT 5.1; SV1; .NET CLR 1.1.4322; .NET CLR 2.0.50727)" "www.autobutlerlifts.com"
220.231.97.11 - - [19/May/2008:19:31:33 -0700] "GET /logs/?M=D HTTP/1.1" 200 2231 "-" "Mozilla/4.0 (compatible; MSIE 6.0; Windows NT 5.1)" "www.autobutlerlifts.com"
220.231.97.11 - - [19/May/2008:19:31:34 -0700] "GET /logs/access_071201.log HTTP/1.1" 200 171497 "-" "Mozilla/4.0 (compatible; MSIE 6.0; Windows NT 5.1; SV1; .NET)" "www.autobutlerlifts.com"
220.231.97.11 - - [19/May/2008:19:31:37 -0700] "GET /logs/?D=A HTTP/1.1" 200 2231 "-" "Mozilla/4.0 (compatible; MSIE 6.0; Windows NT 5.1; SV1; .NET)" "www.autobutlerlifts.com"
220.231.97.11 - - [19/May/2008:19:31:38 -0700] "GET /logs/?D=D HTTP/1.1" 200 2231 "-" "Mozilla/5.0 (Windows; U; Windows NT 5.1; en-US; rv:1.8.0.7) Gecko/20060909 Firefox/1.5.0.7" "www.autobutlerlifts.com"
220.231.97.11 - - [19/May/2008:19:31:39 -0700] "GET /logs/access.log HTTP/1.1" 200 124642 "-" "Mozilla/4.0 (compatible; MSIE 6.0; Windows NT 5.1; SV1; .NET CLR 1.1.4322; InfoPath.1)" "www.autobutlerlifts.com"
220.231.97.11 - - [19/May/2008:19:31:42 -0700] "GET /?M=A HTTP/1.1" 200 916 "-" "Mozilla/4.0 (compatible; MSIE 6.0; Windows NT 5.1; SV1; .NET CLR 1.1.4322; InfoPath.1)" "www.autobutlerlifts.com"
220.231.97.11 - - [19/May/2008:19:31:43 -0700] "GET /tmp/ HTTP/1.1" 200 520 "-" "Mozilla/4.0 (compatible; MSIE 6.0; Windows NT 5.1; SV1; .NET CLR 1.1.4322; .NET CLR 2.0.50727)" "www.autobutlerlifts.com"
220.231.97.11 - - [19/May/2008:19:31:44 -0700] "GET /tmp/?N=D HTTP/1.1" 200 520 "-" "Mozilla/4.0 (compatible; MSIE 6.0; Windows NT 5.1; SV1; .NET CLR 1.1.4322; InfoPath.1)" "www.autobutlerlifts.com"
220.231.97.11 - - [19/May/2008:19:31:45 -0700] "GET /tmp/?N=A HTTP/1.1" 200 520 "-" "Mozilla/5.0 (Windows; U; Windows NT 5.1; en-US; rv:1.8.0.7) Gecko/20060909 Firefox/1.5.0.7" "www.autobutlerlifts.com"
220.231.97.11 - - [19/May/2008:19:31:46 -0700] "GET /tmp/?A HTTP/1.1" 200 520 "-" "Mozilla/4.0 (compatible; MSIE 6.0; Windows NT 5.1)" "www.autobutlerlifts.com"
220.231.97.11 - - [19/May/2008:19:31:47 -0700] "GET /tmp/?M=A HTTP/1.1" 200 520 "-" "Mozilla/4.0 (compatible; MSIE 6.0; Windows NT 5.1; SV1; .NET CLR 1.1.4322)" "www.autobutlerlifts.com"
220.231.97.11 - - [19/May/2008:19:31:47 -0700] "GET /tmp/?M=D HTTP/1.1" 200 520 "-" "Mozilla/4.0 (compatible; MSIE 6.0; Windows NT 5.1; SV1; .NET CLR 1.1.4322; .NET CLR 2.0.50727)" "www.autobutlerlifts.com"
220.231.97.11 - - [19/May/2008:19:31:48 -0700] "GET /tmp/?D=A HTTP/1.1" 200 520 "-" "Mozilla/4.0 (compatible; MSIE 6.0; Windows NT 5.1; SV1; .NET)" "www.autobutlerlifts.com"
220.231.97.11 - - [19/May/2008:19:31:49 -0700] "GET /tmp/?D=D HTTP/1.1" 200 520 "-" "Mozilla/4.0 (compatible; MSIE 6.0; Windows NT 5.1; SV1; .NET CLR 1.1.4322)" "www.autobutlerlifts.com"
220.231.97.11 - - [19/May/2008:19:31:50 -0700] "GET /logs/access_080131.log HTTP/1.1" 200 157520 "-" "Mozilla/4.0 (compatible; MSIE 6.0; Windows NT 5.1; SV1; .NET CLR 1.1.4322; .NET CLR 2.0.50727)" "www.autobutlerlifts.com"
220.231.97.11 - - [19/May/2008:19:31:53 -0700] "GET /?D=A HTTP/1.1" 200 916 "-" "Mozilla/4.0 (compatible; MSIE 6.0; Windows NT 5.1)" "www.autobutlerlifts.com"
220.231.97.11 - - [19/May/2008:19:31:53 -0700] "GET /?D=D HTTP/1.1" 200 916 "-" "Mozilla/4.0 (compatible; MSIE 6.0; Windows NT 5.1; SV1; .NET CLR 1.1.4322)" "www.autobutlerlifts.com"
220.231.97.11 - - [19/May/2008:19:31:54 -0700] "GET /?A HTTP/1.1" 200 916 "-" "Mozilla/4.0 (compatible; MSIE 6.0; Windows NT 5.1; SV1; .NET CLR 1.1.4322; .NET CLR 2.0.50727)" "www.autobutlerlifts.com"
220.231.97.11 - - [19/May/2008:19:31:58 -0700] "GET /logs/access_080331.log HTTP/1.1" 200 345815 "-" "Mozilla/4.0 (compatible; MSIE 6.0; Windows NT 5.1; SV1; .NET)" "www.autobutlerlifts.com"
220.231.97.11 - - [19/May/2008:19:32:02 -0700] "GET /_private/?M=A HTTP/1.1" 200 530 "-" "Mozilla/4.0 (compatible; MSIE 6.0; Windows NT 5.1; SV1; .NET)" "www.autobutlerlifts.com"
220.231.97.11 - - [19/May/2008:19:32:03 -0700] "GET /_private/?M=D HTTP/1.1" 200 530 "-" "Mozilla/4.0 (compatible; MSIE 6.0; Windows NT 5.1; SV1; .NET CLR 1.1.4322; .NET CLR 2.0.50727)" "www.autobutlerlifts.com"
220.231.97.11 - - [19/May/2008:19:32:04 -0700] "GET /logs/?A HTTP/1.1" 200 2231 "-" "Mozilla/4.0 (compatible; MSIE 6.0; Windows NT 5.1)" "www.autobutlerlifts.com"
220.231.97.11 - - [19/May/2008:19:32:04 -0700] "GET /logs/access_080501.log HTTP/1.1" 200 211007 "-" "Mozilla/4.0 (compatible; MSIE 6.0; Windows NT 5.1; SV1; .NET CLR 1.1.4322)" "www.autobutlerlifts.com"
220.231.97.11 - - [19/May/2008:19:32:08 -0700] "GET /_private/?D=A HTTP/1.1" 200 530 "-" "Mozilla/4.0 (compatible; MSIE 6.0; Windows NT 5.1)" "www.autobutlerlifts.com"
220.231.97.11 - - [19/May/2008:19:32:08 -0700] "GET /_private/?D=D HTTP/1.1" 200 530 "-" "Mozilla/4.0 (compatible; MSIE 6.0; Windows NT 5.1; SV1; .NET CLR 1.1.4322; InfoPath.1)" "www.autobutlerlifts.com"
220.231.97.11 - - [19/May/2008:19:32:11 -0700] "GET /logs/access_070731.log HTTP/1.1" 200 338648 "-" "Mozilla/4.0 (compatible; MSIE 6.0; Windows NT 5.1; SV1; .NET CLR 1.1.4322; .NET CLR 2.0.50727)" "www.autobutlerlifts.com"
220.231.97.11 - - [19/May/2008:19:32:13 -0700] "GET /logs/access_071001.log HTTP/1.1" 200 150673 "-" "Mozilla/4.0 (compatible; MSIE 6.0; Windows NT 5.1; SV1; .NET CLR 1.1.4322)" "www.autobutlerlifts.com"
220.231.97.11 - - [19/May/2008:19:32:18 -0700] "GET /logs/access_070831.log HTTP/1.1" 200 248301 "-" "Mozilla/5.0 (Windows; U; Windows NT 5.1; en-US; rv:1.8.0.7) Gecko/20060909 Firefox/1.5.0.7" "www.autobutlerlifts.com"
220.231.97.11 - - [19/May/2008:19:32:20 -0700] "GET /logs/?N=A HTTP/1.1" 200 2231 "-" "Mozilla/4.0 (compatible; MSIE 6.0; Windows NT 5.1; SV1; .NET CLR 1.1.4322)" "www.autobutlerlifts.com"
220.231.97.11 - - [19/May/2008:19:32:21 -0700] "GET /logs/?N=D HTTP/1.1" 200 2231 "-" "Mozilla/4.0 (compatible; MSIE 6.0; Windows NT 5.1; SV1; .NET CLR 1.1.4322; InfoPath.1)" "www.autobutlerlifts.com"
74.6.27.110 - - [19/May/2008:21:24:16 -0700] "GET /logs/access_070731.log HTTP/1.0" 304 - "-" "Mozilla/5.0 (compatible; Yahoo! Slurp; http://help.yahoo.com/help/us/ysearch/slurp)" "www.autobutlerlifts.com"
74.6.17.41 - - [19/May/2008:21:29:28 -0700] "GET /logs/access_080501.log HTTP/1.0" 304 - "-" "Mozilla/5.0 (compatible; Yahoo! Slurp; http://help.yahoo.com/help/us/ysearch/slurp)" "www.autobutlerlifts.com"
74.6.27.39 - - [19/May/2008:21:33:54 -0700] "GET /logs/access_071231.log HTTP/1.0" 304 - "-" "Mozilla/5.0 (compatible; Yahoo! Slurp; http://help.yahoo