89.159.200.63 - - [30/May/2008:17:28:58 -0700] "GET /logs/access.log HTTP/1.0" 200 183060 "-" "Lynx/2.8.6rel.5 libwww-FM/2.14 SSL-MM/1.4.1 OpenSSL/0.9.8e" "www.autobutlerlifts.com"
74.6.28.91 - - [30/May/2008:17:36:43 -0700] "GET /robots.txt HTTP/1.0" 404 275 "-" "Mozilla/5.0 (compatible; Yahoo! Slurp; http://help.yahoo.com/help/us/ysearch/slurp)" "autobutlerlifts.com"
67.195.51.123 - - [30/May/2008:17:36:44 -0700] "GET / HTTP/1.0" 200 900 "-" "Mozilla/5.0 (compatible; Yahoo! Slurp; http://help.yahoo.com/help/us/ysearch/slurp)" "autobutlerlifts.com"
67.195.52.38 - - [30/May/2008:17:38:12 -0700] "GET /tmp/ HTTP/1.0" 200 504 "-" "Mozilla/5.0 (compatible; Yahoo! Slurp; http://help.yahoo.com/help/us/ysearch/slurp)" "autobutlerlifts.com"
67.195.52.98 - - [30/May/2008:17:39:48 -0700] "GET /?D=A HTTP/1.0" 200 900 "-" "Mozilla/5.0 (compatible; Yahoo! Slurp; http://help.yahoo.com/help/us/ysearch/slurp)" "autobutlerlifts.com"
67.195.51.247 - - [30/May/2008:17:40:07 -0700] "GET /?M=A HTTP/1.0" 200 900 "-" "Mozilla/5.0 (compatible; Yahoo! Slurp; http://help.yahoo.com/help/us/ysearch/slurp)" "autobutlerlifts.com"
67.195.52.60 - - [30/May/2008:17:40:47 -0700] "GET /_private/ HTTP/1.0" 200 514 "-" "Mozilla/5.0 (compatible; Yahoo! Slurp; http://help.yahoo.com/help/us/ysearch/slurp)" "autobutlerlifts.com"
67.195.54.51 - - [30/May/2008:17:41:58 -0700] "GET /?S=A HTTP/1.0" 200 900 "-" "Mozilla/5.0 (compatible; Yahoo! Slurp; http://help.yahoo.com/help/us/ysearch/slurp)" "autobutlerlifts.com"
67.195.51.170 - - [30/May/2008:17:43:47 -0700] "GET /?N=D HTTP/1.0" 200 900 "-" "Mozilla/5.0 (compatible; Yahoo! Slurp; http://help.yahoo.com/help/us/ysearch/slurp)" "autobutlerlifts.com"
66.249.66.242 - - [31/May/2008:02:28:21 -0700] "GET /robots.txt HTTP/1.1" 404 275 "-" "Mozilla/5.0 (compatible; Googlebot/2.1; +http://www.google.com/bot.html)" "www.autobutlerlifts.com"
66.249.66.242 - - [31/May/2008:02:28:21 -0700] "GET /logs/access_070701.log HTTP/1.1" 304 - "-" "Mozilla/5.0 (compatible; Googlebot/2.1; +http://www.google.com/bot.html)" "www.autobutlerlifts.com"
65.55.212.171 - - [31/May/2008:05:14:18 -0700] "GET /robots.txt HTTP/1.0" 404 275 "-" "msnbot-media/1.0 (+http://search.msn.com/msnbot.htm)" "autobutlerlifts.com"
65.55.212.171 - - [31/May/2008:05:14:18 -0700] "GET /tmp/ HTTP/1.0" 200 504 "-" "msnbot-media/1.0 (+http://search.msn.com/msnbot.htm)" "autobutlerlifts.com"
65.55.212.171 - - [31/May/2008:05:14:18 -0700] "GET /?D=A HTTP/1.0" 200 900 "-" "msnbot-media/1.0 (+http://search.msn.com/msnbot.htm)" "autobutlerlifts.com"
65.55.212.171 - - [31/May/2008:05:31:02 -0700] "GET /logs/ HTTP/1.0" 200 2358 "-" "msnbot-media/1.0 (+http://search.msn.com/msnbot.htm)" "autobutlerlifts.com"
65.55.212.171 - - [31/May/2008:05:31:03 -0700] "GET /?M=A HTTP/1.0" 200 900 "-" "msnbot-media/1.0 (+http://search.msn.com/msnbot.htm)" "autobutlerlifts.com"
65.55.212.171 - - [31/May/2008:05:31:06 -0700] "GET /?S=A HTTP/1.0" 200 900 "-" "msnbot-media/1.0 (+http://search.msn.com/msnbot.htm)" "autobutlerlifts.com"
66.249.66.242 - - [31/May/2008:06:26:21 -0700] "GET / HTTP/1.1" 200 916 "-" "Mozilla/5.0 (compatible; Googlebot/2.1; +http://www.google.com/bot.html)" "www.autobutlerlifts.com"
64.1.215.164 - - [31/May/2008:06:28:41 -0700] "GET /robots.txt HTTP/1.0" 404 275 "-" "Mozilla/5.0 (Twiceler-0.9 http://www.cuill.com/twiceler/robot.html)" "autobutlerlifts.com"
65.55.212.171 - - [31/May/2008:07:09:02 -0700] "GET /robots.txt HTTP/1.0" 404 275 "-" "msnbot-media/1.0 (+http://search.msn.com/msnbot.htm)" "autobutlerlifts.com"
65.55.212.171 - - [31/May/2008:07:09:02 -0700] "GET /?N=D HTTP/1.0" 200 900 "-" "msnbot-media/1.0 (+http://search.msn.com/msnbot.htm)" "autobutlerlifts.com"
65.55.212.171 - - [31/May/2008:07:09:15 -0700] "GET /_private/ HTTP/1.0" 200 514 "-" "msnbot-media/1.0 (+http://search.msn.com/msnbot.htm)" "autobutlerlifts.com"
74.6.17.164 - - [31/May/2008:07:13:23 -0700] "GET /robots.txt HTTP/1.0" 404 275 "-" "Mozilla/5.0 (compatible; Yahoo! Slurp; http://help.yahoo.com/help/us/ysearch/slurp)" "autobutlerlifts.com"
74.6.17.164 - - [31/May/2008:07:13:23 -0700] "GET /?M=A HTTP/1.0" 200 900 "-" "Mozilla/5.0 (compatible; Yahoo! Slurp; http://help.yahoo.com/help/us/ysearch/slurp)" "autobutlerlifts.com"
208.80.193.46 - - [31/May/2008:07:16:39 -0700] "GET / HTTP/1.1" 200 916 "-" "Mozilla/4.0 (compatible; MSIE 6.0; Windows NT 5.1; Q312468)" "www.autobutlerlifts.com"
208.80.193.43 - - [31/May/2008:07:49:33 -0700] "GET / HTTP/1.1" 200 916 "-" "Mozilla/4.0 (compatible; MSIE 6.0; Windows NT 5.1; Q312469)" "autobutlerlifts.com"
74.6.21.100 - - [31/May/2008:07:55:10 -0700] "GET /robots.txt HTTP/1.0" 404 275 "-" "Mozilla/5.0 (compatible; Yahoo! Slurp; http://help.yahoo.com/help/us/ysearch/slurp)" "autobutlerlifts.com"
67.195.52.126 - - [31/May/2008:07:55:11 -0700] "GET /logs/ HTTP/1.0" 200 2358 "-" "Mozilla/5.0 (compatible; Yahoo! Slurp; http://help.yahoo.com/help/us/ysearch/slurp)" "autobutlerlifts.com"
66.34.204.26 - - [31/May/2008:14:00:25 -0700] "GET / HTTP/1.1" 200 916 "http://www.keywordspy.com/keyword-research/autobutlerlifts.com" "Mozilla/4.0 (compatible; MSIE 7.0; Windows NT 5.1; Alexa Toolbar)" "autobutlerlifts.com"
66.34.204.26 - - [31/May/2008:14:00:25 -0700] "GET / HTTP/1.1" 200 916 "http://www.keywordspy.com/keyword-research/autobutlerlifts.com" "Mozilla/4.0 (compatible; MSIE 7.0; Windows NT 5.1; Alexa Toolbar)" "autobutlerlifts.com"
66.34.204.26 - - [31/May/2008:14:00:25 -0700] "GET / HTTP/1.1" 200 916 "http://www.keywordspy.com/keyword-research/autobutlerlifts.com" "Mozilla/4.0 (compatible; MSIE 7.0; Windows NT 5.1; Alexa Toolbar)" "autobutlerlifts.com"
85.136.97.4 - - [31/May/2008:14:10:31 -0700] "GET / HTTP/1.0" 200 900 "-" "Mozilla/4.0 (compatible; MSIE 6.0; Windows 98)" "www.autobutlerlifts.com"
86.217.97.110 - - [31/May/2008:15:56:09 -0700] "GET /logs/access.log HTTP/1.0" 200 5766 "-" "Lynx/2.8.6rel.5 libwww-FM/2.14 SSL-MM/1.4.1 OpenSSL/0.9.8e" "www.autobutlerlifts.com"
74.6.22.103 - - [31/May/2008:18:13:16 -0700] "GET /robots.txt HTTP/1.0" 404 275 "-" "Mozilla/5.0 (compatible; Yahoo! Slurp; http://help.yahoo.com/help/us/ysearch/slurp)" "www.autobutlerlifts.com"
74.6.22.103 - - [31/May/2008:18:13:16 -0700] "GET / HTTP/1.0" 200 900 "-" "Mozilla/5.0 (compatible; Yahoo! Slurp; http://help.yahoo.com/help/us/ysearch/slurp)" "www.autobutlerlifts.com"
208.109.168.117 - - [31/May/2008:18:45:39 -0700] "GET / HTTP/1.1" 200 916 "-" "-" "autobutlerlifts.com"
66.249.66.242 - - [31/May/2008:18:54:42 -0700] "GET /robots.txt HTTP/1.1" 404 275 "-" "Mozilla/5.0 (compatible; Googlebot/2.1; +http://www.google.com/bot.html)" "www.autobutlerlifts.com"
66.249.66.242 - - [31/May/2008:18:54:42 -0700] "GET /tmp HTTP/1.1" 301 98 "-" "Mozilla/5.0 (compatible; Googlebot/2.1; +http://www.google.com/bot.html)" "www.autobutlerlifts.com"
66.249.66.242 - - [31/May/2008:18:54:42 -0700] "GET /tmp/ HTTP/1.1" 200 520 "-" "Mozilla/5.0 (compatible; Googlebot/2.1; +http://www.google.com/bot.html)" "www.autobutlerlifts.com"
208.80.193.32 - - [31/May/2008:20:27:10 -0700] "GET / HTTP/1.1" 200 916 "-" "Mozilla/4.0 (compatible; MSIE 7.0; America Online Browser 1.1; rev1.2; Windows NT 5.1; FunWebProducts; SpamBlockerUtility 4.7.1)" "www.autobutlerlifts.com"
208.80.193.32 - - [31/May/2008:22:38:40 -0700] "GET / HTTP/1.1" 200 916 "-" "Mozilla/4.0 (compatible; MSIE 7.0; Windows NT 5.1; SIMBAR={945A59B1-0BD0-4deb-BF4A-19AF5ECE05F0}; .NET CLR 1.1.4322; InfoPath.1)" "autobutlerlifts.com"
74.6.22.103 - - [31/May/2008:23:56:49 -0700] "GET /?M=D HTTP/1.0" 200 900 "-" "Mozilla/5.0 (compatible; Yahoo! Slurp; http://help.yahoo.com/help/us/ysearch/slurp)" "www.autobutlerlifts.com"
65.55.212.171 - - [01/Jun/2008:05:27:51 -0700] "GET /robots.txt HTTP/1.0" 404 275 "-" "msnbot-media/1.0 (+http://search.msn.com/msnbot.htm)" "autobutlerlifts.com"
65.55.212.171 - - [01/Jun/2008:05:27:51 -0700] "GET /tmp/?N=D HTTP/1.0" 200 504 "-" "msnbot-media/1.0 (+http://search.msn.com/msnbot.htm)" "autobutlerlifts.com"
65.55.212.171 - - [01/Jun/2008:05:27:51 -0700] "GET /?D=D HTTP/1.0" 200 900 "-" "msnbot-media/1.0 (+http://search.msn.com/msnbot.htm)" "autobutlerlifts.com"
65.55.212.171 - - [01/Jun/2008:05:27:51 -0700] "GET /?N=A HTTP/1.0" 200 900 "-" "msnbot-media/1.0 (+http://search.msn.com/msnbot.htm)" "autobutlerlifts.com"
65.55.212.171 - - [01/Jun/2008:05:36:18 -0700] "GET /tmp/?M=A HTTP/1.0" 200 504 "-" "msnbot-media/1.0 (+http://search.msn.com/msnbot.htm)" "autobutlerlifts.com"
65.55.212.171 - - [01/Jun/2008:05:41:30 -0700] "GET /tmp/?S=A HTTP/1.0" 200 504 "-" "msnbot-media/1.0 (+http://search.msn.com/msnbot.htm)" "autobutlerlifts.com"
65.55.212.171 - - [01/Jun/2008:05:49:44 -0700] "GET /tmp/?D=A HTTP/1.0" 200 504 "-" "msnbot-media/1.0 (+http://search.msn.com/msnbot.htm)" "autobutlerlifts.com"
65.55.212.171 - - [01/Jun/2008:06:04:23 -0700] "GET /robots.txt HTTP/1.0" 404 275 "-" "msnbot-media/1.0 (+http://search.msn.com/msnbot.htm)" "autobutlerlifts.com"
65.55.212.171 - - [01/Jun/2008:06:04:23 -0700] "GET /_private/?N=D HTTP/1.0" 200 514 "-" "msnbot-media/1.0 (+http://search.msn.com/msnbot.htm)" "autobutlerlifts.com"
65.55.212.171 - - [01/Jun/2008:06:04:24 -0700] "GET /logs/?N=D HTTP/1.0" 200 2358 "-" "msnbot-media/1.0 (+http://search.msn.com/msnbot.htm)" "autobutlerlifts.com"
65.55.212.171 - - [01/Jun/2008:06:04:24 -0700] "GET /logs/access_071031.log HTTP/1.0" 200 138542 "-" "msnbot-media/1.0 (+http://search.msn.com/msnbot.htm)" "autobutlerlifts.com"
65.55.212.171 - - [01/Jun/2008:06:04:24 -0700] "GET /logs/access_070831.log HTTP/1.0" 200 248301 "-" "msnbot-media/1.0 (+http://search.msn.com/msnbot.htm)" "autobutlerlifts.com"
65.55.212.171 - - [01/Jun/2008:06:04:25 -0700] "GET /logs/access_071201.log HTTP/1.0" 200 171497 "-" "msnbot-media/1.0 (+http://search.msn.com/msnbot.htm)" "autobutlerlifts.com"
65.55.212.171 - - [01/Jun/2008:06:04:26 -0700] "GET /logs/access.log HTTP/1.0" 200 8751 "-" "msnbot-media/1.0 (+http://search.msn.com/msnbot.htm)" "autobutlerlifts.com"
65.55.212.171 - - [01/Jun/2008:06:04:26 -0700] "GET /logs/access_070701.log HTTP/1.0" 200 22361 "-" "msnbot-media/1.0 (+http://search.msn.com/msnbot.htm)" "autobutlerlifts.com"
64.1.215.164 - - [01/Jun/2008:07:43:17 -0700] "GET /robots.txt HTTP/1.0" 404 275 "-" "Mozilla/5.0 (Twiceler-0.9 http://www.cuill.com/twiceler/robot.html)" "autobutlerlifts.com"
65.55.212.171 - - [01/Jun/2008:07:50:16 -0700] "GET /logs/access_071001.log HTTP/1.0" 200 150673 "-" "msnbot-media/1.0 (+http://search.msn.com/msnbot.htm)" "autobutlerlifts.com"
65.55.212.171 - - [01/Jun/2008:07:56:55 -0700] "GET /logs/access_071231.log HTTP/1.0" 200 165946 "-" "msnbot-media/1.0 (+http://search.msn.com/msnbot.htm)" "autobutlerlifts.com"
65.55.212.171 - - [01/Jun/2008:08:38:53 -0700] "GET /_private/?M=A HTTP/1.0" 200 514 "-" "msnbot-media/1.0 (+http://search.msn.com/msnbot.htm)" "autobutlerlifts.com"
65.55.212.171 - - [01/Jun/2008:08:38:54 -0700] "GET /_private/?S=A HTTP/1.0" 200 514 "-" "msnbot-media/1.0 (+http://search.msn.com/msnbot.htm)" "autobutlerlifts.com"
65.55.212.171 - - [01/Jun/2008:08:38:54 -0700] "GET /_private/?D=A HTTP/1.0" 200 514 "-" "msnbot-media/1.0 (+http://search.msn.com/msnbot.htm)" "autobutlerlifts.com"
65.55.212.171 - - [01/Jun/2008:08:38:56 -0700] "GET /logs/access_080331.log HTTP/1.0" 200 345815 "-" "msnbot-media/1.0 (+http://search.msn.com/msnbot.htm)" "autobutlerlifts.com"
65.55.212.171 - - [01/Jun/2008:08:38:58 -0700] "GET /logs/?S=A HTTP/1.0" 200 2358 "-" "msnbot-media/1.0 (+http://search.msn.com/msnbot.htm)" "autobutlerlifts.com"
65.55.212.171 - - [01/Jun/2008:08:38:58 -0700] "GET /logs/?M=A HTTP/1.0" 200 2358 "-" "msnbot-media/1.0 (+http://search.msn.com/msnbot.htm)" "autobutlerlifts.com"
65.55.212.171 - - [01/Jun/2008:08:38:58 -0700] "GET /logs/access_080501.log HTTP/1.0" 200 211007 "-" "msnbot-media/1.0 (+http://search.msn.com/msnbot.htm)" "autobutlerlifts.com"
65.55.212.171 - - [01/Jun/2008:08:39:00 -0700] "GET /logs/?D=A HTTP/1.0" 200 2358 "-" "msnbot-media/1.0 (+http://search.msn.com/msnbot.htm)" "autobutlerlifts.com"
65.55.212.171 - - [01/Jun/2008:08:39:00 -0700] "GET /logs/access_070731.log HTTP/1.0" 200 338648 "-" "msnbot-media/1.0 (+http://search.msn.com/msnbot.htm)" "autobutlerlifts.com"
86.217.97.110 - - [01/Jun/2008:15:45:10 -0700] "GET /logs/access.log HTTP/1.0" 200 12177 "-" "Lynx/2.8.6rel.5 libwww-FM/2.14 SSL-MM/1.4.1 OpenSSL/0.9.8e" "www.autobutlerlifts.com"
66.249.66.242 - - [01/Jun/2008:18:15:10 -0700] "GET /robots.txt HTTP/1.1" 404 275 "-" "Mozilla/5.0 (compatible; Googlebot/2.1; +http://www.google.com/bot.html)" "www.autobutlerlifts.com"
66.249.66.242 - - [01/Jun/2008:18:15:10 -0700] "GET / HTTP/1.1" 200 916 "-" "Mozilla/5.0 (compatible; Googlebot/2.1; +http://www.google.com/bot.html)" "www.autobutlerlifts.com"
129.241.104.175 - - [01/Jun/2008:19:18:36 -0700] "GET /robots.txt HTTP/1.1" 404 275 "-" "boitho.com-dc/0.85 ( http://www.boitho.com/dcbot.html )" "www.autobutlerlifts.com"
66.249.66.242 - - [01/Jun/2008:21:44:37 -0700] "GET /tmp HTTP/1.1" 301 98 "-" "Mozilla/5.0 (compatible; Googlebot/2.1; +http://www.google.com/bot.html)" "www.autobutlerlifts.com"
66.249.66.242 - - [01/Jun/2008:21:44:37 -0700] "GET /tmp/ HTTP/1.1" 200 520 "-" "Mozilla/5.0 (compatible; Googlebot/2.1; +http://www.google.com/bot.html)" "www.autobutlerlifts.com"
74.6.17.164 - - [01/Jun/2008:22:59:37 -0700] "GET /robots.txt HTTP/1.0" 404 275 "-" "Mozilla/5.0 (compatible; Yahoo! Slurp; http://help.yahoo.com/help/us/ysearch/slurp)" "autobutlerlifts.com"
74.6.17.164 - - [01/Jun/2008:22:59:38 -0700] "GET /tmp/?S=A HTTP/1.0" 200 504 "-" "Mozilla/5.0 (compatible; Yahoo! Slurp; http://help.yahoo.com/help/us/ysearch/slurp)" "autobutlerlifts.com"
65.55.212.171 - - [02/Jun/2008:06:22:58 -0700] "GET /robots.txt HTTP/1.0" 404 275 "-" "msnbot-media/1.0 (+http://search.msn.com/msnbot.htm)" "autobutlerlifts.com"
65.55.212.171 - - [02/Jun/2008:06:22:58 -0700] "GET /tmp/?M=D HTTP/1.0" 200 504 "-" "msnbot-media/1.0 (+http://search.msn.com/msnbot.htm)" "autobutlerlifts.com"
65.55.212.171 - - [02/Jun/2008:06:22:58 -0700] "GET /tmp/?S=D HTTP/1.0" 200 504 "-" "msnbot-media/1.0 (+http://search.msn.com/msnbot.htm)" "autobutlerlifts.com"
65.55.212.171 - - [02/Jun/2008:06:41:54 -0700] "GET /tmp/?D=D HTTP/1.0" 200 504 "-" "msnbot-media/1.0 (+http://search.msn.com/msnbot.htm)" "autobutlerlifts.com"
89.159.200.63 - - [02/Jun/2008:15:31:55 -0700] "GET /logs/access.log HTTP/1.0" 200 14281 "-" "Lynx/2.8.6rel.5 libwww-FM/2.14 SSL-MM/1.4.1 OpenSSL/0.9.8e" "www.autobutlerlifts.com"
70.255.174.246 - - [02/Jun/2008:16:04:34 -0700] "GET /logs/ HTTP/1.0" 200 2358 "-" "Wget/1.5.3.1" "autobutlerlifts.com"
70.255.174.246 - - [02/Jun/2008:16:04:34 -0700] "GET /robots.txt HTTP/1.0" 404 275 "-" "Wget/1.5.3.1" "autobutlerlifts.com"
70.255.174.246 - - [02/Jun/2008:16:04:34 -0700] "GET /logs/access.log HTTP/1.0" 200 14461 "http://autobutlerlifts.com/logs/" "Wget/1.5.3.1" "autobutlerlifts.com"
66.249.66.242 - - [02/Jun/2008:18:18:01 -0700] "GET /robots.txt HTTP/1.1" 404 275 "-" "Mozilla/5.0 (compatible; Googlebot/2.1; +http://www.google.com/bot.html)" "www.autobutlerlifts.com"
66.249.66.242 - - [02/Jun/2008:18:18:01 -0700] "GET / HTTP/1.1" 200 916 "-" "Mozilla/5.0 (compatible; Googlebot/2.1; +http://www.google.com/bot.html)" "www.autobutlerlifts.com"
78.129.208.150 - - [02/Jun/2008:19:38:23 -0700] "GET /logs/access_070731.log HTTP/1.0" 200 338648 "http://www.autobutlerlifts.com/logs/access_070731.log" "Mozilla/3.0 (x86 [en] Windows NT 5.1; Sun)" "www.autobutlerlifts.com"
64.1.215.164 - - [02/Jun/2008:20:31:43 -0700] "GET /robots.txt HTTP/1.0" 404 275 "-" "Mozilla/5.0 (Twiceler-0.9 http://www.cuill.com/twiceler/robot.html)" "autobutlerlifts.com"
74.6.22.103 - - [02/Jun/2008:20:45:38 -0700] "GET /robots.txt HTTP/1.0" 404 275 "-" "Mozilla/5.0 (compatible; Yahoo! Slurp; http://help.yahoo.com/help/us/ysearch/slurp)" "www.autobutlerlifts.com"
74.6.22.103 - - [02/Jun/2008:20:45:39 -0700] "GET /logs/access_070831.log HTTP/1.0" 200 0 "-" "Mozilla/5.0 (compatible; Yahoo! Slurp; http://help.yahoo.com/help/us/ysearch/slurp)" "www.autobutlerlifts.com"
66.249.66.242 - - [02/Jun/2008:20:51:45 -0700] "GET /tmp HTTP/1.1" 301 98 "-" "Mozilla/5.0 (compatible; Googlebot/2.1; +http://www.google.com/bot.html)" "www.autobutlerlifts.com"
66.249.66.242 - - [02/Jun/2008:20:51:45 -0700] "GET /tmp/ HTTP/1.1" 200 520 "-" "Mozilla/5.0 (compatible; Googlebot/2.1; +http://www.google.com/bot.html)" "www.autobutlerlifts.com"
129.241.104.174 - - [02/Jun/2008:22:30:41 -0700] "GET /compare1.html HTTP/1.1" 404 275 "-" "boitho.com-dc/0.85 ( http://www.boitho.com/dcbot.html )" "www.autobutlerlifts.com"
74.6.17.164 - - [03/Jun/2008:01:10:04 -0700] "GET /robots.txt HTTP/1.0" 404 275 "-" "Mozilla/5.0 (compatible; Yahoo! Slurp; http://help.yahoo.com/help/us/ysearch/slurp)" "autobutlerlifts.com"
74.6.17.164 - - [03/Jun/2008:01:10:04 -0700] "GET / HTTP/1.0" 200 900 "-" "Mozilla/5.0 (compatible; Yahoo! Slurp; http://help.yahoo.com/help/us/ysearch/slurp)" "autobutlerlifts.com"
74.6.17.164 - - [03/Jun/2008:04:26:56 -0700] "GET /?D=A HTTP/1.0" 200 900 "-" "Mozilla/5.0 (compatible; Yahoo! Slurp; http://help.yahoo.com/help/us/ysearch/slurp)" "autobutlerlifts.com"
74.6.22.103 - - [03/Jun/2008:04:54:01 -0700] "GET /_private/?S=A HTTP/1.0" 200 514 "-" "Mozilla/5.0 (compatible; Yahoo! Slurp; http://help.yahoo.com/help/us/ysearch/slurp)" "www.autobutlerlifts.com"
74.6.22.103 - - [03/Jun/2008:06:15:50 -0700] "GET /?N=D HTTP/1.0" 200 900 "-" "Mozilla/5.0 (compatible; Yahoo! Slurp; http://help.yahoo.com/help/us/ysearch/slurp)" "www.autobutlerlifts.com"
38.105.83.10 - - [03/Jun/2008:07:09:33 -0700] "GET / HTTP/1.1" 200 916 "-" "Mozilla/4.0 (compatible; MSIE 7.0; Windows NT 5.2)" "www.autobutlerlifts.com"
38.105.83.10 - - [03/Jun/2008:07:10:32 -0700] "GET /_private/ HTTP/1.1" 200 530 "http://www.autobutlerlifts.com/" "Mozilla/4.0 (compatible; MSIE 7.0; Windows NT 5.2)" "www.autobutlerlifts.com"
38.105.83.10 - - [03/Jun/2008:07:10:34 -0700] "GET /logs/ HTTP/1.1" 200 2374 "http://www.autobutlerlifts.com/" "Mozilla/4.0 (compatible; MSIE 7.0; Windows NT 5.2)" "www.autobutlerlifts.com"
38.105.83.10 - - [03/Jun/2008:07:10:37 -0700] "GET /tmp/ HTTP/1.1" 200 520 "http://www.autobutlerlifts.com/" "Mozilla/4.0 (compatible; MSIE 7.0; Windows NT 5.2)" "www.autobutlerlifts.com"
38.105.83.10 - - [03/Jun/2008:07:11:47 -0700] "GET /logs/access_080301.log HTTP/1.1" 200 65536 "http://www.autobutlerlifts.com/logs/" "Mozilla/4.0 (compatible; MSIE 7.0; Windows NT 5.2)" "www.autobutlerlifts.com"
38.105.83.10 - - [03/Jun/2008:07:11:48 -0700] "GET /logs/access_071201.log HTTP/1.1" 200 171497 "http://www.autobutlerlifts.com/logs/" "Mozilla/4.0 (compatible; MSIE 7.0; Windows NT 5.2)" "www.autobutlerlifts.com"
38.105.83.10 - - [03/Jun/2008:07:11:51 -0700] "GET /logs/access_070831.log HTTP/1.1" 200 0 "http://www.autobutlerlifts.com/logs/" "Mozilla/4.0 (compatible; MSIE 7.0; Windows NT 5.2)" "www.autobutlerlifts.com"
38.105.83.10 - - [03/Jun/2008:07:11:55 -0700] "GET /logs/access.log HTTP/1.1" 200 18887 "http://www.autobutlerlifts.com/logs/" "Mozilla/4.0 (compatible; MSIE 7.0; Windows NT 5.2)" "www.autobutlerlifts.com"
38.105.83.10 - - [03/Jun/2008:07:11:58 -0700] "GET /logs/access_070701.log HTTP/1.1" 200 22361 "http://www.autobutlerlifts.com/logs/" "Mozilla/4.0 (compatible; MSIE 7.0; Windows NT 5.2)" "www.autobutlerlifts.com"
38.105.83.10 - - [03/Jun/2008:07:11:59 -0700] "GET /logs/access_080531.log HTTP/1.1" 200 183060 "http://www.autobutlerlifts.com/logs/" "Mozilla/4.0 (compatible; MSIE 7.0; Windows NT 5.2)" "www.autobutlerlifts.com"
38.105.83.10 - - [03/Jun/2008:07:12:01 -0700] "GET /logs/access_080501.log HTTP/1.1" 200 65536 "http://www.autobutlerlifts.com/logs/" "Mozilla/4.0 (compatible; MSIE 7.0; Windows NT 5.2)" "www.autobutlerlifts.com"
38.105.83.10 - - [03/Jun/2008:07:12:03 -0700] "GET /logs/access_080331.log HTTP/1.1" 200 65536 "http://www.autobutlerlifts.com/logs/" "Mozilla/4.0 (compatible; MSIE 7.0; Windows NT 5.2)" "www.autobutlerlifts.com"
38.105.83.10 - - [03/Jun/2008:07:12:04 -0700] "GET /logs/access_071031.log HTTP/1.1" 200 138542 "http://www.autobutlerlifts.com/logs/" "Mozilla/4.0 (compatible; MSIE 7.0; Windows NT 5.2)" "www.autobutlerlifts.com"
38.105.83.10 - - [03/Jun/2008:07:12:06 -0700] "GET /logs/access_080131.log HTTP/1.1" 200 157520 "http://www.autobutlerlifts.com/logs/" "Mozilla/4.0 (compatible; MSIE 7.0; Windows NT 5.2)" "www.autobutlerlifts.com"
38.105.83.10 - - [03/Jun/2008:07:12:07 -0700] "GET /logs/access_071231.log HTTP/1.1" 200 165946 "http://www.autobutlerlifts.com/logs/" "Mozilla/4.0 (compatible; MSIE 7.0; Windows NT 5.2)" "www.autobutlerlifts.com"
38.105.83.10 - - [03/Jun/2008:07:12:09 -0700] "GET /logs/access_070731.log HTTP/1.1" 200 0 "http://www.autobutlerlifts.com/logs/" "Mozilla/4.0 (compatible; MSIE 7.0; Windows NT 5.2)" "www.autobutlerlifts.com"
38.105.83.10 - - [03/Jun/2008:07:12:14 -0700] "GET /logs/access_071001.log HTTP/1.1" 200 150673 "http://www.autobutlerlifts.com/logs/" "Mozilla/4.0 (compatible; MSIE 7.0; Windows NT 5.2)" "www.autobutlerlifts.com"
74.6.22.103 - - [03/Jun/2008:07:21:50 -0700] "GET /_private/?S=D HTTP/1.0" 200 514 "-" "Mozilla/5.0 (compatible; Yahoo! Slurp; http://help.yahoo.com/help/us/ysearch/slurp)" "www.autobutlerlifts.com"
74.6.22.103 - - [03/Jun/2008:07:45:56 -0700] "GET /tmp/?M=A HTTP/1.0" 200 504 "-" "Mozilla/5.0 (compatible; Yahoo! Slurp; http://help.yahoo.com/help/us/ysearch/slurp)" "www.autobutlerlifts.com"
74.6.22.103 - - [03/Jun/2008:11:06:43 -0700] "GET /robots.txt HTTP/1.0" 404 275 "-" "Mozilla/5.0 (compatible; Yahoo! Slurp; http://help.yahoo.com/help/us/ysearch/slurp)" "www.autobutlerlifts.com"
74.6.22.103 - - [03/Jun/2008:11:06:43 -0700] "GET /logs/access.log HTTP/1.0" 200 21414 "-" "Mozilla/5.0 (compatible; Yahoo! Slurp; http://help.yahoo.com/help/us/ysearch/slurp)" "www.autobutlerlifts.com"
74.6.17.164 - - [03/Jun/2008:11:59:15 -0700] "GET /?S=A HTTP/1.0" 200 900 "-" "Mozilla/5.0 (compatible; Yahoo! Slurp; http://help.yahoo.com/help/us/ysearch/slurp)" "autobutlerlifts.com"
74.6.22.103 - - [03/Jun/2008:12:21:57 -0700] "GET /_private/?D=A HTTP/1.0" 200 514 "-" "Mozilla/5.0 (compatible; Yahoo! Slurp; http://help.yahoo.com/help/us/ysearch/slurp)" "www.autobutlerlifts.com"
74.6.22.103 - - [03/Jun/2008:13:23:56 -0700] "GET /_private/?D=D HTTP/1.0" 200 514 "-" "Mozilla/5.0 (compatible; Yahoo! Slurp; http://help.yahoo.com/help/us/ysearch/slurp)" "www.autobutlerlifts.com"
89.159.200.63 - - [03/Jun/2008:15:50:24 -0700] "GET /logs/access.log HTTP/1.0" 200 22397 "-" "Lynx/2.8.6rel.5 libwww-FM/2.14 SSL-MM/1.4.1 OpenSSL/0.9.8e" "www.autobutlerlifts.com"
74.6.22.103 - - [03/Jun/2008:17:48:57 -0700] "GET /_private/?M=A HTTP/1.0" 200 514 "-" "Mozilla/5.0 (compatible; Yahoo! Slurp; http://help.yahoo.com/help/us/ysearch/slurp)" "www.autobutlerlifts.com"
74.6.22.103 - - [03/Jun/2008:18:26:09 -0700] "GET /tmp/?D=A HTTP/1.0" 200 504 "-" "Mozilla/5.0 (compatible; Yahoo! Slurp; http://help.yahoo.com/help/us/ysearch/slurp)" "www.autobutlerlifts.com"
66.249.66.242 - - [03/Jun/2008:23:12:54 -0700] "GET /robots.txt HTTP/1.1" 404 275 "-" "Mozilla/5.0 (compatible; Googlebot/2.1; +http://www.google.com/bot.html)" "www.autobutlerlifts.com"
66.249.66.242 - - [03/Jun/2008:23:12:54 -0700] "GET /tmp HTTP/1.1" 301 98 "-" "Mozilla/5.0 (compatible; Googlebot/2.1; +http://www.google.com/bot.html)" "www.autobutlerlifts.com"
66.249.66.242 - - [03/Jun/2008:23:12:54 -0700] "GET /tmp/ HTTP/1.1" 200 520 "-" "Mozilla/5.0 (compatible; Googlebot/2.1; +http://www.google.com/bot.html)" "www.autobutlerlifts.com"
74.6.17.164 - - [03/Jun/2008:23:24:11 -0700] "GET /robots.txt HTTP/1.0" 404 275 "-" "Mozilla/5.0 (compatible; Yahoo! Slurp; http://help.yahoo.com/help/us/ysearch/slurp)" "autobutlerlifts.com"
74.6.17.164 - - [03/Jun/2008:23:24:11 -0700] "GET /tmp/ HTTP/1.0" 200 504 "-" "Mozilla/5.0 (compatible; Yahoo! Slurp; http://help.yahoo.com/help/us/ysearch/slurp)" "autobutlerlifts.com"
74.6.17.164 - - [03/Jun/2008:23:57:27 -0700] "GET /_private/ HTTP/1.0" 200 514 "-" "Mozilla/5.0 (compatible; Yahoo! Slurp; http://help.yahoo.com/help/us/ysearch/slurp)" "autobutlerlifts.com"
74.6.22.103 - - [04/Jun/2008:00:42:17 -0700] "GET /robots.txt HTTP/1.0" 404 275 "-" "Mozilla/5.0 (compatible; Yahoo! Slurp; http://help.yahoo.com/help/us/ysearch/slurp)" "www.autobutlerlifts.com"
74.6.22.103 - - [04/Jun/2008:00:42:17 -0700] "GET /tmp/ HTTP/1.0" 200 504 "-" "Mozilla/5.0 (compatible; Yahoo! Slurp; http://help.yahoo.com/help/us/ysearch/slurp)" "www.autobutlerlifts.com"
67.195.37.94 - - [04/Jun/2008:02:58:03 -0700] "GET /robots.txt HTTP/1.0" 404 275 "-" "Mozilla/5.0 (compatible; Yahoo! Slurp; http://help.yahoo.com/help/us/ysearch/slurp)" "www.autobutlerlifts.com"
67.195.37.94 - - [04/Jun/2008:02:58:18 -0700] "GET / HTTP/1.0" 200 900 "-" "Mozilla/5.0 (compatible; Yahoo! Slurp/3.0; http://help.yahoo.com/help/us/ysearch/slurp)" "www.autobutlerlifts.com"
67.195.37.94 - - [04/Jun/2008:03:07:09 -0700] "GET /tmp/ HTTP/1.0" 200 504 "-" "Mozilla/5.0 (compatible; Yahoo! Slurp/3.0; http://help.yahoo.com/help/us/ysearch/slurp)" "www.autobutlerlifts.com"
67.195.37.94 - - [04/Jun/2008:04:36:06 -0700] "GET /?S=A HTTP/1.0" 200 900 "-" "Mozilla/5.0 (compatible; Yahoo! Slurp/3.0; http://help.yahoo.com/help/us/ysearch/slurp)" "www.autobutlerlifts.com"
64.1.215.164 - - [04/Jun/2008:06:17:28 -0700] "GET /robots.txt HTTP/1.0" 404 275 "-" "Mozilla/5.0 (Twiceler-0.9 http://www.cuill.com/twiceler/robot.html)" "autobutlerlifts.com"
193.71.105.251 - "" [04/Jun/2008:06:29:30 -0700] "GET /auto-lift.html HTTP/1.1" 404 275 "-" "boitho.com-dc/0.82 ( http://www.boitho.com/dcbot.html )" "www.autobutlerlifts.com"
74.6.17.164 - - [04/Jun/2008:08:56:34 -0700] "GET /robots.txt HTTP/1.0" 404 275 "-" "Mozilla/5.0 (compatible; Yahoo! Slurp; http://help.yahoo.com/help/us/ysearch/slurp)" "autobutlerlifts.com"
74.6.17.164 - - [04/Jun/2008:08:56:34 -0700] "GET /logs/ HTTP/1.0" 200 2358 "-" "Mozilla/5.0 (compatible; Yahoo! Slurp; http://help.yahoo.com/help/us/ysearch/slurp)" "autobutlerlifts.com"
67.195.37.94 - - [04/Jun/2008:09:13:52 -0700] "GET /tmp/?N=D HTTP/1.0" 200 504 "-" "Mozilla/5.0 (compatible; Yahoo! Slurp/3.0; http://help.yahoo.com/help/us/ysearch/slurp)" "www.autobutlerlifts.com"
67.195.37.94 - - [04/Jun/2008:11:08:37 -0700] "GET /?M=A HTTP/1.0" 200 900 "-" "Mozilla/5.0 (compatible; Yahoo! Slurp/3.0; http://help.yahoo.com/help/us/ysearch/slurp)" "www.autobutlerlifts.com"
67.195.37.94 - - [04/Jun/2008:12:05:37 -0700] "GET /_private/ HTTP/1.0" 200 514 "-" "Mozilla/5.0 (compatible; Yahoo! Slurp/3.0; http://help.yahoo.com/help/us/ysearch/slurp)" "www.autobutlerlifts.com"
74.6.18.239 - - [04/Jun/2008:14:42:18 -0700] "GET /robots.txt HTTP/1.0" 404 275 "-" "Mozilla/5.0 (compatible; Yahoo! Slurp; http://help.yahoo.com/help/us/ysearch/slurp)" "www.autobutlerlifts.com"
74.6.18.239 - - [04/Jun/2008:14:42:18 -0700] "GET /_private/?M=D HTTP/1.0" 200 514 "-" "Mozilla/5.0 (compatible; Yahoo! Slurp; http://help.yahoo.com/help/us/ysearch/slurp)" "www.autobutlerlifts.com"
89.159.200.63 - - [04/Jun/2008:15:40:58 -0700] "GET /logs/access.log HTTP/1.0" 200 26972 "-" "Lynx/2.8.6rel.5 libwww-FM/2.14 SSL-MM/1.4.1 OpenSSL/0.9.8e" "www.autobutlerlifts.com"
70.255.174.246 - - [04/Jun/2008:16:03:48 -0700] "GET /logs/ HTTP/1.0" 200 2358 "-" "Wget/1.5.3.1" "autobutlerlifts.com"
70.255.174.246 - - [04/Jun/2008:16:03:48 -0700] "GET /robots.txt HTTP/1.0" 404 275 "-" "Wget/1.5.3.1" "autobutlerlifts.com"
70.255.174.246 - - [04/Jun/2008:16:03:48 -0700] "GET /logs/access.log HTTP/1.0" 200 27152 "http://autobutlerlifts.com/logs/" "Wget/1.5.3.1" "autobutlerlifts.com"
74.6.18.239 - - [04/Jun/2008:19:00:39 -0700] "GET /robots.txt HTTP/1.0" 404 275 "-" "Mozilla/5.0 (compatible; Yahoo! Slurp; http://help.yahoo.com/help/us/ysearch/slurp)" "www.autobutlerlifts.com"
74.6.18.239 - - [04/Jun/2008:19:00:39 -0700] "GET /_private/ HTTP/1.0" 200 514 "-" "Mozilla/5.0 (compatible; Yahoo! Slurp; http://help.yahoo.com/help/us/ysearch/slurp)" "www.autobutlerlifts.com"
74.6.18.239 - - [04/Jun/2008:19:50:18 -0700] "GET /_private/ HTTP/1.0" 200 514 "-" "Mozilla/5.0 (compatible; Yahoo! Slurp; http://help.yahoo.com/help/us/ysearch/slurp)" "www.autobutlerlifts.com"
66.249.66.242 - - [04/Jun/2008:21:33:00 -0700] "GET /robots.txt HTTP/1.1" 404 275 "-" "Mozilla/5.0 (compatible; Googlebot/2.1; +http://www.google.com/bot.html)" "www.autobutlerlifts.com"
66.249.66.242 - - [04/Jun/2008:21:33:00 -0700] "GET /logs/access_070831.log HTTP/1.1" 200 248301 "-" "Mozilla/5.0 (compatible; Googlebot/2.1; +http://www.google.com/bot.html)" "www.autobutlerlifts.com"
74.6.18.239 - - [04/Jun/2008:22:20:15 -0700] "GET /logs/ HTTP/1.0" 200 2358 "-" "Mozilla/5.0 (compatible; Yahoo! Slurp; http://help.yahoo.com/help/us/ysearch/slurp)" "www.autobutlerlifts.com"
74.6.18.239 - - [04/Jun/2008:22:24:27 -0700] "GET /?M=D HTTP/1.0" 200 900 "-" "Mozilla/5.0 (compatible; Yahoo! Slurp; http://help.yahoo.com/help/us/ysearch/slurp)" "www.autobutlerlifts.com"
66.249.66.242 - - [04/Jun/2008:22:46:02 -0700] "GET / HTTP/1.1" 200 916 "-" "Mozilla/5.0 (compatible; Googlebot/2.1; +http://www.google.com/bot.html)" "www.autobutlerlifts.com"
67.195.37.94 - - [04/Jun/2008:22:47:09 -0700] "GET /robots.txt HTTP/1.0" 404 275 "-" "Mozilla/5.0 (compatible; Yahoo! Slurp; http://help.yahoo.com/help/us/ysearch/slurp)" "www.autobutlerlifts.com"
67.195.37.94 - - [04/Jun/2008:22:47:09 -0700] "GET /?N=D HTTP/1.0" 200 900 "-" "Mozilla/5.0 (compatible; Yahoo! Slurp/3.0; http://help.yahoo.com/help/us/ysearch/slurp)" "www.autobutlerlifts.com"
74.6.18.239 - - [04/Jun/2008:23:34:36 -0700] "GET /_private/?N=D HTTP/1.0" 200 514 "-" "Mozilla/5.0 (compatible; Yahoo! Slurp; http://help.yahoo.com/help/us/ysearch/slurp)" "www.autobutlerlifts.com"
66.249.66.242 - - [05/Jun/2008:00:14:52 -0700] "GET /tmp HTTP/1.1" 301 98 "-" "Mozilla/5.0 (compatible; Googlebot/2.1; +http://www.google.com/bot.html)" "www.autobutlerlifts.com"
66.249.66.242 - - [05/Jun/2008:00:14:52 -0700] "GET /tmp/ HTTP/1.1" 200 520 "-" "Mozilla/5.0 (compatible; Googlebot/2.1; +http://www.google.com/bot.html)" "www.autobutlerlifts.com"
74.6.18.239 - - [05/Jun/2008:01:11:06 -0700] "GET /?D=A HTTP/1.0" 200 900 "-" "Mozilla/5.0 (compatible; Yahoo! Slurp; http://help.yahoo.com/help/us/ysearch/slurp)" "www.autobutlerlifts.com"
74.6.18.239 - - [05/Jun/2008:01:52:19 -0700] "GET /?M=A HTTP/1.0" 200 900 "-" "Mozilla/5.0 (compatible; Yahoo! Slurp; http://help.yahoo.com/help/us/ysearch/slurp)" "www.autobutlerlifts.com"
67.195.37.94 - - [05/Jun/2008:04:55:20 -0700] "GET /robots.txt HTTP/1.0" 404 275 "-" "Mozilla/5.0 (compatible; Yahoo! Slurp; http://help.yahoo.com/help/us/ysearch/slurp)" "www.autobutlerlifts.com"
67.195.37.94 - - [05/Jun/2008:04:55:29 -0700] "GET /logs/ HTTP/1.0" 200 2358 "-" "Mozilla/5.0 (compatible; Yahoo! Slurp/3.0; http://help.yahoo.com/help/us/ysearch/slurp)" "www.autobutlerlifts.com"
74.6.18.239 - - [05/Jun/2008:07:38:17 -0700] "GET / HTTP/1.0" 200 900 "-" "Mozilla/5.0 (compatible; Yahoo! Slurp; http://help.yahoo.com/help/us/ysearch/slurp)" "www.autobutlerlifts.com"
74.6.17.164 - - [05/Jun/2008:07:48:21 -0700] "GET /robots.txt HTTP/1.0" 404 275 "-" "Mozilla/5.0 (compatible; Yahoo! Slurp; http://help.yahoo.com/help/us/ysearch/slurp)" "autobutlerlifts.com"
74.6.17.164 - - [05/Jun/2008:07:48:21 -0700] "GET /?N=D HTTP/1.0" 200 900 "-" "Mozilla/5.0 (compatible; Yahoo! Slurp; http://help.yahoo.com/help/us/ysearch/slurp)" "autobutlerlifts.com"
74.6.18.239 - - [05/Jun/2008:07:53:59 -0700] "GET /_private/?N=A HTTP/1.0" 200 514 "-" "Mozilla/5.0 (compatible; Yahoo! Slurp; http://help.yahoo.com/help/us/ysearch/slurp)" "www.autobutlerlifts.com"
64.1.215.164 - - [05/Jun/2008:09:19:45 -0700] "GET /robots.txt HTTP/1.0" 404 275 "-" "Mozilla/5.0 (Twiceler-0.9 http://www.cuill.com/twiceler/robot.html)" "autobutlerlifts.com"
74.6.18.239 - - [05/Jun/2008:10:23:00 -0700] "GET /?S=A HTTP/1.0" 200 900 "-" "Mozilla/5.0 (compatible; Yahoo! Slurp; http://help.yahoo.com/help/us/ysearch/slurp)" "www.autobutlerlifts.com"
67.195.37.94 - - [05/Jun/2008:10:57:37 -0700] "GET /?D=A HTTP/1.0" 200 900 "-" "Mozilla/5.0 (compatible; Yahoo! Slurp/3.0; http://help.yahoo.com/help/us/ysearch/slurp)" "www.autobutlerlifts.com"
66.249.66.242 - - [05/Jun/2008:11:34:44 -0700] "GET /robots.txt HTTP/1.1" 404 275 "-" "Mozilla/5.0 (compatible; Googlebot/2.1; +http://www.google.com/bot.html)" "www.autobutlerlifts.com"
66.249.66.242 - - [05/Jun/2008:11:34:44 -0700] "GET / HTTP/1.1" 200 916 "-" "Mozilla/5.0 (compatible; Googlebot/2.1; +http://www.google.com/bot.html)" "www.autobutlerlifts.com"
64.156.10.131 - - [05/Jun/2008:13:49:01 -0700] "GET /images/ultracarjackplate.gif HTTP/1.1" 404 275 "-" "Jakarta Commons-HttpClient/3.0.1" "www.autobutlerlifts.com"
64.156.10.131 - - [05/Jun/2008:13:54:34 -0700] "GET /images/Castersforcart2.jpg HTTP/1.1" 404 275 "-" "Jakarta Commons-HttpClient/3.0.1" "www.autobutlerlifts.com"
89.159.200.63 - - [05/Jun/2008:15:46:44 -0700] "GET /logs/access.log HTTP/1.0" 200 32834 "-" "Lynx/2.8.6rel.5 libwww-FM/2.14 SSL-MM/1.4.1 OpenSSL/0.9.8e" "www.autobutlerlifts.com"
70.255.174.246 - - [05/Jun/2008:16:05:00 -0700] "GET /logs/ HTTP/1.0" 200 2358 "-" "Wget/1.5.3.1" "autobutlerlifts.com"
66.249.66.242 - - [05/Jun/2008:22:41:38 -0700] "GET /googlee916a1106382fa83.html HTTP/1.1" 404 275 "-" "Mozilla/5.0 (compatible; Googlebot/2.1; +http://www.google.com/bot.html)" "www.autobutlerlifts.com"
70.84.248.130 - - [06/Jun/2008:03:07:06 -0700] "GET / HTTP/1.0" 200 900 "-" "Mozilla/4.0 (compatible; MSIE 7.0; Windows NT 5.1; .NET CLR 2.0.50727; .NET CLR 1.1.4322)" "autobutlerlifts.com"
70.84.248.130 - - [06/Jun/2008:03:07:06 -0700] "GET /?D=http%3A%2F%2Fwww.tureksfuar.com.tr%2Fyeni%2Faxiyeba%2Ftebe%2F HTTP/1.0" 200 900 "-" "Mozilla/4.0 (compatible; MSIE 7.0; Windows NT 5.1; .NET CLR 2.0.50727; .NET CLR 1.1.4322)" "autobutlerlifts.com"
70.84.248.130 - - [06/Jun/2008:03:07:06 -0700] "GET /?D=http%3A%2F%2Fwww.landi-sempach-emmen.ch%2Faktionen%2Fimage%2Fzafecez%2Froxovef%2F HTTP/1.0" 200 900 "-" "Mozilla/4.0 (compatible; MSIE 7.0; Windows NT 5.1; .NET CLR 2.0.50727; .NET CLR 1.1.4322)" "autobutlerlifts.com"
70.84.248.130 - - [06/Jun/2008:03:07:06 -0700] "GET /?D=http%3A%2F%2Fwww.filter-international.com%2Fwebservice%2Faro%2Fpefosi%2F HTTP/1.0" 200 900 "-" "Mozilla/4.0 (compatible; MSIE 7.0; Windows NT 5.1; .NET CLR 2.0.50727; .NET CLR 1.1.4322)" "autobutlerlifts.com"
70.84.248.130 - - [06/Jun/2008:03:07:06 -0700] "GET /?M=http%3A%2F%2Fwww.qubestunes.com%2Ftreytest%2F1%2Fadoyuru%2Falameja%2F HTTP/1.0" 200 900 "-" "Mozilla/4.0 (compatible; MSIE 7.0; Windows NT 5.1; .NET CLR 2.0.50727; .NET CLR 1.1.4322)" "autobutlerlifts.com"
70.84.248.130 - - [06/Jun/2008:03:07:07 -0700] "GET /?M=http%3A%2F%2Fwww.thoseguysfilms.com%2Fforums%2Ftemplates%2FsubSilver%2Fimages%2Ftimuji%2Fjaborat%2F HTTP/1.0" 200 900 "-" "Mozilla/4.0 (compatible; MSIE 7.0; Windows NT 5.1; .NET CLR 2.0.50727; .NET CLR 1.1.4322)" "autobutlerlifts.com"
70.84.248.130 - - [06/Jun/2008:03:07:07 -0700] "GET /?M=http%3A%2F%2Fwww.vlopezalvarez.com%2FPersonal%2FFotos%2FViajes%2Fxaj%2Focaceg%2F HTTP/1.0" 200 900 "-" "Mozilla/4.0 (compatible; MSIE 7.0; Windows NT 5.1; .NET CLR 2.0.50727; .NET CLR 1.1.4322)" "autobutlerlifts.com"
70.84.248.130 - - [06/Jun/2008:03:07:07 -0700] "GET /?S=http%3A%2F%2Fwww.ce-enterprise.com%2Finetonlinetk%2Fshop%2Ffiles%2Fimg%2Flogo_DarkBlueStyle%2Fgoge%2Foxag%2F HTTP/1.0" 200 900 "-" "Mozilla/4.0 (compatible; MSIE 7.0; Windows NT 5.1; .NET CLR 2.0.50727; .NET CLR 1.1.4322)" "autobutlerlifts.com"
70.84.248.130 - - [06/Jun/2008:03:07:07 -0700] "GET /?S=http%3A%2F%2Fwww.filter-international.com%2Fwebservice%2Faro%2Fpefosi%2F HTTP/1.0" 200 900 "-" "Mozilla/4.0 (compatible; MSIE 7.0; Windows NT 5.1; .NET CLR 2.0.50727; .NET CLR 1.1.4322)" "autobutlerlifts.com"
70.84.248.130 - - [06/Jun/2008:03:07:07 -0700] "GET /?S=http%3A%2F%2Fwww.filter-international.com%2Fwebservice%2Faro%2Fpefosi%2F HTTP/1.0" 200 900 "-" "Mozilla/4.0 (compatible; MSIE 7.0; Windows NT 5.1; .NET CLR 2.0.50727; .NET CLR 1.1.4322)" "autobutlerlifts.com"
70.84.248.130 - - [06/Jun/2008:03:07:07 -0700] "GET /?N=http%3A%2F%2Fwww.marsbook.co.kr%2Fmain%2Fcreated%2Fproduct%2F2%2Fmumas%2Fsuvoye%2F HTTP/1.0" 200 900 "-" "Mozilla/4.0 (compatible; MSIE 7.0; Windows NT 5.1; .NET CLR 2.0.50727; .NET CLR 1.1.4322)" "autobutlerlifts.com"
70.84.248.130 - - [06/Jun/2008:03:07:07 -0700] "GET /?N=http%3A%2F%2Fwww.jyvaskylankirjastot.fi%2Fyhteistyo%2Fwd%2Fmuji%2Frenula%2Fxejado%2F HTTP/1.0" 200 900 "-" "Mozilla/4.0 (compatible; MSIE 7.0; Windows NT 5.1; .NET CLR 2.0.50727; .NET CLR 1.1.4322)" "autobutlerlifts.com"
70.84.248.130 - - [06/Jun/2008:03:07:07 -0700] "GET /?N=http%3A%2F%2Fwww.sfolly.net%2Fchat%2Fdata%2Fpublic%2Fuvudap%2Fome%2F HTTP/1.0" 200 900 "-" "Mozilla/4.0 (compatible; MSIE 7.0; Windows NT 5.1; .NET CLR 2.0.50727; .NET CLR 1.1.4322)" "autobutlerlifts.com"
70.84.248.130 - - [06/Jun/2008:03:07:08 -0700] "GET /tmp/ HTTP/1.0" 200 504 "-" "Mozilla/4.0 (compatible; MSIE 7.0; Windows NT 5.1; .NET CLR 2.0.50727; .NET CLR 1.1.4322)" "autobutlerlifts.com"
70.84.248.130 - - [06/Jun/2008:03:07:08 -0700] "GET /?D=A HTTP/1.0" 200 900 "-" "Mozilla/4.0 (compatible; MSIE 7.0; Windows NT 5.1; .NET CLR 2.0.50727; .NET CLR 1.1.4322)" "autobutlerlifts.com"
70.84.248.130 - - [06/Jun/2008:03:07:08 -0700] "GET /logs/ HTTP/1.0" 200 2358 "-" "Mozilla/4.0 (compatible; MSIE 7.0; Windows NT 5.1; .NET CLR 2.0.50727; .NET CLR 1.1.4322)" "autobutlerlifts.com"
70.84.248.130 - - [06/Jun/2008:03:07:08 -0700] "GET /_private/ HTTP/1.0" 200 514 "-" "Mozilla/4.0 (compatible; MSIE 7.0; Windows NT 5.1; .NET CLR 2.0.50727; .NET CLR 1.1.4322)" "autobutlerlifts.com"
70.84.248.130 - - [06/Jun/2008:03:07:08 -0700] "GET /?M=A HTTP/1.0" 200 900 "-" "Mozilla/4.0 (compatible; MSIE 7.0; Windows NT 5.1; .NET CLR 2.0.50727; .NET CLR 1.1.4322)" "autobutlerlifts.com"
70.84.248.130 - - [06/Jun/2008:03:07:08 -0700] "GET /?S=A HTTP/1.0" 200 900 "-" "Mozilla/4.0 (compatible; MSIE 7.0; Windows NT 5.1; .NET CLR 2.0.50727; .NET CLR 1.1.4322)" "autobutlerlifts.com"
70.84.248.130 - - [06/Jun/2008:03:07:08 -0700] "GET /?N=D HTTP/1.0" 200 900 "-" "Mozilla/4.0 (compatible; MSIE 7.0; Windows NT 5.1; .NET CLR 2.0.50727; .NET CLR 1.1.4322)" "autobutlerlifts.com"
70.84.248.130 - - [06/Jun/2008:03:07:09 -0700] "GET /tmp/?D=A HTTP/1.0" 200 504 "-" "Mozilla/4.0 (compatible; MSIE 7.0; Windows NT 5.1; .NET CLR 2.0.50727; .NET CLR 1.1.4322)" "autobutlerlifts.com"
70.84.248.130 - - [06/Jun/2008:03:07:09 -0700] "GET /tmp/?N=D HTTP/1.0" 200 504 "-" "Mozilla/4.0 (compatible; MSIE 7.0; Windows NT 5.1; .NET CLR 2.0.50727; .NET CLR 1.1.4322)" "autobutlerlifts.com"
70.84.248.130 - - [06/Jun/2008:03:07:09 -0700] "GET /?N=A HTTP/1.0" 200 900 "-" "Mozilla/4.0 (compatible; MSIE 7.0; Windows NT 5.1; .NET CLR 2.0.50727; .NET CLR 1.1.4322)" "autobutlerlifts.com"
70.84.248.130 - - [06/Jun/2008:03:07:09 -0700] "GET /?D=D HTTP/1.0" 200 900 "-" "Mozilla/4.0 (compatible; MSIE 7.0; Windows NT 5.1; .NET CLR 2.0.50727; .NET CLR 1.1.4322)" "autobutlerlifts.com"
70.84.248.130 - - [06/Jun/2008:03:07:09 -0700] "GET /logs/?S=A HTTP/1.0" 200 2358 "-" "Mozilla/4.0 (compatible; MSIE 7.0; Windows NT 5.1; .NET CLR 2.0.50727; .NET CLR 1.1.4322)" "autobutlerlifts.com"
70.84.248.130 - - [06/Jun/2008:03:07:10 -0700] "GET /logs/access_070731.log HTTP/1.0" 200 338648 "-" "Mozilla/4.0 (compatible; MSIE 7.0; Windows NT 5.1; .NET CLR 2.0.50727; .NET CLR 1.1.4322)" "autobutlerlifts.com"
70.84.248.130 - - [06/Jun/2008:03:07:10 -0700] "GET /_private/?S=A HTTP/1.0" 200 514 "-" "Mozilla/4.0 (compatible; MSIE 7.0; Windows NT 5.1; .NET CLR 2.0.50727; .NET CLR 1.1.4322)" "autobutlerlifts.com"
70.84.248.130 - - [06/Jun/2008:03:07:10 -0700] "GET /_private/?N=D HTTP/1.0" 200 514 "-" "Mozilla/4.0 (compatible; MSIE 7.0; Windows NT 5.1; .NET CLR 2.0.50727; .NET CLR 1.1.4322)" "autobutlerlifts.com"
70.84.248.130 - - [06/Jun/2008:03:07:10 -0700] "GET /?M=D HTTP/1.0" 200 900 "-" "Mozilla/4.0 (compatible; MSIE 7.0; Windows NT 5.1; .NET CLR 2.0.50727; .NET CLR 1.1.4322)" "autobutlerlifts.com"
70.84.248.130 - - [06/Jun/2008:03:07:10 -0700] "GET /?S=D HTTP/1.0" 200 900 "-" "Mozilla/4.0 (compatible; MSIE 7.0; Windows NT 5.1; .NET CLR 2.0.50727; .NET CLR 1.1.4322)" "autobutlerlifts.com"
70.84.248.130 - - [06/Jun/2008:03:07:10 -0700] "GET /tmp/?N=A HTTP/1.0" 200 504 "-" "Mozilla/4.0 (compatible; MSIE 7.0; Windows NT 5.1; .NET CLR 2.0.50727; .NET CLR 1.1.4322)" "autobutlerlifts.com"
70.84.248.130 - - [06/Jun/2008:03:07:11 -0700] "GET /logs/?N=A HTTP/1.0" 200 2358 "-" "Mozilla/4.0 (compatible; MSIE 7.0; Windows NT 5.1; .NET CLR 2.0.50727; .NET CLR 1.1.4322)" "autobutlerlifts.com"
70.84.248.130 - - [06/Jun/2008:03:07:11 -0700] "GET /_private/?S=D HTTP/1.0" 200 514 "-" "Mozilla/4.0 (compatible; MSIE 7.0; Windows NT 5.1; .NET CLR 2.0.50727; .NET CLR 1.1.4322)" "autobutlerlifts.com"
66.249.66.242 - - [06/Jun/2008:03:48:21 -0700] "GET /robots.txt HTTP/1.1" 404 275 "-" "Mozilla/5.0 (compatible; Googlebot/2.1; +http://www.google.com/bot.html)" "www.autobutlerlifts.com"
66.249.66.242 - - [06/Jun/2008:03:48:22 -0700] "GET /tmp HTTP/1.1" 301 98 "-" "Mozilla/5.0 (compatible; Googlebot/2.1; +http://www.google.com/bot.html)" "www.autobutlerlifts.com"
66.249.66.242 - - [06/Jun/2008:03:48:22 -0700] "GET /tmp/ HTTP/1.1" 200 520 "-" "Mozilla/5.0 (compatible; Googlebot/2.1; +http://www.google.com/bot.html)" "www.autobutlerlifts.com"
74.6.18.250 - - [06/Jun/2008:04:31:39 -0700] "GET /robots.txt HTTP/1.0" 404 275 "-" "Mozilla/5.0 (compatible; Yahoo! Slurp; http://help.yahoo.com/help/us/ysearch/slurp)" "www.autobutlerlifts.com"
74.6.18.250 - - [06/Jun/2008:04:31:40 -0700] "GET /tmp/?N=D HTTP/1.0" 200 504 "-" "Mozilla/5.0 (compatible; Yahoo! Slurp; http://help.yahoo.com/help/us/ysearch/slurp)" "www.autobutlerlifts.com"
208.80.193.42 - - [06/Jun/2008:09:54:34 -0700] "GET / HTTP/1.0" 200 900 "-" "Mozilla/4.0 (compatible; MSIE 6.0; Windows NT 5.0; {FDF10BAB-3B95-F10C-A5F8-C9CD1C5BCEC6}; MEGAUPLOAD 1.0)" "www.autobutlerlifts.com"
208.80.193.41 - - [06/Jun/2008:10:16:53 -0700] "GET / HTTP/1.0" 200 900 "-" "Mozilla/4.0 (compatible; MSIE 7.0; AOL 9.0; Windows NT 5.1; acc=; acc=none; FunWebProducts; .NET CLR 1.1.4322; .NET CLR 2.0.50727)" "autobutlerlifts.com"
67.195.37.94 - - [06/Jun/2008:12:03:31 -0700] "GET /robots.txt HTTP/1.0" 404 275 "-" "Mozilla/5.0 (compatible; Yahoo! Slurp; http://help.yahoo.com/help/us/ysearch/slurp)" "www.autobutlerlifts.com"
67.195.37.94 - - [06/Jun/2008:12:03:44 -0700] "GET /_private/?D=A HTTP/1.0" 200 514 "-" "Mozilla/5.0 (compatible; Yahoo! Slurp/3.0; http://help.yahoo.com/help/us/ysearch/slurp)" "www.autobutlerlifts.com"
66.249.72.71 - - [06/Jun/2008:12:35:04 -0700] "GET / HTTP/1.1" 200 916 "-" "Mozilla/5.0 (compatible; Googlebot/2.1; +http://www.google.com/bot.html)" "www.autobutlerlifts.com"
129.241.50.35 - - [06/Jun/2008:13:12:39 -0700] "GET /auto-lift-privacynotice.html HTTP/1.1" 404 275 "-" "boitho.com-dc/0.86 ( http://www.boitho.com/dcbot.html )" "www.autobutlerlifts.com"
89.159.200.63 - - [06/Jun/2008:15:56:33 -0700] "GET /logs/access.log HTTP/1.0" 200 42895 "-" "Lynx/2.8.6rel.5 libwww-FM/2.14 SSL-MM/1.4.1 OpenSSL/0.9.8e" "www.autobutlerlifts.com"
70.255.174.246 - - [06/Jun/2008:16:03:42 -0700] "GET /logs/ HTTP/1.0" 200 2358 "-" "Wget/1.5.3.1" "autobutlerlifts.com"
70.255.174.246 - - [06/Jun/2008:16:03:42 -0700] "GET /robots.txt HTTP/1.0" 404 275 "-" "Wget/1.5.3.1" "autobutlerlifts.com"
70.255.174.246 - - [06/Jun/2008:16:03:42 -0700] "GET /logs/access.log HTTP/1.0" 200 43075 "http://autobutlerlifts.com/logs/" "Wget/1.5.3.1" "autobutlerlifts.com"
84.16.251.245 - - [06/Jun/2008:16:33:32 -0700] "GET / HTTP/1.0" 200 900 "-" "Mozilla/4.0 (compatible; MSIE 7.0; Windows NT 5.1; .NET CLR 2.0.50727; .NET CLR 1.1.4322)" "www.autobutlerlifts.com"
84.16.251.245 - - [06/Jun/2008:16:33:32 -0700] "GET /?S=http%3A%2F%2Fmslayouts.ws%2Ficons%2Fadministrator%2Fcomponents%2Fcom_menus%2Fetotag%2Fqeba%2F HTTP/1.0" 200 900 "-" "Mozilla/4.0 (compatible; MSIE 7.0; Windows NT 5.1; .NET CLR 2.0.50727; .NET CLR 1.1.4322)" "www.autobutlerlifts.com"
84.16.251.245 - - [06/Jun/2008:16:33:33 -0700] "GET /?S=http%3A%2F%2Fwww.foicr.org%2Fwork%2Fmulito%2Fyiqosu%2F HTTP/1.0" 200 900 "-" "Mozilla/4.0 (compatible; MSIE 7.0; Windows NT 5.1; .NET CLR 2.0.50727; .NET CLR 1.1.4322)" "www.autobutlerlifts.com"
84.16.251.245 - - [06/Jun/2008:16:33:33 -0700] "GET /?S=http%3A%2F%2Fwww.polisgrandhotel.gr%2F_cm_admin%2Fmaillist%2Feditor%2Fplugins%2Fcore%2Fdialogs%2Fqunik%2Favacu%2F HTTP/1.0" 200 900 "-" "Mozilla/4.0 (compatible; MSIE 7.0; Windows NT 5.1; .NET CLR 2.0.50727; .NET CLR 1.1.4322)" "www.autobutlerlifts.com"
84.16.251.245 - - [06/Jun/2008:16:33:33 -0700] "GET /?D=http%3A%2F%2Fwww.vlopezalvarez.com%2FPersonal%2FFotos%2FViajes%2Fxaj%2Focaceg%2F HTTP/1.0" 200 900 "-" "Mozilla/4.0 (compatible; MSIE 7.0; Windows NT 5.1; .NET CLR 2.0.50727; .NET CLR 1.1.4322)" "www.autobutlerlifts.com"
84.16.251.245 - - [06/Jun/2008:16:33:33 -0700] "GET /?D=http%3A%2F%2Fwww.totkom.com%2Fsklep%2Fadmin%2Fincludes%2Fclasses%2Fcohiru%2Fneyuzah%2F HTTP/1.0" 200 900 "-" "Mozilla/4.0 (compatible; MSIE 7.0; Windows NT 5.1; .NET CLR 2.0.50727; .NET CLR 1.1.4322)" "www.autobutlerlifts.com"
84.16.251.245 - - [06/Jun/2008:16:33:34 -0700] "GET /?D=http%3A%2F%2Fwww.foicr.org%2Fwork%2Fmulito%2Fyiqosu%2F HTTP/1.0" 200 900 "-" "Mozilla/4.0 (compatible; MSIE 7.0; Windows NT 5.1; .NET CLR 2.0.50727; .NET CLR 1.1.4322)" "www.autobutlerlifts.com"
84.16.251.245 - - [06/Jun/2008:16:33:34 -0700] "GET /?N=http%3A%2F%2Fwww.thoseguysfilms.com%2Fforums%2Ftemplates%2FsubSilver%2Fimages%2Ftimuji%2Fjaborat%2F HTTP/1.0" 200 900 "-" "Mozilla/4.0 (compatible; MSIE 7.0; Windows NT 5.1; .NET CLR 2.0.50727; .NET CLR 1.1.4322)" "www.autobutlerlifts.com"
84.16.251.245 - - [06/Jun/2008:16:33:34 -0700] "GET /?N=http%3A%2F%2Fwww.clubnataciotortosa.com%2FUserFiles%2FFile%2Fedut%2Fade%2F HTTP/1.0" 200 900 "-" "Mozilla/4.0 (compatible; MSIE 7.0; Windows NT 5.1; .NET CLR 2.0.50727; .NET CLR 1.1.4322)" "www.autobutlerlifts.com"
84.16.251.245 - - [06/Jun/2008:16:33:35 -0700] "GET /?N=http%3A%2F%2Fwww.interkonet.com%2Fgaleria%2Fmodules%2Falbumselect%2Fucu%2Fyixipuz%2F HTTP/1.0" 200 900 "-" "Mozilla/4.0 (compatible; MSIE 7.0; Windows NT 5.1; .NET CLR 2.0.50727; .NET CLR 1.1.4322)" "www.autobutlerlifts.com"
84.16.251.245 - - [06/Jun/2008:16:33:35 -0700] "GET /?M=http%3A%2F%2Fwww.math.science.cmu.ac.th%2Flms%2Fmoodledata%2F2%2Fmoddata%2Fforum%2Fvata%2Fkewa%2F HTTP/1.0" 200 900 "-" "Mozilla/4.0 (compatible; MSIE 7.0; Windows NT 5.1; .NET CLR 2.0.50727; .NET CLR 1.1.4322)" "www.autobutlerlifts.com"
84.16.251.245 - - [06/Jun/2008:16:33:35 -0700] "GET /?M=http%3A%2F%2Fwww.marsbook.co.kr%2Fmain%2Fcreated%2Fproduct%2F2%2Fmumas%2Fsuvoye%2F HTTP/1.0" 200 900 "-" "Mozilla/4.0 (compatible; MSIE 7.0; Windows NT 5.1; .NET CLR 2.0.50727; .NET CLR 1.1.4322)" "www.autobutlerlifts.com"
84.16.251.245 - - [06/Jun/2008:16:33:35 -0700] "GET /?M=http%3A%2F%2Fwww.winbd.net%2Fadmin%2Fjist_code%2Fwowoz%2Fobowupu%2F HTTP/1.0" 200 900 "-" "Mozilla/4.0 (compatible; MSIE 7.0; Windows NT 5.1; .NET CLR 2.0.50727; .NET CLR 1.1.4322)" "www.autobutlerlifts.com"
84.16.251.245 - - [06/Jun/2008:16:33:36 -0700] "GET /?S=A HTTP/1.0" 200 900 "-" "Mozilla/4.0 (compatible; MSIE 7.0; Windows NT 5.1; .NET CLR 2.0.50727; .NET CLR 1.1.4322)" "www.autobutlerlifts.com"
84.16.251.245 - - [06/Jun/2008:16:33:36 -0700] "GET /?D=A HTTP/1.0" 200 900 "-" "Mozilla/4.0 (compatible; MSIE 7.0; Windows NT 5.1; .NET CLR 2.0.50727; .NET CLR 1.1.4322)" "www.autobutlerlifts.com"
84.16.251.245 - - [06/Jun/2008:16:33:36 -0700] "GET /?N=D HTTP/1.0" 200 900 "-" "Mozilla/4.0 (compatible; MSIE 7.0; Windows NT 5.1; .NET CLR 2.0.50727; .NET CLR 1.1.4322)" "www.autobutlerlifts.com"
84.16.251.245 - - [06/Jun/2008:16:33:36 -0700] "GET /logs/ HTTP/1.0" 200 2358 "-" "Mozilla/4.0 (compatible; MSIE 7.0; Windows NT 5.1; .NET CLR 2.0.50727; .NET CLR 1.1.4322)" "www.autobutlerlifts.com"
84.16.251.245 - - [06/Jun/2008:16:33:37 -0700] "GET /_private/ HTTP/1.0" 200 514 "-" "Mozilla/4.0 (compatible; MSIE 7.0; Windows NT 5.1; .NET CLR 2.0.50727; .NET CLR 1.1.4322)" "www.autobutlerlifts.com"
84.16.251.245 - - [06/Jun/2008:16:33:37 -0700] "GET /tmp/ HTTP/1.0" 200 504 "-" "Mozilla/4.0 (compatible; MSIE 7.0; Windows NT 5.1; .NET CLR 2.0.50727; .NET CLR 1.1.4322)" "www.autobutlerlifts.com"
84.16.251.245 - - [06/Jun/2008:16:33:37 -0700] "GET /?M=A HTTP/1.0" 200 900 "-" "Mozilla/4.0 (compatible; MSIE 7.0; Windows NT 5.1; .NET CLR 2.0.50727; .NET CLR 1.1.4322)" "www.autobutlerlifts.com"
84.16.251.245 - - [06/Jun/2008:16:33:37 -0700] "GET /?N=A HTTP/1.0" 200 900 "-" "Mozilla/4.0 (compatible; MSIE 7.0; Windows NT 5.1; .NET CLR 2.0.50727; .NET CLR 1.1.4322)" "www.autobutlerlifts.com"
84.16.251.245 - - [06/Jun/2008:16:33:38 -0700] "GET /?S=D HTTP/1.0" 200 900 "-" "Mozilla/4.0 (compatible; MSIE 7.0; Windows NT 5.1; .NET CLR 2.0.50727; .NET CLR 1.1.4322)" "www.autobutlerlifts.com"
84.16.251.245 - - [06/Jun/2008:16:33:38 -0700] "GET /?D=D HTTP/1.0" 200 900 "-" "Mozilla/4.0 (compatible; MSIE 7.0; Windows NT 5.1; .NET CLR 2.0.50727; .NET CLR 1.1.4322)" "www.autobutlerlifts.com"
84.16.251.245 - - [06/Jun/2008:16:33:39 -0700] "GET /logs/access_070731.log HTTP/1.0" 200 338648 "-" "Mozilla/4.0 (compatible; MSIE 7.0; Windows NT 5.1; .NET CLR 2.0.50727; .NET CLR 1.1.4322)" "www.autobutlerlifts.com"
84.16.251.245 - - [06/Jun/2008:16:33:39 -0700] "GET /logs/access_070701.log HTTP/1.0" 200 22361 "-" "Mozilla/4.0 (compatible; MSIE 7.0; Windows NT 5.1; .NET CLR 2.0.50727; .NET CLR 1.1.4322)" "www.autobutlerlifts.com"
84.16.251.245 - - [06/Jun/2008:16:33:39 -0700] "GET /_private/?N=D HTTP/1.0" 200 514 "-" "Mozilla/4.0 (compatible; MSIE 7.0; Windows NT 5.1; .NET CLR 2.0.50727; .NET CLR 1.1.4322)" "www.autobutlerlifts.com"
84.16.251.245 - - [06/Jun/2008:16:33:40 -0700] "GET /_private/?S=A HTTP/1.0" 200 514 "-" "Mozilla/4.0 (compatible; MSIE 7.0; Windows NT 5.1; .NET CLR 2.0.50727; .NET CLR 1.1.4322)" "www.autobutlerlifts.com"
