84.16.251.245 - - [06/Jun/2008:16:33:40 -0700] "GET /tmp/?M=A HTTP/1.0" 200 504 "-" "Mozilla/4.0 (compatible; MSIE 7.0; Windows NT 5.1; .NET CLR 2.0.50727; .NET CLR 1.1.4322)" "www.autobutlerlifts.com"
84.16.251.245 - - [06/Jun/2008:16:33:40 -0700] "GET /tmp/?N=D HTTP/1.0" 200 504 "-" "Mozilla/4.0 (compatible; MSIE 7.0; Windows NT 5.1; .NET CLR 2.0.50727; .NET CLR 1.1.4322)" "www.autobutlerlifts.com"
84.16.251.245 - - [06/Jun/2008:16:33:40 -0700] "GET /?M=D HTTP/1.0" 200 900 "-" "Mozilla/4.0 (compatible; MSIE 7.0; Windows NT 5.1; .NET CLR 2.0.50727; .NET CLR 1.1.4322)" "www.autobutlerlifts.com"
84.16.251.245 - - [06/Jun/2008:16:33:41 -0700] "GET /_private/?N=A HTTP/1.0" 200 514 "-" "Mozilla/4.0 (compatible; MSIE 7.0; Windows NT 5.1; .NET CLR 2.0.50727; .NET CLR 1.1.4322)" "www.autobutlerlifts.com"
84.16.251.245 - - [06/Jun/2008:16:33:41 -0700] "GET /_private/?S=D HTTP/1.0" 200 514 "-" "Mozilla/4.0 (compatible; MSIE 7.0; Windows NT 5.1; .NET CLR 2.0.50727; .NET CLR 1.1.4322)" "www.autobutlerlifts.com"
84.16.251.245 - - [06/Jun/2008:16:33:41 -0700] "GET /tmp/?N=A HTTP/1.0" 200 504 "-" "Mozilla/4.0 (compatible; MSIE 7.0; Windows NT 5.1; .NET CLR 2.0.50727; .NET CLR 1.1.4322)" "www.autobutlerlifts.com"
66.249.72.71 - - [07/Jun/2008:01:07:29 -0700] "GET /robots.txt HTTP/1.1" 404 275 "-" "Mozilla/5.0 (compatible; Googlebot/2.1; +http://www.google.com/bot.html)" "www.autobutlerlifts.com"
66.249.72.71 - - [07/Jun/2008:01:07:29 -0700] "GET /tmp HTTP/1.1" 301 98 "-" "Mozilla/5.0 (compatible; Googlebot/2.1; +http://www.google.com/bot.html)" "www.autobutlerlifts.com"
66.249.72.71 - - [07/Jun/2008:01:07:30 -0700] "GET /tmp/ HTTP/1.1" 200 520 "-" "Mozilla/5.0 (compatible; Googlebot/2.1; +http://www.google.com/bot.html)" "www.autobutlerlifts.com"
74.6.18.250 - - [07/Jun/2008:02:21:59 -0700] "GET /robots.txt HTTP/1.0" 404 275 "-" "Mozilla/5.0 (compatible; Yahoo! Slurp; http://help.yahoo.com/help/us/ysearch/slurp)" "www.autobutlerlifts.com"
74.6.18.250 - - [07/Jun/2008:02:21:59 -0700] "GET /_private/ HTTP/1.0" 200 514 "-" "Mozilla/5.0 (compatible; Yahoo! Slurp; http://help.yahoo.com/help/us/ysearch/slurp)" "www.autobutlerlifts.com"
66.34.204.26 - - [07/Jun/2008:02:26:02 -0700] "GET / HTTP/1.1" 200 916 "http://www.keywordspy.com/keyword-research/autobutlerlifts.com" "Mozilla/4.0 (compatible; MSIE 7.0; Windows NT 5.1; Alexa Toolbar)" "autobutlerlifts.com"
66.34.204.26 - - [07/Jun/2008:02:26:02 -0700] "GET / HTTP/1.1" 200 916 "http://www.keywordspy.com/keyword-research/autobutlerlifts.com" "Mozilla/4.0 (compatible; MSIE 7.0; Windows NT 5.1; Alexa Toolbar)" "autobutlerlifts.com"
66.34.204.26 - - [07/Jun/2008:02:26:02 -0700] "GET / HTTP/1.1" 200 916 "http://www.keywordspy.com/keyword-research/autobutlerlifts.com" "Mozilla/4.0 (compatible; MSIE 7.0; Windows NT 5.1; Alexa Toolbar)" "autobutlerlifts.com"
78.109.164.20 - - [07/Jun/2008:03:53:40 -0700] "GET / HTTP/1.0" 200 900 "-" "Mozilla/4.0 (compatible; MSIE 7.0; Windows NT 5.1; .NET CLR 2.0.50727; .NET CLR 1.1.4322)" "www.autobutlerlifts.com"
78.109.164.20 - - [07/Jun/2008:03:53:40 -0700] "GET /?D=http%3A%2F%2Fwww.antwerpsupporter.be%2Fsoccerstats%2Fimages%2Fgumiseq%2Fnila%2F HTTP/1.0" 200 900 "-" "Mozilla/4.0 (compatible; MSIE 7.0; Windows NT 5.1; .NET CLR 2.0.50727; .NET CLR 1.1.4322)" "www.autobutlerlifts.com"
78.109.164.20 - - [07/Jun/2008:03:53:41 -0700] "GET /?D=http%3A%2F%2Fwww.heaven-house.kz%2Ftemplates_c%2Fomoj%2Fedexuq%2F HTTP/1.0" 200 900 "-" "Mozilla/4.0 (compatible; MSIE 7.0; Windows NT 5.1; .NET CLR 2.0.50727; .NET CLR 1.1.4322)" "www.autobutlerlifts.com"
78.109.164.20 - - [07/Jun/2008:03:53:41 -0700] "GET /?D=http%3A%2F%2Fwww.winbd.net%2Fadmin%2Fjist_code%2Fwowoz%2Fobowupu%2F HTTP/1.0" 200 900 "-" "Mozilla/4.0 (compatible; MSIE 7.0; Windows NT 5.1; .NET CLR 2.0.50727; .NET CLR 1.1.4322)" "www.autobutlerlifts.com"
78.109.164.20 - - [07/Jun/2008:03:53:41 -0700] "GET /?M=http%3A%2F%2Fwww.antwerpsupporter.be%2Fsoccerstats%2Fimages%2Fgumiseq%2Fnila%2F HTTP/1.0" 200 900 "-" "Mozilla/4.0 (compatible; MSIE 7.0; Windows NT 5.1; .NET CLR 2.0.50727; .NET CLR 1.1.4322)" "www.autobutlerlifts.com"
78.109.164.20 - - [07/Jun/2008:03:53:41 -0700] "GET /?M=http%3A%2F%2Fwww.psikolojikyardim.org%2Fetkinlik%2Finclude%2Feto%2Frix%2Fjas%2F HTTP/1.0" 200 900 "-" "Mozilla/4.0 (compatible; MSIE 7.0; Windows NT 5.1; .NET CLR 2.0.50727; .NET CLR 1.1.4322)" "www.autobutlerlifts.com"
78.109.164.20 - - [07/Jun/2008:03:53:41 -0700] "GET /?M=http%3A%2F%2Fwww.psikolojikyardim.org%2Fetkinlik%2Finclude%2Feto%2Frix%2Fjas%2F HTTP/1.0" 200 900 "-" "Mozilla/4.0 (compatible; MSIE 7.0; Windows NT 5.1; .NET CLR 2.0.50727; .NET CLR 1.1.4322)" "www.autobutlerlifts.com"
78.109.164.20 - - [07/Jun/2008:03:53:42 -0700] "GET /?S=http%3A%2F%2Fwww.winbd.net%2Fadmin%2Fjist_code%2Fwowoz%2Fobowupu%2F HTTP/1.0" 200 900 "-" "Mozilla/4.0 (compatible; MSIE 7.0; Windows NT 5.1; .NET CLR 2.0.50727; .NET CLR 1.1.4322)" "www.autobutlerlifts.com"
78.109.164.20 - - [07/Jun/2008:03:53:42 -0700] "GET /?S=http%3A%2F%2Fwww.thoseguysfilms.com%2Fforums%2Ftemplates%2FsubSilver%2Fimages%2Ftimuji%2Fjaborat%2F HTTP/1.0" 200 900 "-" "Mozilla/4.0 (compatible; MSIE 7.0; Windows NT 5.1; .NET CLR 2.0.50727; .NET CLR 1.1.4322)" "www.autobutlerlifts.com"
78.109.164.20 - - [07/Jun/2008:03:53:42 -0700] "GET /?S=http%3A%2F%2Fwww.tureksfuar.com.tr%2Fyeni%2Faxiyeba%2Ftebe%2F HTTP/1.0" 200 900 "-" "Mozilla/4.0 (compatible; MSIE 7.0; Windows NT 5.1; .NET CLR 2.0.50727; .NET CLR 1.1.4322)" "www.autobutlerlifts.com"
78.109.164.20 - - [07/Jun/2008:03:53:42 -0700] "GET /?N=http%3A%2F%2Fwww.boomerbible.com%2Finstapunk%2FMType%2Farchives%2Fajuq%2Favu%2F HTTP/1.0" 200 900 "-" "Mozilla/4.0 (compatible; MSIE 7.0; Windows NT 5.1; .NET CLR 2.0.50727; .NET CLR 1.1.4322)" "www.autobutlerlifts.com"
78.109.164.20 - - [07/Jun/2008:03:53:42 -0700] "GET /?N=http%3A%2F%2Fwww.blankner.ocps.net%2Fmedia%2Fyeloc%2Frepaw%2F HTTP/1.0" 200 900 "-" "Mozilla/4.0 (compatible; MSIE 7.0; Windows NT 5.1; .NET CLR 2.0.50727; .NET CLR 1.1.4322)" "www.autobutlerlifts.com"
78.109.164.20 - - [07/Jun/2008:03:53:43 -0700] "GET /?N=http%3A%2F%2Fwww.heaven-house.kz%2Ftemplates_c%2Fomoj%2Fedexuq%2F HTTP/1.0" 200 900 "-" "Mozilla/4.0 (compatible; MSIE 7.0; Windows NT 5.1; .NET CLR 2.0.50727; .NET CLR 1.1.4322)" "www.autobutlerlifts.com"
78.109.164.20 - - [07/Jun/2008:03:53:43 -0700] "GET /?D=A HTTP/1.0" 200 900 "-" "Mozilla/4.0 (compatible; MSIE 7.0; Windows NT 5.1; .NET CLR 2.0.50727; .NET CLR 1.1.4322)" "www.autobutlerlifts.com"
78.109.164.20 - - [07/Jun/2008:03:53:43 -0700] "GET /_private/ HTTP/1.0" 200 514 "-" "Mozilla/4.0 (compatible; MSIE 7.0; Windows NT 5.1; .NET CLR 2.0.50727; .NET CLR 1.1.4322)" "www.autobutlerlifts.com"
78.109.164.20 - - [07/Jun/2008:03:53:43 -0700] "GET /logs/ HTTP/1.0" 200 2358 "-" "Mozilla/4.0 (compatible; MSIE 7.0; Windows NT 5.1; .NET CLR 2.0.50727; .NET CLR 1.1.4322)" "www.autobutlerlifts.com"
78.109.164.20 - - [07/Jun/2008:03:53:43 -0700] "GET /?M=A HTTP/1.0" 200 900 "-" "Mozilla/4.0 (compatible; MSIE 7.0; Windows NT 5.1; .NET CLR 2.0.50727; .NET CLR 1.1.4322)" "www.autobutlerlifts.com"
78.109.164.20 - - [07/Jun/2008:03:53:44 -0700] "GET /?S=A HTTP/1.0" 200 900 "-" "Mozilla/4.0 (compatible; MSIE 7.0; Windows NT 5.1; .NET CLR 2.0.50727; .NET CLR 1.1.4322)" "www.autobutlerlifts.com"
78.109.164.20 - - [07/Jun/2008:03:53:44 -0700] "GET /tmp/ HTTP/1.0" 200 504 "-" "Mozilla/4.0 (compatible; MSIE 7.0; Windows NT 5.1; .NET CLR 2.0.50727; .NET CLR 1.1.4322)" "www.autobutlerlifts.com"
78.109.164.20 - - [07/Jun/2008:03:53:44 -0700] "GET /?N=D HTTP/1.0" 200 900 "-" "Mozilla/4.0 (compatible; MSIE 7.0; Windows NT 5.1; .NET CLR 2.0.50727; .NET CLR 1.1.4322)" "www.autobutlerlifts.com"
78.109.164.20 - - [07/Jun/2008:03:53:44 -0700] "GET /?N=A HTTP/1.0" 200 900 "-" "Mozilla/4.0 (compatible; MSIE 7.0; Windows NT 5.1; .NET CLR 2.0.50727; .NET CLR 1.1.4322)" "www.autobutlerlifts.com"
78.109.164.20 - - [07/Jun/2008:03:53:45 -0700] "GET /?D=D HTTP/1.0" 200 900 "-" "Mozilla/4.0 (compatible; MSIE 7.0; Windows NT 5.1; .NET CLR 2.0.50727; .NET CLR 1.1.4322)" "www.autobutlerlifts.com"
78.109.164.20 - - [07/Jun/2008:03:53:45 -0700] "GET /_private/?M=A HTTP/1.0" 200 514 "-" "Mozilla/4.0 (compatible; MSIE 7.0; Windows NT 5.1; .NET CLR 2.0.50727; .NET CLR 1.1.4322)" "www.autobutlerlifts.com"
78.109.164.20 - - [07/Jun/2008:03:53:45 -0700] "GET /_private/?D=A HTTP/1.0" 200 514 "-" "Mozilla/4.0 (compatible; MSIE 7.0; Windows NT 5.1; .NET CLR 2.0.50727; .NET CLR 1.1.4322)" "www.autobutlerlifts.com"
78.109.164.20 - - [07/Jun/2008:03:53:45 -0700] "GET /logs/access_071201.log HTTP/1.0" 200 171497 "-" "Mozilla/4.0 (compatible; MSIE 7.0; Windows NT 5.1; .NET CLR 2.0.50727; .NET CLR 1.1.4322)" "www.autobutlerlifts.com"
78.109.164.20 - - [07/Jun/2008:03:53:46 -0700] "GET /logs/access.log HTTP/1.0" 200 57836 "-" "Mozilla/4.0 (compatible; MSIE 7.0; Windows NT 5.1; .NET CLR 2.0.50727; .NET CLR 1.1.4322)" "www.autobutlerlifts.com"
78.109.164.20 - - [07/Jun/2008:03:53:46 -0700] "GET /?M=D HTTP/1.0" 200 900 "-" "Mozilla/4.0 (compatible; MSIE 7.0; Windows NT 5.1; .NET CLR 2.0.50727; .NET CLR 1.1.4322)" "www.autobutlerlifts.com"
78.109.164.20 - - [07/Jun/2008:03:53:47 -0700] "GET /?S=D HTTP/1.0" 200 900 "-" "Mozilla/4.0 (compatible; MSIE 7.0; Windows NT 5.1; .NET CLR 2.0.50727; .NET CLR 1.1.4322)" "www.autobutlerlifts.com"
78.109.164.20 - - [07/Jun/2008:03:53:47 -0700] "GET /tmp/?N=D HTTP/1.0" 200 504 "-" "Mozilla/4.0 (compatible; MSIE 7.0; Windows NT 5.1; .NET CLR 2.0.50727; .NET CLR 1.1.4322)" "www.autobutlerlifts.com"
78.109.164.20 - - [07/Jun/2008:03:53:47 -0700] "GET /tmp/?D=A HTTP/1.0" 200 504 "-" "Mozilla/4.0 (compatible; MSIE 7.0; Windows NT 5.1; .NET CLR 2.0.50727; .NET CLR 1.1.4322)" "www.autobutlerlifts.com"
78.109.164.20 - - [07/Jun/2008:03:53:47 -0700] "GET /_private/?N=A HTTP/1.0" 200 514 "-" "Mozilla/4.0 (compatible; MSIE 7.0; Windows NT 5.1; .NET CLR 2.0.50727; .NET CLR 1.1.4322)" "www.autobutlerlifts.com"
78.109.164.20 - - [07/Jun/2008:03:53:47 -0700] "GET /_private/?D=D HTTP/1.0" 200 514 "-" "Mozilla/4.0 (compatible; MSIE 7.0; Windows NT 5.1; .NET CLR 2.0.50727; .NET CLR 1.1.4322)" "www.autobutlerlifts.com"
78.109.164.20 - - [07/Jun/2008:03:53:48 -0700] "GET /tmp/?N=A HTTP/1.0" 200 504 "-" "Mozilla/4.0 (compatible; MSIE 7.0; Windows NT 5.1; .NET CLR 2.0.50727; .NET CLR 1.1.4322)" "www.autobutlerlifts.com"
78.109.164.20 - - [07/Jun/2008:03:53:48 -0700] "GET /tmp/?D=D HTTP/1.0" 200 504 "-" "Mozilla/4.0 (compatible; MSIE 7.0; Windows NT 5.1; .NET CLR 2.0.50727; .NET CLR 1.1.4322)" "www.autobutlerlifts.com"
64.1.215.164 - - [07/Jun/2008:05:55:40 -0700] "GET /robots.txt HTTP/1.0" 404 275 "-" "Mozilla/5.0 (Twiceler-0.9 http://www.cuill.com/twiceler/robot.html)" "autobutlerlifts.com"
208.80.193.54 - - [07/Jun/2008:08:53:01 -0700] "GET / HTTP/1.0" 200 900 "-" "Mozilla/4.0 (compatible; MSIE 6.0; Windows NT 5.1; SV1; SIMBAR={B029DADA-8275-47B7-993F-4A0819DFD09B})" "www.autobutlerlifts.com"
208.80.193.30 - - [07/Jun/2008:10:16:01 -0700] "GET / HTTP/1.0" 200 900 "-" "Mozilla/4.0 (compatible; MSIE 6.0; Windows NT 5.1; {E76DAF8F-196D-4A7C-AF55-A2249D82BA63}; .NET CLR 1.1.4322; ZangoToolbar 4.8.2)" "autobutlerlifts.com"
69.59.21.101 - - [07/Jun/2008:12:04:01 -0700] "GET / HTTP/1.0" 200 900 "-" "Mozilla/4.0 (compatible; MSIE 7.0; Windows NT 5.1; .NET CLR 2.0.50727; .NET CLR 1.1.4322)" "autobutlerlifts.com"
69.59.21.101 - - [07/Jun/2008:12:04:01 -0700] "GET /?N=http%3A%2F%2Fwww.stomol.ru%2Fcatalog%2Frivoz%2Fifewaf%2F HTTP/1.0" 200 900 "-" "Mozilla/4.0 (compatible; MSIE 7.0; Windows NT 5.1; .NET CLR 2.0.50727; .NET CLR 1.1.4322)" "autobutlerlifts.com"
69.59.21.101 - - [07/Jun/2008:12:04:01 -0700] "GET /?N=http%3A%2F%2Fwww.math.science.cmu.ac.th%2Flms%2Fmoodledata%2F2%2Fmoddata%2Fforum%2Fvata%2Fkewa%2F HTTP/1.0" 200 900 "-" "Mozilla/4.0 (compatible; MSIE 7.0; Windows NT 5.1; .NET CLR 2.0.50727; .NET CLR 1.1.4322)" "autobutlerlifts.com"
69.59.21.101 - - [07/Jun/2008:12:04:01 -0700] "GET /?N=http%3A%2F%2Fwww.sibstro.ru%2Fdom%2Fdomimg%2Fpife%2Fegemo%2F HTTP/1.0" 200 900 "-" "Mozilla/4.0 (compatible; MSIE 7.0; Windows NT 5.1; .NET CLR 2.0.50727; .NET CLR 1.1.4322)" "autobutlerlifts.com"
69.59.21.101 - - [07/Jun/2008:12:04:01 -0700] "GET /?M=http%3A%2F%2Fwww.uxbridgerotary.org%2Fsurvey%2Ftmp%2Fisefa%2Fnowu%2Fyocav%2F HTTP/1.0" 200 900 "-" "Mozilla/4.0 (compatible; MSIE 7.0; Windows NT 5.1; .NET CLR 2.0.50727; .NET CLR 1.1.4322)" "autobutlerlifts.com"
69.59.21.101 - - [07/Jun/2008:12:04:01 -0700] "GET /?M=http%3A%2F%2Fwww.heaven-house.kz%2Ftemplates_c%2Fomoj%2Fedexuq%2F HTTP/1.0" 200 900 "-" "Mozilla/4.0 (compatible; MSIE 7.0; Windows NT 5.1; .NET CLR 2.0.50727; .NET CLR 1.1.4322)" "autobutlerlifts.com"
69.59.21.101 - - [07/Jun/2008:12:04:01 -0700] "GET /?M=http%3A%2F%2Fwww.heaven-house.kz%2Ftemplates_c%2Fomoj%2Fedexuq%2F HTTP/1.0" 200 900 "-" "Mozilla/4.0 (compatible; MSIE 7.0; Windows NT 5.1; .NET CLR 2.0.50727; .NET CLR 1.1.4322)" "autobutlerlifts.com"
69.59.21.101 - - [07/Jun/2008:12:04:02 -0700] "GET /?D=http%3A%2F%2Fwww.boomerbible.com%2Finstapunk%2FMType%2Farchives%2Fajuq%2Favu%2F HTTP/1.0" 200 900 "-" "Mozilla/4.0 (compatible; MSIE 7.0; Windows NT 5.1; .NET CLR 2.0.50727; .NET CLR 1.1.4322)" "autobutlerlifts.com"
69.59.21.101 - - [07/Jun/2008:12:04:02 -0700] "GET /?D=http%3A%2F%2Fwww.qubestunes.com%2Ftreytest%2F1%2Fadoyuru%2Falameja%2F HTTP/1.0" 200 900 "-" "Mozilla/4.0 (compatible; MSIE 7.0; Windows NT 5.1; .NET CLR 2.0.50727; .NET CLR 1.1.4322)" "autobutlerlifts.com"
69.59.21.101 - - [07/Jun/2008:12:04:02 -0700] "GET /?D=http%3A%2F%2Fwww.filter-international.com%2Fwebservice%2Faro%2Fpefosi%2F HTTP/1.0" 200 900 "-" "Mozilla/4.0 (compatible; MSIE 7.0; Windows NT 5.1; .NET CLR 2.0.50727; .NET CLR 1.1.4322)" "autobutlerlifts.com"
69.59.21.101 - - [07/Jun/2008:12:04:02 -0700] "GET /?S=http%3A%2F%2Fwww.polarflug.de%2Fsources%2Fsinokof%2Fcopaxan%2F HTTP/1.0" 200 900 "-" "Mozilla/4.0 (compatible; MSIE 7.0; Windows NT 5.1; .NET CLR 2.0.50727; .NET CLR 1.1.4322)" "autobutlerlifts.com"
69.59.21.101 - - [07/Jun/2008:12:04:02 -0700] "GET /?S=http%3A%2F%2Fkamini.biz%2Fa%2Fonodin%2Fbb%2Faqileka%2Fseleyuy%2F HTTP/1.0" 200 900 "-" "Mozilla/4.0 (compatible; MSIE 7.0; Windows NT 5.1; .NET CLR 2.0.50727; .NET CLR 1.1.4322)" "autobutlerlifts.com"
69.59.21.101 - - [07/Jun/2008:12:04:02 -0700] "GET /?S=http%3A%2F%2Fwww.bowlaw.com%2Fpractice_areas%2Fogi%2Fiteyu%2F HTTP/1.0" 200 900 "-" "Mozilla/4.0 (compatible; MSIE 7.0; Windows NT 5.1; .NET CLR 2.0.50727; .NET CLR 1.1.4322)" "autobutlerlifts.com"
69.59.21.101 - - [07/Jun/2008:12:04:02 -0700] "GET /?N=D HTTP/1.0" 200 900 "-" "Mozilla/4.0 (compatible; MSIE 7.0; Windows NT 5.1; .NET CLR 2.0.50727; .NET CLR 1.1.4322)" "autobutlerlifts.com"
69.59.21.101 - - [07/Jun/2008:12:04:02 -0700] "GET /tmp/ HTTP/1.0" 200 504 "-" "Mozilla/4.0 (compatible; MSIE 7.0; Windows NT 5.1; .NET CLR 2.0.50727; .NET CLR 1.1.4322)" "autobutlerlifts.com"
69.59.21.101 - - [07/Jun/2008:12:04:02 -0700] "GET /?M=A HTTP/1.0" 200 900 "-" "Mozilla/4.0 (compatible; MSIE 7.0; Windows NT 5.1; .NET CLR 2.0.50727; .NET CLR 1.1.4322)" "autobutlerlifts.com"
69.59.21.101 - - [07/Jun/2008:12:04:02 -0700] "GET /_private/ HTTP/1.0" 200 514 "-" "Mozilla/4.0 (compatible; MSIE 7.0; Windows NT 5.1; .NET CLR 2.0.50727; .NET CLR 1.1.4322)" "autobutlerlifts.com"
69.59.21.101 - - [07/Jun/2008:12:04:02 -0700] "GET /logs/ HTTP/1.0" 200 2358 "-" "Mozilla/4.0 (compatible; MSIE 7.0; Windows NT 5.1; .NET CLR 2.0.50727; .NET CLR 1.1.4322)" "autobutlerlifts.com"
69.59.21.101 - - [07/Jun/2008:12:04:02 -0700] "GET /?D=A HTTP/1.0" 200 900 "-" "Mozilla/4.0 (compatible; MSIE 7.0; Windows NT 5.1; .NET CLR 2.0.50727; .NET CLR 1.1.4322)" "autobutlerlifts.com"
69.59.21.101 - - [07/Jun/2008:12:04:02 -0700] "GET /?S=A HTTP/1.0" 200 900 "-" "Mozilla/4.0 (compatible; MSIE 7.0; Windows NT 5.1; .NET CLR 2.0.50727; .NET CLR 1.1.4322)" "autobutlerlifts.com"
69.59.21.101 - - [07/Jun/2008:12:04:03 -0700] "GET /?N=A HTTP/1.0" 200 900 "-" "Mozilla/4.0 (compatible; MSIE 7.0; Windows NT 5.1; .NET CLR 2.0.50727; .NET CLR 1.1.4322)" "autobutlerlifts.com"
69.59.21.101 - - [07/Jun/2008:12:04:03 -0700] "GET /tmp/?N=D HTTP/1.0" 200 504 "-" "Mozilla/4.0 (compatible; MSIE 7.0; Windows NT 5.1; .NET CLR 2.0.50727; .NET CLR 1.1.4322)" "autobutlerlifts.com"
69.59.21.101 - - [07/Jun/2008:12:04:03 -0700] "GET /tmp/?M=A HTTP/1.0" 200 504 "-" "Mozilla/4.0 (compatible; MSIE 7.0; Windows NT 5.1; .NET CLR 2.0.50727; .NET CLR 1.1.4322)" "autobutlerlifts.com"
69.59.21.101 - - [07/Jun/2008:12:04:03 -0700] "GET /?M=D HTTP/1.0" 200 900 "-" "Mozilla/4.0 (compatible; MSIE 7.0; Windows NT 5.1; .NET CLR 2.0.50727; .NET CLR 1.1.4322)" "autobutlerlifts.com"
69.59.21.101 - - [07/Jun/2008:12:04:03 -0700] "GET /_private/?D=A HTTP/1.0" 200 514 "-" "Mozilla/4.0 (compatible; MSIE 7.0; Windows NT 5.1; .NET CLR 2.0.50727; .NET CLR 1.1.4322)" "autobutlerlifts.com"
69.59.21.101 - - [07/Jun/2008:12:04:03 -0700] "GET /_private/?S=A HTTP/1.0" 200 514 "-" "Mozilla/4.0 (compatible; MSIE 7.0; Windows NT 5.1; .NET CLR 2.0.50727; .NET CLR 1.1.4322)" "autobutlerlifts.com"
69.59.21.101 - - [07/Jun/2008:12:04:03 -0700] "GET /logs/?M=A HTTP/1.0" 200 2358 "-" "Mozilla/4.0 (compatible; MSIE 7.0; Windows NT 5.1; .NET CLR 2.0.50727; .NET CLR 1.1.4322)" "autobutlerlifts.com"
69.59.21.101 - - [07/Jun/2008:12:04:03 -0700] "GET /logs/access_071231.log HTTP/1.0" 200 165946 "-" "Mozilla/4.0 (compatible; MSIE 7.0; Windows NT 5.1; .NET CLR 2.0.50727; .NET CLR 1.1.4322)" "autobutlerlifts.com"
69.59.21.101 - - [07/Jun/2008:12:04:03 -0700] "GET /?D=D HTTP/1.0" 200 900 "-" "Mozilla/4.0 (compatible; MSIE 7.0; Windows NT 5.1; .NET CLR 2.0.50727; .NET CLR 1.1.4322)" "autobutlerlifts.com"
69.59.21.101 - - [07/Jun/2008:12:04:03 -0700] "GET /?S=D HTTP/1.0" 200 900 "-" "Mozilla/4.0 (compatible; MSIE 7.0; Windows NT 5.1; .NET CLR 2.0.50727; .NET CLR 1.1.4322)" "autobutlerlifts.com"
69.59.21.101 - - [07/Jun/2008:12:04:04 -0700] "GET /tmp/?N=A HTTP/1.0" 200 504 "-" "Mozilla/4.0 (compatible; MSIE 7.0; Windows NT 5.1; .NET CLR 2.0.50727; .NET CLR 1.1.4322)" "autobutlerlifts.com"
69.59.21.101 - - [07/Jun/2008:12:04:04 -0700] "GET /tmp/?M=D HTTP/1.0" 200 504 "-" "Mozilla/4.0 (compatible; MSIE 7.0; Windows NT 5.1; .NET CLR 2.0.50727; .NET CLR 1.1.4322)" "autobutlerlifts.com"
69.59.21.101 - - [07/Jun/2008:12:04:04 -0700] "GET /_private/?D=D HTTP/1.0" 200 514 "-" "Mozilla/4.0 (compatible; MSIE 7.0; Windows NT 5.1; .NET CLR 2.0.50727; .NET CLR 1.1.4322)" "autobutlerlifts.com"
69.59.21.101 - - [07/Jun/2008:12:04:04 -0700] "GET /_private/?S=D HTTP/1.0" 200 514 "-" "Mozilla/4.0 (compatible; MSIE 7.0; Windows NT 5.1; .NET CLR 2.0.50727; .NET CLR 1.1.4322)" "autobutlerlifts.com"
69.59.21.101 - - [07/Jun/2008:12:04:04 -0700] "GET /logs/?M=D HTTP/1.0" 200 2358 "-" "Mozilla/4.0 (compatible; MSIE 7.0; Windows NT 5.1; .NET CLR 2.0.50727; .NET CLR 1.1.4322)" "autobutlerlifts.com"
74.6.18.232 - - [07/Jun/2008:13:44:40 -0700] "GET /robots.txt HTTP/1.0" 404 275 "-" "Mozilla/5.0 (compatible; Yahoo! Slurp; http://help.yahoo.com/help/us/ysearch/slurp)" "autobutlerlifts.com"
74.6.18.232 - - [07/Jun/2008:13:44:40 -0700] "GET /?M=A HTTP/1.0" 200 900 "-" "Mozilla/5.0 (compatible; Yahoo! Slurp; http://help.yahoo.com/help/us/ysearch/slurp)" "autobutlerlifts.com"
89.159.200.63 - - [07/Jun/2008:15:31:50 -0700] "GET /logs/access.log HTTP/1.0" 200 69029 "-" "Lynx/2.8.6rel.5 libwww-FM/2.14 SSL-MM/1.4.1 OpenSSL/0.9.8e" "www.autobutlerlifts.com"
67.195.37.94 - - [07/Jun/2008:15:49:09 -0700] "GET /robots.txt HTTP/1.0" 404 275 "-" "Mozilla/5.0 (compatible; Yahoo! Slurp; http://help.yahoo.com/help/us/ysearch/slurp)" "www.autobutlerlifts.com"
67.195.37.94 - - [07/Jun/2008:15:49:22 -0700] "GET /tmp/?D=A HTTP/1.0" 200 504 "-" "Mozilla/5.0 (compatible; Yahoo! Slurp/3.0; http://help.yahoo.com/help/us/ysearch/slurp)" "www.autobutlerlifts.com"
66.249.72.71 - - [07/Jun/2008:22:26:02 -0700] "GET /robots.txt HTTP/1.1" 404 275 "-" "Mozilla/5.0 (compatible; Googlebot/2.1; +http://www.google.com/bot.html)" "www.autobutlerlifts.com"
66.249.72.71 - - [07/Jun/2008:22:26:02 -0700] "GET /tmp HTTP/1.1" 301 98 "-" "Mozilla/5.0 (compatible; Googlebot/2.1; +http://www.google.com/bot.html)" "www.autobutlerlifts.com"
66.249.72.71 - - [07/Jun/2008:22:26:02 -0700] "GET /tmp/ HTTP/1.1" 200 520 "-" "Mozilla/5.0 (compatible; Googlebot/2.1; +http://www.google.com/bot.html)" "www.autobutlerlifts.com"
66.249.72.71 - - [08/Jun/2008:01:36:15 -0700] "GET /logs/ HTTP/1.1" 200 2374 "-" "Mozilla/5.0 (compatible; Googlebot/2.1; +http://www.google.com/bot.html)" "www.autobutlerlifts.com"
129.241.50.34 - - [08/Jun/2008:02:45:06 -0700] "GET /car-lifts.html HTTP/1.1" 404 275 "-" "boitho.com-dc/0.86 ( http://www.boitho.com/dcbot.html )" "www.autobutlerlifts.com"
66.249.72.71 - - [08/Jun/2008:04:06:22 -0700] "GET /logs/access_080531.log HTTP/1.1" 200 183060 "-" "Mozilla/5.0 (compatible; Googlebot/2.1; +http://www.google.com/bot.html)" "www.autobutlerlifts.com"
66.249.72.71 - - [08/Jun/2008:06:31:02 -0700] "GET / HTTP/1.1" 200 916 "-" "Mozilla/5.0 (compatible; Googlebot/2.1; +http://www.google.com/bot.html)" "www.autobutlerlifts.com"
129.241.50.33 - - [08/Jun/2008:08:33:08 -0700] "GET /auto-Lifts-Accessories.html HTTP/1.1" 404 275 "-" "boitho.com-dc/0.86 ( http://www.boitho.com/dcbot.html )" "www.autobutlerlifts.com"
74.33.8.214 - - [08/Jun/2008:09:42:52 -0700] "GET / HTTP/1.1" 200 916 "http://www.bigalslist.com/vendors/tools.htm" "Mozilla/4.0 (compatible; MSIE 7.0; Windows NT 5.1; .NET CLR 1.0.3705; .NET CLR 1.1.4322; Media Center PC 4.0; .NET CLR 3.0.04506.30; .NET CLR 2.0.50727; .NET CLR 3.0.04506.648)" "www.autobutlerlifts.com"
74.33.8.214 - - [08/Jun/2008:09:42:53 -0700] "GET /favicon.ico HTTP/1.1" 404 275 "-" "Mozilla/4.0 (compatible; MSIE 7.0; Windows NT 5.1; .NET CLR 1.0.3705; .NET CLR 1.1.4322; Media Center PC 4.0; .NET CLR 3.0.04506.30; .NET CLR 2.0.50727; .NET CLR 3.0.04506.648)" "www.autobutlerlifts.com"
74.33.8.214 - - [08/Jun/2008:09:42:53 -0700] "GET /favicon.ico HTTP/1.1" 404 275 "-" "Mozilla/5.0 (compatible; Google Desktop)" "www.autobutlerlifts.com"
208.80.193.47 - - [08/Jun/2008:10:39:40 -0700] "GET / HTTP/1.0" 200 900 "-" "Mozilla/4.0 (compatible; MSIE 6.0; Windows NT 5.1; {5042952F-7961-D060-D2AD-8D35872D4837})" "www.autobutlerlifts.com"
64.1.215.164 - - [08/Jun/2008:11:19:13 -0700] "GET /robots.txt HTTP/1.0" 404 275 "-" "Mozilla/5.0 (Twiceler-0.9 http://www.cuill.com/twiceler/robot.html)" "autobutlerlifts.com"
208.80.193.37 - - [08/Jun/2008:12:16:28 -0700] "GET / HTTP/1.0" 200 900 "-" "Mozilla/4.0 (compatible; MSIE 7.0; Windows NT 5.1; BTOW; .NET CLR 2.0.50727; IEMB3; IEMB3)" "autobutlerlifts.com"
129.241.50.34 - "" [08/Jun/2008:13:27:16 -0700] "GET /auto-lift-brochure-request.html HTTP/1.1" 404 275 "-" "boitho.com-dc/0.86 ( http://www.boitho.com/dcbot.html )" "www.autobutlerlifts.com"
89.159.200.63 - - [08/Jun/2008:15:22:00 -0700] "GET /logs/access.log HTTP/1.0" 200 72589 "-" "Lynx/2.8.6rel.5 libwww-FM/2.14 SSL-MM/1.4.1 OpenSSL/0.9.8e" "www.autobutlerlifts.com"
74.6.18.250 - - [08/Jun/2008:15:38:05 -0700] "GET /robots.txt HTTP/1.0" 404 275 "-" "Mozilla/5.0 (compatible; Yahoo! Slurp; http://help.yahoo.com/help/us/ysearch/slurp)" "www.autobutlerlifts.com"
74.6.18.250 - - [08/Jun/2008:15:38:06 -0700] "GET /?M=D HTTP/1.0" 200 900 "-" "Mozilla/5.0 (compatible; Yahoo! Slurp; http://help.yahoo.com/help/us/ysearch/slurp)" "www.autobutlerlifts.com"
129.241.50.35 - "" [08/Jun/2008:16:58:40 -0700] "GET /free-standing-lift.html HTTP/1.1" 404 275 "-" "boitho.com-dc/0.86 ( http://www.boitho.com/dcbot.html )" "www.autobutlerlifts.com"
66.249.66.242 - - [08/Jun/2008:23:40:53 -0700] "GET /robots.txt HTTP/1.1" 404 275 "-" "Mozilla/5.0 (compatible; Googlebot/2.1; +http://www.google.com/bot.html)" "www.autobutlerlifts.com"
66.249.66.242 - - [08/Jun/2008:23:40:53 -0700] "GET /tmp HTTP/1.1" 301 98 "-" "Mozilla/5.0 (compatible; Googlebot/2.1; +http://www.google.com/bot.html)" "www.autobutlerlifts.com"
66.249.66.242 - - [08/Jun/2008:23:40:55 -0700] "GET /tmp/ HTTP/1.1" 200 520 "-" "Mozilla/5.0 (compatible; Googlebot/2.1; +http://www.google.com/bot.html)" "www.autobutlerlifts.com"
66.249.66.242 - - [09/Jun/2008:01:17:41 -0700] "GET / HTTP/1.1" 200 916 "-" "Mozilla/5.0 (compatible; Googlebot/2.1; +http://www.google.com/bot.html)" "www.autobutlerlifts.com"
134.155.241.28 - - [09/Jun/2008:04:33:40 -0700] "GET /logs/access_070701.log HTTP/1.1" 200 22361 "-" "Mozilla/4.0 (compatible; MSIE 7.0; Windows NT 5.1; Avant Browser; .NET CLR 2.0.50727; .NET CLR 3.0.04506.30; .NET CLR 1.1.4322)" "www.autobutlerlifts.com"
216.158.1.198 - - [09/Jun/2008:09:38:52 -0700] "GET /robots.txt HTTP/1.0" 404 275 "-" "bot/1.0 (bot; http://; bot@bot.bot)" "autobutlerlifts.com"
216.158.1.198 - - [09/Jun/2008:09:38:52 -0700] "GET / HTTP/1.0" 200 900 "-" "bot/1.0 (bot; http://; bot@bot.bot)" "autobutlerlifts.com"
74.6.18.250 - - [09/Jun/2008:11:08:46 -0700] "GET /robots.txt HTTP/1.0" 404 275 "-" "Mozilla/5.0 (compatible; Yahoo! Slurp; http://help.yahoo.com/help/us/ysearch/slurp)" "www.autobutlerlifts.com"
74.6.18.250 - - [09/Jun/2008:11:08:47 -0700] "GET / HTTP/1.0" 200 900 "-" "Mozilla/5.0 (compatible; Yahoo! Slurp; http://help.yahoo.com/help/us/ysearch/slurp)" "www.autobutlerlifts.com"
74.6.18.232 - - [09/Jun/2008:14:50:59 -0700] "GET /robots.txt HTTP/1.0" 404 275 "-" "Mozilla/5.0 (compatible; Yahoo! Slurp; http://help.yahoo.com/help/us/ysearch/slurp)" "autobutlerlifts.com"
74.6.18.232 - - [09/Jun/2008:14:50:59 -0700] "GET /tmp/?N=A HTTP/1.0" 200 504 "-" "Mozilla/5.0 (compatible; Yahoo! Slurp; http://help.yahoo.com/help/us/ysearch/slurp)" "autobutlerlifts.com"
89.159.200.63 - - [09/Jun/2008:15:27:11 -0700] "GET /logs/access.log HTTP/1.0" 200 75366 "-" "Lynx/2.8.6rel.5 libwww-FM/2.14 SSL-MM/1.4.1 OpenSSL/0.9.8e" "www.autobutlerlifts.com"
70.255.174.246 - - [09/Jun/2008:16:04:31 -0700] "GET /logs/ HTTP/1.0" 200 2358 "-" "Wget/1.5.3.1" "autobutlerlifts.com"
208.80.193.54 - - [09/Jun/2008:20:35:30 -0700] "GET / HTTP/1.0" 200 900 "-" "Mozilla/4.0 (compatible; MSIE 7.0; Windows NT 5.1; YPC 3.2.0; .NET CLR 1.0.3705; .NET CLR 1.1.4322; Media Center PC 4.0; .NET CLR 2.0.50727; .NET CLR 3.0.04506.30; yplus 5.1.04b)" "www.autobutlerlifts.com"
208.80.193.30 - - [09/Jun/2008:22:09:22 -0700] "GET / HTTP/1.0" 200 900 "-" "Mozilla/4.0 (compatible; MSIE 6.0; Windows NT 5.1; SV1; .NET CLR 1.1.4322; InfoPath.1; SpamBlockerUtility 4.8.0)" "autobutlerlifts.com"
74.6.8.113 - - [10/Jun/2008:00:50:57 -0700] "GET /robots.txt HTTP/1.0" 404 275 "-" "Mozilla/5.0 (compatible; Yahoo! Slurp; http://help.yahoo.com/help/us/ysearch/slurp)" "autobutlerlifts.com"
74.6.8.113 - - [10/Jun/2008:00:50:57 -0700] "GET /tmp/?S=A HTTP/1.0" 200 504 "-" "Mozilla/5.0 (compatible; Yahoo! Slurp; http://help.yahoo.com/help/us/ysearch/slurp)" "autobutlerlifts.com"
74.6.8.113 - - [10/Jun/2008:01:13:22 -0700] "GET / HTTP/1.0" 200 900 "-" "Mozilla/5.0 (compatible; Yahoo! Slurp; http://help.yahoo.com/help/us/ysearch/slurp)" "autobutlerlifts.com"
66.249.66.242 - - [10/Jun/2008:04:29:30 -0700] "GET /robots.txt HTTP/1.1" 404 275 "-" "Mozilla/5.0 (compatible; Googlebot/2.1; +http://www.google.com/bot.html)" "www.autobutlerlifts.com"
66.249.66.242 - - [10/Jun/2008:04:29:30 -0700] "GET /logs/access.log HTTP/1.1" 200 76723 "-" "Mozilla/5.0 (compatible; Googlebot/2.1; +http://www.google.com/bot.html)" "www.autobutlerlifts.com"
74.6.8.113 - - [10/Jun/2008:04:33:05 -0700] "GET /?D=A HTTP/1.0" 200 900 "-" "Mozilla/5.0 (compatible; Yahoo! Slurp; http://help.yahoo.com/help/us/ysearch/slurp)" "autobutlerlifts.com"
74.6.18.250 - - [10/Jun/2008:04:58:03 -0700] "GET /robots.txt HTTP/1.0" 404 275 "-" "Mozilla/5.0 (compatible; Yahoo! Slurp; http://help.yahoo.com/help/us/ysearch/slurp)" "www.autobutlerlifts.com"
74.6.18.250 - - [10/Jun/2008:04:58:04 -0700] "GET /_private/?S=A HTTP/1.0" 200 514 "-" "Mozilla/5.0 (compatible; Yahoo! Slurp; http://help.yahoo.com/help/us/ysearch/slurp)" "www.autobutlerlifts.com"
66.249.66.242 - - [10/Jun/2008:06:18:16 -0700] "GET /tmp HTTP/1.1" 301 98 "-" "Mozilla/5.0 (compatible; Googlebot/2.1; +http://www.google.com/bot.html)" "www.autobutlerlifts.com"
66.249.66.242 - - [10/Jun/2008:06:18:16 -0700] "GET /tmp/ HTTP/1.1" 200 520 "-" "Mozilla/5.0 (compatible; Googlebot/2.1; +http://www.google.com/bot.html)" "www.autobutlerlifts.com"
74.6.18.250 - - [10/Jun/2008:08:08:18 -0700] "GET /logs/?S=D HTTP/1.0" 200 2358 "-" "Mozilla/5.0 (compatible; Yahoo! Slurp; http://help.yahoo.com/help/us/ysearch/slurp)" "www.autobutlerlifts.com"
74.6.22.92 - - [10/Jun/2008:12:24:15 -0700] "GET /robots.txt HTTP/1.0" 404 275 "-" "Mozilla/5.0 (compatible; Yahoo! Slurp; http://help.yahoo.com/help/us/ysearch/slurp)" "autobutlerlifts.com"
74.6.22.92 - - [10/Jun/2008:12:24:15 -0700] "GET /?S=A HTTP/1.0" 200 900 "-" "Mozilla/5.0 (compatible; Yahoo! Slurp; http://help.yahoo.com/help/us/ysearch/slurp)" "autobutlerlifts.com"
74.6.18.250 - - [10/Jun/2008:12:29:08 -0700] "GET /robots.txt HTTP/1.0" 404 275 "-" "Mozilla/5.0 (compatible; Yahoo! Slurp; http://help.yahoo.com/help/us/ysearch/slurp)" "www.autobutlerlifts.com"
74.6.18.250 - - [10/Jun/2008:12:29:08 -0700] "GET /_private/?D=A HTTP/1.0" 200 514 "-" "Mozilla/5.0 (compatible; Yahoo! Slurp; http://help.yahoo.com/help/us/ysearch/slurp)" "www.autobutlerlifts.com"
74.6.18.250 - - [10/Jun/2008:13:45:00 -0700] "GET /?N=D HTTP/1.0" 200 900 "-" "Mozilla/5.0 (compatible; Yahoo! Slurp; http://help.yahoo.com/help/us/ysearch/slurp)" "www.autobutlerlifts.com"
64.1.215.164 - - [10/Jun/2008:14:02:22 -0700] "GET /robots.txt HTTP/1.0" 404 275 "-" "Mozilla/5.0 (Twiceler-0.9 http://www.cuill.com/twiceler/robot.html)" "autobutlerlifts.com"
74.52.245.146 - - [10/Jun/2008:15:04:06 -0700] "GET / HTTP/1.0" 200 900 "-" "Mozilla/5.0 (X11; U; Linux i686; en-US; rv:1.7.5) Gecko/20041107 Firefox/1.0" "www.autobutlerlifts.com"
74.6.22.92 - - [10/Jun/2008:15:16:04 -0700] "GET /robots.txt HTTP/1.0" 404 275 "-" "Mozilla/5.0 (compatible; Yahoo! Slurp; http://help.yahoo.com/help/us/ysearch/slurp)" "autobutlerlifts.com"
74.6.22.92 - - [10/Jun/2008:15:16:04 -0700] "GET /logs/access_071001.log HTTP/1.0" 200 150673 "-" "Mozilla/5.0 (compatible; Yahoo! Slurp; http://help.yahoo.com/help/us/ysearch/slurp)" "autobutlerlifts.com"
89.159.200.63 - - [10/Jun/2008:15:36:42 -0700] "GET /logs/access.log HTTP/1.0" 200 79956 "-" "Lynx/2.8.6rel.5 libwww-FM/2.14 SSL-MM/1.4.1 OpenSSL/0.9.8e" "www.autobutlerlifts.com"
70.238.66.172 - - [10/Jun/2008:16:03:48 -0700] "GET /logs/ HTTP/1.0" 200 2358 "-" "Wget/1.5.3.1" "autobutlerlifts.com"
74.6.18.250 - - [10/Jun/2008:17:52:29 -0700] "GET /_private/?M=A HTTP/1.0" 200 514 "-" "Mozilla/5.0 (compatible; Yahoo! Slurp; http://help.yahoo.com/help/us/ysearch/slurp)" "www.autobutlerlifts.com"
74.227.68.71 - - [10/Jun/2008:22:34:00 -0700] "GET /logs/access_070701.log HTTP/1.1" 200 22361 "http://www.google.com/search?source=ig&hl=en&rlz=1G1GGLQ_ENUS264&q=152.163.101.8&btnG=Google+Search" "Mozilla/4.0 (compatible; MSIE 6.0; Windows NT 5.1; SV1; FunWebProducts; .NET CLR 1.0.3705; .NET CLR 1.1.4322; Media Center PC 4.0; SpamBlockerUtility 4.8.4)" "www.autobutlerlifts.com"
74.6.22.92 - - [11/Jun/2008:00:16:43 -0700] "GET /_private/ HTTP/1.0" 200 514 "-" "Mozilla/5.0 (compatible; Yahoo! Slurp; http://help.yahoo.com/help/us/ysearch/slurp)" "autobutlerlifts.com"
74.6.18.250 - - [11/Jun/2008:00:44:38 -0700] "GET /robots.txt HTTP/1.0" 404 275 "-" "Mozilla/5.0 (compatible; Yahoo! Slurp; http://help.yahoo.com/help/us/ysearch/slurp)" "www.autobutlerlifts.com"
74.6.18.250 - - [11/Jun/2008:00:44:39 -0700] "GET /tmp/ HTTP/1.0" 200 504 "-" "Mozilla/5.0 (compatible; Yahoo! Slurp; http://help.yahoo.com/help/us/ysearch/slurp)" "www.autobutlerlifts.com"
74.6.18.250 - - [11/Jun/2008:00:49:57 -0700] "GET /tmp/?M=A HTTP/1.0" 200 504 "-" "Mozilla/5.0 (compatible; Yahoo! Slurp; http://help.yahoo.com/help/us/ysearch/slurp)" "www.autobutlerlifts.com"
66.249.66.242 - - [11/Jun/2008:03:19:42 -0700] "GET /robots.txt HTTP/1.1" 404 275 "-" "Mozilla/5.0 (compatible; Googlebot/2.1; +http://www.google.com/bot.html)" "www.autobutlerlifts.com"
66.249.66.242 - - [11/Jun/2008:03:19:42 -0700] "GET /tmp HTTP/1.1" 301 98 "-" "Mozilla/5.0 (compatible; Googlebot/2.1; +http://www.google.com/bot.html)" "www.autobutlerlifts.com"
66.249.66.242 - - [11/Jun/2008:03:19:42 -0700] "GET /tmp/ HTTP/1.1" 200 520 "-" "Mozilla/5.0 (compatible; Googlebot/2.1; +http://www.google.com/bot.html)" "www.autobutlerlifts.com"
67.195.37.94 - - [11/Jun/2008:03:34:32 -0700] "GET /robots.txt HTTP/1.0" 404 275 "-" "Mozilla/5.0 (compatible; Yahoo! Slurp; http://help.yahoo.com/help/us/ysearch/slurp)" "www.autobutlerlifts.com"
67.195.37.94 - - [11/Jun/2008:03:34:36 -0700] "GET / HTTP/1.0" 200 900 "-" "Mozilla/5.0 (compatible; Yahoo! Slurp/3.0; http://help.yahoo.com/help/us/ysearch/slurp)" "www.autobutlerlifts.com"
67.195.37.94 - - [11/Jun/2008:03:41:50 -0700] "GET /?S=A HTTP/1.0" 200 900 "-" "Mozilla/5.0 (compatible; Yahoo! Slurp/3.0; http://help.yahoo.com/help/us/ysearch/slurp)" "www.autobutlerlifts.com"
67.195.37.94 - - [11/Jun/2008:04:44:46 -0700] "GET /?D=A HTTP/1.0" 200 900 "-" "Mozilla/5.0 (compatible; Yahoo! Slurp/3.0; http://help.yahoo.com/help/us/ysearch/slurp)" "www.autobutlerlifts.com"
67.195.37.94 - - [11/Jun/2008:04:47:50 -0700] "GET /?N=D HTTP/1.0" 200 900 "-" "Mozilla/5.0 (compatible; Yahoo! Slurp/3.0; http://help.yahoo.com/help/us/ysearch/slurp)" "www.autobutlerlifts.com"
66.249.66.242 - - [11/Jun/2008:07:54:12 -0700] "GET / HTTP/1.1" 200 916 "-" "Mozilla/5.0 (compatible; Googlebot/2.1; +http://www.google.com/bot.html)" "www.autobutlerlifts.com"
74.6.22.92 - - [11/Jun/2008:08:59:44 -0700] "GET /robots.txt HTTP/1.0" 404 275 "-" "Mozilla/5.0 (compatible; Yahoo! Slurp; http://help.yahoo.com/help/us/ysearch/slurp)" "autobutlerlifts.com"
74.6.22.92 - - [11/Jun/2008:08:59:44 -0700] "GET /logs/ HTTP/1.0" 200 2358 "-" "Mozilla/5.0 (compatible; Yahoo! Slurp; http://help.yahoo.com/help/us/ysearch/slurp)" "autobutlerlifts.com"
84.120.77.145 - - [11/Jun/2008:09:34:31 -0700] "GET / HTTP/1.1" 200 916 "-" "Mozilla/4.0 (compatible; MSIE 6.0; Windows NT 5.0)" "www.autobutlerlifts.com"
74.6.22.92 - - [11/Jun/2008:09:52:32 -0700] "GET /tmp/ HTTP/1.0" 200 504 "-" "Mozilla/5.0 (compatible; Yahoo! Slurp; http://help.yahoo.com/help/us/ysearch/slurp)" "autobutlerlifts.com"
208.80.193.45 - - [11/Jun/2008:09:52:48 -0700] "GET / HTTP/1.1" 200 916 "-" "Mozilla/4.0 (compatible; MSIE 6.0; Windows NT 5.1; Q312468)" "www.autobutlerlifts.com"
208.80.193.30 - - [11/Jun/2008:13:18:34 -0700] "GET / HTTP/1.0" 200 900 "-" "Mozilla/4.0 (compatible; MSIE 7.0; Windows NT 5.1; LocalNet3; .NET CLR 1.1.4322)" "www.autobutlerlifts.com"
208.80.193.29 - - [11/Jun/2008:13:50:24 -0700] "GET / HTTP/1.1" 200 916 "-" "Mozilla/4.0 (compatible; MSIE 6.0; Windows NT 5.1; Q312462)" "autobutlerlifts.com"
38.99.70.38 - - [11/Jun/2008:15:03:43 -0700] "GET / HTTP/1.1" 200 916 "-" "Mozilla/4.0 (compatible; MSIE 6.0; Windows NT 4.0) Opera 7.20 [en]" "autobutlerlifts.com"
89.159.202.119 - - [11/Jun/2008:15:26:57 -0700] "GET /logs/access.log HTTP/1.0" 200 84695 "-" "Lynx/2.8.6rel.5 libwww-FM/2.14 SSL-MM/1.4.1 OpenSSL/0.9.8e" "www.autobutlerlifts.com"
70.238.66.172 - - [11/Jun/2008:16:04:30 -0700] "GET /logs/ HTTP/1.0" 200 2358 "-" "Wget/1.5.3.1" "autobutlerlifts.com"
66.249.66.242 - - [11/Jun/2008:19:49:21 -0700] "GET /robots.txt HTTP/1.1" 404 275 "-" "Mozilla/5.0 (compatible; Googlebot/2.1; +http://www.google.com/bot.html)" "www.autobutlerlifts.com"
66.249.66.242 - - [11/Jun/2008:19:49:21 -0700] "GET /googlee916a1106382fa83.html HTTP/1.1" 404 275 "-" "Mozilla/5.0 (compatible; Googlebot/2.1; +http://www.google.com/bot.html)" "www.autobutlerlifts.com"
74.6.22.92 - - [11/Jun/2008:21:36:54 -0700] "GET /robots.txt HTTP/1.0" 404 275 "-" "Mozilla/5.0 (compatible; Yahoo! Slurp; http://help.yahoo.com/help/us/ysearch/slurp)" "autobutlerlifts.com"
74.6.22.92 - - [11/Jun/2008:21:36:54 -0700] "GET /tmp/?S=D HTTP/1.0" 200 504 "-" "Mozilla/5.0 (compatible; Yahoo! Slurp; http://help.yahoo.com/help/us/ysearch/slurp)" "autobutlerlifts.com"
74.6.22.189 - - [11/Jun/2008:23:07:21 -0700] "GET /robots.txt HTTP/1.0" 404 275 "-" "Mozilla/5.0 (compatible; Yahoo! Slurp; http://help.yahoo.com/help/us/ysearch/slurp)" "www.autobutlerlifts.com"
74.6.22.189 - - [11/Jun/2008:23:07:21 -0700] "GET /logs/ HTTP/1.0" 200 2358 "-" "Mozilla/5.0 (compatible; Yahoo! Slurp; http://help.yahoo.com/help/us/ysearch/slurp)" "www.autobutlerlifts.com"
66.249.72.1 - - [12/Jun/2008:02:34:00 -0700] "GET /tmp HTTP/1.1" 301 98 "-" "Mozilla/5.0 (compatible; Googlebot/2.1; +http://www.google.com/bot.html)" "www.autobutlerlifts.com"
66.249.72.1 - - [12/Jun/2008:02:34:00 -0700] "GET /tmp/ HTTP/1.1" 200 520 "-" "Mozilla/5.0 (compatible; Googlebot/2.1; +http://www.google.com/bot.html)" "www.autobutlerlifts.com"
74.6.22.92 - - [12/Jun/2008:07:51:15 -0700] "GET /robots.txt HTTP/1.0" 404 275 "-" "Mozilla/5.0 (compatible; Yahoo! Slurp; http://help.yahoo.com/help/us/ysearch/slurp)" "autobutlerlifts.com"
74.6.22.92 - - [12/Jun/2008:07:51:16 -0700] "GET /?N=D HTTP/1.0" 200 900 "-" "Mozilla/5.0 (compatible; Yahoo! Slurp; http://help.yahoo.com/help/us/ysearch/slurp)" "autobutlerlifts.com"
74.6.22.189 - - [12/Jun/2008:12:47:43 -0700] "GET /?M=A HTTP/1.0" 200 900 "-" "Mozilla/5.0 (compatible; Yahoo! Slurp; http://help.yahoo.com/help/us/ysearch/slurp)" "www.autobutlerlifts.com"
64.156.10.131 - - [12/Jun/2008:13:54:00 -0700] "GET /images/ultracarjackplate.gif HTTP/1.1" 404 275 "-" "Jakarta Commons-HttpClient/3.0.1" "www.autobutlerlifts.com"
64.156.10.131 - - [12/Jun/2008:13:59:37 -0700] "GET /images/Castersforcart2.jpg HTTP/1.1" 404 275 "-" "Jakarta Commons-HttpClient/3.0.1" "www.autobutlerlifts.com"
66.249.72.1 - - [12/Jun/2008:15:25:03 -0700] "GET /robots.txt HTTP/1.1" 404 275 "-" "Mozilla/5.0 (compatible; Googlebot/2.1; +http://www.google.com/bot.html)" "www.autobutlerlifts.com"
66.249.72.1 - - [12/Jun/2008:15:25:03 -0700] "GET / HTTP/1.1" 200 916 "-" "Mozilla/5.0 (compatible; Googlebot/2.1; +http://www.google.com/bot.html)" "www.autobutlerlifts.com"
89.159.202.119 - - [12/Jun/2008:15:54:02 -0700] "GET /logs/access.log HTTP/1.0" 200 87764 "-" "Lynx/2.8.6rel.5 libwww-FM/2.14 SSL-MM/1.4.1 OpenSSL/0.9.8e" "www.autobutlerlifts.com"
69.36.158.34 - - [12/Jun/2008:15:58:08 -0700] "GET /robots.txt HTTP/1.1" 404 275 "-" "Mozilla/5.0 (X11; U; Linux i686; en-US; rv:1.7.12; ips-agent) Gecko/20050922 Fedora/1.0.7-1.1.fc4 Firefox/1.0.7" "www.autobutlerlifts.com"
69.36.158.34 - - [12/Jun/2008:15:58:09 -0700] "GET / HTTP/1.1" 200 916 "-" "Mozilla/5.0 (X11; U; Linux i686; en-US; rv:1.7.12; ips-agent) Gecko/20050922 Fedora/1.0.7-1.1.fc4 Firefox/1.0.7" "www.autobutlerlifts.com"
69.36.158.34 - - [12/Jun/2008:15:58:10 -0700] "GET /?N=D HTTP/1.1" 200 916 "-" "Mozilla/5.0 (X11; U; Linux i686; en-US; rv:1.7.12; ips-agent) Gecko/20050922 Fedora/1.0.7-1.1.fc4 Firefox/1.0.7" "www.autobutlerlifts.com"
69.36.158.34 - - [12/Jun/2008:15:58:11 -0700] "GET /?M=A HTTP/1.1" 200 916 "-" "Mozilla/5.0 (X11; U; Linux i686; en-US; rv:1.7.12; ips-agent) Gecko/20050922 Fedora/1.0.7-1.1.fc4 Firefox/1.0.7" "www.autobutlerlifts.com"
69.36.158.34 - - [12/Jun/2008:15:58:12 -0700] "GET /?S=A HTTP/1.1" 200 916 "-" "Mozilla/5.0 (X11; U; Linux i686; en-US; rv:1.7.12; ips-agent) Gecko/20050922 Fedora/1.0.7-1.1.fc4 Firefox/1.0.7" "www.autobutlerlifts.com"
69.36.158.34 - - [12/Jun/2008:15:58:14 -0700] "GET /?D=A HTTP/1.1" 200 916 "-" "Mozilla/5.0 (X11; U; Linux i686; en-US; rv:1.7.12; ips-agent) Gecko/20050922 Fedora/1.0.7-1.1.fc4 Firefox/1.0.7" "www.autobutlerlifts.com"
69.36.158.34 - - [12/Jun/2008:15:58:15 -0700] "GET /_private/ HTTP/1.1" 200 530 "-" "Mozilla/5.0 (X11; U; Linux i686; en-US; rv:1.7.12; ips-agent) Gecko/20050922 Fedora/1.0.7-1.1.fc4 Firefox/1.0.7" "www.autobutlerlifts.com"
69.36.158.34 - - [12/Jun/2008:15:58:16 -0700] "GET /logs/ HTTP/1.1" 200 2374 "-" "Mozilla/5.0 (X11; U; Linux i686; en-US; rv:1.7.12; ips-agent) Gecko/20050922 Fedora/1.0.7-1.1.fc4 Firefox/1.0.7" "www.autobutlerlifts.com"
69.36.158.34 - - [12/Jun/2008:15:58:17 -0700] "GET /tmp/ HTTP/1.1" 200 520 "-" "Mozilla/5.0 (X11; U; Linux i686; en-US; rv:1.7.12; ips-agent) Gecko/20050922 Fedora/1.0.7-1.1.fc4 Firefox/1.0.7" "www.autobutlerlifts.com"
69.36.158.34 - - [12/Jun/2008:15:58:18 -0700] "GET /?N=A HTTP/1.1" 200 916 "-" "Mozilla/5.0 (X11; U; Linux i686; en-US; rv:1.7.12; ips-agent) Gecko/20050922 Fedora/1.0.7-1.1.fc4 Firefox/1.0.7" "www.autobutlerlifts.com"
69.36.158.34 - - [12/Jun/2008:15:58:19 -0700] "GET /?M=D HTTP/1.1" 200 916 "-" "Mozilla/5.0 (X11; U; Linux i686; en-US; rv:1.7.12; ips-agent) Gecko/20050922 Fedora/1.0.7-1.1.fc4 Firefox/1.0.7" "www.autobutlerlifts.com"
70.238.66.172 - - [12/Jun/2008:16:04:00 -0700] "GET /logs/ HTTP/1.0" 200 2358 "-" "Wget/1.5.3.1" "autobutlerlifts.com"
74.6.22.189 - - [12/Jun/2008:18:56:07 -0700] "GET /robots.txt HTTP/1.0" 404 275 "-" "Mozilla/5.0 (compatible; Yahoo! Slurp; http://help.yahoo.com/help/us/ysearch/slurp)" "www.autobutlerlifts.com"
74.6.22.189 - - [12/Jun/2008:18:56:07 -0700] "GET /_private/?N=A HTTP/1.0" 200 514 "-" "Mozilla/5.0 (compatible; Yahoo! Slurp; http://help.yahoo.com/help/us/ysearch/slurp)" "www.autobutlerlifts.com"
74.6.22.189 - - [12/Jun/2008:21:59:36 -0700] "GET /?M=D HTTP/1.0" 200 900 "-" "Mozilla/5.0 (compatible; Yahoo! Slurp; http://help.yahoo.com/help/us/ysearch/slurp)" "www.autobutlerlifts.com"
190.16.225.183 - - [13/Jun/2008:07:16:31 -0700] "GET / HTTP/1.1" 200 916 "-" "Mozilla/4.0 (compatible; MSIE 6.0; Windows NT 5.1; SV1; .NET CLR 1.1.4322; .NET CLR 2.0.50727)" "autobutlerlifts.com"
190.16.225.183 - - [13/Jun/2008:07:16:31 -0700] "GET /?N=D HTTP/1.1" 200 916 "-" "Mozilla/4.0 (compatible; MSIE 6.0; Windows NT 5.1; SV1; .NET CLR 1.1.4322; InfoPath.1)" "autobutlerlifts.com"
190.16.225.183 - - [13/Jun/2008:07:16:32 -0700] "GET /?N=A HTTP/1.1" 200 916 "-" "Mozilla/4.0 (compatible; MSIE 6.0; Windows NT 5.1; SV1; .NET CLR 1.1.4322)" "autobutlerlifts.com"
190.16.225.183 - - [13/Jun/2008:07:16:32 -0700] "GET /_private/ HTTP/1.1" 200 530 "-" "Mozilla/5.0 (Windows; U; Windows NT 5.1; en-US; rv:1.8.0.7) Gecko/20060909 Firefox/1.5.0.7" "autobutlerlifts.com"
190.16.225.183 - - [13/Jun/2008:07:16:33 -0700] "GET /_private/?A HTTP/1.1" 200 530 "-" "Mozilla/4.0 (compatible; MSIE 6.0; Windows NT 5.1; SV1; .NET CLR 1.1.4322; .NET CLR 2.0.50727)" "autobutlerlifts.com"
190.16.225.183 - - [13/Jun/2008:07:16:33 -0700] "GET /_private/?N=A HTTP/1.1" 200 530 "-" "Mozilla/4.0 (compatible; MSIE 6.0; Windows NT 5.1; SV1; .NET CLR 1.1.4322; InfoPath.1)" "autobutlerlifts.com"
190.16.225.183 - - [13/Jun/2008:07:16:34 -0700] "GET /logs/ HTTP/1.1" 200 2374 "-" "Mozilla/5.0 (Windows; U; Windows NT 5.1; en-US; rv:1.8.0.7) Gecko/20060909 Firefox/1.5.0.7" "autobutlerlifts.com"
190.16.225.183 - - [13/Jun/2008:07:16:35 -0700] "GET /logs/access_071231.log HTTP/1.1" 200 165946 "-" "Mozilla/4.0 (compatible; MSIE 6.0; Windows NT 5.1)" "autobutlerlifts.com"
190.16.225.183 - - [13/Jun/2008:07:16:38 -0700] "GET /logs/access_080301.log HTTP/1.1" 200 309408 "-" "Mozilla/5.0 (Windows; U; Windows NT 5.1; en-US; rv:1.8.0.7) Gecko/20060909 Firefox/1.5.0.7" "autobutlerlifts.com"
190.16.225.183 - - [13/Jun/2008:07:16:39 -0700] "GET /logs/access_070701.log HTTP/1.1" 200 22361 "-" "Mozilla/4.0 (compatible; MSIE 6.0; Windows NT 5.1)" "autobutlerlifts.com"
190.16.225.183 - - [13/Jun/2008:07:16:40 -0700] "GET /logs/access_080531.log HTTP/1.1" 200 183060 "-" "Mozilla/4.0 (compatible; MSIE 6.0; Windows NT 5.1; SV1; .NET)" "autobutlerlifts.com"
190.16.225.183 - - [13/Jun/2008:07:16:42 -0700] "GET /logs/access_071031.log HTTP/1.1" 200 138542 "-" "Mozilla/5.0 (Windows; U; Windows NT 5.1; en-US; rv:1.8.0.7) Gecko/20060909 Firefox/1.5.0.7" "autobutlerlifts.com"
190.16.225.183 - - [13/Jun/2008:07:16:44 -0700] "GET /logs/?M=A HTTP/1.1" 200 2374 "-" "Mozilla/4.0 (compatible; MSIE 6.0; Windows NT 5.1)" "autobutlerlifts.com"
190.16.225.183 - - [13/Jun/2008:07:16:44 -0700] "GET /logs/?M=D HTTP/1.1" 200 2374 "-" "Mozilla/4.0 (compatible; MSIE 6.0; Windows NT 5.1; SV1; .NET CLR 1.1.4322; InfoPath.1)" "autobutlerlifts.com"
190.16.225.183 - - [13/Jun/2008:07:16:45 -0700] "GET /logs/access_071201.log HTTP/1.1" 200 171497 "-" "Mozilla/4.0 (compatible; MSIE 6.0; Windows NT 5.1; SV1; .NET)" "autobutlerlifts.com"
190.16.225.183 - - [13/Jun/2008:07:16:47 -0700] "GET /logs/?D=D HTTP/1.1" 200 2374 "-" "Mozilla/4.0 (compatible; MSIE 6.0; Windows NT 5.1)" "autobutlerlifts.com"
190.16.225.183 - - [13/Jun/2008:07:16:49 -0700] "GET /?M=A HTTP/1.1" 200 916 "-" "Mozilla/5.0 (Windows; U; Windows NT 5.1; en-US; rv:1.8.0.7) Gecko/20060909 Firefox/1.5.0.7" "autobutlerlifts.com"
190.16.225.183 - - [13/Jun/2008:07:16:50 -0700] "GET /?M=D HTTP/1.1" 200 916 "-" "Mozilla/4.0 (compatible; MSIE 6.0; Windows NT 5.1; SV1; .NET CLR 1.1.4322; InfoPath.1)" "autobutlerlifts.com"
190.16.225.183 - - [13/Jun/2008:07:16:51 -0700] "GET /tmp/ HTTP/1.1" 200 520 "-" "Mozilla/4.0 (compatible; MSIE 6.0; Windows NT 5.1; SV1; .NET CLR 1.1.4322)" "autobutlerlifts.com"
190.16.225.183 - - [13/Jun/2008:07:16:51 -0700] "GET /tmp/?N=D HTTP/1.1" 200 520 "-" "Mozilla/5.0 (Windows; U; Windows NT 5.1; en-US; rv:1.8.0.7) Gecko/20060909 Firefox/1.5.0.7" "autobutlerlifts.com"
190.16.225.183 - - [13/Jun/2008:07:16:51 -0700] "GET /tmp/?N=A HTTP/1.1" 200 520 "-" "Mozilla/4.0 (compatible; MSIE 6.0; Windows NT 5.1; SV1; .NET CLR 1.1.4322; .NET CLR 2.0.50727)" "autobutlerlifts.com"
190.16.225.183 - - [13/Jun/2008:07:16:52 -0700] "GET /tmp/?A HTTP/1.1" 200 520 "-" "Mozilla/4.0 (compatible; MSIE 6.0; Windows NT 5.1; SV1; .NET CLR 1.1.4322; InfoPath.1)" "autobutlerlifts.com"
190.16.225.183 - - [13/Jun/2008:07:16:52 -0700] "GET /tmp/?M=A HTTP/1.1" 200 520 "-" "Mozilla/4.0 (compatible; MSIE 6.0; Windows NT 5.1; SV1; .NET CLR 1.1.4322)" "autobutlerlifts.com"
190.16.225.183 - - [13/Jun/2008:07:16:53 -0700] "GET /tmp/?M=D HTTP/1.1" 200 520 "-" "Mozilla/5.0 (Windows; U; Windows NT 5.1; en-US; rv:1.8.0.7) Gecko/20060909 Firefox/1.5.0.7" "autobutlerlifts.com"
190.16.225.183 - - [13/Jun/2008:07:16:54 -0700] "GET /tmp/?D=A HTTP/1.1" 200 520 "-" "Mozilla/4.0 (compatible; MSIE 6.0; Windows NT 5.1; SV1; .NET CLR 1.1.4322; InfoPath.1)" "autobutlerlifts.com"
190.16.225.183 - - [13/Jun/2008:07:16:54 -0700] "GET /tmp/?D=D HTTP/1.1" 200 520 "-" "Mozilla/4.0 (compatible; MSIE 6.0; Windows NT 5.1; SV1; .NET)" "autobutlerlifts.com"
190.16.225.183 - - [13/Jun/2008:07:16:55 -0700] "GET /logs/access_080131.log HTTP/1.1" 200 157520 "-" "Mozilla/5.0 (Windows; U; Windows NT 5.1; en-US; rv:1.8.0.7) Gecko/20060909 Firefox/1.5.0.7" "autobutlerlifts.com"
190.16.225.183 - - [13/Jun/2008:07:16:57 -0700] "GET /?D=A HTTP/1.1" 200 916 "-" "Mozilla/4.0 (compatible; MSIE 6.0; Windows NT 5.1; SV1; .NET)" "autobutlerlifts.com"
190.16.225.183 - - [13/Jun/2008:07:16:57 -0700] "GET /?D=D HTTP/1.1" 200 916 "-" "Mozilla/4.0 (compatible; MSIE 6.0; Windows NT 5.1; SV1; .NET CLR 1.1.4322)" "autobutlerlifts.com"
190.16.225.183 - - [13/Jun/2008:07:16:57 -0700] "GET /?A HTTP/1.1" 200 916 "-" "Mozilla/5.0 (Windows; U; Windows NT 5.1; en-US; rv:1.8.0.7) Gecko/20060909 Firefox/1.5.0.7" "autobutlerlifts.com"
190.16.225.183 - - [13/Jun/2008:07:16:59 -0700] "GET /logs/access_080331.log HTTP/1.1" 200 345815 "-" "Mozilla/4.0 (compatible; MSIE 6.0; Windows NT 5.1; SV1; .NET CLR 1.1.4322; .NET CLR 2.0.50727)" "autobutlerlifts.com"
190.16.225.183 - - [13/Jun/2008:07:17:01 -0700] "GET /_private/?M=A HTTP/1.1" 200 530 "-" "Mozilla/4.0 (compatible; MSIE 6.0; Windows NT 5.1; SV1; .NET)" "autobutlerlifts.com"
190.16.225.183 - - [13/Jun/2008:07:17:01 -0700] "GET /_private/?M=D HTTP/1.1" 200 530 "-" "Mozilla/4.0 (compatible; MSIE 6.0; Windows NT 5.1; SV1; .NET CLR 1.1.4322)" "autobutlerlifts.com"
190.16.225.183 - - [13/Jun/2008:07:17:02 -0700] "GET /logs/?A HTTP/1.1" 200 2374 "-" "Mozilla/4.0 (compatible; MSIE 6.0; Windows NT 5.1)" "autobutlerlifts.com"
190.16.225.183 - - [13/Jun/2008:07:17:02 -0700] "GET /logs/access_080501.log HTTP/1.1" 200 211007 "-" "Mozilla/4.0 (compatible; MSIE 6.0; Windows NT 5.1; SV1; .NET CLR 1.1.4322; InfoPath.1)" "autobutlerlifts.com"
190.16.225.183 - - [13/Jun/2008:07:17:05 -0700] "GET /_private/?D=A HTTP/1.1" 200 530 "-" "Mozilla/5.0 (Windows; U; Windows NT 5.1; en-US; rv:1.8.0.7) Gecko/20060909 Firefox/1.5.0.7" "autobutlerlifts.com"
190.16.225.183 - - [13/Jun/2008:07:17:05 -0700] "GET /_private/?D=D HTTP/1.1" 200 530 "-" "Mozilla/4.0 (compatible; MSIE 6.0; Windows NT 5.1)" "autobutlerlifts.com"
190.16.225.183 - - [13/Jun/2008:07:17:07 -0700] "GET /logs/access_070731.log HTTP/1.1" 200 338648 "-" "Mozilla/4.0 (compatible; MSIE 6.0; Windows NT 5.1; SV1; .NET CLR 1.1.4322; InfoPath.1)" "autobutlerlifts.com"
190.16.225.183 - - [13/Jun/2008:07:17:08 -0700] "GET /logs/access_071001.log HTTP/1.1" 200 150673 "-" "Mozilla/4.0 (compatible; MSIE 6.0; Windows NT 5.1; SV1; .NET CLR 1.1.4322; .NET CLR 2.0.50727)" "autobutlerlifts.com"
190.16.225.183 - - [13/Jun/2008:07:17:11 -0700] "GET /logs/access_070831.log HTTP/1.1" 200 248301 "-" "Mozilla/4.0 (compatible; MSIE 6.0; Windows NT 5.1; SV1; .NET CLR 1.1.4322)" "autobutlerlifts.com"
190.16.225.183 - - [13/Jun/2008:07:17:13 -0700] "GET /logs/?N=A HTTP/1.1" 200 2374 "-" "Mozilla/4.0 (compatible; MSIE 6.0; Windows NT 5.1; SV1; .NET CLR 1.1.4322; InfoPath.1)" "autobutlerlifts.com"
190.16.225.183 - - [13/Jun/2008:07:17:13 -0700] "GET /logs/?N=D HTTP/1.1" 200 2374 "-" "Mozilla/4.0 (compatible; MSIE 6.0; Windows NT 5.1; SV1; .NET CLR 1.1.4322)" "autobutlerlifts.com"
74.6.22.189 - - [13/Jun/2008:08:21:17 -0700] "GET /robots.txt HTTP/1.0" 404 275 "-" "Mozilla/5.0 (compatible; Yahoo! Slurp; http://help.yahoo.com/help/us/ysearch/slurp)" "www.autobutlerlifts.com"
74.6.22.189 - - [13/Jun/2008:08:21:18 -0700] "GET /?D=A HTTP/1.0" 200 900 "-" "Mozilla/5.0 (compatible; Yahoo! Slurp; http://help.yahoo.com/help/us/ysearch/slurp)" "www.autobutlerlifts.com"
74.6.22.92 - - [13/Jun/2008:12:23:21 -0700] "GET /robots.txt HTTP/1.0" 404 275 "-" "Mozilla/5.0 (compatible; Yahoo! Slurp; http://help.yahoo.com/help/us/ysearch/slurp)" "autobutlerlifts.com"
